000
CDUS42 KRAH 160759
CLIRDU


CLIMATE REPORT
NATIONAL WEATHER SERVICE RALEIGH NC
332 AM EDT TUE SEP 16 2014


...................................

...THE RALEIGH-DURHAM INTL AIRPORT NC CLIMATE SUMMARY FOR SEPTEMBER 15 2014...

CLIMATE NORMAL PERIOD 1981 TO 2010
CLIMATE RECORD PERIOD 1887 TO 2014


WEATHER ITEM   OBSERVED TIME   RECORD YEAR NORMAL DEPARTURE LAST
                VALUE   (LST)  VALUE       VALUE  FROM      YEAR
                                                  NORMAL
..................................................................
TEMPERATURE (F)
 YESTERDAY
  MAXIMUM         75    228 PM  95    1927  82     -7       80
  MINIMUM         63    438 AM  44    1985  62      1       53
  AVERAGE         69                        72     -3       67

PRECIPITATION (IN)
  YESTERDAY        T             3.95 1999   0.15  -0.15     0.00
  MONTH TO DATE    2.40                      2.37   0.03     1.46
  SINCE SEP 1      2.40                      2.37   0.03     1.46
  SINCE JAN 1     40.81                     31.91   8.90    38.93

DEGREE DAYS
 HEATING
  YESTERDAY        0                         0      0        0
  MONTH TO DATE    0                         0      0        0
  SINCE SEP 1      0                         0      0        0
  SINCE JUL 1      0                         1     -1        0

 COOLING
  YESTERDAY        4                         8     -4        2
  MONTH TO DATE  172                       144     28      163
  SINCE SEP 1    172                       144     28      163
  SINCE JAN 1   1530                      1585    -55     1469
..................................................................


WIND (MPH)
  HIGHEST WIND SPEED     8   HIGHEST WIND DIRECTION    SW (210)
  HIGHEST GUST SPEED    14   HIGHEST GUST DIRECTION     S (160)
  AVERAGE WIND SPEED     2.7


SKY COVER
  POSSIBLE SUNSHINE  MM
  AVERAGE SKY COVER 0.9


WEATHER CONDITIONS
 THE FOLLOWING WEATHER WAS RECORDED YESTERDAY.
  LIGHT RAIN
  FOG


RELATIVE HUMIDITY (PERCENT)
 HIGHEST    93           200 AM
 LOWEST     64           100 PM
 AVERAGE    79

..........................................................


THE RALEIGH-DURHAM INTL AIRPORT NC CLIMATE NORMALS FOR TODAY
                         NORMAL    RECORD    YEAR
 MAXIMUM TEMPERATURE (F)   82        97      1956
 MINIMUM TEMPERATURE (F)   62        46      2000


SUNRISE AND SUNSET
SEPTEMBER 16 2014.....SUNRISE   658 AM EDT   SUNSET   721 PM EDT
SEPTEMBER 17 2014.....SUNRISE   659 AM EDT   SUNSET   719 PM EDT


-  INDICATES NEGATIVE NUMBERS.
R  INDICATES RECORD WAS SET OR TIED.
MM INDICATES DATA IS MISSING.
T  INDICATES TRACE AMOUNT.

&&

CLIMATE REPORT NWS FORECAST OFFICE
NCSU CENTENNIAL CAMPUS
RALEIGH, NC

MAXIMUM TEMPERATURE... 74

MINIMUM TEMPERATURE... 62

PRECIPITATION...TRACE

$$
