000
CDUS42 KRAH 250547
CLIRDU


CLIMATE REPORT
NATIONAL WEATHER SERVICE RALEIGH NC
146 AM EDT MON JUL 25 2016


...................................

...THE RALEIGH-DURHAM INTL AIRPORT NC CLIMATE SUMMARY FOR JULY 24 2016...

CLIMATE NORMAL PERIOD 1981 TO 2010
CLIMATE RECORD PERIOD 1887 TO 2016


WEATHER ITEM   OBSERVED TIME   RECORD YEAR NORMAL DEPARTURE LAST
                VALUE   (LST)  VALUE       VALUE  FROM      YEAR
                                                  NORMAL
..................................................................
TEMPERATURE (F)
 YESTERDAY
  MAXIMUM         95    405 PM 101    2011  90      5       86
  MINIMUM         74    544 AM  57    1947  70      4       68
  AVERAGE         85                        80      5       77

PRECIPITATION (IN)
  YESTERDAY        0.00          4.18 1997   0.16  -0.16     0.00
  MONTH TO DATE    7.82                      3.62   4.20     5.01
  SINCE JUN 1     13.84                      7.14   6.70    11.36
  SINCE JAN 1     33.45                     24.17   9.28    29.20

DEGREE DAYS
 HEATING
  YESTERDAY        0                         0      0        0
  MONTH TO DATE    0                         0      0        0
  SINCE JUN 1      0                         4     -4        0
  SINCE JUL 1      0                         0      0        0

 COOLING
  YESTERDAY       20                        15      5       12
  MONTH TO DATE  393                       360     33      362
  SINCE JUN 1    752                       707     45      799
  SINCE JAN 1    988                       916     72     1069
..................................................................


WIND (MPH)
  HIGHEST WIND SPEED    10   HIGHEST WIND DIRECTION    SW (210)
  HIGHEST GUST SPEED    13   HIGHEST GUST DIRECTION     S (160)
  AVERAGE WIND SPEED     5.5


SKY COVER
  POSSIBLE SUNSHINE  MM
  AVERAGE SKY COVER 0.6


WEATHER CONDITIONS
 THE FOLLOWING WEATHER WAS RECORDED YESTERDAY.
  FOG


RELATIVE HUMIDITY (PERCENT)
 HIGHEST    94           100 AM
 LOWEST     46           300 PM
 AVERAGE    70

..........................................................


THE RALEIGH-DURHAM INTL AIRPORT NC CLIMATE NORMALS FOR TODAY
                         NORMAL    RECORD    YEAR
 MAXIMUM TEMPERATURE (F)   90       102      2010
 MINIMUM TEMPERATURE (F)   70        56      1947


SUNRISE AND SUNSET
JULY 25 2016..........SUNRISE   618 AM EDT   SUNSET   825 PM EDT
JULY 26 2016..........SUNRISE   619 AM EDT   SUNSET   824 PM EDT


-  INDICATES NEGATIVE NUMBERS.
R  INDICATES RECORD WAS SET OR TIED.
MM INDICATES DATA IS MISSING.
T  INDICATES TRACE AMOUNT.

&&

CLIMATE REPORT
NWS FORECAST OFFICE
NCSU CENTENNIAL CAMPUS
RALEIGH NC

MAXIMUM TEMPERATURE... 96

MINIMUM TEMPERATURE... 74

PRECIPITATION... 0.00

$$
