533
CDUS42 KRAH 300810
CLIRDU


CLIMATE REPORT
NATIONAL WEATHER SERVICE RALEIGH NC
409 AM EDT THU MAR 30 2017


...................................

...THE RALEIGH-DURHAM INTL AIRPORT NC CLIMATE SUMMARY FOR MARCH 29 2017...

CLIMATE NORMAL PERIOD 1981 TO 2010
CLIMATE RECORD PERIOD 1887 TO 2017


WEATHER ITEM   OBSERVED TIME   RECORD YEAR NORMAL DEPARTURE LAST
                VALUE   (LST)  VALUE       VALUE  FROM      YEAR
                                                  NORMAL
..................................................................
TEMPERATURE (F)
 YESTERDAY
  MAXIMUM         73    430 PM  94    1907  68      5       67
  MINIMUM         55    633 AM  20    1966  43     12       45
  AVERAGE         64                        55      9       56

PRECIPITATION (IN)
  YESTERDAY        0.00          2.65 1990   0.13  -0.13     0.00
  MONTH TO DATE    2.71                      3.86  -1.15     4.04
  SINCE MAR 1      2.71                      3.86  -1.15     4.04
  SINCE JAN 1      7.14                     10.59  -3.45    10.45

SNOWFALL (IN)
  YESTERDAY        0.0           0.0  2002   0.0    0.0      0.0
                                      2001
  MONTH TO DATE    0.3                       0.5   -0.2       T
  SINCE MAR 1      0.3                       0.5   -0.2       T
  SINCE JUL 1      0.8                       6.0   -5.2      1.4
  SNOW DEPTH       0

DEGREE DAYS
 HEATING
  YESTERDAY        1                        10     -9        9
  MONTH TO DATE  410                       405      5      225
  SINCE MAR 1    410                       405      5      225
  SINCE JUL 1   2383                      2977   -594     2368

 COOLING
  YESTERDAY        0                         1     -1        0
  MONTH TO DATE   14                         1     13       37
  SINCE MAR 1     14                         1     13       37
  SINCE JAN 1     22                         2     20       37
..................................................................


WIND (MPH)
  HIGHEST WIND SPEED    16   HIGHEST WIND DIRECTION    NE (50)
  HIGHEST GUST SPEED    21   HIGHEST GUST DIRECTION     E (80)
  AVERAGE WIND SPEED     5.0


SKY COVER
  POSSIBLE SUNSHINE  MM
  AVERAGE SKY COVER 0.4


WEATHER CONDITIONS
 THE FOLLOWING WEATHER WAS RECORDED YESTERDAY.
  NO SIGNIFICANT WEATHER WAS OBSERVED.


RELATIVE HUMIDITY (PERCENT)
 HIGHEST    84           800 AM
 LOWEST     49           300 PM
 AVERAGE    67

..........................................................


THE RALEIGH-DURHAM INTL AIRPORT NC CLIMATE NORMALS FOR TODAY
                         NORMAL    RECORD    YEAR
 MAXIMUM TEMPERATURE (F)   68        87      1985
                                             1910
                                             1907
 MINIMUM TEMPERATURE (F)   44        24      1893
                                             1887


SUNRISE AND SUNSET
MARCH 30 2017.........SUNRISE   704 AM EDT   SUNSET   736 PM EDT
MARCH 31 2017.........SUNRISE   703 AM EDT   SUNSET   736 PM EDT


-  INDICATES NEGATIVE NUMBERS.
R  INDICATES RECORD WAS SET OR TIED.
MM INDICATES DATA IS MISSING.
T  INDICATES TRACE AMOUNT.

&&

CLIMATE REPORT
NWS FORECAST OFFICE
NCSU CENTENNIAL CAMPUS
RALEIGH NC

MAXIMUM TEMPERATURE... 71

MINIMUM TEMPERATURE... 57

PRECIPITATION... 0.00

$$
