000
CDUS42 KRAH 192148
CLIRDU


CLIMATE REPORT
NATIONAL WEATHER SERVICE RALEIGH NC
447 PM EST SUN FEB 19 2017


...................................

...THE RALEIGH-DURHAM INTL AIRPORT NC CLIMATE SUMMARY FOR FEBRUARY 19 2017...
VALID TODAY AS OF 0445 PM LOCAL TIME.

CLIMATE NORMAL PERIOD 1981 TO 2010
CLIMATE RECORD PERIOD 1887 TO 2017


WEATHER ITEM   OBSERVED TIME   RECORD YEAR NORMAL DEPARTURE LAST
                VALUE   (LST)  VALUE       VALUE  FROM      YEAR
                                                  NORMAL
..................................................................
TEMPERATURE (F)
 TODAY
  MAXIMUM         73    222 PM  76    1939  56     17       53
  MINIMUM         44    709 AM  11    1979  34     10       26
  AVERAGE         59                        45     14       40

PRECIPITATION (IN)
  TODAY            0.00          1.65 1924   0.12  -0.12     0.00
  MONTH TO DATE    0.66                      2.13  -1.47     3.12
  SINCE DEC 1      6.62                      8.70  -2.08    10.92
  SINCE JAN 1      4.43                      5.63  -1.20     4.85

SNOWFALL (IN)
  TODAY            0.0           0.9  2012   0.1   -0.1      0.0
                                      1972
  MONTH TO DATE    T                         1.4   -1.4      0.2
  SINCE DEC 1      0.5                       4.9   -4.4      1.4
  SINCE JUL 1      0.5                       5.0   -4.5      1.4
  SNOW DEPTH       0

DEGREE DAYS
 HEATING
  TODAY            6                        20    -14       25
  MONTH TO DATE  271                       407   -136      460
  SINCE DEC 1   1462                      1823   -361     1546
  SINCE JUL 1   1917                      2404   -487     1997

 COOLING
  TODAY            0                         0      0        0
  MONTH TO DATE    6                         0      6        0
  SINCE DEC 1      6                         2      4       27
  SINCE JAN 1      6                         0      6        0
..................................................................


WIND (MPH)
  HIGHEST WIND SPEED    16   HIGHEST WIND DIRECTION     W (250)
  HIGHEST GUST SPEED    21   HIGHEST GUST DIRECTION    SW (240)
  AVERAGE WIND SPEED     6.4


SKY COVER
  POSSIBLE SUNSHINE  MM
  AVERAGE SKY COVER 0.2


WEATHER CONDITIONS
 THE FOLLOWING WEATHER WAS RECORDED TODAY.
  NO SIGNIFICANT WEATHER WAS OBSERVED.


RELATIVE HUMIDITY (PERCENT)
 HIGHEST    92           700 AM
 LOWEST     35           200 PM
 AVERAGE    64

..........................................................


THE RALEIGH-DURHAM INTL AIRPORT NC CLIMATE NORMALS FOR TOMORROW
                         NORMAL    RECORD    YEAR
 MAXIMUM TEMPERATURE (F)   56        75      1939
 MINIMUM TEMPERATURE (F)   35         7      2015


SUNRISE AND SUNSET
FEBRUARY 19 2017......SUNRISE   657 AM EST   SUNSET   601 PM EST
FEBRUARY 20 2017......SUNRISE   656 AM EST   SUNSET   602 PM EST


-  INDICATES NEGATIVE NUMBERS.
R  INDICATES RECORD WAS SET OR TIED.
MM INDICATES DATA IS MISSING.
T  INDICATES TRACE AMOUNT.

&&

CLIMATE REPORT
NWS FORECAST OFFICE
NCSU CENTENNIAL CAMPUS
RALEIGH NC

MAXIMUM TEMPERATURE... 72

MINIMUM TEMPERATURE... 47

PRECIPITATION... 0.00

$$
