000
CDUS42 KRAH 050612
CLIRDU


CLIMATE REPORT
NATIONAL WEATHER SERVICE RALEIGH NC
211 AM EDT SAT SEP 5 2015


...................................

...THE RALEIGH-DURHAM INTL AIRPORT NC CLIMATE SUMMARY FOR SEPTEMBER 4 2015...

CLIMATE NORMAL PERIOD 1981 TO 2010
CLIMATE RECORD PERIOD 1887 TO 2015


WEATHER ITEM   OBSERVED TIME   RECORD YEAR NORMAL DEPARTURE LAST
                VALUE   (LST)  VALUE       VALUE  FROM      YEAR
                                                  NORMAL
..................................................................
TEMPERATURE (F)
 YESTERDAY
  MAXIMUM         92    133 PM 100    1925  86      6       90
  MINIMUM         68    501 AM  50    1997  66      2       71
  AVERAGE         80                        76      4       81

PRECIPITATION (IN)
  YESTERDAY        T             3.83 2006   0.15  -0.15     1.18
  MONTH TO DATE    0.10                      0.63  -0.53     1.18
  SINCE SEP 1      0.10                      0.63  -0.53     1.18
  SINCE JAN 1     34.12                     30.17   3.95    39.59

DEGREE DAYS
 HEATING
  YESTERDAY        0                         0      0        0
  MONTH TO DATE    0                         0      0        0
  SINCE SEP 1      0                         0      0        0
  SINCE JUL 1      0                         1     -1        0

 COOLING
  YESTERDAY       15                        11      4       16
  MONTH TO DATE   60                        44     16       70
  SINCE SEP 1     60                        44     16       70
  SINCE JAN 1   1648                      1485    163     1428
..................................................................


WIND (MPH)
  HIGHEST WIND SPEED    23   HIGHEST WIND DIRECTION    NE (50)
  HIGHEST GUST SPEED    29   HIGHEST GUST DIRECTION    NE (50)
  AVERAGE WIND SPEED     2.7


SKY COVER
  POSSIBLE SUNSHINE  MM
  AVERAGE SKY COVER 0.4


WEATHER CONDITIONS
 THE FOLLOWING WEATHER WAS RECORDED YESTERDAY.
  THUNDERSTORM
  LIGHT RAIN
  FOG
  HAZE


RELATIVE HUMIDITY (PERCENT)
 HIGHEST    97           200 AM
 LOWEST     50           100 PM
 AVERAGE    74

..........................................................


THE RALEIGH-DURHAM INTL AIRPORT NC CLIMATE NORMALS FOR TODAY
                         NORMAL    RECORD    YEAR
 MAXIMUM TEMPERATURE (F)   85        97      1954
 MINIMUM TEMPERATURE (F)   65        46      1997


SUNRISE AND SUNSET
SEPTEMBER  5 2015.....SUNRISE   650 AM EDT   SUNSET   737 PM EDT
SEPTEMBER  6 2015.....SUNRISE   651 AM EDT   SUNSET   736 PM EDT


-  INDICATES NEGATIVE NUMBERS.
R  INDICATES RECORD WAS SET OR TIED.
MM INDICATES DATA IS MISSING.
T  INDICATES TRACE AMOUNT.




$$
