000
CDUS42 KRAH 240635
CLIRDU


CLIMATE REPORT
NATIONAL WEATHER SERVICE RALEIGH NC
232 AM EDT SUN SEP 24 2017


...................................

...THE RALEIGH-DURHAM INTL AIRPORT NC CLIMATE SUMMARY FOR SEPTEMBER 23 2017...

CLIMATE NORMAL PERIOD 1981 TO 2010
CLIMATE RECORD PERIOD 1887 TO 2017


WEATHER ITEM   OBSERVED TIME   RECORD YEAR NORMAL DEPARTURE LAST
                VALUE   (LST)  VALUE       VALUE  FROM      YEAR
                                                  NORMAL
..................................................................
TEMPERATURE (F)
 YESTERDAY
  MAXIMUM         87    203 PM  99    2010  80      7       85
  MINIMUM         61    528 AM  37    1983  59      2       67
  AVERAGE         74                        69      5       76

PRECIPITATION (IN)
  YESTERDAY        0.00          2.03 1906   0.12  -0.12     0.00
  MONTH TO DATE    2.28                      3.47  -1.19     3.68
  SINCE SEP 1      2.28                      3.47  -1.19     3.68
  SINCE JAN 1     37.68                     33.01   4.67    40.43

DEGREE DAYS
 HEATING
  YESTERDAY        0                         1     -1        0
  MONTH TO DATE    7                         7      0        0
  SINCE SEP 1      7                         7      0        0
  SINCE JUL 1      7                         8     -1        0

 COOLING
  YESTERDAY        9                         5      4       11
  MONTH TO DATE  160                       195    -35      284
  SINCE SEP 1    160                       195    -35      284
  SINCE JAN 1   1792                      1636    156     1952
..................................................................


WIND (MPH)
  HIGHEST WIND SPEED    14   HIGHEST WIND DIRECTION     E (80)
  HIGHEST GUST SPEED    21   HIGHEST GUST DIRECTION    NE (50)
  AVERAGE WIND SPEED     4.4


SKY COVER
  POSSIBLE SUNSHINE  MM
  AVERAGE SKY COVER 0.4


WEATHER CONDITIONS
 THE FOLLOWING WEATHER WAS RECORDED YESTERDAY.
  FOG


RELATIVE HUMIDITY (PERCENT)
 HIGHEST   100           400 AM
 LOWEST     35           200 PM
 AVERAGE    68

..........................................................


THE RALEIGH-DURHAM INTL AIRPORT NC CLIMATE NORMALS FOR TODAY
                         NORMAL    RECORD    YEAR
 MAXIMUM TEMPERATURE (F)   79        96      2010
 MINIMUM TEMPERATURE (F)   59        39      1963


SUNRISE AND SUNSET
SEPTEMBER 24 2017.....SUNRISE   705 AM EDT   SUNSET   709 PM EDT
SEPTEMBER 25 2017.....SUNRISE   706 AM EDT   SUNSET   707 PM EDT


-  INDICATES NEGATIVE NUMBERS.
R  INDICATES RECORD WAS SET OR TIED.
MM INDICATES DATA IS MISSING.
T  INDICATES TRACE AMOUNT.

&&

CLIMATE REPORT
NWS FORECAST OFFICE
NCSU CENTENNIAL CAMPUS
RALEIGH NC

MAXIMUM TEMPERATURE... 86

MINIMUM TEMPERATURE... 64

PRECIPITATION... 0.00


$$
