897
CDUS42 KRAH 010049
CLIRDU


CLIMATE REPORT
NATIONAL WEATHER SERVICE RALEIGH NC
848 PM EDT TUE MAY 31 2016


...................................

...THE RALEIGH-DURHAM INTL AIRPORT NC CLIMATE SUMMARY FOR MAY 31 2016...
VALID AS OF 0848 PM LOCAL TIME.

CLIMATE NORMAL PERIOD 1981 TO 2010
CLIMATE RECORD PERIOD 1887 TO 2016


WEATHER ITEM   OBSERVED TIME   RECORD YEAR NORMAL DEPARTURE LAST
                VALUE   (LST)  VALUE       VALUE  FROM      YEAR
                                                  NORMAL
..................................................................
TEMPERATURE (F)
 TODAY
  MAXIMUM         85    346 PM  98    1895  83      2       89
  MINIMUM         70    626 AM  44    1996  61      9       69
                                      1961
  AVERAGE         78                        72      6       79

PRECIPITATION (IN)
  TODAY            T             2.29 1889   0.12  -0.12     0.00
  MONTH TO DATE    6.18                      3.27   2.91     3.04
  SINCE MAR 1     13.20                     10.30   2.90    11.58
  SINCE JAN 1     19.61                     17.03   2.58    17.84

DEGREE DAYS
 HEATING
  TODAY            0                         0      0        0
  MONTH TO DATE   52                        54     -2       20
  SINCE MAR 1    466                       671   -205      587
  SINCE JUL 1   2609                      3243   -634     3484

 COOLING
  TODAY           13                         8      5       14
  MONTH TO DATE  141                       148     -7      214
  SINCE MAR 1    236                       208     28      270
  SINCE JAN 1    236                       209     27      270
..................................................................


WIND (MPH)
  HIGHEST WIND SPEED    16   HIGHEST WIND DIRECTION    NE (60)
  HIGHEST GUST SPEED    18   HIGHEST GUST DIRECTION    NE (40)
  AVERAGE WIND SPEED     6.0


SKY COVER
  POSSIBLE SUNSHINE  MM
  AVERAGE SKY COVER 0.8


WEATHER CONDITIONS
 THE FOLLOWING WEATHER WAS RECORDED TODAY.
  LIGHT RAIN
  FOG


RELATIVE HUMIDITY (PERCENT)
 HIGHEST   100           200 AM
 LOWEST     55           500 PM
 AVERAGE    78

..........................................................


THE RALEIGH-DURHAM INTL AIRPORT NC CLIMATE NORMALS FOR TOMORROW
                         NORMAL    RECORD    YEAR
 MAXIMUM TEMPERATURE (F)   84        99      1895
 MINIMUM TEMPERATURE (F)   62        42      1984


SUNRISE AND SUNSET
MAY 31 2016...........SUNRISE   600 AM EDT   SUNSET   826 PM EDT
JUNE  1 2016..........SUNRISE   600 AM EDT   SUNSET   826 PM EDT


-  INDICATES NEGATIVE NUMBERS.
R  INDICATES RECORD WAS SET OR TIED.
MM INDICATES DATA IS MISSING.
T  INDICATES TRACE AMOUNT.

&&

CLIMATE REPORT
NWS FORECAST OFFICE
NCSU CENTENNIAL CAMPUS
RALEIGH NC

MAXIMUM TEMPERATURE... 83

MINIMUM TEMPERATURE... 69

PRECIPITATION... 0.00

$$
