000
CDUS42 KRAH 180729
CLIRDU


CLIMATE REPORT
NATIONAL WEATHER SERVICE RALEIGH NC
228 AM EST THU DEC 18 2014


...................................

...THE RALEIGH-DURHAM INTL AIRPORT NC CLIMATE SUMMARY FOR DECEMBER 17 2014...

CLIMATE NORMAL PERIOD 1981 TO 2010
CLIMATE RECORD PERIOD 1887 TO 2014


WEATHER ITEM   OBSERVED TIME   RECORD YEAR NORMAL DEPARTURE LAST
                VALUE   (LST)  VALUE       VALUE  FROM      YEAR
                                                  NORMAL
..................................................................
TEMPERATURE (F)
 YESTERDAY
  MAXIMUM         60    312 PM  72    1924  53      7       60
                                      1906
  MINIMUM         39   1159 PM  11    1963  33      6       35
  AVERAGE         50                        43      7       48

PRECIPITATION (IN)
  YESTERDAY        0.00          1.35 1890   0.10  -0.10      T
  MONTH TO DATE    1.11                      1.68  -0.57     1.71
  SINCE DEC 1      1.11                      1.68  -0.57     1.71
  SINCE JAN 1     51.39                     41.95   9.44    46.49

SNOWFALL (IN)
  YESTERDAY        0.0           7.0  1930   0.0    0.0      0.0
  MONTH TO DATE    0.0                       0.2   -0.2      0.0
  SINCE DEC 1      0.0                       0.2   -0.2      0.0
  SINCE JUL 1      T                         0.3   -0.3       T
  SNOW DEPTH       0

DEGREE DAYS
 HEATING
  YESTERDAY       15                        22     -7       17
  MONTH TO DATE  328                       341    -13      325
  SINCE DEC 1    328                       341    -13      325
  SINCE JUL 1    992                       922     70      977

 COOLING
  YESTERDAY        0                         0      0        0
  MONTH TO DATE    0                         0      0        7
  SINCE DEC 1      0                         0      0        7
  SINCE JAN 1   1657                      1728    -71     1559
..................................................................


WIND (MPH)
  HIGHEST WIND SPEED    13   HIGHEST WIND DIRECTION     W (250)
  HIGHEST GUST SPEED    16   HIGHEST GUST DIRECTION    SW (230)
  AVERAGE WIND SPEED     3.6


SKY COVER
  POSSIBLE SUNSHINE  MM
  AVERAGE SKY COVER 0.3


WEATHER CONDITIONS
 THE FOLLOWING WEATHER WAS RECORDED YESTERDAY.
  NO SIGNIFICANT WEATHER WAS OBSERVED.


RELATIVE HUMIDITY (PERCENT)
 HIGHEST    89          1200 AM
 LOWEST     40           200 PM
 AVERAGE    65

..........................................................


THE RALEIGH-DURHAM INTL AIRPORT NC CLIMATE NORMALS FOR TODAY
                         NORMAL    RECORD    YEAR
 MAXIMUM TEMPERATURE (F)   53        77      1984
 MINIMUM TEMPERATURE (F)   33        10      1973


SUNRISE AND SUNSET
DECEMBER 18 2014......SUNRISE   720 AM EST   SUNSET   504 PM EST
DECEMBER 19 2014......SUNRISE   720 AM EST   SUNSET   504 PM EST


-  INDICATES NEGATIVE NUMBERS.
R  INDICATES RECORD WAS SET OR TIED.
MM INDICATES DATA IS MISSING.
T  INDICATES TRACE AMOUNT.




$$
