000
CDUS42 KRAH 020040
CLIRDU


CLIMATE REPORT
NATIONAL WEATHER SERVICE RALEIGH NC
839 PM EDT FRI AUG 1 2014


...................................

...THE RALEIGH-DURHAM INTL AIRPORT NC CLIMATE SUMMARY FOR AUGUST 1 2014...
VALID AS OF 0830 PM LOCAL TIME.

CLIMATE NORMAL PERIOD 1981 TO 2010
CLIMATE RECORD PERIOD 1887 TO 2014


WEATHER ITEM   OBSERVED TIME   RECORD YEAR NORMAL DEPARTURE LAST
                VALUE   (LST)  VALUE       VALUE  FROM      YEAR
                                                  NORMAL
..................................................................
TEMPERATURE (F)
 TODAY
  MAXIMUM         76   1120 AM 104    1999  90    -14       87
  MINIMUM         65    659 PM  56    1997  70     -5       70
  AVERAGE         71                        80     -9       79

PRECIPITATION (IN)
  TODAY            0.71          3.30 1891   0.14   0.57      T
  MONTH TO DATE    0.71                      0.14   0.57      T
  SINCE JUN 1     12.98                      8.39   4.59    13.56
  SINCE JAN 1     32.25                     25.42   6.83    32.59

DEGREE DAYS
 HEATING
  TODAY            0                         0      0        0
  MONTH TO DATE    0                         0      0        0
  SINCE JUN 1      0                         4     -4        0
  SINCE JUL 1      0                         0      0        0

 COOLING
  TODAY            6                        15     -9       14
  MONTH TO DATE    6                        15     -9       14
  SINCE JUN 1    806                       828    -22      791
  SINCE JAN 1   1019                      1037    -18      969
..................................................................


WIND (MPH)
  RESULTANT WIND SPEED   7   RESULTANT WIND DIRECTION  NE (60)
  HIGHEST WIND SPEED    20   HIGHEST WIND DIRECTION     E (80)
  HIGHEST GUST SPEED    24   HIGHEST GUST DIRECTION     E (90)
  AVERAGE WIND SPEED     7.4


SKY COVER
  POSSIBLE SUNSHINE  MM
  AVERAGE SKY COVER 1.0


WEATHER CONDITIONS
 THE FOLLOWING WEATHER WAS RECORDED TODAY.
  HEAVY RAIN
  RAIN
  LIGHT RAIN
  FOG


RELATIVE HUMIDITY (PERCENT)
 HIGHEST    97           300 AM
 LOWEST     68           100 PM
 AVERAGE    83

..........................................................


THE RALEIGH-DURHAM INTL AIRPORT NC CLIMATE NORMALS FOR TOMORROW
                         NORMAL    RECORD    YEAR
 MAXIMUM TEMPERATURE (F)   90       101      1953
                                             1942
 MINIMUM TEMPERATURE (F)   70        58      1997


SUNRISE AND SUNSET
AUGUST  1 2014........SUNRISE   623 AM EDT   SUNSET   820 PM EDT
AUGUST  2 2014........SUNRISE   624 AM EDT   SUNSET   819 PM EDT


-  INDICATES NEGATIVE NUMBERS.
R  INDICATES RECORD WAS SET OR TIED.
MM INDICATES DATA IS MISSING.
T  INDICATES TRACE AMOUNT.




$$
