000
CDUS42 KRAH 230641
CLIRDU


CLIMATE REPORT
NATIONAL WEATHER SERVICE RALEIGH NC
140 AM EST MON JAN 23 2017


...................................

...THE RALEIGH-DURHAM INTL AIRPORT NC CLIMATE SUMMARY FOR JANUARY 22 2017...

CLIMATE NORMAL PERIOD 1981 TO 2010
CLIMATE RECORD PERIOD 1887 TO 2017


WEATHER ITEM   OBSERVED TIME   RECORD YEAR NORMAL DEPARTURE LAST
                VALUE   (LST)  VALUE       VALUE  FROM      YEAR
                                                  NORMAL
..................................................................
TEMPERATURE (F)
 YESTERDAY
  MAXIMUM         56    100 PM  76    1937  51      5       32
  MINIMUM         53   1159 PM   0    1970  31     22       25
  AVERAGE         55                        41     14       29

PRECIPITATION (IN)
  YESTERDAY        0.09          2.61 1954   0.11  -0.02     0.95
  MONTH TO DATE    3.41                      2.49   0.92     1.72
  SINCE DEC 1      5.60                      5.56   0.04     7.79
  SINCE JAN 1      3.41                      2.49   0.92     1.72

SNOWFALL (IN)
  YESTERDAY        0.0           1.2  2016   0.1   -0.1      1.2
                                      1954
  MONTH TO DATE    0.5                       2.0   -1.5      1.2
  SINCE DEC 1      0.5                       2.6   -2.1      1.2
  SINCE JUL 1      0.5                       2.7   -2.2      1.2
  SNOW DEPTH       0

DEGREE DAYS
 HEATING
  YESTERDAY       10                        24    -14       36
  MONTH TO DATE  406                       534   -128      582
  SINCE DEC 1   1033                      1204   -171      877
  SINCE JUL 1   1488                      1785   -297     1328

 COOLING
  YESTERDAY        0                         0      0        0
  MONTH TO DATE    0                         0      0        0
  SINCE DEC 1      0                         2     -2       27
  SINCE JAN 1      0                         0      0        0
..................................................................


WIND (MPH)
  HIGHEST WIND SPEED    23   HIGHEST WIND DIRECTION     E (80)
  HIGHEST GUST SPEED    26   HIGHEST GUST DIRECTION     E (80)
  AVERAGE WIND SPEED     5.7


SKY COVER
  POSSIBLE SUNSHINE  MM
  AVERAGE SKY COVER 1.0


WEATHER CONDITIONS
 THE FOLLOWING WEATHER WAS RECORDED YESTERDAY.
  RAIN
  LIGHT RAIN
  FOG
  FOG W/VISIBILITY <= 1/4 MILE


RELATIVE HUMIDITY (PERCENT)
 HIGHEST   100          1200 AM
 LOWEST     93           400 AM
 AVERAGE    97

..........................................................


THE RALEIGH-DURHAM INTL AIRPORT NC CLIMATE NORMALS FOR TODAY
                         NORMAL    RECORD    YEAR
 MAXIMUM TEMPERATURE (F)   51        77      1999
                                             1937
 MINIMUM TEMPERATURE (F)   31         8      1977


SUNRISE AND SUNSET
JANUARY 23 2017.......SUNRISE   721 AM EST   SUNSET   533 PM EST
JANUARY 24 2017.......SUNRISE   721 AM EST   SUNSET   534 PM EST


-  INDICATES NEGATIVE NUMBERS.
R  INDICATES RECORD WAS SET OR TIED.
MM INDICATES DATA IS MISSING.
T  INDICATES TRACE AMOUNT.

&&

CLIMATE REPORT
NWS FORECAST OFFICE
NCSU CENTENNIAL CAMPUS
RALEIGH NC

MAXIMUM TEMPERATURE...55

MINIMUM TEMPERATURE...51

PRECIPITATION...0.12

$$
