912
CDUS46 KBOI 190932
CLIREO


CLIMATE REPORT
NATIONAL WEATHER SERVICE BOISE ID
232 AM MST THU JAN 19 2017


...................................

...THE ROME OR CLIMATE SUMMARY FOR JANUARY 18 2017...

CLIMATE NORMAL PERIOD 1981 TO 2010
CLIMATE RECORD PERIOD 9999 TO 9999


WEATHER ITEM   OBSERVED TIME   NORMAL DEPARTURE LAST
                VALUE   (LST)  VALUE  FROM      YEAR
                                      NORMAL
......................................................
TEMPERATURE (F)
 YESTERDAY
  MAXIMUM         41   1044 PM  39      2       49
  MINIMUM         18    100 AM  20     -2       34
  AVERAGE         30            30      0       42

PRECIPITATION (IN)
  YESTERDAY        0.20          0.02   0.18     0.00
  MONTH TO DATE    1.74          0.40   1.34     0.20
  SINCE OCT 1      4.12          2.59   1.53     4.63
  SINCE JAN 1      1.74          0.40   1.34     0.20

DEGREE DAYS
 HEATING
  YESTERDAY       35            35      0       23
  MONTH TO DATE  780           650    130      712
  SINCE DEC 1   2069          1784    285     1747
  SINCE JUL 1   3304          3397    -93     3003

 COOLING
  YESTERDAY        0             0      0        0
  MONTH TO DATE    0             0      0        0
  SINCE DEC 1      0             0      0        0
  SINCE JAN 1      0             0      0        0
......................................................


WIND (MPH)
  RESULTANT WIND SPEED   2   RESULTANT WIND DIRECTION   E (110)
  HIGHEST WIND SPEED    22   HIGHEST WIND DIRECTION    SE (140)
  HIGHEST GUST SPEED    29   HIGHEST GUST DIRECTION    SE (140)
  AVERAGE WIND SPEED     6.4


SKY COVER
  AVERAGE SKY COVER 0.0


WEATHER CONDITIONS
 THE FOLLOWING WEATHER WAS RECORDED YESTERDAY.
  NO SIGNIFICANT WEATHER WAS OBSERVED.


RELATIVE HUMIDITY (PERCENT)
 HIGHEST    96           500 PM
 LOWEST     70          1100 AM
 AVERAGE    83

..........................................................


THE ROME OR CLIMATE NORMALS FOR TODAY
                         NORMAL    RECORD    YEAR
 MAXIMUM TEMPERATURE (F)   39        MM        MM
 MINIMUM TEMPERATURE (F)   20        MM        MM


SUNRISE AND SUNSET
JANUARY 19 2017.......SUNRISE   716 AM PST   SUNSET   449 PM PST
JANUARY 20 2017.......SUNRISE   716 AM PST   SUNSET   450 PM PST


-  INDICATES NEGATIVE NUMBERS.
R  INDICATES RECORD WAS SET OR TIED.
MM INDICATES DATA IS MISSING.
T  INDICATES TRACE AMOUNT.




$$
