000
CDUS46 KBOI 200933
CLIREO


CLIMATE REPORT
NATIONAL WEATHER SERVICE BOISE ID
232 AM MST THU NOV 20 2014


...................................

...THE ROME OR CLIMATE SUMMARY FOR NOVEMBER 19 2014...

CLIMATE NORMAL PERIOD 1981 TO 2010
CLIMATE RECORD PERIOD 9999 TO 9999


WEATHER ITEM   OBSERVED TIME   NORMAL DEPARTURE LAST
                VALUE   (LST)  VALUE  FROM      YEAR
                                      NORMAL
......................................................
TEMPERATURE (F)
 YESTERDAY
  MAXIMUM         36    230 PM  47    -11       52
  MINIMUM         16    325 AM  23     -7       42
  AVERAGE         26            35     -9       47

PRECIPITATION (IN)
  YESTERDAY        0.00          0.01  -0.01     0.00
  MONTH TO DATE    0.83          0.40   0.43     0.00
  SINCE OCT 1      1.02          1.14  -0.12     0.04
  SINCE JAN 1      4.42          7.87  -3.45     5.14

DEGREE DAYS
 HEATING
  YESTERDAY       39            30      9       18
  MONTH TO DATE  548           501     47      436
  SINCE SEP 1    980          1217   -237     1167
  SINCE JUL 1    990          1258   -268     1167

 COOLING
  YESTERDAY        0             0      0        0
  MONTH TO DATE    0             0      0        0
  SINCE SEP 1     64            41     23       78
  SINCE JAN 1    690           507    183      878
......................................................


WIND (MPH)
  RESULTANT WIND SPEED   4   RESULTANT WIND DIRECTION  NE (30)
  HIGHEST WIND SPEED     8   HIGHEST WIND DIRECTION    NE (30)
  HIGHEST GUST SPEED    12   HIGHEST GUST DIRECTION     N (20)
  AVERAGE WIND SPEED     4.4


SKY COVER
  AVERAGE SKY COVER 0.0


WEATHER CONDITIONS
 THE FOLLOWING WEATHER WAS RECORDED YESTERDAY.
  NO SIGNIFICANT WEATHER WAS OBSERVED.


RELATIVE HUMIDITY (PERCENT)
 HIGHEST    84          1200 AM
 LOWEST     56           200 PM
 AVERAGE    70

..........................................................


THE ROME OR CLIMATE NORMALS FOR TODAY
                         NORMAL    RECORD    YEAR
 MAXIMUM TEMPERATURE (F)   47        MM        MM
 MINIMUM TEMPERATURE (F)   22        MM        MM


SUNRISE AND SUNSET
NOVEMBER 20 2014......SUNRISE   649 AM PST   SUNSET   425 PM PST
NOVEMBER 21 2014......SUNRISE   650 AM PST   SUNSET   424 PM PST


-  INDICATES NEGATIVE NUMBERS.
R  INDICATES RECORD WAS SET OR TIED.
MM INDICATES DATA IS MISSING.
T  INDICATES TRACE AMOUNT.




$$
