000
CDUS46 KBOI 020931
CLIREO


CLIMATE REPORT
NATIONAL WEATHER SERVICE BOISE ID
231 AM MST MON MAR 2 2015


...................................

...THE ROME OR CLIMATE SUMMARY FOR MARCH 1 2015...

CLIMATE NORMAL PERIOD 1981 TO 2010
CLIMATE RECORD PERIOD 9999 TO 9999


WEATHER ITEM   OBSERVED TIME   NORMAL DEPARTURE LAST
                VALUE   (LST)  VALUE  FROM      YEAR
                                      NORMAL
......................................................
TEMPERATURE (F)
 YESTERDAY
  MAXIMUM         46    423 PM  50     -4       51
  MINIMUM         18    526 AM  24     -6       28
  AVERAGE         32            37     -5       40

PRECIPITATION (IN)
  YESTERDAY        0.00          0.02  -0.02     0.03
  MONTH TO DATE    0.00          0.02  -0.02     0.03
  SINCE OCT 1      2.62          3.62  -1.00     0.97
  SINCE JAN 1      0.62          1.43  -0.81     0.78

DEGREE DAYS
 HEATING
  YESTERDAY       33            28      5       25
  MONTH TO DATE   33            28      5       25
  SINCE MAR 1     33            28      5       25
  SINCE JUL 1   3840          4762   -922     4447

 COOLING
  YESTERDAY        0             0      0        0
  MONTH TO DATE    0             0      0        0
  SINCE MAR 1      0             0      0        0
  SINCE JAN 1      0             0      0        0
......................................................


WIND (MPH)
  RESULTANT WIND SPEED   4   RESULTANT WIND DIRECTION  NE (60)
  HIGHEST WIND SPEED    12   HIGHEST WIND DIRECTION    NE (40)
  HIGHEST GUST SPEED    15   HIGHEST GUST DIRECTION    NE (40)
  AVERAGE WIND SPEED     4.2


SKY COVER
  AVERAGE SKY COVER 0.0


WEATHER CONDITIONS
 THE FOLLOWING WEATHER WAS RECORDED YESTERDAY.
  NO SIGNIFICANT WEATHER WAS OBSERVED.


RELATIVE HUMIDITY (PERCENT)
 HIGHEST    81           100 AM
 LOWEST     33           500 PM
 AVERAGE    57

..........................................................


THE ROME OR CLIMATE NORMALS FOR TODAY
                         NORMAL    RECORD    YEAR
 MAXIMUM TEMPERATURE (F)   50        MM        MM
 MINIMUM TEMPERATURE (F)   24        MM        MM


SUNRISE AND SUNSET
MARCH  2 2015.........SUNRISE   626 AM PST   SUNSET   542 PM PST
MARCH  3 2015.........SUNRISE   624 AM PST   SUNSET   543 PM PST


-  INDICATES NEGATIVE NUMBERS.
R  INDICATES RECORD WAS SET OR TIED.
MM INDICATES DATA IS MISSING.
T  INDICATES TRACE AMOUNT.




$$
