000
CDUS46 KBOI 200936
CLIREO


CLIMATE REPORT
NATIONAL WEATHER SERVICE BOISE ID
336 AM MDT SAT SEP 20 2014


...................................

...THE ROME OR CLIMATE SUMMARY FOR SEPTEMBER 19 2014...

CLIMATE NORMAL PERIOD 1981 TO 2010
CLIMATE RECORD PERIOD 9999 TO 9999


WEATHER ITEM   OBSERVED TIME   NORMAL DEPARTURE LAST
                VALUE   (LST)  VALUE  FROM      YEAR
                                      NORMAL
......................................................
TEMPERATURE (F)
 YESTERDAY
  MAXIMUM         81    351 PM  78      3       78
  MINIMUM         46    600 AM  39      7       31
  AVERAGE         64            59      5       55

PRECIPITATION (IN)
  YESTERDAY        0.00          0.02  -0.02     0.00
  MONTH TO DATE    0.07          0.21  -0.14     0.63
  SINCE OCT 1      2.56          8.73  -6.17     5.32
  SINCE JAN 1      2.37          6.54  -4.17     3.86

DEGREE DAYS
 HEATING
  YESTERDAY        1             7     -6       10
  MONTH TO DATE   49            83    -34       29
  SINCE SEP 1     49            83    -34       29
  SINCE JUL 1     59           124    -65       29

 COOLING
  YESTERDAY        0             1     -1        0
  MONTH TO DATE   41            39      2       78
  SINCE SEP 1     41            39      2       78
  SINCE JAN 1    667           505    162      878
......................................................


WIND (MPH)
  RESULTANT WIND SPEED   5   RESULTANT WIND DIRECTION  NE (50)
  HIGHEST WIND SPEED    12   HIGHEST WIND DIRECTION     N (350)
  HIGHEST GUST SPEED    14   HIGHEST GUST DIRECTION    NE (50)
  AVERAGE WIND SPEED     5.8


SKY COVER
  AVERAGE SKY COVER 0.0


WEATHER CONDITIONS
 THE FOLLOWING WEATHER WAS RECORDED YESTERDAY.
  NO SIGNIFICANT WEATHER WAS OBSERVED.


RELATIVE HUMIDITY (PERCENT)
 HIGHEST    66           600 AM
 LOWEST     23           200 PM
 AVERAGE    45

..........................................................


THE ROME OR CLIMATE NORMALS FOR TODAY
                         NORMAL    RECORD    YEAR
 MAXIMUM TEMPERATURE (F)   78        MM        MM
 MINIMUM TEMPERATURE (F)   39        MM        MM


SUNRISE AND SUNSET
SEPTEMBER 20 2014.....SUNRISE   637 AM PDT   SUNSET   652 PM PDT
SEPTEMBER 21 2014.....SUNRISE   638 AM PDT   SUNSET   650 PM PDT


-  INDICATES NEGATIVE NUMBERS.
R  INDICATES RECORD WAS SET OR TIED.
MM INDICATES DATA IS MISSING.
T  INDICATES TRACE AMOUNT.




$$
