000
CDUS46 KBOI 270931
CLIREO


CLIMATE REPORT
NATIONAL WEATHER SERVICE BOISE ID
330 AM MDT TUE SEP 27 2016


...................................

...THE ROME OR CLIMATE SUMMARY FOR SEPTEMBER 26 2016...

CLIMATE NORMAL PERIOD 1981 TO 2010
CLIMATE RECORD PERIOD 9999 TO 9999


WEATHER ITEM   OBSERVED TIME   NORMAL DEPARTURE LAST
                VALUE   (LST)  VALUE  FROM      YEAR
                                      NORMAL
......................................................
TEMPERATURE (F)
 YESTERDAY
  MAXIMUM         89    418 PM  75     14       87
  MINIMUM         40    600 AM  37      3       53
  AVERAGE         65            56      9       70

PRECIPITATION (IN)
  YESTERDAY        0.00          0.01  -0.01     0.00
  MONTH TO DATE    0.64          0.32   0.32     0.31
  SINCE OCT 1      8.74          8.84  -0.10     7.98
  SINCE JAN 1      4.31          6.65  -2.34     5.98

DEGREE DAYS
 HEATING
  YESTERDAY        0            10    -10        0
  MONTH TO DATE  155           141     14       94
  SINCE SEP 1    155           141     14       94
  SINCE JUL 1    176           182     -6      101

 COOLING
  YESTERDAY        0             0      0        5
  MONTH TO DATE   24            39    -15       78
  SINCE SEP 1     24            39    -15       78
  SINCE JAN 1    685           505    180      863
......................................................


WIND (MPH)
  RESULTANT WIND SPEED   3   RESULTANT WIND DIRECTION  NE (60)
  HIGHEST WIND SPEED    16   HIGHEST WIND DIRECTION     N (10)
  HIGHEST GUST SPEED    21   HIGHEST GUST DIRECTION     N (10)
  AVERAGE WIND SPEED     5.1


SKY COVER
  AVERAGE SKY COVER 0.0


WEATHER CONDITIONS
 THE FOLLOWING WEATHER WAS RECORDED YESTERDAY.
  NO SIGNIFICANT WEATHER WAS OBSERVED.


RELATIVE HUMIDITY (PERCENT)
 HIGHEST    76           400 AM
 LOWEST     15           300 PM
 AVERAGE    46

..........................................................


THE ROME OR CLIMATE NORMALS FOR TODAY
                         NORMAL    RECORD    YEAR
 MAXIMUM TEMPERATURE (F)   74        MM        MM
 MINIMUM TEMPERATURE (F)   36        MM        MM


SUNRISE AND SUNSET
SEPTEMBER 27 2016.....SUNRISE   645 AM PDT   SUNSET   639 PM PDT
SEPTEMBER 28 2016.....SUNRISE   646 AM PDT   SUNSET   637 PM PDT


-  INDICATES NEGATIVE NUMBERS.
R  INDICATES RECORD WAS SET OR TIED.
MM INDICATES DATA IS MISSING.
T  INDICATES TRACE AMOUNT.




$$
