000
CDUS43 KGRB 272122
CLIRHI


CLIMATE REPORT
NATIONAL WEATHER SERVICE GREEN BAY
422 PM CDT THU AUG 27 2015


...................................

...THE RHINELANDER WI CLIMATE SUMMARY FOR AUGUST 27 2015...
VALID TODAY AS OF 0400 PM LOCAL TIME.

CLIMATE NORMAL PERIOD 1981 TO 2010
CLIMATE RECORD PERIOD 1908 TO 2015


WEATHER ITEM   OBSERVED TIME   RECORD YEAR NORMAL DEPARTURE LAST
                VALUE   (LST)  VALUE       VALUE  FROM      YEAR
                                                  NORMAL
..................................................................
TEMPERATURE (F)
 TODAY
  MAXIMUM         74    248 PM  92    1984  75     -1       70
                                      1976
                                      1973
  MINIMUM         39    452 AM  30    1915  51    -12       45
  AVERAGE         57                        63     -6       58

PRECIPITATION (IN)
  TODAY            0.00          2.16 1921   0.11  -0.11     0.03
  MONTH TO DATE    3.46                      2.85   0.61     3.97
  SINCE JUN 1     10.08                     10.76  -0.68    14.69
  SINCE JAN 1     18.68                     20.44  -1.76    25.80

SNOWFALL (IN)
  TODAY            0.0           0.0    MM  MM     MM        0.0
  MONTH TO DATE    0.0                      MM     MM        0.0
  SINCE JUN 1      0.0                      MM     MM        0.0
  SINCE JUL 1      0.0                      MM     MM        0.0
  SNOW DEPTH       0

DEGREE DAYS
 HEATING
  TODAY            8                         4      4        7
  MONTH TO DATE   84                        60     24       60
  SINCE JUN 1    265                       245     20      277
  SINCE JUL 1    133                       111     22      184

 COOLING
  TODAY            0                         1     -1        0
  MONTH TO DATE   50                        69    -19       29
  SINCE JUN 1    148                       227    -79      140
  SINCE JAN 1    153                       239    -86      147
..................................................................


WIND (MPH)
  HIGHEST WIND SPEED    13   HIGHEST WIND DIRECTION    SW (230)
  HIGHEST GUST SPEED    18   HIGHEST GUST DIRECTION    SW (210)
  AVERAGE WIND SPEED     3.4


SKY COVER
  POSSIBLE SUNSHINE  MM
  AVERAGE SKY COVER 0.2


WEATHER CONDITIONS
 THE FOLLOWING WEATHER WAS RECORDED TODAY.
  FOG
  FOG W/VISIBILITY <= 1/4 MILE


RELATIVE HUMIDITY (PERCENT)
 HIGHEST   100           800 AM
 LOWEST     46           100 PM
 AVERAGE    73

..........................................................


THE RHINELANDER WI CLIMATE NORMALS FOR TOMORROW
                         NORMAL    RECORD    YEAR
 MAXIMUM TEMPERATURE (F)   74        92      1984
                                             1953
 MINIMUM TEMPERATURE (F)   51        36      1941
                                             1916


SUNRISE AND SUNSET
AUGUST 27 2015........SUNRISE   613 AM CDT   SUNSET   745 PM CDT
AUGUST 28 2015........SUNRISE   614 AM CDT   SUNSET   743 PM CDT


-  INDICATES NEGATIVE NUMBERS.
R  INDICATES RECORD WAS SET OR TIED.
MM INDICATES DATA IS MISSING.
T  INDICATES TRACE AMOUNT.




$$
