000
CDUS43 KGRB 250648
CLIRHI

CLIMATE REPORT
NATIONAL WEATHER SERVICE GREEN BAY
1246 AM CST SUN JAN 25 2015

...................................

...THE RHINELANDER WI CLIMATE SUMMARY FOR JANUARY 24 2015...

CLIMATE NORMAL PERIOD 1981 TO 2010
CLIMATE RECORD PERIOD 1908 TO 2015

WEATHER ITEM   OBSERVED TIME   RECORD YEAR NORMAL DEPARTURE LAST
                VALUE   (LST)  VALUE       VALUE  FROM      YEAR
                                                  NORMAL
..................................................................
TEMPERATURE (F)
 YESTERDAY
  MAXIMUM         36    335 PM  49    1981  21     15       23
  MINIMUM         18   1159 PM -38    1935   3     15      -14
  AVERAGE         27                        12     15        5

PRECIPITATION (IN)
  YESTERDAY        0.00          0.69 1997   0.04  -0.04     0.06
  MONTH TO DATE    0.53                      0.87  -0.34     0.84
  SINCE DEC 1      2.55                      2.31   0.24     2.50
  SINCE JAN 1      0.53                      0.87  -0.34     0.84

SNOWFALL (IN)
  YESTERDAY        0.0           7.0  1997  MM     MM        1.5
                                      1938
  MONTH TO DATE    7.0                      MM     MM       15.4
  SINCE DEC 1     26.0                      MM     MM       38.5
  SINCE JUL 1     61.1                      MM     MM       48.3
  SNOW DEPTH      13

DEGREE DAYS
 HEATING
  YESTERDAY       38                        53    -15       60
  MONTH TO DATE 1331                      1267     64     1464
  SINCE DEC 1   2763                      2759      4     3242
  SINCE JUL 1   5284                      4893    391     5469

COOLING
  YESTERDAY        0                         0      0        0
  MONTH TO DATE    0                         0      0        0
  SINCE DEC 1      0                         0      0        0
  SINCE JAN 1      0                         0      0        0
..................................................................

WIND (MPH)
  HIGHEST WIND SPEED    13   HIGHEST WIND DIRECTION    NE (60)
  HIGHEST GUST SPEED    18   HIGHEST GUST DIRECTION    NE (40)
  AVERAGE WIND SPEED     8.0

SKY COVER
  POSSIBLE SUNSHINE  MM
  AVERAGE SKY COVER 1.0

WEATHER CONDITIONS
 THE FOLLOWING WEATHER WAS RECORDED YESTERDAY.
  NO SIGNIFICANT WEATHER WAS OBSERVED.

RELATIVE HUMIDITY (PERCENT)
 HIGHEST    89           400 AM
 LOWEST     64           400 PM
 AVERAGE    77
..........................................................

THE RHINELANDER WI CLIMATE NORMALS FOR TODAY
                         NORMAL    RECORD    YEAR
 MAXIMUM TEMPERATURE (F)   21        53      1981
 MINIMUM TEMPERATURE (F)    3       -37      1922

SUNRISE AND SUNSET
JANUARY 25 2015.......SUNRISE   727 AM CST   SUNSET   454 PM CST
JANUARY 26 2015.......SUNRISE   726 AM CST   SUNSET   455 PM CST

-  INDICATES NEGATIVE NUMBERS.
R  INDICATES RECORD WAS SET OR TIED.
MM INDICATES DATA IS MISSING.
T  INDICATES TRACE AMOUNT.

$$
