000
CDUS43 KGRB 210928
CLIRHI


CLIMATE REPORT
NATIONAL WEATHER SERVICE GREEN BAY
327 AM CST SAT JAN 21 2017


...................................

...THE RHINELANDER WI CLIMATE SUMMARY FOR JANUARY 20 2017...

CLIMATE NORMAL PERIOD 1981 TO 2010
CLIMATE RECORD PERIOD 1908 TO 2017


WEATHER ITEM   OBSERVED TIME   RECORD YEAR NORMAL DEPARTURE LAST
                VALUE   (LST)  VALUE       VALUE  FROM      YEAR
                                                  NORMAL
..................................................................
TEMPERATURE (F)
 YESTERDAY
  MAXIMUM         36    215 PM  51    1908  21     15       17
  MINIMUM         26    355 AM -32    1984   3     23        0
  AVERAGE         31                        12     19        9

PRECIPITATION (IN)
  YESTERDAY        0.32          0.50 1979   0.04   0.28      T
  MONTH TO DATE    1.54                      0.73   0.81     0.48
  SINCE DEC 1      3.61                      2.17   1.44     4.44
  SINCE JAN 1      1.54                      0.73   0.81     0.48

SNOWFALL (IN)
  YESTERDAY        0.3           7.0  1979  MM     MM         T
                                      1927
  MONTH TO DATE   13.6                      MM     MM        4.3
  SINCE DEC 1     33.2                      MM     MM       16.9
  SINCE JUL 1     39.8                      MM     MM       21.0
  SNOW DEPTH      15

DEGREE DAYS
 HEATING
  YESTERDAY       34                        53    -19       56
  MONTH TO DATE 1047                      1055     -8     1069
  SINCE DEC 1   2497                      2547    -50     2178
  SINCE JUL 1   3979                      4681   -702     3895

 COOLING
  YESTERDAY        0                         0      0        0
  MONTH TO DATE    0                         0      0        0
  SINCE DEC 1      0                         0      0        0
  SINCE JAN 1      0                         0      0        0
..................................................................


WIND (MPH)
  HIGHEST WIND SPEED    13   HIGHEST WIND DIRECTION     E (100)
  HIGHEST GUST SPEED    15   HIGHEST GUST DIRECTION     E (110)
  AVERAGE WIND SPEED     4.7


SKY COVER
  POSSIBLE SUNSHINE  MM
  AVERAGE SKY COVER 0.9


WEATHER CONDITIONS
 THE FOLLOWING WEATHER WAS RECORDED YESTERDAY.
  LIGHT RAIN
  LT FREEZING RAIN
  LIGHT SNOW
  FOG


RELATIVE HUMIDITY (PERCENT)
 HIGHEST   100          1200 AM
 LOWEST     92           700 AM
 AVERAGE    96

..........................................................


THE RHINELANDER WI CLIMATE NORMALS FOR TODAY
                         NORMAL    RECORD    YEAR
 MAXIMUM TEMPERATURE (F)   21        46      1908
 MINIMUM TEMPERATURE (F)    3       -30      1924


SUNRISE AND SUNSET
JANUARY 21 2017.......SUNRISE   730 AM CST   SUNSET   449 PM CST
JANUARY 22 2017.......SUNRISE   729 AM CST   SUNSET   450 PM CST


-  INDICATES NEGATIVE NUMBERS.
R  INDICATES RECORD WAS SET OR TIED.
MM INDICATES DATA IS MISSING.
T  INDICATES TRACE AMOUNT.




$$
