000
CDUS43 KGRB 011328
CLIRHI


CLIMATE REPORT...CORRECTION
NATIONAL WEATHER SERVICE GREEN BAY
207 AM CST WED MAR 1 2017

...................................

...THE RHINELANDER WI CLIMATE SUMMARY FOR FEBRUARY 28 2017...

CLIMATE NORMAL PERIOD 1981 TO 2010
CLIMATE RECORD PERIOD 1908 TO 2017

WEATHER ITEM   OBSERVED TIME   RECORD YEAR NORMAL DEPARTURE LAST
                VALUE   (LST)  VALUE       VALUE  FROM      YEAR
                                                  NORMAL
..................................................................
TEMPERATURE (F)
 YESTERDAY
  MAXIMUM         44    102 PM  48    1985  31     13       36
  MINIMUM         30   1159 PM -25    2014  11     19       24
  AVERAGE         37                        21     16       30

PRECIPITATION (IN)
  YESTERDAY        0.00          0.99 1939   0.04  -0.04     0.25
  MONTH TO DATE    1.43                      0.93   0.50     0.96
  SINCE DEC 1      5.43                      3.48   1.95     5.68
  SINCE JAN 1      3.36                      2.04   1.32     1.72

SNOWFALL (IN)
  YESTERDAY        0.0          10.0  1939  MM     MM        0.7
  MONTH TO DATE    8.2                      MM     MM       10.2
  SINCE DEC 1     44.9                      MM     MM       30.2
  SINCE JUL 1     51.5                      MM     MM       34.3
  SNOW DEPTH       0

DEGREE DAYS
 HEATING
  YESTERDAY       28                        44    -16       35
  MONTH TO DATE 1114                      1360   -246     1261
  SINCE DEC 1   4029                      4488   -459     3920
  SINCE JUL 1   5511                      6622  -1111     5637

COOLING
  YESTERDAY        0                         0      0        0
  MONTH TO DATE    0                         0      0        0
  SINCE DEC 1      0                         0      0        0
  SINCE JAN 1      0                         0      0        0
..................................................................

WIND (MPH)
  HIGHEST WIND SPEED    15   HIGHEST WIND DIRECTION    NE (30)
  HIGHEST GUST SPEED    24   HIGHEST GUST DIRECTION    NE (60)
  AVERAGE WIND SPEED     5.7

SKY COVER
  POSSIBLE SUNSHINE  MM
  AVERAGE SKY COVER 0.9

WEATHER CONDITIONS
 THE FOLLOWING WEATHER WAS RECORDED YESTERDAY.
  FOG
  HAZE

RELATIVE HUMIDITY (PERCENT)
 HIGHEST    96           700 AM
 LOWEST     75           200 AM
 AVERAGE    86
..........................................................

THE RHINELANDER WI CLIMATE NORMALS FOR TODAY
                         NORMAL    RECORD    YEAR
 MAXIMUM TEMPERATURE (F)   31        54      1993
 MINIMUM TEMPERATURE (F)   11       -36      1962

SUNRISE AND SUNSET
MARCH  1 2017.........SUNRISE   636 AM CST   SUNSET   545 PM CST
MARCH  2 2017.........SUNRISE   634 AM CST   SUNSET   546 PM CST

-  INDICATES NEGATIVE NUMBERS.
R  INDICATES RECORD WAS SET OR TIED.
MM INDICATES DATA IS MISSING.
T  INDICATES TRACE AMOUNT.

$$
