000
CDUS43 KGRB 222132
CLIRHI


CLIMATE REPORT
NATIONAL WEATHER SERVICE GREEN BAY
431 PM CDT MON MAY 22 2017


...................................

...THE RHINELANDER WI CLIMATE SUMMARY FOR MAY 22 2017...
VALID TODAY AS OF 0400 PM LOCAL TIME.

CLIMATE NORMAL PERIOD 1981 TO 2010
CLIMATE RECORD PERIOD 1908 TO 2017


WEATHER ITEM   OBSERVED TIME   RECORD YEAR NORMAL DEPARTURE LAST
                VALUE   (LST)  VALUE       VALUE  FROM      YEAR
                                                  NORMAL
..................................................................
TEMPERATURE (F)
 TODAY
  MAXIMUM         59    109 PM  90    1975  67     -8       84
  MINIMUM         45    640 AM  26    2006  42      3       40
  AVERAGE         52                        55     -3       62

PRECIPITATION (IN)
  TODAY            0.01          2.16 1912   0.12  -0.11     0.00
  MONTH TO DATE    5.22                      2.43   2.79     0.64
  SINCE MAR 1     13.36                      6.58   6.78     7.09
  SINCE JAN 1     16.72                      8.62   8.10     8.82

SNOWFALL (IN)
  TODAY           MM             0.0    MM  MM     MM        0.0
  MONTH TO DATE    0.0                      MM     MM         T
  SINCE MAR 1     14.3                      MM     MM       21.2
  SINCE JUL 1     65.8                      MM     MM       55.7
  SNOW DEPTH       0

DEGREE DAYS
 HEATING
  TODAY           13                        11      2        3
  MONTH TO DATE  320                       302     18      333
  SINCE MAR 1   2088                      2180    -92     2008
  SINCE JUL 1   7599                      8802  -1203     7691

 COOLING
  TODAY            0                         0      0        0
  MONTH TO DATE    1                         0      1        5
  SINCE MAR 1      1                         1      0        5
  SINCE JAN 1      1                         1      0        5
..................................................................


WIND (MPH)
  HIGHEST WIND SPEED    21   HIGHEST WIND DIRECTION     W (250)
  HIGHEST GUST SPEED    31   HIGHEST GUST DIRECTION    SW (240)
  AVERAGE WIND SPEED    11.0


SKY COVER
  POSSIBLE SUNSHINE  MM
  AVERAGE SKY COVER 1.0


WEATHER CONDITIONS
 THE FOLLOWING WEATHER WAS RECORDED TODAY.
  LIGHT RAIN


RELATIVE HUMIDITY (PERCENT)
 HIGHEST    93           800 AM
 LOWEST     59          1200 PM
 AVERAGE    76

..........................................................


THE RHINELANDER WI CLIMATE NORMALS FOR TOMORROW
                         NORMAL    RECORD    YEAR
 MAXIMUM TEMPERATURE (F)   67        88      1964
                                             1921
 MINIMUM TEMPERATURE (F)   43        25      1931


SUNRISE AND SUNSET
MAY 22 2017...........SUNRISE   519 AM CDT   SUNSET   830 PM CDT
MAY 23 2017...........SUNRISE   518 AM CDT   SUNSET   831 PM CDT


-  INDICATES NEGATIVE NUMBERS.
R  INDICATES RECORD WAS SET OR TIED.
MM INDICATES DATA IS MISSING.
T  INDICATES TRACE AMOUNT.




$$
