634
CDUS43 KGRB 290707
CLIRHI


CLIMATE REPORT
NATIONAL WEATHER SERVICE GREEN BAY
204 AM CDT SUN MAY 29 2016


...................................

...THE RHINELANDER WI CLIMATE SUMMARY FOR MAY 28 2016...

CLIMATE NORMAL PERIOD 1981 TO 2010
CLIMATE RECORD PERIOD 1908 TO 2016


WEATHER ITEM   OBSERVED TIME   RECORD YEAR NORMAL DEPARTURE LAST
                VALUE   (LST)  VALUE       VALUE  FROM      YEAR
                                                  NORMAL
..................................................................
TEMPERATURE (F)
 YESTERDAY
  MAXIMUM         75    206 PM  91    1919  69      6       82
  MINIMUM         63   1114 PM  27    1917  45     18       45
  AVERAGE         69                        56     13       64

PRECIPITATION (IN)
  YESTERDAY        0.63          0.91 1955   0.11   0.52      T
  MONTH TO DATE    2.55                      3.11  -0.56     3.39
  SINCE MAR 1      9.00                      7.26   1.74     7.41
  SINCE JAN 1     10.73                      9.30   1.43     8.30

SNOWFALL (IN)
  YESTERDAY        0.0           T    1965  MM     MM        0.0
  MONTH TO DATE    T                        MM     MM         T
  SINCE MAR 1     21.2                      MM     MM       20.4
  SINCE JUL 1     55.7                      MM     MM       89.3
  SNOW DEPTH       0

DEGREE DAYS
 HEATING
  YESTERDAY        0                         9     -9        1
  MONTH TO DATE  336                       361    -25      279
  SINCE MAR 1   2011                      2239   -228     2094
  SINCE JUL 1   7694                      8861  -1167     9435

 COOLING
  YESTERDAY        4                         1      3        0
  MONTH TO DATE   15                         6      9        5
  SINCE MAR 1     15                         7      8        5
  SINCE JAN 1     15                         7      8        5
..................................................................


WIND (MPH)
  HIGHEST WIND SPEED    22   HIGHEST WIND DIRECTION     W (250)
  HIGHEST GUST SPEED    33   HIGHEST GUST DIRECTION    SW (240)
  AVERAGE WIND SPEED     5.3


SKY COVER
  POSSIBLE SUNSHINE  MM
  AVERAGE SKY COVER 0.7


WEATHER CONDITIONS
 THE FOLLOWING WEATHER WAS RECORDED YESTERDAY.
  HEAVY RAIN
  RAIN
  LIGHT RAIN
  FOG


RELATIVE HUMIDITY (PERCENT)
 HIGHEST   100           200 AM
 LOWEST     68           500 PM
 AVERAGE    84

..........................................................


THE RHINELANDER WI CLIMATE NORMALS FOR TODAY
                         NORMAL    RECORD    YEAR
 MAXIMUM TEMPERATURE (F)   69        92      1919
 MINIMUM TEMPERATURE (F)   45        30      1965


SUNRISE AND SUNSET
MAY 29 2016...........SUNRISE   514 AM CDT   SUNSET   838 PM CDT
MAY 30 2016...........SUNRISE   513 AM CDT   SUNSET   838 PM CDT


-  INDICATES NEGATIVE NUMBERS.
R  INDICATES RECORD WAS SET OR TIED.
MM INDICATES DATA IS MISSING.
T  INDICATES TRACE AMOUNT.

$$
