649
CDUS43 KGRB 120735
CLIRHI


CLIMATE REPORT
NATIONAL WEATHER SERVICE GREEN BAY
134 AM CST TUE DEC 12 2017


...................................

...THE RHINELANDER WI CLIMATE SUMMARY FOR DECEMBER 11 2017...

CLIMATE NORMAL PERIOD 1981 TO 2010
CLIMATE RECORD PERIOD 1908 TO 2017


WEATHER ITEM   OBSERVED TIME   RECORD YEAR NORMAL DEPARTURE LAST
                VALUE   (LST)  VALUE       VALUE  FROM      YEAR
                                                  NORMAL
..................................................................
TEMPERATURE (F)
 YESTERDAY
  MAXIMUM         25    445 PM  52    1913  26     -1       20
  MINIMUM          7   1259 AM -25    1977  10     -3        9
  AVERAGE         16                        18     -2       15

PRECIPITATION (IN)
  YESTERDAY        0.06          0.64 1931   0.05   0.01     0.25
  MONTH TO DATE    1.09                      0.57   0.52     0.61
  SINCE DEC 1      1.09                      0.57   0.52     0.61
  SINCE JAN 1     39.65                     30.53   9.12    41.49

SNOWFALL (IN)
  YESTERDAY        0.5          10.3  2010  MM     MM        2.8
  MONTH TO DATE    4.1                      MM     MM        8.0
  SINCE DEC 1      4.1                      MM     MM        8.0
  SINCE JUL 1     17.8                      MM     MM       14.6
  SNOW DEPTH       3

DEGREE DAYS
 HEATING
  YESTERDAY       49                        47      2       50
  MONTH TO DATE  445                       495    -50      461
  SINCE DEC 1    445                       495    -50      461
  SINCE JUL 1   2418                      2629   -211     1943

 COOLING
  YESTERDAY        0                         0      0        0
  MONTH TO DATE    0                         0      0        0
  SINCE DEC 1      0                         0      0        0
  SINCE JAN 1    215                       261    -46      321
..................................................................


WIND (MPH)
  HIGHEST WIND SPEED    20   HIGHEST WIND DIRECTION     N (340)
  HIGHEST GUST SPEED    34   HIGHEST GUST DIRECTION     N (20)
  AVERAGE WIND SPEED     7.2


SKY COVER
  POSSIBLE SUNSHINE  MM
  AVERAGE SKY COVER 0.9


WEATHER CONDITIONS
 THE FOLLOWING WEATHER WAS RECORDED YESTERDAY.
  LIGHT SNOW
  FOG


RELATIVE HUMIDITY (PERCENT)
 HIGHEST   100           900 AM
 LOWEST     73          1100 PM
 AVERAGE    87

..........................................................


THE RHINELANDER WI CLIMATE NORMALS FOR TODAY
                         NORMAL    RECORD    YEAR
 MAXIMUM TEMPERATURE (F)   26        53      1913
 MINIMUM TEMPERATURE (F)    9       -18      1989


SUNRISE AND SUNSET
DECEMBER 12 2017......SUNRISE   729 AM CST   SUNSET   414 PM CST
DECEMBER 13 2017......SUNRISE   730 AM CST   SUNSET   414 PM CST


-  INDICATES NEGATIVE NUMBERS.
R  INDICATES RECORD WAS SET OR TIED.
MM INDICATES DATA IS MISSING.
T  INDICATES TRACE AMOUNT.




$$
