000
CDUS43 KGRB 210702
CLIRHI


CLIMATE REPORT
NATIONAL WEATHER SERVICE GREEN BAY
201 AM CDT SUN SEP 21 2014


...................................

...THE RHINELANDER WI CLIMATE SUMMARY FOR SEPTEMBER 20 2014...

CLIMATE NORMAL PERIOD 1981 TO 2010
CLIMATE RECORD PERIOD 1908 TO 2014


WEATHER ITEM   OBSERVED TIME   RECORD YEAR NORMAL DEPARTURE LAST
                VALUE   (LST)  VALUE       VALUE  FROM      YEAR
                                                  NORMAL
..................................................................
TEMPERATURE (F)
 YESTERDAY
  MAXIMUM         72    223 PM  87    1908  64      8       69
  MINIMUM         52   1159 PM  28    1956  43      9       45
  AVERAGE         62                        54      8       57

PRECIPITATION (IN)
  YESTERDAY        0.27          2.10 1980   0.14   0.13     0.02
  MONTH TO DATE    5.94                      2.78   3.16     1.78
  SINCE SEP 1      5.94                      2.78   3.16     1.78
  SINCE JAN 1     32.40                     23.66   8.74    28.62

SNOWFALL (IN)
  YESTERDAY        0.0           0.0    MM  MM     MM        0.0
  MONTH TO DATE    T                        MM     MM        0.0
  SINCE SEP 1      T                        MM     MM        0.0
  SINCE JUL 1      T                        MM     MM        0.0
  SNOW DEPTH       0

DEGREE DAYS
 HEATING
  YESTERDAY        3                        12     -9        8
  MONTH TO DATE  210                       165     45      150
  SINCE SEP 1    210                       165     45      150
  SINCE JUL 1    410                       292    118      340

 COOLING
  YESTERDAY        0                         0      0        0
  MONTH TO DATE    1                        16    -15       17
  SINCE SEP 1      1                        16    -15       17
  SINCE JAN 1    148                       257   -109      281
..................................................................


WIND (MPH)
  HIGHEST WIND SPEED    23   HIGHEST WIND DIRECTION     W (270)
  HIGHEST GUST SPEED    29   HIGHEST GUST DIRECTION     W (270)
  AVERAGE WIND SPEED     9.7


SKY COVER
  POSSIBLE SUNSHINE  MM
  AVERAGE SKY COVER 0.7


WEATHER CONDITIONS
 THE FOLLOWING WEATHER WAS RECORDED YESTERDAY.
  HEAVY RAIN
  RAIN
  FOG


RELATIVE HUMIDITY (PERCENT)
 HIGHEST    93           400 AM
 LOWEST     53           300 PM
 AVERAGE    73

..........................................................


THE RHINELANDER WI CLIMATE NORMALS FOR TODAY
                         NORMAL    RECORD    YEAR
 MAXIMUM TEMPERATURE (F)   64        91      1908
 MINIMUM TEMPERATURE (F)   42        29      1973
                                             1956


SUNRISE AND SUNSET
SEPTEMBER 21 2014.....SUNRISE   643 AM CDT   SUNSET   657 PM CDT
SEPTEMBER 22 2014.....SUNRISE   645 AM CDT   SUNSET   655 PM CDT


-  INDICATES NEGATIVE NUMBERS.
R  INDICATES RECORD WAS SET OR TIED.
MM INDICATES DATA IS MISSING.
T  INDICATES TRACE AMOUNT.




$$
