000
CDUS43 KGRB 220646
CLIRHI


CLIMATE REPORT
NATIONAL WEATHER SERVICE GREEN BAY
145 AM CDT SUN OCT 22 2017


...................................

...THE RHINELANDER WI CLIMATE SUMMARY FOR OCTOBER 21 2017...

CLIMATE NORMAL PERIOD 1981 TO 2010
CLIMATE RECORD PERIOD 1908 TO 2017


WEATHER ITEM   OBSERVED TIME   RECORD YEAR NORMAL DEPARTURE LAST
                VALUE   (LST)  VALUE       VALUE  FROM      YEAR
                                                  NORMAL
..................................................................
TEMPERATURE (F)
 YESTERDAY
  MAXIMUM         68    648 PM  85    1947  52     16       44
  MINIMUM         57    710 AM  18    1930  33     24       31
                                      1917
  AVERAGE         63                        42     21       38

PRECIPITATION (IN)
  YESTERDAY        T             1.22 1943   0.09  -0.09     0.00
  MONTH TO DATE    3.48                      2.28   1.20     5.29
  SINCE SEP 1      5.43                      6.48  -1.05    10.91
  SINCE JAN 1     36.52                     27.36   9.16    38.50

SNOWFALL (IN)
  YESTERDAY        0.0           6.0  2002  MM     MM        0.0
  MONTH TO DATE    0.0                      MM     MM        0.0
  SINCE SEP 1      0.0                      MM     MM        0.0
  SINCE JUL 1      0.0                      MM     MM        0.0
  SNOW DEPTH       0

DEGREE DAYS
 HEATING
  YESTERDAY        2                        23    -21       27
  MONTH TO DATE  261                       412   -151      294
  SINCE SEP 1    468                       717   -249      454
  SINCE JUL 1    634                       844   -210      515

 COOLING
  YESTERDAY        0                         0      0        0
  MONTH TO DATE    0                         0      0        0
  SINCE SEP 1     53                        18     35       13
  SINCE JAN 1    215                       259    -44      321
..................................................................


WIND (MPH)
  HIGHEST WIND SPEED    17   HIGHEST WIND DIRECTION     S (170)
  HIGHEST GUST SPEED    25   HIGHEST GUST DIRECTION     S (180)
  AVERAGE WIND SPEED     9.7


SKY COVER
  POSSIBLE SUNSHINE  MM
  AVERAGE SKY COVER 0.6


WEATHER CONDITIONS
 THE FOLLOWING WEATHER WAS RECORDED YESTERDAY.
  LIGHT RAIN


RELATIVE HUMIDITY (PERCENT)
 HIGHEST    78           100 PM
 LOWEST     52          1200 AM
 AVERAGE    65

..........................................................


THE RHINELANDER WI CLIMATE NORMALS FOR TODAY
                         NORMAL    RECORD    YEAR
 MAXIMUM TEMPERATURE (F)   51        78      1947
 MINIMUM TEMPERATURE (F)   32        14      1930


SUNRISE AND SUNSET
OCTOBER 22 2017.......SUNRISE   724 AM CDT   SUNSET   600 PM CDT
OCTOBER 23 2017.......SUNRISE   725 AM CDT   SUNSET   558 PM CDT


-  INDICATES NEGATIVE NUMBERS.
R  INDICATES RECORD WAS SET OR TIED.
MM INDICATES DATA IS MISSING.
T  INDICATES TRACE AMOUNT.




$$
