000
CDUS43 KGRB 230712
CLIRHI


CLIMATE REPORT
NATIONAL WEATHER SERVICE GREEN BAY
111 AM CST FRI FEB 23 2018


...................................

...THE RHINELANDER WI CLIMATE SUMMARY FOR FEBRUARY 22 2018...

CLIMATE NORMAL PERIOD 1981 TO 2010
CLIMATE RECORD PERIOD 1908 TO 2018


WEATHER ITEM   OBSERVED TIME   RECORD YEAR NORMAL DEPARTURE LAST
                VALUE   (LST)  VALUE       VALUE  FROM      YEAR
                                                  NORMAL
..................................................................
TEMPERATURE (F)
 YESTERDAY
  MAXIMUM         31    427 PM  56    2000  29      2       55
                                      1930
  MINIMUM         -3    151 AM -29    1936   9    -12       35
  AVERAGE         14                        18     -4       45

PRECIPITATION (IN)
  YESTERDAY        0.11          0.69 1981   0.03   0.08     0.07
  MONTH TO DATE    0.45                      0.69  -0.24     0.85
  SINCE DEC 1      3.37                      3.24   0.13     4.85
  SINCE JAN 1      1.64                      1.80  -0.16     2.78

SNOWFALL (IN)
  YESTERDAY        1.2           6.3  1913  MM     MM        0.0
  MONTH TO DATE    5.6                      MM     MM        1.5
  SINCE DEC 1     34.3                      MM     MM       38.2
  SINCE JUL 1     48.1                      MM     MM       44.8
  SNOW DEPTH      12

DEGREE DAYS
 HEATING
  YESTERDAY       51                        46      5       20
  MONTH TO DATE 1209                      1089    120      875
  SINCE DEC 1   4384                      4216    168     3790
  SINCE JUL 1   6357                      6350      7     5272

 COOLING
  YESTERDAY        0                         0      0        0
  MONTH TO DATE    0                         0      0        0
  SINCE DEC 1      0                         0      0        0
  SINCE JAN 1      0                         0      0        0
..................................................................


WIND (MPH)
  HIGHEST WIND SPEED    16   HIGHEST WIND DIRECTION    SE (130)
  HIGHEST GUST SPEED    21   HIGHEST GUST DIRECTION    SE (130)
  AVERAGE WIND SPEED     5.7


SKY COVER
  POSSIBLE SUNSHINE  MM
  AVERAGE SKY COVER 0.6


WEATHER CONDITIONS
 THE FOLLOWING WEATHER WAS RECORDED YESTERDAY.
  SNOW
  LIGHT SNOW
  FOG


RELATIVE HUMIDITY (PERCENT)
 HIGHEST    95          1200 AM
 LOWEST     43           200 PM
 AVERAGE    69

..........................................................


THE RHINELANDER WI CLIMATE NORMALS FOR TODAY
                         NORMAL    RECORD    YEAR
 MAXIMUM TEMPERATURE (F)   29        58      1930
 MINIMUM TEMPERATURE (F)    9       -27      1910


SUNRISE AND SUNSET
FEBRUARY 23 2018......SUNRISE   647 AM CST   SUNSET   536 PM CST
FEBRUARY 24 2018......SUNRISE   645 AM CST   SUNSET   538 PM CST


-  INDICATES NEGATIVE NUMBERS.
R  INDICATES RECORD WAS SET OR TIED.
MM INDICATES DATA IS MISSING.
T  INDICATES TRACE AMOUNT.




$$
