000
CDUS41 KAKQ 230545
CLIRIC


CLIMATE REPORT
NATIONAL WEATHER SERVICE WAKEFIELD, VA
145 AM EDT FRI JUN 23 2017


...................................

...THE RICHMOND VA CLIMATE SUMMARY FOR JUNE 22 2017...

CLIMATE NORMAL PERIOD 1981 TO 2010
CLIMATE RECORD PERIOD 1871 TO 2017


WEATHER ITEM   OBSERVED TIME   RECORD YEAR NORMAL DEPARTURE LAST
                VALUE   (LST)  VALUE       VALUE  FROM      YEAR
                                                  NORMAL
..................................................................
TEMPERATURE (F)
 YESTERDAY
  MAXIMUM         88    337 PM 101    1933  88      0       84
  MINIMUM         71    524 AM  48    1992  66      5       71
  AVERAGE         80                        77      3       78

PRECIPITATION (IN)
  YESTERDAY        0.00          2.98 1991   0.12  -0.12     0.00
  MONTH TO DATE    2.18                      2.90  -0.72     5.91
  SINCE JUN 1      2.18                      2.90  -0.72     5.91
  SINCE JAN 1     20.71                     19.79   0.92    26.54

SNOWFALL (IN)
  YESTERDAY        0.0           0.0  2002   0.0    0.0
                                      2001
  MONTH TO DATE    0.0                       0.0    0.0
  SINCE NOV 1      7.1                      10.3   -3.2
  SINCE JUL 1      7.1                      10.3   -3.2
  SNOW DEPTH       0

DEGREE DAYS
 HEATING
  YESTERDAY        0                         0      0        0
  MONTH TO DATE    2                         5     -3        0
  SINCE JUN 1      2                         5     -3        0
  SINCE JUL 1   3171                      3771   -600     3325

 COOLING
  YESTERDAY       15                        12      3       13
  MONTH TO DATE  226                       211     15      211
  SINCE JUN 1    226                       211     15      211
  SINCE JAN 1    449                       372     77      320
..................................................................


WIND (MPH)
  HIGHEST WIND SPEED    15   HIGHEST WIND DIRECTION    SW (230)
  HIGHEST GUST SPEED    19   HIGHEST GUST DIRECTION    SW (230)
  AVERAGE WIND SPEED     8.3


SKY COVER
  POSSIBLE SUNSHINE  MM
  AVERAGE SKY COVER 0.9


WEATHER CONDITIONS
 THE FOLLOWING WEATHER WAS RECORDED YESTERDAY.
  FOG


RELATIVE HUMIDITY (PERCENT)
 HIGHEST    93           100 AM
 LOWEST     55          1200 PM
 AVERAGE    74

..........................................................


THE RICHMOND VA CLIMATE NORMALS FOR TODAY
                         NORMAL    RECORD    YEAR
 MAXIMUM TEMPERATURE (F)   88       101      1988
 MINIMUM TEMPERATURE (F)   67        49      1992
                                             1947
                                             1918


SUNRISE AND SUNSET
JUNE 23 2017..........SUNRISE   549 AM EDT   SUNSET   834 PM EDT
JUNE 24 2017..........SUNRISE   549 AM EDT   SUNSET   834 PM EDT


-  INDICATES NEGATIVE NUMBERS.
R  INDICATES RECORD WAS SET OR TIED.
MM INDICATES DATA IS MISSING.
T  INDICATES TRACE AMOUNT.




$$
