000
CDUS41 KAKQ 300553
CLIRIC


CLIMATE REPORT
NATIONAL WEATHER SERVICE WAKEFIELD, VA
150 AM EDT FRI SEP 30 2016


...................................

...THE RICHMOND VA CLIMATE SUMMARY FOR SEPTEMBER 29 2016...

CLIMATE NORMAL PERIOD 1981 TO 2010
CLIMATE RECORD PERIOD 1871 TO 2016


WEATHER ITEM   OBSERVED TIME   RECORD YEAR NORMAL DEPARTURE LAST
                VALUE   (LST)  VALUE       VALUE  FROM      YEAR
                                                  NORMAL
..................................................................
TEMPERATURE (F)
 YESTERDAY
  MAXIMUM         75    132 PM  92    1973  76     -1       79
                                      1954
  MINIMUM         65   1249 AM  38    1942  55     10       72
  AVERAGE         70                        66      4       76

PRECIPITATION (IN)
  YESTERDAY        0.77          2.25 2010   0.13   0.64     0.85
  MONTH TO DATE    9.91                      4.01   5.90     3.43
  SINCE SEP 1      9.91                      4.01   5.90     3.43
  SINCE JAN 1     43.35                     34.00   9.35    35.98

SNOWFALL (IN)
  YESTERDAY        0.0           0.0  2002   0.0    0.0
                                      2001
  MONTH TO DATE    0.0                       0.0    0.0
  SINCE NOV 1     15.1                      10.3    4.8
  SINCE JUL 1      0.0                       0.0    0.0
  SNOW DEPTH       0

DEGREE DAYS
 HEATING
  YESTERDAY        0                         3     -3        0
  MONTH TO DATE    0                        23    -23        0
  SINCE SEP 1      0                        23    -23        0
  SINCE JUL 1      0                        24    -24        0

 COOLING
  YESTERDAY        5                         3      2       11
  MONTH TO DATE  274                       194     80      282
  SINCE SEP 1    274                       194     80      282
  SINCE JAN 1   1628                      1501    127     1789
..................................................................


WIND (MPH)
  HIGHEST WIND SPEED    21   HIGHEST WIND DIRECTION     E (70)
  HIGHEST GUST SPEED    29   HIGHEST GUST DIRECTION     E (70)
  AVERAGE WIND SPEED     9.6


SKY COVER
  POSSIBLE SUNSHINE  MM
  AVERAGE SKY COVER 1.0


WEATHER CONDITIONS
 THE FOLLOWING WEATHER WAS RECORDED YESTERDAY.
  THUNDERSTORM
  HEAVY RAIN
  RAIN
  LIGHT RAIN
  FOG


RELATIVE HUMIDITY (PERCENT)
 HIGHEST   100          1200 AM
 LOWEST     82           100 PM
 AVERAGE    91

..........................................................


THE RICHMOND VA CLIMATE NORMALS FOR TODAY
                         NORMAL    RECORD    YEAR
 MAXIMUM TEMPERATURE (F)   76        91      1986
                                             1954
 MINIMUM TEMPERATURE (F)   54        39      1961


SUNRISE AND SUNSET
SEPTEMBER 30 2016.....SUNRISE   704 AM EDT   SUNSET   653 PM EDT
OCTOBER  1 2016.......SUNRISE   705 AM EDT   SUNSET   652 PM EDT


-  INDICATES NEGATIVE NUMBERS.
R  INDICATES RECORD WAS SET OR TIED.
MM INDICATES DATA IS MISSING.
T  INDICATES TRACE AMOUNT.




$$
