000
CDUS41 KAKQ 240545
CLIRIC


CLIMATE REPORT
NATIONAL WEATHER SERVICE WAKEFIELD, VA
145 AM EDT TUE OCT 24 2017


...................................

...THE RICHMOND VA CLIMATE SUMMARY FOR OCTOBER 23 2017...

CLIMATE NORMAL PERIOD 1981 TO 2010
CLIMATE RECORD PERIOD 1871 TO 2017


WEATHER ITEM   OBSERVED TIME   RECORD YEAR NORMAL DEPARTURE LAST
                VALUE   (LST)  VALUE       VALUE  FROM      YEAR
                                                  NORMAL
..................................................................
TEMPERATURE (F)
 YESTERDAY
  MAXIMUM         78    245 PM  87    1947  69      9       67
  MINIMUM         55    628 AM  23    1930  46      9       37
  AVERAGE         67                        57     10       52

PRECIPITATION (IN)
  YESTERDAY        0.11          3.18 1971   0.09   0.02     0.00
  MONTH TO DATE    2.75                      2.18   0.57     4.18
  SINCE SEP 1      4.23                      6.31  -2.08    15.37
  SINCE JAN 1     33.28                     36.30  -3.02    48.81

SNOWFALL (IN)
  YESTERDAY        0.0           0.0  2002   0.0    0.0
                                      2001
  MONTH TO DATE    0.0                       0.0    0.0
  SINCE NOV 1      7.1                      10.3   -3.2
  SINCE JUL 1      0.0                       0.0    0.0
  SNOW DEPTH       0

DEGREE DAYS
 HEATING
  YESTERDAY        0                         8     -8       13
  MONTH TO DATE   51                       129    -78       74
  SINCE SEP 1     63                       157    -94       74
  SINCE JUL 1     63                       158    -95       74

 COOLING
  YESTERDAY        2                         1      1        0
  MONTH TO DATE   85                        36     49       58
  SINCE SEP 1    287                       233     54      337
  SINCE JAN 1   1700                      1540    160     1691
..................................................................


WIND (MPH)
  HIGHEST WIND SPEED    32   HIGHEST WIND DIRECTION    SE (130)
  HIGHEST GUST SPEED    39   HIGHEST GUST DIRECTION    SE (130)
  AVERAGE WIND SPEED    10.0


SKY COVER
  POSSIBLE SUNSHINE  MM
  AVERAGE SKY COVER 0.9


WEATHER CONDITIONS
 THE FOLLOWING WEATHER WAS RECORDED YESTERDAY.
  LIGHT RAIN
  FOG
  FOG W/VISIBILITY <= 1/4 MILE


RELATIVE HUMIDITY (PERCENT)
 HIGHEST   100          1200 AM
 LOWEST     56           300 PM
 AVERAGE    78

..........................................................


THE RICHMOND VA CLIMATE NORMALS FOR TODAY
                         NORMAL    RECORD    YEAR
 MAXIMUM TEMPERATURE (F)   69        86      2001
 MINIMUM TEMPERATURE (F)   46        27      1969


SUNRISE AND SUNSET
OCTOBER 24 2017.......SUNRISE   726 AM EDT   SUNSET   620 PM EDT
OCTOBER 25 2017.......SUNRISE   727 AM EDT   SUNSET   619 PM EDT


-  INDICATES NEGATIVE NUMBERS.
R  INDICATES RECORD WAS SET OR TIED.
MM INDICATES DATA IS MISSING.
T  INDICATES TRACE AMOUNT.




$$
