000
CDUS41 KAKQ 240829
CLIRIC


CLIMATE REPORT
NATIONAL WEATHER SERVICE WAKEFIELD, VA
428 AM EDT FRI OCT 24 2014


...................................

...THE RICHMOND VA CLIMATE SUMMARY FOR OCTOBER 23 2014...

CLIMATE NORMAL PERIOD 1981 TO 2010
CLIMATE RECORD PERIOD 1871 TO 2014


WEATHER ITEM   OBSERVED TIME   RECORD YEAR NORMAL DEPARTURE LAST
                VALUE   (LST)  VALUE       VALUE  FROM      YEAR
                                                  NORMAL
..................................................................
TEMPERATURE (F)
 YESTERDAY
  MAXIMUM         70    302 PM  87    1947  69      1       64
  MINIMUM         49    417 AM  23    1930  46      3       48
  AVERAGE         60                        57      3       56

PRECIPITATION (IN)
  YESTERDAY        0.00          3.18 1971   0.09  -0.09     0.01
  MONTH TO DATE    2.62                      2.18   0.44     4.24
  SINCE SEP 1      3.97                      6.31  -2.34     5.63
  SINCE JAN 1     29.64                     36.30  -6.66    44.50

SNOWFALL (IN)
  YESTERDAY        0.0           0.0  2002   0.0    0.0
                                      2001
  MONTH TO DATE    0.0                       0.0    0.0
  SINCE NOV 1     14.5                      10.3    4.2
  SINCE JUL 1      0.0                       0.0    0.0
  SNOW DEPTH       0

DEGREE DAYS
 HEATING
  YESTERDAY        5                         8     -3        9
  MONTH TO DATE   75                       129    -54       59
  SINCE SEP 1     82                       157    -75       72
  SINCE JUL 1     82                       158    -76       72

 COOLING
  YESTERDAY        0                         1     -1        0
  MONTH TO DATE   48                        36     12       71
  SINCE SEP 1    292                       233     59      265
  SINCE JAN 1   1672                      1540    132     1670
..................................................................


WIND (MPH)
  HIGHEST WIND SPEED    23   HIGHEST WIND DIRECTION    NW (320)
  HIGHEST GUST SPEED    30   HIGHEST GUST DIRECTION     N (340)
  AVERAGE WIND SPEED    11.7


SKY COVER
  POSSIBLE SUNSHINE  MM
  AVERAGE SKY COVER 0.4


WEATHER CONDITIONS
 THE FOLLOWING WEATHER WAS RECORDED YESTERDAY.
  NO SIGNIFICANT WEATHER WAS OBSERVED.


RELATIVE HUMIDITY (PERCENT)
 HIGHEST    80           300 AM
 LOWEST     40           300 PM
 AVERAGE    60

..........................................................


THE RICHMOND VA CLIMATE NORMALS FOR TODAY
                         NORMAL    RECORD    YEAR
 MAXIMUM TEMPERATURE (F)   69        86      2001
 MINIMUM TEMPERATURE (F)   46        27      1969


SUNRISE AND SUNSET
OCTOBER 24 2014.......SUNRISE   726 AM EDT   SUNSET   620 PM EDT
OCTOBER 25 2014.......SUNRISE   727 AM EDT   SUNSET   619 PM EDT


-  INDICATES NEGATIVE NUMBERS.
R  INDICATES RECORD WAS SET OR TIED.
MM INDICATES DATA IS MISSING.
T  INDICATES TRACE AMOUNT.




$$
