024
CDUS41 KAKQ 220529
CLIRIC


CLIMATE REPORT
NATIONAL WEATHER SERVICE WAKEFIELD, VA
128 AM EDT TUE AUG 22 2017


...................................

...THE RICHMOND VA CLIMATE SUMMARY FOR AUGUST 21 2017...

CLIMATE NORMAL PERIOD 1981 TO 2010
CLIMATE RECORD PERIOD 1871 TO 2017


WEATHER ITEM   OBSERVED TIME   RECORD YEAR NORMAL DEPARTURE LAST
                VALUE   (LST)  VALUE       VALUE  FROM      YEAR
                                                  NORMAL
..................................................................
TEMPERATURE (F)
 YESTERDAY
  MAXIMUM         89   1249 PM  96    1962  87      2       94
                                      1959
                                      1899
  MINIMUM         71    451 AM  54    1922  67      4       72
  AVERAGE         80                        77      3       83

PRECIPITATION (IN)
  YESTERDAY        0.00          2.19 1963   0.15  -0.15      T
  MONTH TO DATE    4.65                      3.20   1.45     0.53
  SINCE JUN 1      9.23                     11.64  -2.41    12.81
  SINCE JAN 1     27.76                     28.53  -0.77    33.44

SNOWFALL (IN)
  YESTERDAY        0.0           0.0  2002   0.0    0.0
                                      2001
  MONTH TO DATE    0.0                       0.0    0.0
  SINCE NOV 1      7.1                      10.3   -3.2
  SINCE JUL 1      0.0                       0.0    0.0
  SNOW DEPTH       0

DEGREE DAYS
 HEATING
  YESTERDAY        0                         0      0        0
  MONTH TO DATE    0                         0      0        0
  SINCE JUN 1      2                         7     -5        0
  SINCE JUL 1      0                         0      0        0

 COOLING
  YESTERDAY       15                        12      3       18
  MONTH TO DATE  275                       274      1      340
  SINCE JUN 1   1104                      1032     72     1103
  SINCE JAN 1   1327                      1193    134     1212
..................................................................


WIND (MPH)
  HIGHEST WIND SPEED    16   HIGHEST WIND DIRECTION     S (180)
  HIGHEST GUST SPEED    20   HIGHEST GUST DIRECTION     S (170)
  AVERAGE WIND SPEED     5.6


SKY COVER
  POSSIBLE SUNSHINE  MM
  AVERAGE SKY COVER 0.5


WEATHER CONDITIONS
 THE FOLLOWING WEATHER WAS RECORDED YESTERDAY.
  FOG
  FOG W/VISIBILITY <= 1/4 MILE
  HAZE


RELATIVE HUMIDITY (PERCENT)
 HIGHEST   100           200 AM
 LOWEST     63           100 PM
 AVERAGE    82

..........................................................


THE RICHMOND VA CLIMATE NORMALS FOR TODAY
                         NORMAL    RECORD    YEAR
 MAXIMUM TEMPERATURE (F)   87       102      1983
 MINIMUM TEMPERATURE (F)   67        49      1923


SUNRISE AND SUNSET
AUGUST 22 2017........SUNRISE   631 AM EDT   SUNSET   752 PM EDT
AUGUST 23 2017........SUNRISE   632 AM EDT   SUNSET   751 PM EDT


-  INDICATES NEGATIVE NUMBERS.
R  INDICATES RECORD WAS SET OR TIED.
MM INDICATES DATA IS MISSING.
T  INDICATES TRACE AMOUNT.




$$
