000
CDUS41 KAKQ 020828
CLIRIC


CLIMATE REPORT
NATIONAL WEATHER SERVICE WAKEFIELD, VA
427 AM EDT TUE SEP 2 2014


...................................

...THE RICHMOND VA CLIMATE SUMMARY FOR SEPTEMBER 1 2014...

CLIMATE NORMAL PERIOD 1981 TO 2010
CLIMATE RECORD PERIOD 1871 TO 2014


WEATHER ITEM   OBSERVED TIME   RECORD YEAR NORMAL DEPARTURE LAST
                VALUE   (LST)  VALUE       VALUE  FROM      YEAR
                                                  NORMAL
..................................................................
TEMPERATURE (F)
 YESTERDAY
  MAXIMUM         96    306 PM 102    1953  86     10       92
  MINIMUM         75    614 AM  49    1946  65     10       71
  AVERAGE         86                        75     11       82

PRECIPITATION (IN)
  YESTERDAY        0.00          3.62 2006   0.14  -0.14     0.06
  MONTH TO DATE    0.00                      0.14  -0.14     0.06
  SINCE SEP 1      0.00                      0.14  -0.14     0.06
  SINCE JAN 1     25.67                     30.13  -4.46    38.93

SNOWFALL (IN)
  YESTERDAY        0.0           0.0  2002   0.0    0.0
                                      2001
  MONTH TO DATE    0.0                       0.0    0.0
  SINCE NOV 1     14.5                      10.3    4.2
  SINCE JUL 1      0.0                       0.0    0.0
  SNOW DEPTH       0

DEGREE DAYS
 HEATING
  YESTERDAY        0                         0      0        0
  MONTH TO DATE    0                         0      0        0
  SINCE SEP 1      0                         0      0        0
  SINCE JUL 1      0                         1     -1        0

 COOLING
  YESTERDAY       21                        10     11       17
  MONTH TO DATE   21                        10     11       17
  SINCE SEP 1     21                        10     11       17
  SINCE JAN 1   1401                      1317     84     1422
..................................................................


WIND (MPH)
  HIGHEST WIND SPEED    17   HIGHEST WIND DIRECTION     W (250)
  HIGHEST GUST SPEED    23   HIGHEST GUST DIRECTION     W (260)
  AVERAGE WIND SPEED     8.2


SKY COVER
  POSSIBLE SUNSHINE  MM
  AVERAGE SKY COVER 0.7


WEATHER CONDITIONS
 THE FOLLOWING WEATHER WAS RECORDED YESTERDAY.
  NO SIGNIFICANT WEATHER WAS OBSERVED.


RELATIVE HUMIDITY (PERCENT)
 HIGHEST    88           700 AM
 LOWEST     38           300 PM
 AVERAGE    63

..........................................................


THE RICHMOND VA CLIMATE NORMALS FOR TODAY
                         NORMAL    RECORD    YEAR
 MAXIMUM TEMPERATURE (F)   85       100      1980
                                             1953
 MINIMUM TEMPERATURE (F)   65        49      1948


SUNRISE AND SUNSET
SEPTEMBER  2 2014.....SUNRISE   640 AM EDT   SUNSET   737 PM EDT
SEPTEMBER  3 2014.....SUNRISE   641 AM EDT   SUNSET   735 PM EDT


-  INDICATES NEGATIVE NUMBERS.
R  INDICATES RECORD WAS SET OR TIED.
MM INDICATES DATA IS MISSING.
T  INDICATES TRACE AMOUNT.




$$
