000
CDUS41 KAKQ 200825
CLIRIC


CLIMATE REPORT
NATIONAL WEATHER SERVICE WAKEFIELD, VA
425 AM EDT SUN APR 20 2014


...................................

...THE RICHMOND VA CLIMATE SUMMARY FOR APRIL 19 2014...

CLIMATE NORMAL PERIOD 1981 TO 2010
CLIMATE RECORD PERIOD 1871 TO 2014


WEATHER ITEM   OBSERVED TIME   RECORD YEAR NORMAL DEPARTURE LAST
                VALUE   (LST)  VALUE       VALUE  FROM      YEAR
                                                  NORMAL
..................................................................
TEMPERATURE (F)
 YESTERDAY
  MAXIMUM         66    331 PM  93    1985  72     -6       83
                                      1941
  MINIMUM         46    455 AM  29    2001  47     -1       63
  AVERAGE         56                        59     -3       73

PRECIPITATION (IN)
  YESTERDAY        0.00          1.50 1900   0.11  -0.11     0.53
  MONTH TO DATE    1.54                      2.10  -0.56     1.66
  SINCE MAR 1      4.78                      6.14  -1.36     7.23
  SINCE JAN 1     11.09                     11.94  -0.85    15.16

SNOWFALL (IN)
  YESTERDAY        0.0           0.0  2002   0.0    0.0
  MONTH TO DATE    0.0                       0.1   -0.1
  SINCE NOV 1     14.5                      10.3    4.2
  SINCE JUL 1     14.5                      10.3    4.2
  SNOW DEPTH       0

DEGREE DAYS
 HEATING
  YESTERDAY        9                         7      2        0
  MONTH TO DATE  140                       177    -37      122
  SINCE MAR 1    753                       693     60      786
  SINCE JUL 1   3706                      3629     77     3514

 COOLING
  YESTERDAY        0                         1     -1        8
  MONTH TO DATE   19                        18      1       65
  SINCE MAR 1     21                        24     -3       65
  SINCE JAN 1     21                        24     -3       66
..................................................................


WIND (MPH)
  HIGHEST WIND SPEED    20   HIGHEST WIND DIRECTION    NE (60)
  HIGHEST GUST SPEED    25   HIGHEST GUST DIRECTION    NE (30)
  AVERAGE WIND SPEED     6.2


SKY COVER
  POSSIBLE SUNSHINE  MM
  AVERAGE SKY COVER 1.0


WEATHER CONDITIONS
 THE FOLLOWING WEATHER WAS RECORDED YESTERDAY.
  NO SIGNIFICANT WEATHER WAS OBSERVED.


RELATIVE HUMIDITY (PERCENT)
 HIGHEST    86           400 AM
 LOWEST     37           200 PM
 AVERAGE    62

..........................................................


THE RICHMOND VA CLIMATE NORMALS FOR TODAY
                         NORMAL    RECORD    YEAR
 MAXIMUM TEMPERATURE (F)   72        95      1985
 MINIMUM TEMPERATURE (F)   47        29      1926


SUNRISE AND SUNSET
APRIL 20 2014.........SUNRISE   628 AM EDT   SUNSET   749 PM EDT
APRIL 21 2014.........SUNRISE   626 AM EDT   SUNSET   750 PM EDT


-  INDICATES NEGATIVE NUMBERS.
R  INDICATES RECORD WAS SET OR TIED.
MM INDICATES DATA IS MISSING.
T  INDICATES TRACE AMOUNT.




$$
