548
CDUS41 KAKQ 200628
CLIRIC


CLIMATE REPORT
NATIONAL WEATHER SERVICE WAKEFIELD, VA
127 AM EST SAT JAN 20 2018


...................................

...THE RICHMOND VA CLIMATE SUMMARY FOR JANUARY 19 2018...

CLIMATE NORMAL PERIOD 1981 TO 2010
CLIMATE RECORD PERIOD 1871 TO 2018


WEATHER ITEM   OBSERVED TIME   RECORD YEAR NORMAL DEPARTURE LAST
                VALUE   (LST)  VALUE       VALUE  FROM      YEAR
                                                  NORMAL
..................................................................
TEMPERATURE (F)
 YESTERDAY
  MAXIMUM         56    304 PM  72    1974  47      9       55
  MINIMUM         22    622 AM  -1    1994  28     -6       38
  AVERAGE         39                        38      1       47

PRECIPITATION (IN)
  YESTERDAY        0.00          1.91 1936   0.10  -0.10     0.00
  MONTH TO DATE    1.44                      1.86  -0.42     2.41
  SINCE DEC 1      2.49                      5.12  -2.63     5.21
  SINCE JAN 1      1.44                      1.86  -0.42     2.41

SNOWFALL (IN)
  YESTERDAY        0.0           5.1  1967   0.2   -0.2
  MONTH TO DATE    5.0                       2.2    2.8
  SINCE NOV 1      8.1                       4.5    3.6
  SINCE JUL 1      8.1                       4.5    3.6
  SNOW DEPTH       0

DEGREE DAYS
 HEATING
  YESTERDAY       26                        27     -1       18
  MONTH TO DATE  658                       513    145      473
  SINCE DEC 1   1433                      1256    177     1207
  SINCE JUL 1   2045                      1932    113     1797

 COOLING
  YESTERDAY        0                         0      0        0
  MONTH TO DATE    0                         0      0        0
  SINCE DEC 1      0                         1     -1        0
  SINCE JAN 1      0                         0      0        0
..................................................................


WIND (MPH)
  HIGHEST WIND SPEED    14   HIGHEST WIND DIRECTION    SW (240)
  HIGHEST GUST SPEED    17   HIGHEST GUST DIRECTION    SW (230)
  AVERAGE WIND SPEED     5.4


SKY COVER
  POSSIBLE SUNSHINE  MM
  AVERAGE SKY COVER 0.1


WEATHER CONDITIONS
 THE FOLLOWING WEATHER WAS RECORDED YESTERDAY.
  NO SIGNIFICANT WEATHER WAS OBSERVED.


RELATIVE HUMIDITY (PERCENT)
 HIGHEST    63           600 AM
 LOWEST     14           300 PM
 AVERAGE    39

..........................................................


THE RICHMOND VA CLIMATE NORMALS FOR TODAY
                         NORMAL    RECORD    YEAR
 MAXIMUM TEMPERATURE (F)   47        74      1951
 MINIMUM TEMPERATURE (F)   28        -2      1985


SUNRISE AND SUNSET
JANUARY 20 2018.......SUNRISE   721 AM EST   SUNSET   520 PM EST
JANUARY 21 2018.......SUNRISE   720 AM EST   SUNSET   521 PM EST


-  INDICATES NEGATIVE NUMBERS.
R  INDICATES RECORD WAS SET OR TIED.
MM INDICATES DATA IS MISSING.
T  INDICATES TRACE AMOUNT.




$$
