000
CDUS41 KAKQ 290527
CLIRIC


CLIMATE REPORT
NATIONAL WEATHER SERVICE WAKEFIELD, VA
126 AM EDT SUN MAY 29 2016


...................................

...THE RICHMOND VA CLIMATE SUMMARY FOR MAY 28 2016...

CLIMATE NORMAL PERIOD 1981 TO 2010
CLIMATE RECORD PERIOD 1871 TO 2016


WEATHER ITEM   OBSERVED TIME   RECORD YEAR NORMAL DEPARTURE LAST
                VALUE   (LST)  VALUE       VALUE  FROM      YEAR
                                                  NORMAL
..................................................................
TEMPERATURE (F)
 YESTERDAY
  MAXIMUM         85    332 PM 100    1941  81      4       88
  MINIMUM         63    542 AM  38    1961  59      4       70
  AVERAGE         74                        70      4       79

PRECIPITATION (IN)
  YESTERDAY        0.00          1.38 1917   0.13  -0.13     0.00
  MONTH TO DATE    8.41                      3.39   5.02     1.61
  SINCE MAR 1     11.60                     10.70   0.90    10.72
  SINCE JAN 1     19.25                     16.50   2.75    17.98

SNOWFALL (IN)
  YESTERDAY        0.0           0.0  2002   0.0    0.0
                                      2001
  MONTH TO DATE    0.0                       0.0    0.0
  SINCE NOV 1     15.1                      10.3    4.8
  SINCE JUL 1     15.1                      10.3    4.8
  SNOW DEPTH       0

DEGREE DAYS
 HEATING
  YESTERDAY        0                         1     -1        0
  MONTH TO DATE  110                        71     39       28
  SINCE MAR 1    737                       827    -90      744
  SINCE JUL 1   3325                      3763   -438     3846

 COOLING
  YESTERDAY        9                         6      3       14
  MONTH TO DATE   55                        98    -43      196
  SINCE MAR 1     85                       140    -55      221
  SINCE JAN 1     85                       140    -55      221
..................................................................


WIND (MPH)
  HIGHEST WIND SPEED    13   HIGHEST WIND DIRECTION     S (180)
  HIGHEST GUST SPEED    16   HIGHEST GUST DIRECTION    SE (150)
  AVERAGE WIND SPEED     5.7


SKY COVER
  POSSIBLE SUNSHINE  MM
  AVERAGE SKY COVER 0.4


WEATHER CONDITIONS
 THE FOLLOWING WEATHER WAS RECORDED YESTERDAY.
  NO SIGNIFICANT WEATHER WAS OBSERVED.


RELATIVE HUMIDITY (PERCENT)
 HIGHEST    87           300 AM
 LOWEST     37           500 PM
 AVERAGE    62

..........................................................


THE RICHMOND VA CLIMATE NORMALS FOR TODAY
                         NORMAL    RECORD    YEAR
 MAXIMUM TEMPERATURE (F)   81        98      1941
 MINIMUM TEMPERATURE (F)   59        37      1936


SUNRISE AND SUNSET
MAY 29 2016...........SUNRISE   551 AM EDT   SUNSET   823 PM EDT
MAY 30 2016...........SUNRISE   550 AM EDT   SUNSET   824 PM EDT


-  INDICATES NEGATIVE NUMBERS.
R  INDICATES RECORD WAS SET OR TIED.
MM INDICATES DATA IS MISSING.
T  INDICATES TRACE AMOUNT.




$$
