000
CDUS41 KAKQ 290539
CLIRIC


CLIMATE REPORT
NATIONAL WEATHER SERVICE WAKEFIELD, VA
137 AM EDT FRI MAY 29 2015


...................................

...THE RICHMOND VA CLIMATE SUMMARY FOR MAY 28 2015...

CLIMATE NORMAL PERIOD 1981 TO 2010
CLIMATE RECORD PERIOD 1871 TO 2015


WEATHER ITEM   OBSERVED TIME   RECORD YEAR NORMAL DEPARTURE LAST
                VALUE   (LST)  VALUE       VALUE  FROM      YEAR
                                                  NORMAL
..................................................................
TEMPERATURE (F)
 YESTERDAY
  MAXIMUM         88    418 PM 100    1941  81      7       92
  MINIMUM         70    443 AM  38    1961  59     11       68
  AVERAGE         79                        70      9       80

PRECIPITATION (IN)
  YESTERDAY        0.00          1.38 1917   0.13  -0.13     0.34
  MONTH TO DATE    1.61                      3.39  -1.78     2.43
  SINCE MAR 1     10.72                     10.70   0.02     9.72
  SINCE JAN 1     17.98                     16.50   1.48    16.03

SNOWFALL (IN)
  YESTERDAY        0.0           0.0  2002   0.0    0.0
                                      2001
  MONTH TO DATE    0.0                       0.0    0.0
  SINCE NOV 1     12.8                      10.3    2.5
  SINCE JUL 1     12.8                      10.3    2.5
  SNOW DEPTH       0

DEGREE DAYS
 HEATING
  YESTERDAY        0                         1     -1        0
  MONTH TO DATE   28                        71    -43       19
  SINCE MAR 1    744                       827    -83      826
  SINCE JUL 1   3846                      3763     83     3779

 COOLING
  YESTERDAY       14                         6      8       15
  MONTH TO DATE  196                        98     98      173
  SINCE MAR 1    221                       140     81      202
  SINCE JAN 1    221                       140     81      202
..................................................................


WIND (MPH)
  HIGHEST WIND SPEED    12   HIGHEST WIND DIRECTION     S (190)
  HIGHEST GUST SPEED    22   HIGHEST GUST DIRECTION     S (190)
  AVERAGE WIND SPEED     6.4


SKY COVER
  POSSIBLE SUNSHINE  MM
  AVERAGE SKY COVER 0.7


WEATHER CONDITIONS
 THE FOLLOWING WEATHER WAS RECORDED YESTERDAY.
  THUNDERSTORM


RELATIVE HUMIDITY (PERCENT)
 HIGHEST    90           300 AM
 LOWEST     50           100 PM
 AVERAGE    70

..........................................................


THE RICHMOND VA CLIMATE NORMALS FOR TODAY
                         NORMAL    RECORD    YEAR
 MAXIMUM TEMPERATURE (F)   81        98      1941
 MINIMUM TEMPERATURE (F)   59        37      1936


SUNRISE AND SUNSET
MAY 29 2015...........SUNRISE   551 AM EDT   SUNSET   823 PM EDT
MAY 30 2015...........SUNRISE   551 AM EDT   SUNSET   823 PM EDT


-  INDICATES NEGATIVE NUMBERS.
R  INDICATES RECORD WAS SET OR TIED.
MM INDICATES DATA IS MISSING.
T  INDICATES TRACE AMOUNT.




$$
