000
CDUS45 KRIW 250737
CLIRIW


CLIMATE REPORT
NATIONAL WEATHER SERVICE RIVERTON WY
1236 AM MST SUN JAN 25 2015


...................................

...THE RIVERTON WY CLIMATE SUMMARY FOR JANUARY 24 2015...

CLIMATE NORMAL PERIOD 1981 TO 2010
CLIMATE RECORD PERIOD 1995 TO 2015


WEATHER ITEM   OBSERVED TIME   RECORD YEAR NORMAL DEPARTURE LAST
                VALUE   (LST)  VALUE       VALUE  FROM      YEAR
                                                  NORMAL
..................................................................
TEMPERATURE (F)
 YESTERDAY
  MAXIMUM         47R   229 PM  46    2013  31     16       33
  MINIMUM         13   1231 AM -10    2008   9      4        9
  AVERAGE         30                        20     10       21

PRECIPITATION (IN)
  YESTERDAY        0.00          0.03 2012   0.01  -0.01     0.00
  MONTH TO DATE    0.03                      0.19  -0.16     0.68
  SINCE DEC 1      0.68                      0.51   0.17     0.96
  SINCE JAN 1      0.03                      0.19  -0.16     0.68

SNOWFALL (IN)
  YESTERDAY        0.0                                       0.0
  MONTH TO DATE    0.4                                      11.1
  SINCE DEC 1      7.3                                      17.9
  SINCE JUL 1     12.8                                      44.2
  SNOW DEPTH       T

DEGREE DAYS
 HEATING
  YESTERDAY       35                        45    -10       44
  MONTH TO DATE 1095                      1086      9     1011
  SINCE DEC 1   2399                      2487    -88     2417
  SINCE JUL 1   4176                      4403   -227     4315

 COOLING
  YESTERDAY        0                         0      0        0
  MONTH TO DATE    0                         0      0        0
  SINCE DEC 1      0                         0      0        0
  SINCE JAN 1      0                         0      0        0
..................................................................


WIND (MPH)
  HIGHEST WIND SPEED    26   HIGHEST WIND DIRECTION    NW (330)
  HIGHEST GUST SPEED    32   HIGHEST GUST DIRECTION    NW (320)
  AVERAGE WIND SPEED     7.5


SKY COVER
  POSSIBLE SUNSHINE  MM
  AVERAGE SKY COVER 0.2


WEATHER CONDITIONS
 THE FOLLOWING WEATHER WAS RECORDED YESTERDAY.
  FOG


RELATIVE HUMIDITY (PERCENT)
 HIGHEST    92           600 AM
 LOWEST     51          1000 PM
 AVERAGE    72

..........................................................


THE RIVERTON WY CLIMATE NORMALS FOR TODAY
                         NORMAL    RECORD    YEAR
 MAXIMUM TEMPERATURE (F)   31        55      2012
 MINIMUM TEMPERATURE (F)    9       -10      2008


SUNRISE AND SUNSET
JANUARY 25 2015.......SUNRISE   736 AM MST   SUNSET   517 PM MST
JANUARY 26 2015.......SUNRISE   735 AM MST   SUNSET   518 PM MST


-  INDICATES NEGATIVE NUMBERS.
R  INDICATES RECORD WAS SET OR TIED.
MM INDICATES DATA IS MISSING.
T  INDICATES TRACE AMOUNT.




$$
