000
CDUS45 KRIW 240107
CLIRIW


CLIMATE REPORT
NATIONAL WEATHER SERVICE RIVERTON WY
706 PM MDT THU MAR 23 2017


...................................

...THE RIVERTON WY CLIMATE SUMMARY FOR MARCH 23 2017...
VALID TODAY AS OF 0500 PM LOCAL TIME.

CLIMATE NORMAL PERIOD 1981 TO 2010
CLIMATE RECORD PERIOD 1995 TO 2017


WEATHER ITEM   OBSERVED TIME   RECORD YEAR NORMAL DEPARTURE LAST
                VALUE   (LST)  VALUE       VALUE  FROM      YEAR
                                                  NORMAL
..................................................................
TEMPERATURE (F)
 TODAY
  MAXIMUM         50    100 AM  75    2012  50      0       43
  MINIMUM         37        MM  12    2014  26     11       30
                                      1996
  AVERAGE         44                        38      6       37

PRECIPITATION (IN)
  TODAY            0.77R         0.28 2009   0.02   0.75     0.11
  MONTH TO DATE    0.79                      0.34   0.45     0.87
  SINCE MAR 1      0.79                      0.34   0.45     0.87
  SINCE JAN 1      2.65                      0.85   1.80     1.55

SNOWFALL (IN)
  TODAY            0.0                                       0.8
  MONTH TO DATE    T                                         4.2
  SINCE MAR 1      T                                         4.2
  SINCE JUL 1     47.7                                      32.4
  SNOW DEPTH       0

DEGREE DAYS
 HEATING
  TODAY           21                        27     -6       28
  MONTH TO DATE  532                       711   -179      577
  SINCE MAR 1    532                       711   -179      577
  SINCE JUL 1   6406                      6565   -159     5898

 COOLING
  TODAY            0                         0      0        0
  MONTH TO DATE    0                         0      0        0
  SINCE MAR 1      0                         0      0        0
  SINCE JAN 1      0                         0      0        0
..................................................................


WIND (MPH)
  HIGHEST WIND SPEED    17   HIGHEST WIND DIRECTION     N (350)
  HIGHEST GUST SPEED    21   HIGHEST GUST DIRECTION     N (350)
  AVERAGE WIND SPEED     9.0


SKY COVER
  POSSIBLE SUNSHINE  MM
  AVERAGE SKY COVER 0.9


WEATHER CONDITIONS
 THE FOLLOWING WEATHER WAS RECORDED TODAY.
  RAIN
  LIGHT RAIN
  FOG


RELATIVE HUMIDITY (PERCENT)
 HIGHEST   100           800 AM
 LOWEST     83           200 AM
 AVERAGE    92

..........................................................


THE RIVERTON WY CLIMATE NORMALS FOR TOMORROW
                         NORMAL    RECORD    YEAR
 MAXIMUM TEMPERATURE (F)   50        69      2012
                                             2004
 MINIMUM TEMPERATURE (F)   26        -2      1996


SUNRISE AND SUNSET
MARCH 23 2017.........SUNRISE   711 AM MDT   SUNSET   730 PM MDT
MARCH 24 2017.........SUNRISE   709 AM MDT   SUNSET   731 PM MDT


-  INDICATES NEGATIVE NUMBERS.
R  INDICATES RECORD WAS SET OR TIED.
MM INDICATES DATA IS MISSING.
T  INDICATES TRACE AMOUNT.




$$
