000
CDUS45 KRIW 270033
CLIRIW


CLIMATE REPORT
NATIONAL WEATHER SERVICE RIVERTON WY
532 PM MST SUN FEB 26 2017


...................................

...THE RIVERTON WY CLIMATE SUMMARY FOR FEBRUARY 26 2017...
VALID TODAY AS OF 0500 PM LOCAL TIME.

CLIMATE NORMAL PERIOD 1981 TO 2010
CLIMATE RECORD PERIOD 1995 TO 2017


WEATHER ITEM   OBSERVED TIME   RECORD YEAR NORMAL DEPARTURE LAST
                VALUE   (LST)  VALUE       VALUE  FROM      YEAR
                                                  NORMAL
..................................................................
TEMPERATURE (F)
 TODAY
  MAXIMUM         24        MM  55    2016  40    -16       55
  MINIMUM          2        MM -12    2002  17    -15       22
  AVERAGE         13                        28    -15       39

PRECIPITATION (IN)
  TODAY            0.00          T    2011   0.02  -0.02     0.00
                                      2011
                                      2014
  MONTH TO DATE    0.85                      0.25   0.60     0.28
  SINCE DEC 1      2.63                      0.81   1.82     0.76
  SINCE JAN 1      1.86                      0.49   1.37     0.68

SNOWFALL (IN)
  TODAY            0.0                                       0.0
  MONTH TO DATE   14.3                                       2.6
  SINCE DEC 1     43.3                                      10.1
  SINCE JUL 1     47.7                                      28.2
  SNOW DEPTH       5

DEGREE DAYS
 HEATING
  TODAY           52                        37     15       26
  MONTH TO DATE 1028                      1069    -41      873
  SINCE DEC 1   4181                      3868    313     3715
  SINCE JUL 1   5777                      5784     -7     5254

 COOLING
  TODAY            0                         0      0        0
  MONTH TO DATE    0                         0      0        0
  SINCE DEC 1      0                         0      0        0
  SINCE JAN 1      0                         0      0        0
..................................................................


WIND (MPH)
  HIGHEST WIND SPEED    22   HIGHEST WIND DIRECTION     W (270)
  HIGHEST GUST SPEED    MM   HIGHEST GUST DIRECTION    MM
  AVERAGE WIND SPEED    13.4


SKY COVER
  POSSIBLE SUNSHINE  MM
  AVERAGE SKY COVER 0.0


WEATHER CONDITIONS
 THE FOLLOWING WEATHER WAS RECORDED TODAY.
  NO SIGNIFICANT WEATHER WAS OBSERVED.


RELATIVE HUMIDITY (PERCENT)
 HIGHEST    69           700 AM
 LOWEST     44           200 PM
 AVERAGE    57

..........................................................


THE RIVERTON WY CLIMATE NORMALS FOR TOMORROW
                         NORMAL    RECORD    YEAR
 MAXIMUM TEMPERATURE (F)   41        61      2016
 MINIMUM TEMPERATURE (F)   17       -16      1996


SUNRISE AND SUNSET
FEBRUARY 26 2017......SUNRISE   654 AM MST   SUNSET   600 PM MST
FEBRUARY 27 2017......SUNRISE   652 AM MST   SUNSET   601 PM MST


-  INDICATES NEGATIVE NUMBERS.
R  INDICATES RECORD WAS SET OR TIED.
MM INDICATES DATA IS MISSING.
T  INDICATES TRACE AMOUNT.




$$
