000
CDUS45 KRIW 020742
CLIRIW


CLIMATE REPORT
NATIONAL WEATHER SERVICE RIVERTON WY
1241 AM MST MON MAR 2 2015


...................................

...THE RIVERTON WY CLIMATE SUMMARY FOR MARCH 1 2015...

CLIMATE NORMAL PERIOD 1981 TO 2010
CLIMATE RECORD PERIOD 1995 TO 2015


WEATHER ITEM   OBSERVED TIME   RECORD YEAR NORMAL DEPARTURE LAST
                VALUE   (LST)  VALUE       VALUE  FROM      YEAR
                                                  NORMAL
..................................................................
TEMPERATURE (F)
 YESTERDAY
  MAXIMUM         24    405 PM  60    2008  42    -18       12
  MINIMUM         11    953 PM  -3    1996  18     -7       -1
  AVERAGE         18                        30    -12        6

PRECIPITATION (IN)
  YESTERDAY        0.00          T    2003   0.01  -0.01     0.07
                                      2002
  MONTH TO DATE    0.00                      0.01  -0.01     0.07
  SINCE MAR 1      0.00                      0.01  -0.01     0.07
  SINCE JAN 1      1.07                      0.52   0.55     0.97

SNOWFALL (IN)
  YESTERDAY        0.0                                       0.1
  MONTH TO DATE    0.0                                       0.1
  SINCE MAR 1      0.0                                       0.1
  SINCE JUL 1     28.6                                      49.3
  SNOW DEPTH       2

DEGREE DAYS
 HEATING
  YESTERDAY       47                        35     12       59
  MONTH TO DATE   47                        35     12       59
  SINCE MAR 1     47                        35     12       59
  SINCE JUL 1   5440                      5889   -449     5940

 COOLING
  YESTERDAY        0                         0      0        0
  MONTH TO DATE    0                         0      0        0
  SINCE MAR 1      0                         0      0        0
  SINCE JAN 1      0                         0      0        0
..................................................................


WIND (MPH)
  HIGHEST WIND SPEED    12   HIGHEST WIND DIRECTION    NW (300)
  HIGHEST GUST SPEED    12   HIGHEST GUST DIRECTION    NW (300)
  AVERAGE WIND SPEED     3.6


SKY COVER
  POSSIBLE SUNSHINE  MM
  AVERAGE SKY COVER 0.6


WEATHER CONDITIONS
 THE FOLLOWING WEATHER WAS RECORDED YESTERDAY.
  NO SIGNIFICANT WEATHER WAS OBSERVED.


RELATIVE HUMIDITY (PERCENT)
 HIGHEST    84          1100 PM
 LOWEST     50           400 PM
 AVERAGE    67

..........................................................


THE RIVERTON WY CLIMATE NORMALS FOR TODAY
                         NORMAL    RECORD    YEAR
 MAXIMUM TEMPERATURE (F)   42        63      2009
 MINIMUM TEMPERATURE (F)   18        -5      2014


SUNRISE AND SUNSET
MARCH  2 2015.........SUNRISE   648 AM MST   SUNSET   604 PM MST
MARCH  3 2015.........SUNRISE   647 AM MST   SUNSET   605 PM MST


-  INDICATES NEGATIVE NUMBERS.
R  INDICATES RECORD WAS SET OR TIED.
MM INDICATES DATA IS MISSING.
T  INDICATES TRACE AMOUNT.




$$
