000
CDUS45 KRIW 010735
CLIRIW


CLIMATE REPORT
NATIONAL WEATHER SERVICE RIVERTON WY
135 AM MDT TUE SEP 1 2015


...................................

...THE RIVERTON WY CLIMATE SUMMARY FOR AUGUST 31 2015...

CLIMATE NORMAL PERIOD 1981 TO 2010
CLIMATE RECORD PERIOD 1995 TO 2015


WEATHER ITEM   OBSERVED TIME   RECORD YEAR NORMAL DEPARTURE LAST
                VALUE   (LST)  VALUE       VALUE  FROM      YEAR
                                                  NORMAL
..................................................................
TEMPERATURE (F)
 YESTERDAY
  MAXIMUM         86    432 PM  92    2011  80      6       67
                                      1996
  MINIMUM         54    422 AM  40    2010  50      4       48
                                      2005
  AVERAGE         70                        65      5       58

PRECIPITATION (IN)
  YESTERDAY        0.00          0.05 2000   0.02  -0.02     0.02
  MONTH TO DATE    0.06                      0.57  -0.51     1.15
  SINCE JUN 1      1.95                      2.74  -0.79     3.05
  SINCE JAN 1      8.80                      6.82   1.98     5.37

SNOWFALL (IN)
  YESTERDAY        0.0                                       0.0
  MONTH TO DATE    0.0                                       0.0
  SINCE JUN 1      T                                         0.0
  SINCE JUL 1      0.0                                       0.0
  SNOW DEPTH       0

DEGREE DAYS
 HEATING
  YESTERDAY        0                         3     -3        7
  MONTH TO DATE   25                        27     -2       46
  SINCE JUN 1     58                       157    -99      176
  SINCE JUL 1     35                        38     -3       50

 COOLING
  YESTERDAY        5                         3      2        0
  MONTH TO DATE  191                       173     18      124
  SINCE JUN 1    476                       459     17      385
  SINCE JAN 1    476                       468      8      400
..................................................................


WIND (MPH)
  HIGHEST WIND SPEED    23   HIGHEST WIND DIRECTION     W (250)
  HIGHEST GUST SPEED    29   HIGHEST GUST DIRECTION    SW (240)
  AVERAGE WIND SPEED     9.6


SKY COVER
  POSSIBLE SUNSHINE  MM
  AVERAGE SKY COVER 0.0


WEATHER CONDITIONS
 THE FOLLOWING WEATHER WAS RECORDED YESTERDAY.
  NO SIGNIFICANT WEATHER WAS OBSERVED.


RELATIVE HUMIDITY (PERCENT)
 HIGHEST    45           100 AM
 LOWEST      8           200 PM
 AVERAGE    27

..........................................................


THE RIVERTON WY CLIMATE NORMALS FOR TODAY
                         NORMAL    RECORD    YEAR
 MAXIMUM TEMPERATURE (F)   80        91      2007
 MINIMUM TEMPERATURE (F)   50        38      2008


SUNRISE AND SUNSET
SEPTEMBER  1 2015.....SUNRISE   638 AM MDT   SUNSET   749 PM MDT
SEPTEMBER  2 2015.....SUNRISE   639 AM MDT   SUNSET   747 PM MDT


-  INDICATES NEGATIVE NUMBERS.
R  INDICATES RECORD WAS SET OR TIED.
MM INDICATES DATA IS MISSING.
T  INDICATES TRACE AMOUNT.




$$
