000
CDUS45 KRIW 030737
CLIRIW


CLIMATE REPORT
NATIONAL WEATHER SERVICE RIVERTON WY
135 AM MDT FRI JUL 3 2015


...................................

...THE RIVERTON WY CLIMATE SUMMARY FOR JULY 2 2015...

CLIMATE NORMAL PERIOD 1981 TO 2010
CLIMATE RECORD PERIOD 1995 TO 2015


WEATHER ITEM   OBSERVED TIME   RECORD YEAR NORMAL DEPARTURE LAST
                VALUE   (LST)  VALUE       VALUE  FROM      YEAR
                                                  NORMAL
..................................................................
TEMPERATURE (F)
 YESTERDAY
  MAXIMUM         86    407 PM  99    2007  84      2       82
  MINIMUM         60    510 AM  44    1997  54      6       48
  AVERAGE         73                        69      4       65

PRECIPITATION (IN)
  YESTERDAY        0.00          0.08 2004   0.04  -0.04     0.00
  MONTH TO DATE    T                         0.08  -0.08     0.00
  SINCE JUN 1      0.79                      1.36  -0.57     1.12
  SINCE JAN 1      7.64                      5.44   2.20     3.44

SNOWFALL (IN)
  YESTERDAY        0.0                                       0.0
  MONTH TO DATE    0.0                                       0.0
  SINCE JUN 1      T                                         0.0
  SINCE JUL 1      0.0                                       0.0
  SNOW DEPTH       0

DEGREE DAYS
 HEATING
  YESTERDAY        0                         1     -1        0
  MONTH TO DATE    0                         2     -2        4
  SINCE JUN 1     23                       121    -98      130
  SINCE JUL 1      0                         2     -2        4

 COOLING
  YESTERDAY        8                         5      3        0
  MONTH TO DATE   19                        10      9        0
  SINCE JUN 1    150                        76     74       23
  SINCE JAN 1    150                        85     65       38
..................................................................


WIND (MPH)
  HIGHEST WIND SPEED    16   HIGHEST WIND DIRECTION     E (100)
  HIGHEST GUST SPEED    22   HIGHEST GUST DIRECTION     E (100)
  AVERAGE WIND SPEED     8.1


SKY COVER
  POSSIBLE SUNSHINE  MM
  AVERAGE SKY COVER 0.2


WEATHER CONDITIONS
 THE FOLLOWING WEATHER WAS RECORDED YESTERDAY.
  NO SIGNIFICANT WEATHER WAS OBSERVED.


RELATIVE HUMIDITY (PERCENT)
 HIGHEST    78           300 AM
 LOWEST     29           300 PM
 AVERAGE    54

..........................................................


THE RIVERTON WY CLIMATE NORMALS FOR TODAY
                         NORMAL    RECORD    YEAR
 MAXIMUM TEMPERATURE (F)   84        99      1996
 MINIMUM TEMPERATURE (F)   54        43      1997


SUNRISE AND SUNSET
JULY  3 2015..........SUNRISE   539 AM MDT   SUNSET   856 PM MDT
JULY  4 2015..........SUNRISE   540 AM MDT   SUNSET   856 PM MDT


-  INDICATES NEGATIVE NUMBERS.
R  INDICATES RECORD WAS SET OR TIED.
MM INDICATES DATA IS MISSING.
T  INDICATES TRACE AMOUNT.




$$
