631
CDUS45 KRIW 280731
CLIRIW


CLIMATE REPORT
NATIONAL WEATHER SERVICE RIVERTON WY
130 AM MDT SUN MAY 28 2017


...................................

...THE RIVERTON WY CLIMATE SUMMARY FOR MAY 27 2017...

CLIMATE NORMAL PERIOD 1981 TO 2010
CLIMATE RECORD PERIOD 1995 TO 2017


WEATHER ITEM   OBSERVED TIME   RECORD YEAR NORMAL DEPARTURE LAST
                VALUE   (LST)  VALUE       VALUE  FROM      YEAR
                                                  NORMAL
..................................................................
TEMPERATURE (F)
 YESTERDAY
  MAXIMUM         65    211 PM  87    2014  71     -6       70
  MINIMUM         38    505 AM  35    2012  44     -6       42
  AVERAGE         52                        57     -5       56

PRECIPITATION (IN)
  YESTERDAY        0.00          0.13 2008   0.05  -0.05     0.04
  MONTH TO DATE    1.40                      1.54  -0.14     2.77
  SINCE MAR 1      8.30                      3.39   4.91     8.21
  SINCE JAN 1     10.16                      3.90   6.26     8.89

SNOWFALL (IN)
  YESTERDAY        0.0                                       0.0
  MONTH TO DATE    4.2                                        T
  SINCE MAR 1     18.7                                      34.2
  SINCE JUL 1     66.4                                      62.4
  SNOW DEPTH       0

DEGREE DAYS
 HEATING
  YESTERDAY       13                         8      5        9
  MONTH TO DATE  343                       321     22      368
  SINCE MAR 1   1674                      1863   -189     1740
  SINCE JUL 1   7548                      7717   -169     7061

 COOLING
  YESTERDAY        0                         0      0        0
  MONTH TO DATE    0                         0      0        0
  SINCE MAR 1      0                         0      0        0
  SINCE JAN 1      0                         0      0        0
..................................................................


WIND (MPH)
  HIGHEST WIND SPEED    14   HIGHEST WIND DIRECTION    NE (30)
  HIGHEST GUST SPEED    22   HIGHEST GUST DIRECTION    NW (330)
  AVERAGE WIND SPEED     6.8


SKY COVER
  POSSIBLE SUNSHINE  MM
  AVERAGE SKY COVER 0.3


WEATHER CONDITIONS
 THE FOLLOWING WEATHER WAS RECORDED YESTERDAY.
  NO SIGNIFICANT WEATHER WAS OBSERVED.


RELATIVE HUMIDITY (PERCENT)
 HIGHEST    92           200 AM
 LOWEST     25           600 PM
 AVERAGE    59

..........................................................


THE RIVERTON WY CLIMATE NORMALS FOR TODAY
                         NORMAL    RECORD    YEAR
 MAXIMUM TEMPERATURE (F)   71        90      2003
 MINIMUM TEMPERATURE (F)   44        35      2011


SUNRISE AND SUNSET
MAY 28 2017...........SUNRISE   539 AM MDT   SUNSET   843 PM MDT
MAY 29 2017...........SUNRISE   539 AM MDT   SUNSET   844 PM MDT


-  INDICATES NEGATIVE NUMBERS.
R  INDICATES RECORD WAS SET OR TIED.
MM INDICATES DATA IS MISSING.
T  INDICATES TRACE AMOUNT.




$$
