000
CDUS45 KRIW 290732
CLIRIW


CLIMATE REPORT
NATIONAL WEATHER SERVICE RIVERTON WY
132 AM MDT MON AUG 29 2016


...................................

...THE RIVERTON WY CLIMATE SUMMARY FOR AUGUST 28 2016...

CLIMATE NORMAL PERIOD 1981 TO 2010
CLIMATE RECORD PERIOD 1995 TO 2016


WEATHER ITEM   OBSERVED TIME   RECORD YEAR NORMAL DEPARTURE LAST
                VALUE   (LST)  VALUE       VALUE  FROM      YEAR
                                                  NORMAL
..................................................................
TEMPERATURE (F)
 YESTERDAY
  MAXIMUM         86    315 PM  94    2012  81      5       85
  MINIMUM         52    601 AM  43    2004  51      1       50
  AVERAGE         69                        66      3       68

PRECIPITATION (IN)
  YESTERDAY        0.00          0.09 2010   0.02  -0.02     0.00
  MONTH TO DATE    0.44                      0.51  -0.07     0.06
  SINCE JUN 1      0.83                      2.68  -1.85     1.95
  SINCE JAN 1      9.72                      6.76   2.96     8.80

SNOWFALL (IN)
  YESTERDAY        0.0                                       0.0
  MONTH TO DATE    0.0                                       0.0
  SINCE JUN 1      0.0                                        T
  SINCE JUL 1      0.0                                       0.0
  SNOW DEPTH       0

DEGREE DAYS
 HEATING
  YESTERDAY        0                         2     -2        0
  MONTH TO DATE   47                        20     27       25
  SINCE JUN 1     67                       151    -84       58
  SINCE JUL 1     51                        32     19       35

 COOLING
  YESTERDAY        4                         3      1        3
  MONTH TO DATE  138                       165    -27      168
  SINCE JUN 1    555                       451    104      453
  SINCE JAN 1    555                       460     95      453
..................................................................


WIND (MPH)
  HIGHEST WIND SPEED    13   HIGHEST WIND DIRECTION     W (250)
  HIGHEST GUST SPEED    15   HIGHEST GUST DIRECTION     E (80)
  AVERAGE WIND SPEED     6.8


SKY COVER
  POSSIBLE SUNSHINE  MM
  AVERAGE SKY COVER 0.0


WEATHER CONDITIONS
 THE FOLLOWING WEATHER WAS RECORDED YESTERDAY.
  NO SIGNIFICANT WEATHER WAS OBSERVED.


RELATIVE HUMIDITY (PERCENT)
 HIGHEST    44           600 AM
 LOWEST     12          1200 PM
 AVERAGE    28

..........................................................


THE RIVERTON WY CLIMATE NORMALS FOR TODAY
                         NORMAL    RECORD    YEAR
 MAXIMUM TEMPERATURE (F)   81        96      2012
 MINIMUM TEMPERATURE (F)   51        47      2007


SUNRISE AND SUNSET
AUGUST 29 2016........SUNRISE   636 AM MDT   SUNSET   753 PM MDT
AUGUST 30 2016........SUNRISE   637 AM MDT   SUNSET   751 PM MDT


-  INDICATES NEGATIVE NUMBERS.
R  INDICATES RECORD WAS SET OR TIED.
MM INDICATES DATA IS MISSING.
T  INDICATES TRACE AMOUNT.




$$
