000
CDUS45 KRIW 270739
CLIRIW


CLIMATE REPORT
NATIONAL WEATHER SERVICE RIVERTON WY
1239 AM MST SAT DEC 27 2014


...................................

...THE RIVERTON WY CLIMATE SUMMARY FOR DECEMBER 26 2014...

CLIMATE NORMAL PERIOD 1981 TO 2010
CLIMATE RECORD PERIOD 1995 TO 2014


WEATHER ITEM   OBSERVED TIME   RECORD YEAR NORMAL DEPARTURE LAST
                VALUE   (LST)  VALUE       VALUE  FROM      YEAR
                                                  NORMAL
..................................................................
TEMPERATURE (F)
 YESTERDAY
  MAXIMUM         20   1150 AM  47    2006  31    -11       37
  MINIMUM         11    955 PM -11    2002   7      4       13
  AVERAGE         16                        19     -3       25

PRECIPITATION (IN)
  YESTERDAY        0.02          0.25 2003   0.01   0.01     0.00
  MONTH TO DATE    0.47                      0.25   0.22     0.20
  SINCE DEC 1      0.47                      0.25   0.22     0.20
  SINCE JAN 1      7.23                      9.36  -2.13     9.24

SNOWFALL (IN)
  YESTERDAY        1.1                                       0.0
  MONTH TO DATE    5.2                                       5.0
  SINCE DEC 1      5.2                                       5.0
  SINCE JUL 1     10.7                                      31.3
  SNOW DEPTH       3

DEGREE DAYS
 HEATING
  YESTERDAY       49                        46      3       40
  MONTH TO DATE  981                      1170   -189     1199
  SINCE DEC 1    981                      1170   -189     1199
  SINCE JUL 1   2758                      3086   -328     3097

 COOLING
  YESTERDAY        0                         0      0        0
  MONTH TO DATE    0                         0      0        0
  SINCE DEC 1      0                         0      0        0
  SINCE JAN 1    431                       494    -63      798
..................................................................


WIND (MPH)
  HIGHEST WIND SPEED    12   HIGHEST WIND DIRECTION     W (260)
  HIGHEST GUST SPEED    12   HIGHEST GUST DIRECTION     W (260)
  AVERAGE WIND SPEED     2.7


SKY COVER
  POSSIBLE SUNSHINE  MM
  AVERAGE SKY COVER 1.0


WEATHER CONDITIONS
 THE FOLLOWING WEATHER WAS RECORDED YESTERDAY.
  LIGHT SNOW
  FOG
  HAZE


RELATIVE HUMIDITY (PERCENT)
 HIGHEST    92           800 PM
 LOWEST     76           900 PM
 AVERAGE    84

..........................................................


THE RIVERTON WY CLIMATE NORMALS FOR TODAY
                         NORMAL    RECORD    YEAR
 MAXIMUM TEMPERATURE (F)   31        45      2005
 MINIMUM TEMPERATURE (F)    7        -7      2007


SUNRISE AND SUNSET
DECEMBER 27 2014......SUNRISE   744 AM MST   SUNSET   446 PM MST
DECEMBER 28 2014......SUNRISE   745 AM MST   SUNSET   446 PM MST


-  INDICATES NEGATIVE NUMBERS.
R  INDICATES RECORD WAS SET OR TIED.
MM INDICATES DATA IS MISSING.
T  INDICATES TRACE AMOUNT.




$$
