000
CDUS45 KRIW 210741
CLIRIW


CLIMATE REPORT
NATIONAL WEATHER SERVICE RIVERTON WY
128 AM MDT THU AUG 21 2014


...................................

...THE RIVERTON WY CLIMATE SUMMARY FOR AUGUST 20 2014...

CLIMATE NORMAL PERIOD 1981 TO 2010
CLIMATE RECORD PERIOD 1995 TO 2014


WEATHER ITEM   OBSERVED TIME   RECORD YEAR NORMAL DEPARTURE LAST
                VALUE   (LST)  VALUE       VALUE  FROM      YEAR
                                                  NORMAL
..................................................................
TEMPERATURE (F)
 YESTERDAY
  MAXIMUM         83    152 PM  93    2003  84     -1       89
  MINIMUM         55    502 AM  48    2005  54      1       68
  AVERAGE         69                        69      0       79

PRECIPITATION (IN)
  YESTERDAY        0.00          0.15 2002   0.01  -0.01      T
  MONTH TO DATE    0.81                      0.36   0.45     0.02
  SINCE JUN 1      2.71                      2.53   0.18     0.61
  SINCE JAN 1      5.03                      6.61  -1.58     4.05

SNOWFALL (IN)
  YESTERDAY        0.0                                       0.0
  MONTH TO DATE    0.0                                       0.0
  SINCE JUN 1      0.0                                       0.0
  SINCE JUL 1      0.0                                       0.0
  SNOW DEPTH       0

DEGREE DAYS
 HEATING
  YESTERDAY        0                         1     -1        0
  MONTH TO DATE    0                        10    -10        0
  SINCE JUN 1    130                       141    -11       52
  SINCE JUL 1      4                        22    -18        0

 COOLING
  YESTERDAY        4                         5     -1       14
  MONTH TO DATE  116                       135    -19      173
  SINCE JUN 1    377                       421    -44      617
  SINCE JAN 1    392                       430    -38      630
..................................................................


WIND (MPH)
  HIGHEST WIND SPEED    25   HIGHEST WIND DIRECTION    NW (330)
  HIGHEST GUST SPEED    32   HIGHEST GUST DIRECTION    NW (330)
  AVERAGE WIND SPEED    12.4


SKY COVER
  POSSIBLE SUNSHINE  MM
  AVERAGE SKY COVER 0.3


WEATHER CONDITIONS
 THE FOLLOWING WEATHER WAS RECORDED YESTERDAY.
  THUNDERSTORM


RELATIVE HUMIDITY (PERCENT)
 HIGHEST    61           500 AM
 LOWEST     18           200 PM
 AVERAGE    40

..........................................................


THE RIVERTON WY CLIMATE NORMALS FOR TODAY
                         NORMAL    RECORD    YEAR
 MAXIMUM TEMPERATURE (F)   84        94      2010
 MINIMUM TEMPERATURE (F)   53        48      2000


SUNRISE AND SUNSET
AUGUST 21 2014........SUNRISE   626 AM MDT   SUNSET   807 PM MDT
AUGUST 22 2014........SUNRISE   627 AM MDT   SUNSET   805 PM MDT


-  INDICATES NEGATIVE NUMBERS.
R  INDICATES RECORD WAS SET OR TIED.
MM INDICATES DATA IS MISSING.
T  INDICATES TRACE AMOUNT.




$$
