000
CDUS45 KRIW 260730
CLIRIW


CLIMATE REPORT
NATIONAL WEATHER SERVICE RIVERTON WY
129 AM MDT WED JUL 26 2017


...................................

...THE RIVERTON WY CLIMATE SUMMARY FOR JULY 25 2017...

CLIMATE NORMAL PERIOD 1981 TO 2010
CLIMATE RECORD PERIOD 1995 TO 2017


WEATHER ITEM   OBSERVED TIME   RECORD YEAR NORMAL DEPARTURE LAST
                VALUE   (LST)  VALUE       VALUE  FROM      YEAR
                                                  NORMAL
..................................................................
TEMPERATURE (F)
 YESTERDAY
  MAXIMUM         75   1030 AM  96    2011  89    -14       95
  MINIMUM         63   1126 PM  50    2004  58      5       55
  AVERAGE         69                        73     -4       75

PRECIPITATION (IN)
  YESTERDAY        0.01          0.64 2007   0.02  -0.01      T
  MONTH TO DATE    0.08                      0.76  -0.68      T
  SINCE JUN 1      0.28                      2.04  -1.76     0.39
  SINCE JAN 1     10.44                      6.12   4.32     9.28

SNOWFALL (IN)
  YESTERDAY        0.0                                       0.0
  MONTH TO DATE    0.0                                       0.0
  SINCE JUN 1      0.0                                       0.0
  SINCE JUL 1      0.0                                       0.0
  SNOW DEPTH       0

DEGREE DAYS
 HEATING
  YESTERDAY        0                         0      0        0
  MONTH TO DATE    0                         8     -8        4
  SINCE JUN 1     69                       127    -58       20
  SINCE JUL 1      0                         8     -8        4

 COOLING
  YESTERDAY        4                         8     -4       10
  MONTH TO DATE  251                       170     81      191
  SINCE JUN 1    302                       236     66      353
  SINCE JAN 1    302                       245     57      353
..................................................................


WIND (MPH)
  HIGHEST WIND SPEED    14   HIGHEST WIND DIRECTION    NW (320)
  HIGHEST GUST SPEED    16   HIGHEST GUST DIRECTION    NE (50)
  AVERAGE WIND SPEED     6.4


SKY COVER
  POSSIBLE SUNSHINE  MM
  AVERAGE SKY COVER 0.6


WEATHER CONDITIONS
 THE FOLLOWING WEATHER WAS RECORDED YESTERDAY.
  LIGHT RAIN


RELATIVE HUMIDITY (PERCENT)
 HIGHEST    68           800 PM
 LOWEST     28           400 AM
 AVERAGE    48

..........................................................


THE RIVERTON WY CLIMATE NORMALS FOR TODAY
                         NORMAL    RECORD    YEAR
 MAXIMUM TEMPERATURE (F)   89        97      2008
 MINIMUM TEMPERATURE (F)   58        50      2005


SUNRISE AND SUNSET
JULY 26 2017..........SUNRISE   559 AM MDT   SUNSET   841 PM MDT
JULY 27 2017..........SUNRISE   600 AM MDT   SUNSET   840 PM MDT


-  INDICATES NEGATIVE NUMBERS.
R  INDICATES RECORD WAS SET OR TIED.
MM INDICATES DATA IS MISSING.
T  INDICATES TRACE AMOUNT.




$$
