000
CDUS45 KRIW 140735
CLIRKS


CLIMATE REPORT
NATIONAL WEATHER SERVICE RIVERTON WY
133 AM MDT MON JUL 14 2014


...................................

...THE ROCK SPRINGS WY CLIMATE SUMMARY FOR JULY 13 2014...

CLIMATE NORMAL PERIOD 1981 TO 2010
CLIMATE RECORD PERIOD 1948 TO 2014


WEATHER ITEM   OBSERVED TIME   RECORD YEAR NORMAL DEPARTURE LAST
                VALUE   (LST)  VALUE       VALUE  FROM      YEAR
                                                  NORMAL
..................................................................
TEMPERATURE (F)
 YESTERDAY
  MAXIMUM         88    404 PM  98    2002  84      4       82
  MINIMUM         55    512 AM  42    1997  54      1       56
  AVERAGE         72                        69      3       69

PRECIPITATION (IN)
  YESTERDAY        0.00          0.50 1973   0.02  -0.02     0.02
  MONTH TO DATE    0.12                      0.25  -0.13     0.20
  SINCE JUN 1      0.41                      1.04  -0.63     0.20
  SINCE JAN 1      1.72                      4.77  -3.05     1.69

DEGREE DAYS
 HEATING
  YESTERDAY        0                         1     -1        0
  MONTH TO DATE    3                        16    -13        0
  SINCE JUN 1    150                       183    -33       62
  SINCE JUL 1      3                        16    -13        0

 COOLING
  YESTERDAY        7                         5      2        4
  MONTH TO DATE   87                        50     37       89
  SINCE JUN 1    104                        85     19      182
  SINCE JAN 1    111                        86     25      183
..................................................................


WIND (MPH)
  HIGHEST WIND SPEED    20   HIGHEST WIND DIRECTION    NE (60)
  HIGHEST GUST SPEED    24   HIGHEST GUST DIRECTION    NE (50)
  AVERAGE WIND SPEED     7.9


SKY COVER
  POSSIBLE SUNSHINE  MM
  AVERAGE SKY COVER 0.3


WEATHER CONDITIONS
 THE FOLLOWING WEATHER WAS RECORDED YESTERDAY.
  NO SIGNIFICANT WEATHER WAS OBSERVED.


RELATIVE HUMIDITY (PERCENT)
 HIGHEST    40          1100 PM
 LOWEST     18           600 PM
 AVERAGE    29

..........................................................


THE ROCK SPRINGS WY CLIMATE NORMALS FOR TODAY
                         NORMAL    RECORD    YEAR
 MAXIMUM TEMPERATURE (F)   84        96      2002
 MINIMUM TEMPERATURE (F)   54        42      1952


SUNRISE AND SUNSET
JULY 14 2014..........SUNRISE   554 AM MDT   SUNSET   849 PM MDT
JULY 15 2014..........SUNRISE   555 AM MDT   SUNSET   849 PM MDT


-  INDICATES NEGATIVE NUMBERS.
R  INDICATES RECORD WAS SET OR TIED.
MM INDICATES DATA IS MISSING.
T  INDICATES TRACE AMOUNT.




$$
