000
CDUS45 KRIW 040736
CLIRKS


CLIMATE REPORT
NATIONAL WEATHER SERVICE RIVERTON WY
136 AM MDT FRI SEP 4 2015


...................................

...THE ROCK SPRINGS WY CLIMATE SUMMARY FOR SEPTEMBER 3 2015...

CLIMATE NORMAL PERIOD 1981 TO 2010
CLIMATE RECORD PERIOD 1948 TO 2015


WEATHER ITEM   OBSERVED TIME   RECORD YEAR NORMAL DEPARTURE LAST
                VALUE   (LST)  VALUE       VALUE  FROM      YEAR
                                                  NORMAL
..................................................................
TEMPERATURE (F)
 YESTERDAY
  MAXIMUM         79   1225 PM  89    1950  76      3       84
  MINIMUM         59    626 AM  30    1961  48     11       51
  AVERAGE         69                        62      7       68

PRECIPITATION (IN)
  YESTERDAY        0.00          1.19 1983   0.03  -0.03     0.00
  MONTH TO DATE    0.22                      0.08   0.14     0.00
  SINCE SEP 1      0.22                      0.08   0.14     0.00
  SINCE JAN 1      7.90                      5.86   2.04     2.48

DEGREE DAYS
 HEATING
  YESTERDAY        0                         4     -4        0
  MONTH TO DATE    0                        12    -12       10
  SINCE SEP 1      0                        12    -12       10
  SINCE JUL 1     55                        76    -21      101

 COOLING
  YESTERDAY        4                         1      3        3
  MONTH TO DATE    9                         3      6        3
  SINCE SEP 1      9                         3      6        3
  SINCE JAN 1    261                       280    -19      302
..................................................................


WIND (MPH)
  HIGHEST WIND SPEED    21   HIGHEST WIND DIRECTION     S (180)
  HIGHEST GUST SPEED    29   HIGHEST GUST DIRECTION    SW (230)
  AVERAGE WIND SPEED     9.8


SKY COVER
  POSSIBLE SUNSHINE  MM
  AVERAGE SKY COVER 0.0


WEATHER CONDITIONS
 THE FOLLOWING WEATHER WAS RECORDED YESTERDAY.
  NO SIGNIFICANT WEATHER WAS OBSERVED.


RELATIVE HUMIDITY (PERCENT)
 HIGHEST    51          1100 PM
 LOWEST     18           500 PM
 AVERAGE    35

..........................................................


THE ROCK SPRINGS WY CLIMATE NORMALS FOR TODAY
                         NORMAL    RECORD    YEAR
 MAXIMUM TEMPERATURE (F)   75        89      1995
 MINIMUM TEMPERATURE (F)   47        33      1968


SUNRISE AND SUNSET
SEPTEMBER  4 2015.....SUNRISE   645 AM MDT   SUNSET   745 PM MDT
SEPTEMBER  5 2015.....SUNRISE   646 AM MDT   SUNSET   743 PM MDT


-  INDICATES NEGATIVE NUMBERS.
R  INDICATES RECORD WAS SET OR TIED.
MM INDICATES DATA IS MISSING.
T  INDICATES TRACE AMOUNT.




$$
