000
CDUS45 KRIW 040740
CLIRKS


CLIMATE REPORT
NATIONAL WEATHER SERVICE RIVERTON WY
138 AM MDT SAT JUL 4 2015


...................................

...THE ROCK SPRINGS WY CLIMATE SUMMARY FOR JULY 3 2015...

CLIMATE NORMAL PERIOD 1981 TO 2010
CLIMATE RECORD PERIOD 1948 TO 2015


WEATHER ITEM   OBSERVED TIME   RECORD YEAR NORMAL DEPARTURE LAST
                VALUE   (LST)  VALUE       VALUE  FROM      YEAR
                                                  NORMAL
..................................................................
TEMPERATURE (F)
 YESTERDAY
  MAXIMUM         88    430 PM  94    2001  81      7       90
  MINIMUM         55    512 AM  36    1972  52      3       53
  AVERAGE         72                        67      5       72

PRECIPITATION (IN)
  YESTERDAY        0.00          0.23 2009   0.02  -0.02      T
  MONTH TO DATE    0.00                      0.06  -0.06      T
  SINCE JUN 1      1.11                      0.85   0.26     0.29
  SINCE JAN 1      5.19                      4.58   0.61     1.60

DEGREE DAYS
 HEATING
  YESTERDAY        0                         2     -2        0
  MONTH TO DATE    0                         6     -6        3
  SINCE JUN 1     49                       173   -124      150
  SINCE JUL 1      0                         6     -6        3

 COOLING
  YESTERDAY        7                         3      4        7
  MONTH TO DATE   23                         9     14        9
  SINCE JUN 1    111                        44     67       26
  SINCE JAN 1    111                        45     66       33
..................................................................


WIND (MPH)
  HIGHEST WIND SPEED    17   HIGHEST WIND DIRECTION    NW (300)
  HIGHEST GUST SPEED    22   HIGHEST GUST DIRECTION    NW (300)
  AVERAGE WIND SPEED     6.3


SKY COVER
  POSSIBLE SUNSHINE  MM
  AVERAGE SKY COVER 0.0


WEATHER CONDITIONS
 THE FOLLOWING WEATHER WAS RECORDED YESTERDAY.
  NO SIGNIFICANT WEATHER WAS OBSERVED.


RELATIVE HUMIDITY (PERCENT)
 HIGHEST    83           500 AM
 LOWEST     12           400 PM
 AVERAGE    48

..........................................................


THE ROCK SPRINGS WY CLIMATE NORMALS FOR TODAY
                         NORMAL    RECORD    YEAR
 MAXIMUM TEMPERATURE (F)   82        96      2001
                                             1989
 MINIMUM TEMPERATURE (F)   52        35      1972


SUNRISE AND SUNSET
JULY  4 2015..........SUNRISE   547 AM MDT   SUNSET   854 PM MDT
JULY  5 2015..........SUNRISE   548 AM MDT   SUNSET   853 PM MDT


-  INDICATES NEGATIVE NUMBERS.
R  INDICATES RECORD WAS SET OR TIED.
MM INDICATES DATA IS MISSING.
T  INDICATES TRACE AMOUNT.




$$
