000
CDUS45 KRIW 240734
CLIRKS


CLIMATE REPORT
NATIONAL WEATHER SERVICE RIVERTON WY
1234 AM MST WED JAN 24 2018


...................................

...THE ROCK SPRINGS WY CLIMATE SUMMARY FOR JANUARY 23 2018...

CLIMATE NORMAL PERIOD 1981 TO 2010
CLIMATE RECORD PERIOD 1948 TO 2018


WEATHER ITEM   OBSERVED TIME   RECORD YEAR NORMAL DEPARTURE LAST
                VALUE   (LST)  VALUE       VALUE  FROM      YEAR
                                                  NORMAL
..................................................................
TEMPERATURE (F)
 YESTERDAY
  MAXIMUM         26    331 PM  53    1970  30     -4       33
  MINIMUM         10   1244 AM -21    1962  12     -2       22
  AVERAGE         18                        21     -3       28

PRECIPITATION (IN)
  YESTERDAY        0.00          0.17 1978   0.02  -0.02     0.02
  MONTH TO DATE    0.08                      0.33  -0.25     0.43
  SINCE DEC 1      0.19                      0.83  -0.64     0.51
  SINCE JAN 1      0.08                      0.33  -0.25     0.43

DEGREE DAYS
 HEATING
  YESTERDAY       47                        44      3       37
  MONTH TO DATE  868                      1007   -139     1173
  SINCE DEC 1   1995                      2366   -371     2578
  SINCE JUL 1   3875                      4359   -484     4298

 COOLING
  YESTERDAY        0                         0      0        0
  MONTH TO DATE    0                         0      0        0
  SINCE DEC 1      0                         0      0        0
  SINCE JAN 1      0                         0      0        0
..................................................................


WIND (MPH)
  HIGHEST WIND SPEED    18   HIGHEST WIND DIRECTION     W (260)
  HIGHEST GUST SPEED    26   HIGHEST GUST DIRECTION     W (280)
  AVERAGE WIND SPEED    11.4


SKY COVER
  POSSIBLE SUNSHINE  MM
  AVERAGE SKY COVER 0.0


WEATHER CONDITIONS
 THE FOLLOWING WEATHER WAS RECORDED YESTERDAY.
  NO SIGNIFICANT WEATHER WAS OBSERVED.


RELATIVE HUMIDITY (PERCENT)
 HIGHEST    92          1200 AM
 LOWEST     68          1200 PM
 AVERAGE    80

..........................................................


THE ROCK SPRINGS WY CLIMATE NORMALS FOR TODAY
                         NORMAL    RECORD    YEAR
 MAXIMUM TEMPERATURE (F)   30        51      1959
 MINIMUM TEMPERATURE (F)   12       -19      1949


SUNRISE AND SUNSET
JANUARY 24 2018.......SUNRISE   735 AM MST   SUNSET   522 PM MST
JANUARY 25 2018.......SUNRISE   734 AM MST   SUNSET   523 PM MST


-  INDICATES NEGATIVE NUMBERS.
R  INDICATES RECORD WAS SET OR TIED.
MM INDICATES DATA IS MISSING.
T  INDICATES TRACE AMOUNT.




$$
