000
CDUS45 KRIW 260049
CLIRKS


CLIMATE REPORT
NATIONAL WEATHER SERVICE RIVERTON WY
646 PM MDT MON MAY 25 2015


...................................

...THE ROCK SPRINGS WY CLIMATE SUMMARY FOR MAY 25 2015...
VALID TODAY AS OF 0500 PM LOCAL TIME.

CLIMATE NORMAL PERIOD 1981 TO 2010
CLIMATE RECORD PERIOD 1948 TO 2015


WEATHER ITEM   OBSERVED TIME   RECORD YEAR NORMAL DEPARTURE LAST
                VALUE   (LST)  VALUE       VALUE  FROM      YEAR
                                                  NORMAL
..................................................................
TEMPERATURE (F)
 TODAY
  MAXIMUM         58        MM  82    2003  67     -9       72
  MINIMUM         40        MM  26    1975  40      0       39
  AVERAGE         49                        54     -5       56

PRECIPITATION (IN)
  TODAY            0.10                      0.04   0.06     0.02
  MONTH TO DATE    2.63                      0.98   1.65     0.28
  SINCE MAR 1      3.52                      2.57   0.95     0.95
  SINCE JAN 1      3.61                      3.50   0.11     1.10

DEGREE DAYS
 HEATING
  TODAY           16                        12      4        9
  MONTH TO DATE  445                       380     65      343
  SINCE MAR 1   1890                      2060   -170     1886
  SINCE JUL 1   7003                      7912   -909     7338

 COOLING
  TODAY            0                         0      0        0
  MONTH TO DATE    0                         0      0        0
  SINCE MAR 1      0                         0      0        0
  SINCE JAN 1      0                         0      0        0
..................................................................


WIND (MPH)
  HIGHEST WIND SPEED    22   HIGHEST WIND DIRECTION     E (70)
  HIGHEST GUST SPEED    25   HIGHEST GUST DIRECTION     E (70)
  AVERAGE WIND SPEED     6.3


SKY COVER
  POSSIBLE SUNSHINE  MM
  AVERAGE SKY COVER 0.9


WEATHER CONDITIONS
 THE FOLLOWING WEATHER WAS RECORDED TODAY.
  THUNDERSTORM
  RAIN
  LIGHT RAIN


RELATIVE HUMIDITY (PERCENT)
 HIGHEST    93           400 AM
 LOWEST     55           200 PM
 AVERAGE    74

..........................................................


THE ROCK SPRINGS WY CLIMATE NORMALS FOR TOMORROW
                         NORMAL    RECORD    YEAR
 MAXIMUM TEMPERATURE (F)   67        87      1969
 MINIMUM TEMPERATURE (F)   40        25      1975


SUNRISE AND SUNSET
MAY 25 2015...........SUNRISE   549 AM MDT   SUNSET   838 PM MDT
MAY 26 2015...........SUNRISE   548 AM MDT   SUNSET   839 PM MDT


-  INDICATES NEGATIVE NUMBERS.
R  INDICATES RECORD WAS SET OR TIED.
MM INDICATES DATA IS MISSING.
T  INDICATES TRACE AMOUNT.




$$
