000
CDUS45 KRIW 270739
CLIRKS


CLIMATE REPORT
NATIONAL WEATHER SERVICE RIVERTON WY
1239 AM MST SAT DEC 27 2014


...................................

...THE ROCK SPRINGS WY CLIMATE SUMMARY FOR DECEMBER 26 2014...

CLIMATE NORMAL PERIOD 1981 TO 2010
CLIMATE RECORD PERIOD 1948 TO 2014


WEATHER ITEM   OBSERVED TIME   RECORD YEAR NORMAL DEPARTURE LAST
                VALUE   (LST)  VALUE       VALUE  FROM      YEAR
                                                  NORMAL
..................................................................
TEMPERATURE (F)
 YESTERDAY
  MAXIMUM         17    125 PM  52    1980  29    -12       35
  MINIMUM         10   1159 PM -17    1952  12     -2       20
  AVERAGE         14                        21     -7       28

PRECIPITATION (IN)
  YESTERDAY        T             0.28 2003   0.01  -0.01     0.00
  MONTH TO DATE    0.11                      0.42  -0.31     0.18
  SINCE DEC 1      0.11                      0.42  -0.31     0.18
  SINCE JAN 1      4.24                      8.48  -4.24     4.64

DEGREE DAYS
 HEATING
  YESTERDAY       51                        44      7       37
  MONTH TO DATE  942                      1137   -195     1108
  SINCE DEC 1    942                      1137   -195     1108
  SINCE JUL 1   2758                      3130   -372     3016

 COOLING
  YESTERDAY        0                         0      0        0
  MONTH TO DATE    0                         0      0        0
  SINCE DEC 1      0                         0      0        0
  SINCE JAN 1    307                       286     21      517
..................................................................


WIND (MPH)
  HIGHEST WIND SPEED    25   HIGHEST WIND DIRECTION    NE (50)
  HIGHEST GUST SPEED    33   HIGHEST GUST DIRECTION    NE (50)
  AVERAGE WIND SPEED    10.6


SKY COVER
  POSSIBLE SUNSHINE  MM
  AVERAGE SKY COVER 1.0


WEATHER CONDITIONS
 THE FOLLOWING WEATHER WAS RECORDED YESTERDAY.
  LIGHT SNOW
  FOG
  HAZE


RELATIVE HUMIDITY (PERCENT)
 HIGHEST    92          1200 AM
 LOWEST     67          1200 PM
 AVERAGE    80

..........................................................


THE ROCK SPRINGS WY CLIMATE NORMALS FOR TODAY
                         NORMAL    RECORD    YEAR
 MAXIMUM TEMPERATURE (F)   29        51      1980
 MINIMUM TEMPERATURE (F)   12       -15      1948


SUNRISE AND SUNSET
DECEMBER 27 2014......SUNRISE   742 AM MST   SUNSET   453 PM MST
DECEMBER 28 2014......SUNRISE   742 AM MST   SUNSET   454 PM MST


-  INDICATES NEGATIVE NUMBERS.
R  INDICATES RECORD WAS SET OR TIED.
MM INDICATES DATA IS MISSING.
T  INDICATES TRACE AMOUNT.




$$
