000
CDUS41 KRNK 281054
CLIRNK


CLIMATE REPORT
NATIONAL WEATHER SERVICE BLACKSBURG VA
535 AM EST WED JAN 28 2015


...................................

...THE BLACKSBURG VA CLIMATE SUMMARY FOR JANUARY 27 2015...

CLIMATE NORMAL PERIOD 1981 TO 2010
CLIMATE RECORD PERIOD 1952 TO 2015


WEATHER ITEM   OBSERVED TIME   RECORD YEAR NORMAL DEPARTURE LAST
                VALUE   (LST)  VALUE       VALUE  FROM      YEAR
                                                  NORMAL
..................................................................
TEMPERATURE (F)
 YESTERDAY
  MAXIMUM         35    210 PM  68    1967  42     -7       46
  MINIMUM         19    700 AM  -4    1987  22     -3       13
  AVERAGE         27                        32     -5       30

PRECIPITATION (IN)
  YESTERDAY        T             1.34 1996   0.09  -0.09     0.00
  MONTH TO DATE    1.26                      2.69  -1.43     1.56
  SINCE DEC 1      3.91                      5.64  -1.73     6.82
  SINCE JAN 1      1.26                      2.69  -1.43     1.56

SNOWFALL (IN)
  YESTERDAY        T             6.5  1966   0.3   -0.3      0.0
  MONTH TO DATE    0.6                       6.9   -6.3      3.4
  SINCE DEC 1      1.1                      11.8  -10.7      3.4
  SINCE JUL 1      3.5                      12.3   -8.8      3.5
  SNOW DEPTH       0

DEGREE DAYS
 HEATING
  YESTERDAY       38                        33      5       35
  MONTH TO DATE  886                       912    -26     1018
  SINCE DEC 1   1713                      1879   -166     1878
  SINCE JUL 1   2906                      3059   -153     3113

 COOLING
  YESTERDAY        0                         0      0        0
  MONTH TO DATE    0                         0      0        0
  SINCE DEC 1      0                         0      0        0
  SINCE JAN 1      0                         0      0        0
..................................................................


WIND (MPH)
  RESULTANT WIND SPEED  11   RESULTANT WIND DIRECTION  NW (300)
  HIGHEST WIND SPEED    21   HIGHEST WIND DIRECTION    NW (320)
  HIGHEST GUST SPEED    25   HIGHEST GUST DIRECTION    NW (320)
  AVERAGE WIND SPEED    11.2


SKY COVER
  POSSIBLE SUNSHINE  MM
  AVERAGE SKY COVER 0.2


WEATHER CONDITIONS
 THE FOLLOWING WEATHER WAS RECORDED YESTERDAY.
  LIGHT SNOW


RELATIVE HUMIDITY (PERCENT)
 HIGHEST    81          1200 AM
 LOWEST     22           400 PM
 AVERAGE    52

..........................................................


THE BLACKSBURG VA CLIMATE NORMALS FOR TODAY
                         NORMAL    RECORD    YEAR
 MAXIMUM TEMPERATURE (F)   42        69      1999
 MINIMUM TEMPERATURE (F)   22        -8      1986


SUNRISE AND SUNSET
JANUARY 28 2015.......SUNRISE   728 AM EST   SUNSET   542 PM EST
JANUARY 29 2015.......SUNRISE   727 AM EST   SUNSET   543 PM EST


-  INDICATES NEGATIVE NUMBERS.
R  INDICATES RECORD WAS SET OR TIED.
MM INDICATES DATA IS MISSING.
T  INDICATES TRACE AMOUNT.




$$
