000
CDUS41 KRNK 022222
CLIRNK


CLIMATE REPORT
NATIONAL WEATHER SERVICE BLACKSBURG VA
519 PM EST FRI DEC 2 2016


...................................

...THE BLACKSBURG VA CLIMATE SUMMARY FOR DECEMBER 2 2016...
VALID TODAY AS OF 0500 PM LOCAL TIME.

CLIMATE NORMAL PERIOD 1981 TO 2010
CLIMATE RECORD PERIOD 1952 TO 2016


WEATHER ITEM   OBSERVED RECORD YEAR NORMAL DEPARTURE LAST
                VALUE   VALUE       VALUE  FROM      YEAR
                                           NORMAL
...........................................................
TEMPERATURE (F)
 TODAY
  MAXIMUM         47     66    1970  48     -1       57
  MINIMUM         32      8    1976  27      5       41
  AVERAGE         40                 37      3       49

PRECIPITATION (IN)
  TODAY            0.00   0.95 1991   0.10  -0.10     0.60
  MONTH TO DATE    0.00               0.20  -0.20     1.68
  SINCE DEC 1      0.00               0.20  -0.20     1.68
  SINCE JAN 1     38.95              38.14   0.81    45.66

SNOWFALL (IN)
  TODAY            0.0                                0.0
  MONTH TO DATE    0.0                                0.0
  SINCE DEC 1      0.0                                0.0
  SINCE JUL 1      T                                   T
  SNOW DEPTH       0

DEGREE DAYS
 HEATING
  TODAY           25                 28     -3       16
  MONTH TO DATE   47                 55     -8       36
  SINCE DEC 1     47                 55     -8       36
  SINCE JUL 1    820               1235   -415      924

 COOLING
  TODAY            0                  0      0        0
  MONTH TO DATE    0                  0      0        0
  SINCE DEC 1      0                  0      0        0
  SINCE JAN 1    914                573    341      820
...........................................................


WIND (MPH)
  HIGHEST WIND SPEED    15   HIGHEST WIND DIRECTION    NW (300)
  HIGHEST GUST SPEED    22   HIGHEST GUST DIRECTION     W (290)
  AVERAGE WIND SPEED     7.8


SKY COVER
  AVERAGE SKY COVER 0.4


WEATHER CONDITIONS
 THE FOLLOWING WEATHER WAS RECORDED TODAY.
  NO SIGNIFICANT WEATHER WAS OBSERVED.


RELATIVE HUMIDITY (PERCENT)
 HIGHEST    78           800 AM
 LOWEST     53           200 PM
 AVERAGE    66

..........................................................


THE BLACKSBURG VA CLIMATE NORMALS FOR TOMORROW
                         NORMAL    RECORD    YEAR
 MAXIMUM TEMPERATURE (F)   48        71      1982
 MINIMUM TEMPERATURE (F)   26        10      1979


SUNRISE AND SUNSET
DECEMBER  2 2016......SUNRISE   718 AM EST   SUNSET   504 PM EST
DECEMBER  3 2016......SUNRISE   719 AM EST   SUNSET   504 PM EST


-  INDICATES NEGATIVE NUMBERS.
R  INDICATES RECORD WAS SET OR TIED.
MM INDICATES DATA IS MISSING.
T  INDICATES TRACE AMOUNT.




$$
