000
CDUS41 KRNK 240717
CLIRNK


CLIMATE REPORT
NATIONAL WEATHER SERVICE BLACKSBURG VA
215 AM EST WED JAN 24 2018


...................................

...THE BLACKSBURG VA CLIMATE SUMMARY FOR JANUARY 23 2018...

CLIMATE NORMAL PERIOD 1981 TO 2010
CLIMATE RECORD PERIOD 1952 TO 2018


WEATHER ITEM   OBSERVED RECORD YEAR NORMAL DEPARTURE LAST
                VALUE   VALUE       VALUE  FROM      YEAR
                                           NORMAL
...........................................................
TEMPERATURE (F)
 YESTERDAY
  MAXIMUM         53     65    1967  42     11       46
  MINIMUM         37     -1    1961  21     16       37
  AVERAGE         45                 32     13       42

PRECIPITATION (IN)
  YESTERDAY        0.24   1.42 2017   0.10   0.14     1.42
  MONTH TO DATE    0.94               2.31  -1.37     4.29
  SINCE DEC 1      1.58               5.26  -3.68     7.38
  SINCE JAN 1      0.94               2.31  -1.37     4.29

SNOWFALL (IN)
  YESTERDAY        0.0                                0.0
  MONTH TO DATE    2.1                                4.7
  SINCE DEC 1      5.9                                5.4
  SINCE JUL 1      5.9                                5.4
  SNOW DEPTH       0

DEGREE DAYS
 HEATING
  YESTERDAY       20                 33    -13       23
  MONTH TO DATE  864                780     84      603
  SINCE DEC 1   1819               1747     72     1483
  SINCE JUL 1   2809               2927   -118     2256

 COOLING
  YESTERDAY        0                  0      0        0
  MONTH TO DATE    0                  0      0        0
  SINCE DEC 1      0                  0      0        0
  SINCE JAN 1      0                  0      0        0
...........................................................


WIND (MPH)
  HIGHEST WIND SPEED    MM   HIGHEST WIND DIRECTION    MM
  HIGHEST GUST SPEED    27   HIGHEST GUST DIRECTION     W (270)
  AVERAGE WIND SPEED     8.2


SKY COVER
  AVERAGE SKY COVER 0.6


WEATHER CONDITIONS
 THE FOLLOWING WEATHER WAS RECORDED YESTERDAY.
  HEAVY RAIN
  RAIN
  LIGHT RAIN
  FOG


RELATIVE HUMIDITY (PERCENT)
 HIGHEST   100           100 AM
 LOWEST     38           100 PM
 AVERAGE    69

..........................................................


THE BLACKSBURG VA CLIMATE NORMALS FOR TODAY
                         NORMAL    RECORD    YEAR
 MAXIMUM TEMPERATURE (F)   42        67      1999
 MINIMUM TEMPERATURE (F)   22       -11      1963


SUNRISE AND SUNSET
JANUARY 24 2018.......SUNRISE   730 AM EST   SUNSET   538 PM EST
JANUARY 25 2018.......SUNRISE   730 AM EST   SUNSET   539 PM EST


-  INDICATES NEGATIVE NUMBERS.
R  INDICATES RECORD WAS SET OR TIED.
MM INDICATES DATA IS MISSING.
T  INDICATES TRACE AMOUNT.


REMARKS:
DUE TO MISSING TEMPERATURES FROM SEPTEMBER 8-10...THE
HEATING DEGREE DAY AND DEPARTURE FROM NORMAL WILL BE CALCULATED
WITHOUT DATA FROM THESE DATES.

$$
