000
CDUS41 KRNK 190806
CLIRNK


CLIMATE REPORT
NATIONAL WEATHER SERVICE BLACKSBURG VA
304 AM EST SUN FEB 19 2017


...................................

...THE BLACKSBURG VA CLIMATE SUMMARY FOR FEBRUARY 18 2017...

CLIMATE NORMAL PERIOD 1981 TO 2010
CLIMATE RECORD PERIOD 1952 TO 2017


WEATHER ITEM   OBSERVED RECORD YEAR NORMAL DEPARTURE LAST
                VALUE   VALUE       VALUE  FROM      YEAR
                                           NORMAL
...........................................................
TEMPERATURE (F)
 YESTERDAY
  MAXIMUM         63     65    2011  46     17       40
                               1976
  MINIMUM         31     -2    1958  24      7       24
  AVERAGE         47                 35     12       32

PRECIPITATION (IN)
  YESTERDAY        T      0.75 2000   0.10  -0.10     0.00
  MONTH TO DATE    0.61               1.82  -1.21     3.18
  SINCE DEC 1      8.20               7.85   0.35    10.64
  SINCE JAN 1      5.11               4.90   0.21     5.62

SNOWFALL (IN)
  YESTERDAY        0.0                                0.0
  MONTH TO DATE    T                                  9.8
  SINCE DEC 1      6.6                               24.0
  SINCE JUL 1      6.6                               24.0
  SNOW DEPTH       0

DEGREE DAYS
 HEATING
  YESTERDAY       18                 30    -12       33
  MONTH TO DATE  437                570   -133      632
  SINCE DEC 1   2145               2577   -432     2291
  SINCE JUL 1   2918               3757   -839     3179

 COOLING
  YESTERDAY        0                  0      0        0
  MONTH TO DATE    0                  0      0        0
  SINCE DEC 1      0                  0      0        0
  SINCE JAN 1      0                  0      0        0
...........................................................


WIND (MPH)
  HIGHEST WIND SPEED     8   HIGHEST WIND DIRECTION     W (280)
  HIGHEST GUST SPEED    MM   HIGHEST GUST DIRECTION    MM
  AVERAGE WIND SPEED     1.5


SKY COVER
  AVERAGE SKY COVER 0.1


WEATHER CONDITIONS
 THE FOLLOWING WEATHER WAS RECORDED YESTERDAY.
  LIGHT RAIN


RELATIVE HUMIDITY (PERCENT)
 HIGHEST    82           800 AM
 LOWEST     32           100 PM
 AVERAGE    57

..........................................................


THE BLACKSBURG VA CLIMATE NORMALS FOR TODAY
                         NORMAL    RECORD    YEAR
 MAXIMUM TEMPERATURE (F)   46        65      1994
 MINIMUM TEMPERATURE (F)   24        -2      2015
                                             1958


SUNRISE AND SUNSET
FEBRUARY 19 2017......SUNRISE   705 AM EST   SUNSET   606 PM EST
FEBRUARY 20 2017......SUNRISE   704 AM EST   SUNSET   607 PM EST


-  INDICATES NEGATIVE NUMBERS.
R  INDICATES RECORD WAS SET OR TIED.
MM INDICATES DATA IS MISSING.
T  INDICATES TRACE AMOUNT.

$$
RCS
