000
CDUS41 KRNK 240844
CLIRNK


CLIMATE REPORT
NATIONAL WEATHER SERVICE BLACKSBURG VA
440 AM EDT FRI MAR 24 2017


...................................

...THE BLACKSBURG VA CLIMATE SUMMARY FOR MARCH 23 2017...

CLIMATE NORMAL PERIOD 1981 TO 2010
CLIMATE RECORD PERIOD 1952 TO 2017


WEATHER ITEM   OBSERVED RECORD YEAR NORMAL DEPARTURE LAST
                VALUE   VALUE       VALUE  FROM      YEAR
                                           NORMAL
...........................................................
TEMPERATURE (F)
 YESTERDAY
  MAXIMUM         54     80    1966  56     -2       73
  MINIMUM         23     12    2004  32     -9       33
  AVERAGE         39                 44     -5       53

PRECIPITATION (IN)
  YESTERDAY        0.00   1.30 1981   0.13  -0.13     0.00
  MONTH TO DATE    1.84               2.61  -0.77     2.25
  SINCE MAR 1      1.84               2.61  -0.77     2.25
  SINCE JAN 1      7.62               8.50  -0.88     9.39

SNOWFALL (IN)
  YESTERDAY        0.0                                0.0
  MONTH TO DATE    1.0                                1.0
  SINCE MAR 1      1.0                                1.0
  SINCE JUL 1      7.6                               25.0
  SNOW DEPTH       0

DEGREE DAYS
 HEATING
  YESTERDAY       26                 21      5       12
  MONTH TO DATE  595                567     28      370
  SINCE MAR 1    595                567     28      370
  SINCE JUL 1   3687               4615   -928     3805

 COOLING
  YESTERDAY        0                  0      0        0
  MONTH TO DATE    0                  0      0        0
  SINCE MAR 1      0                  0      0        0
  SINCE JAN 1      0                  0      0        0
...........................................................


WIND (MPH)
  HIGHEST WIND SPEED    10   HIGHEST WIND DIRECTION    SE (140)
  HIGHEST GUST SPEED    17   HIGHEST GUST DIRECTION    SE (140)
  AVERAGE WIND SPEED     3.9


SKY COVER
  AVERAGE SKY COVER 0.0


WEATHER CONDITIONS
 THE FOLLOWING WEATHER WAS RECORDED YESTERDAY.
  NO SIGNIFICANT WEATHER WAS OBSERVED.


RELATIVE HUMIDITY (PERCENT)
 HIGHEST    69           100 AM
 LOWEST     25           400 PM
 AVERAGE    47

..........................................................


THE BLACKSBURG VA CLIMATE NORMALS FOR TODAY
                         NORMAL    RECORD    YEAR
 MAXIMUM TEMPERATURE (F)   56        79      2007
 MINIMUM TEMPERATURE (F)   32        16      1971


SUNRISE AND SUNSET
MARCH 24 2017.........SUNRISE   719 AM EDT   SUNSET   737 PM EDT
MARCH 25 2017.........SUNRISE   717 AM EDT   SUNSET   738 PM EDT


-  INDICATES NEGATIVE NUMBERS.
R  INDICATES RECORD WAS SET OR TIED.
MM INDICATES DATA IS MISSING.
T  INDICATES TRACE AMOUNT.

$$

RAB
