000
CDUS41 KRNK 200615
CLIRNK


CLIMATE REPORT
NATIONAL WEATHER SERVICE BLACKSBURG VA
113 AM EST MON NOV 20 2017


...................................

...THE BLACKSBURG VA CLIMATE SUMMARY FOR NOVEMBER 19 2017...

CLIMATE NORMAL PERIOD 1981 TO 2010
CLIMATE RECORD PERIOD 1952 TO 2017


WEATHER ITEM   OBSERVED RECORD YEAR NORMAL DEPARTURE LAST
                VALUE   VALUE       VALUE  FROM      YEAR
                                           NORMAL
...........................................................
TEMPERATURE (F)
 YESTERDAY
  MAXIMUM         54     77    1958  54      0       49
  MINIMUM         32     13    2014  30      2       32
                               1997
  AVERAGE         43                 42      1       41

PRECIPITATION (IN)
  YESTERDAY        0.21   1.18 2003   0.10   0.11      T
  MONTH TO DATE    1.19               1.77  -0.58     0.07
  SINCE SEP 1     10.36               7.65   2.71     8.93
  SINCE JAN 1     40.32              36.84   3.48    37.60

SNOWFALL (IN)
  YESTERDAY        T                                   T
  MONTH TO DATE    T                                   T
  SINCE SEP 1      T                                   T
  SINCE JUL 1      T                                   T
  SNOW DEPTH       0

DEGREE DAYS
 HEATING
  YESTERDAY       22                 23     -1       24
  MONTH TO DATE  375                376     -1      300
  SINCE SEP 1    717                885   -168      529
  SINCE JUL 1    726                903   -177      529

 COOLING
  YESTERDAY        0                  0      0        0
  MONTH TO DATE    0                  0      0        0
  SINCE SEP 1     96                 61     35      137
  SINCE JAN 1    632                573     59      914
...........................................................


WIND (MPH)
  HIGHEST WIND SPEED    20   HIGHEST WIND DIRECTION    NW (310)
  HIGHEST GUST SPEED    33   HIGHEST GUST DIRECTION     W (280)
  AVERAGE WIND SPEED    12.7


SKY COVER
  AVERAGE SKY COVER 0.9


WEATHER CONDITIONS
 THE FOLLOWING WEATHER WAS RECORDED YESTERDAY.
  HEAVY RAIN
  RAIN
  LIGHT RAIN
  LIGHT SNOW


RELATIVE HUMIDITY (PERCENT)
 HIGHEST    96          1200 AM
 LOWEST     62           400 PM
 AVERAGE    79

..........................................................


THE BLACKSBURG VA CLIMATE NORMALS FOR TODAY
                         NORMAL    RECORD    YEAR
 MAXIMUM TEMPERATURE (F)   54        72      1985
 MINIMUM TEMPERATURE (F)   30        15      1969


SUNRISE AND SUNSET
NOVEMBER 20 2017......SUNRISE   706 AM EST   SUNSET   508 PM EST
NOVEMBER 21 2017......SUNRISE   707 AM EST   SUNSET   508 PM EST


-  INDICATES NEGATIVE NUMBERS.
R  INDICATES RECORD WAS SET OR TIED.
MM INDICATES DATA IS MISSING.
T  INDICATES TRACE AMOUNT.

REMARKS:
DUE TO MISSING TEMPERATURES ON SEPTEMBER 8-10...ALL TEMPERATURE AND
DEGREE DAY INFORMATION WILL BE CALCULATED WITHOUT DATA FROM THESE
DATES.

$$
RCS
