000
CDUS46 KSGX 251420
CLIRNM


CLIMATE REPORT
NATIONAL WEATHER SERVICE SAN DIEGO, CA
720 AM PDT MON MAY 25 2015


...................................

...THE RAMONA AIRPORT CA CLIMATE SUMMARY FOR MAY 24 2015...

CLIMATE NORMAL PERIOD 1981 TO 2010
CLIMATE RECORD PERIOD 1974 TO 2015


WEATHER ITEM   OBSERVED TIME   RECORD YEAR NORMAL DEPARTURE LAST
                VALUE   (LST)  VALUE       VALUE  FROM      YEAR
                                                  NORMAL
..................................................................
TEMPERATURE (F)
 YESTERDAY
  MAXIMUM         62    538 PM  90    2001  77    -15       71
  MINIMUM         51    827 PM  37    2010  49      2       56
  AVERAGE         57                        63     -6       64

PRECIPITATION (IN)
  YESTERDAY        0.01          0.42 1996   0.00   0.01     0.00
  MONTH TO DATE    1.48                      0.29   1.19      T
  SINCE OCT 1      9.41                     15.34  -5.93     7.76
  SINCE JAN 1      4.81                     11.20  -6.39     5.09

SNOWFALL (IN)
  YESTERDAY        0.0
  MONTH TO DATE    0.0
  SINCE MAR 1      0.0
  SINCE JUL 1      0.0
  SNOW DEPTH       0

DEGREE DAYS
 HEATING
  YESTERDAY        8                         3      5        1
  MONTH TO DATE  140                       113     27       68
  SINCE MAR 1    528                       764   -236      509
  SINCE JUL 1   1712                      2505   -793     1930

 COOLING
  YESTERDAY        0                         1     -1        0
  MONTH TO DATE    6                        12     -6       47
  SINCE MAR 1     25                        16      9       56
  SINCE JAN 1     27                        17     10       56
..................................................................


WIND (MPH)
  RESULTANT WIND SPEED   4   RESULTANT WIND DIRECTION  NW (300)
  HIGHEST WIND SPEED    15   HIGHEST WIND DIRECTION    NW (310)
  HIGHEST GUST SPEED    17   HIGHEST GUST DIRECTION    NW (320)
  AVERAGE WIND SPEED     4.6


SKY COVER
  POSSIBLE SUNSHINE  MM
  AVERAGE SKY COVER 0.9


WEATHER CONDITIONS
 THE FOLLOWING WEATHER WAS RECORDED YESTERDAY.
  LIGHT RAIN
  FOG


RELATIVE HUMIDITY (PERCENT)
 HIGHEST    93           400 AM
 LOWEST     67           200 PM
 AVERAGE    80

..........................................................


THE RAMONA AIRPORT CA CLIMATE NORMALS FOR TODAY
                         NORMAL    RECORD    YEAR
 MAXIMUM TEMPERATURE (F)   77       101      1974
 MINIMUM TEMPERATURE (F)   49        38      1980


SUNRISE AND SUNSET
MAY 25 2015...........SUNRISE   543 AM PDT   SUNSET   747 PM PDT
MAY 26 2015...........SUNRISE   542 AM PDT   SUNSET   748 PM PDT


-  INDICATES NEGATIVE NUMBERS.
R  INDICATES RECORD WAS SET OR TIED.
MM INDICATES DATA IS MISSING.
T  INDICATES TRACE AMOUNT.




$$
