000
CDUS46 KSGX 231139
CLIRNM


CLIMATE REPORT
NATIONAL WEATHER SERVICE SAN DIEGO, CA
439 AM PDT MON OCT 23 2017


...................................

...THE RAMONA AIRPORT CA CLIMATE SUMMARY FOR OCTOBER 22 2017...

CLIMATE NORMAL PERIOD 1981 TO 2010
CLIMATE RECORD PERIOD 1974 TO 2017


WEATHER ITEM   OBSERVED TIME   RECORD YEAR NORMAL DEPARTURE LAST
                VALUE   (LST)  VALUE       VALUE  FROM      YEAR
                                                  NORMAL
..................................................................
TEMPERATURE (F)
 YESTERDAY
  MAXIMUM         95    202 PM  98    2003  78     17       90
  MINIMUM         50    317 AM  36    2013  46      4       42
  AVERAGE         73                        62     11       66

PRECIPITATION (IN)
  YESTERDAY        0.00          0.10 1997   0.03  -0.03     0.00
                                      1989
                                      1985
  MONTH TO DATE    T                         0.45  -0.45     0.01
  SINCE OCT 1      T                         0.45  -0.45     0.01
  SINCE JAN 1     15.94                     12.35   3.59    10.17

DEGREE DAYS
 HEATING
  YESTERDAY        0                         4     -4        0
  MONTH TO DATE   18                        58    -40       30
  SINCE SEP 1     32                        73    -41       38
  SINCE JUL 1     32                        76    -44       38

 COOLING
  YESTERDAY        8                         1      7        1
  MONTH TO DATE   68                        42     26       38
  SINCE SEP 1    270                       222     48      193
  SINCE JAN 1   1205                       835    370      989
..................................................................


WIND (MPH)
  RESULTANT WIND SPEED   3   RESULTANT WIND DIRECTION   E (80)
  HIGHEST WIND SPEED    17   HIGHEST WIND DIRECTION     E (80)
  HIGHEST GUST SPEED    23   HIGHEST GUST DIRECTION    NE (50)
  AVERAGE WIND SPEED     6.1


SKY COVER
  POSSIBLE SUNSHINE  MM
  AVERAGE SKY COVER 0.0


WEATHER CONDITIONS
 THE FOLLOWING WEATHER WAS RECORDED YESTERDAY.
  NO SIGNIFICANT WEATHER WAS OBSERVED.


RELATIVE HUMIDITY (PERCENT)
 HIGHEST    41           200 AM
 LOWEST      6           100 PM
 AVERAGE    24

..........................................................


THE RAMONA AIRPORT CA CLIMATE NORMALS FOR TODAY
                         NORMAL    RECORD    YEAR
 MAXIMUM TEMPERATURE (F)   78        97      2003
 MINIMUM TEMPERATURE (F)   46        33      1996


SUNRISE AND SUNSET
OCTOBER 23 2017.......SUNRISE   658 AM PDT   SUNSET   605 PM PDT
OCTOBER 24 2017.......SUNRISE   659 AM PDT   SUNSET   604 PM PDT


-  INDICATES NEGATIVE NUMBERS.
R  INDICATES RECORD WAS SET OR TIED.
MM INDICATES DATA IS MISSING.
T  INDICATES TRACE AMOUNT.




$$
