000
CDUS46 KSGX 040019
CLIRNM


CLIMATE REPORT
NATIONAL WEATHER SERVICE SAN DIEGO, CA
518 PM PDT THU SEP 3 2015


...................................

...THE RAMONA AIRPORT CA CLIMATE SUMMARY FOR SEPTEMBER 3 2015...
VALID TODAY AS OF 0500 PM LOCAL TIME.

CLIMATE NORMAL PERIOD 1981 TO 2010
CLIMATE RECORD PERIOD 1974 TO 2015


WEATHER ITEM   OBSERVED TIME   RECORD YEAR NORMAL DEPARTURE LAST
                VALUE   (LST)  VALUE       VALUE  FROM      YEAR
                                                  NORMAL
..................................................................
TEMPERATURE (F)
 TODAY
  MAXIMUM         82   1243 PM 108    2007  90     -8       86
  MINIMUM         54    156 AM  47    1999  56     -2       60
  AVERAGE         68                        73     -5       73

PRECIPITATION (IN)
  TODAY            0.00          0.01 2005   0.02  -0.02     0.00
  MONTH TO DATE    0.00                      0.04  -0.04     0.00
  SINCE OCT 1     12.02                     15.79  -3.77     8.17
  SINCE JAN 1      7.42                     11.65  -4.23     5.50

DEGREE DAYS
 HEATING
  TODAY            0                         0      0        0
  MONTH TO DATE    0                         0      0        0
  SINCE SEP 1      0                         0      0        0
  SINCE JUL 1      0                         3     -3        0

 COOLING
  TODAY            3                         8     -5        8
  MONTH TO DATE   17                        25     -8       24
  SINCE SEP 1     17                        25     -8       24
  SINCE JAN 1    797                       638    159      763
..................................................................


WIND (MPH)
  RESULTANT WIND SPEED   3   RESULTANT WIND DIRECTION   W (290)
  HIGHEST WIND SPEED    16   HIGHEST WIND DIRECTION    NW (300)
  HIGHEST GUST SPEED    20   HIGHEST GUST DIRECTION     W (280)
  AVERAGE WIND SPEED     4.1


SKY COVER
  POSSIBLE SUNSHINE  MM
  AVERAGE SKY COVER 0.4


WEATHER CONDITIONS
 THE FOLLOWING WEATHER WAS RECORDED TODAY.
  FOG


RELATIVE HUMIDITY (PERCENT)
 HIGHEST    93           100 AM
 LOWEST     45          1200 PM
 AVERAGE    69

..........................................................


THE RAMONA AIRPORT CA CLIMATE NORMALS FOR TOMORROW
                         NORMAL    RECORD    YEAR
 MAXIMUM TEMPERATURE (F)   90       103      1988
 MINIMUM TEMPERATURE (F)   56        44      2000


SUNRISE AND SUNSET
SEPTEMBER  3 2015.....SUNRISE   623 AM PDT   SUNSET   710 PM PDT
SEPTEMBER  4 2015.....SUNRISE   624 AM PDT   SUNSET   709 PM PDT


-  INDICATES NEGATIVE NUMBERS.
R  INDICATES RECORD WAS SET OR TIED.
MM INDICATES DATA IS MISSING.
T  INDICATES TRACE AMOUNT.




$$
