372
CDUS46 KSGX 281421
CLIRNM


CLIMATE REPORT
NATIONAL WEATHER SERVICE SAN DIEGO, CA
721 AM PDT THU JUL 28 2016


...................................

...THE RAMONA AIRPORT CA CLIMATE SUMMARY FOR JULY 27 2016...

CLIMATE NORMAL PERIOD 1981 TO 2010
CLIMATE RECORD PERIOD 1974 TO 2016


WEATHER ITEM   OBSERVED TIME   RECORD YEAR NORMAL DEPARTURE LAST
                VALUE   (LST)  VALUE       VALUE  FROM      YEAR
                                                  NORMAL
..................................................................
TEMPERATURE (F)
 YESTERDAY
  MAXIMUM         97    119 PM 106    1995  89      8       85
  MINIMUM         64    521 AM  46    1983  57      7       55
  AVERAGE         81                        73      8       70

PRECIPITATION (IN)
  YESTERDAY        0.00          0.08 1984   0.01  -0.01     0.00
  MONTH TO DATE    0.00                      0.11  -0.11     2.38
  SINCE OCT 1     13.19                     15.58  -2.39    12.02
  SINCE JAN 1      9.66                     11.44  -1.78     7.42

DEGREE DAYS
 HEATING
  YESTERDAY        0                         0      0        0
  MONTH TO DATE    0                         0      0        0
  SINCE JUN 1      4                        27    -23        8
  SINCE JUL 1      0                         0      0        0

 COOLING
  YESTERDAY       16                         8      8        5
  MONTH TO DATE  239                       189     50      179
  SINCE JUN 1    433                       275    158      371
  SINCE JAN 1    445                       302    143      406
..................................................................


WIND (MPH)
  RESULTANT WIND SPEED   4   RESULTANT WIND DIRECTION   W (290)
  HIGHEST WIND SPEED    16   HIGHEST WIND DIRECTION     W (280)
  HIGHEST GUST SPEED    20   HIGHEST GUST DIRECTION     W (270)
  AVERAGE WIND SPEED     4.3


SKY COVER
  POSSIBLE SUNSHINE  MM
  AVERAGE SKY COVER 0.0


WEATHER CONDITIONS
 THE FOLLOWING WEATHER WAS RECORDED YESTERDAY.
  NO SIGNIFICANT WEATHER WAS OBSERVED.


RELATIVE HUMIDITY (PERCENT)
 HIGHEST    63           200 AM
 LOWEST     23           400 PM
 AVERAGE    43

..........................................................


THE RAMONA AIRPORT CA CLIMATE NORMALS FOR TODAY
                         NORMAL    RECORD    YEAR
 MAXIMUM TEMPERATURE (F)   89       102      1980
 MINIMUM TEMPERATURE (F)   57        48      2012
                                             1986


SUNRISE AND SUNSET
JULY 28 2016..........SUNRISE   559 AM PDT   SUNSET   749 PM PDT
JULY 29 2016..........SUNRISE   559 AM PDT   SUNSET   748 PM PDT


-  INDICATES NEGATIVE NUMBERS.
R  INDICATES RECORD WAS SET OR TIED.
MM INDICATES DATA IS MISSING.
T  INDICATES TRACE AMOUNT.




$$
