000
CDUS46 KSGX 010022
CLIRNM


CLIMATE REPORT
NATIONAL WEATHER SERVICE SAN DIEGO, CA
522 PM PDT SUN APR 30 2017


...................................

...THE RAMONA AIRPORT CA CLIMATE SUMMARY FOR APRIL 30 2017...
VALID TODAY AS OF 0500 PM LOCAL TIME.

CLIMATE NORMAL PERIOD 1981 TO 2010
CLIMATE RECORD PERIOD 1974 TO 2017


WEATHER ITEM   OBSERVED TIME   RECORD YEAR NORMAL DEPARTURE LAST
                VALUE   (LST)  VALUE       VALUE  FROM      YEAR
                                                  NORMAL
..................................................................
TEMPERATURE (F)
 TODAY
  MAXIMUM         87   1249 PM  93    1996  73     14       66
  MINIMUM         40    504 AM  36    2009  45     -5       46
  AVERAGE         64                        59      5       56

PRECIPITATION (IN)
  TODAY            0.00          0.14 1999   0.03  -0.03     0.02
  MONTH TO DATE    T                         1.40  -1.40     1.35
  SINCE OCT 1     21.58                     15.05   6.53    12.94
  SINCE JAN 1     14.56                     10.91   3.65     9.41

DEGREE DAYS
 HEATING
  TODAY            1                         7     -6        9
  MONTH TO DATE  147                       277   -130      196
  SINCE MAR 1    374                       651   -277      510
  SINCE JUL 1   1809                      2392   -583     2013

 COOLING
  TODAY            0                         0      0        0
  MONTH TO DATE    9                         4      5        1
  SINCE MAR 1     12                         4      8        1
  SINCE JAN 1     12                         5      7        6
..................................................................


WIND (MPH)
  RESULTANT WIND SPEED   2   RESULTANT WIND DIRECTION   W (250)
  HIGHEST WIND SPEED    18   HIGHEST WIND DIRECTION     W (270)
  HIGHEST GUST SPEED    39   HIGHEST GUST DIRECTION    NE (30)
  AVERAGE WIND SPEED     4.5


SKY COVER
  POSSIBLE SUNSHINE  MM
  AVERAGE SKY COVER 0.0


WEATHER CONDITIONS
 THE FOLLOWING WEATHER WAS RECORDED TODAY.
  NO SIGNIFICANT WEATHER WAS OBSERVED.


RELATIVE HUMIDITY (PERCENT)
 HIGHEST    76           200 AM
 LOWEST     11          1000 AM
 AVERAGE    44

..........................................................


THE RAMONA AIRPORT CA CLIMATE NORMALS FOR TOMORROW
                         NORMAL    RECORD    YEAR
 MAXIMUM TEMPERATURE (F)   73        92      2015
 MINIMUM TEMPERATURE (F)   45        33      2011


SUNRISE AND SUNSET
APRIL 30 2017.........SUNRISE   601 AM PDT   SUNSET   729 PM PDT
MAY  1 2017...........SUNRISE   600 AM PDT   SUNSET   730 PM PDT


-  INDICATES NEGATIVE NUMBERS.
R  INDICATES RECORD WAS SET OR TIED.
MM INDICATES DATA IS MISSING.
T  INDICATES TRACE AMOUNT.




$$
