000
CDUS46 KSGX 300035
CLIRNM


CLIMATE REPORT
NATIONAL WEATHER SERVICE SAN DIEGO, CA
535 PM PDT FRI APR 29 2016


...................................

...THE RAMONA AIRPORT CA CLIMATE SUMMARY FOR APRIL 29 2016...
VALID TODAY AS OF 0500 PM LOCAL TIME.

CLIMATE NORMAL PERIOD 1981 TO 2010
CLIMATE RECORD PERIOD 1974 TO 2016


WEATHER ITEM   OBSERVED TIME   RECORD YEAR NORMAL DEPARTURE LAST
                VALUE   (LST)  VALUE       VALUE  FROM      YEAR
                                                  NORMAL
..................................................................
TEMPERATURE (F)
 TODAY
  MAXIMUM         72   1245 PM  93    2015  73     -1       93
  MINIMUM         40    454 AM  36    1974  44     -4       46
  AVERAGE         56                        58     -2       70

PRECIPITATION (IN)
  TODAY            0.00          0.68 1999   0.04  -0.04     0.00
  MONTH TO DATE    1.33                      1.37  -0.04     0.49
  SINCE OCT 1     12.92                     15.02  -2.10     7.93
  SINCE JAN 1      9.39                     10.88  -1.49     3.33

DEGREE DAYS
 HEATING
  TODAY            9                         7      2        0
  MONTH TO DATE  187                       270    -83      195
  SINCE MAR 1    501                       645   -144      388
  SINCE JUL 1   2004                      2386   -382     1572

 COOLING
  TODAY            0                         0      0        5
  MONTH TO DATE    1                         0      1        6
  SINCE MAR 1      1                         0      1       13
  SINCE JAN 1      6                         1      5       15
..................................................................


WIND (MPH)
  RESULTANT WIND SPEED   2   RESULTANT WIND DIRECTION   W (260)
  HIGHEST WIND SPEED    17   HIGHEST WIND DIRECTION     W (280)
  HIGHEST GUST SPEED    22   HIGHEST GUST DIRECTION     W (270)
  AVERAGE WIND SPEED     5.3


SKY COVER
  POSSIBLE SUNSHINE  MM
  AVERAGE SKY COVER 0.4


WEATHER CONDITIONS
 THE FOLLOWING WEATHER WAS RECORDED TODAY.
  FOG


RELATIVE HUMIDITY (PERCENT)
 HIGHEST    93           400 AM
 LOWEST     44           100 PM
 AVERAGE    69

..........................................................


THE RAMONA AIRPORT CA CLIMATE NORMALS FOR TOMORROW
                         NORMAL    RECORD    YEAR
 MAXIMUM TEMPERATURE (F)   73        93      1996
 MINIMUM TEMPERATURE (F)   45        36      2009


SUNRISE AND SUNSET
APRIL 29 2016.........SUNRISE   602 AM PDT   SUNSET   729 PM PDT
APRIL 30 2016.........SUNRISE   601 AM PDT   SUNSET   730 PM PDT


-  INDICATES NEGATIVE NUMBERS.
R  INDICATES RECORD WAS SET OR TIED.
MM INDICATES DATA IS MISSING.
T  INDICATES TRACE AMOUNT.




$$
