139
CDUS46 KSGX 230117
CLIRNM


CLIMATE REPORT
NATIONAL WEATHER SERVICE SAN DIEGO, CA
517 PM PST MON JAN 22 2018


...................................

...THE RAMONA AIRPORT CA CLIMATE SUMMARY FOR JANUARY 22 2018...
VALID TODAY AS OF 0500 PM LOCAL TIME.

CLIMATE NORMAL PERIOD 1981 TO 2010
CLIMATE RECORD PERIOD 1974 TO 2018


WEATHER ITEM   OBSERVED TIME   RECORD YEAR NORMAL DEPARTURE LAST
                VALUE   (LST)  VALUE       VALUE  FROM      YEAR
                                                  NORMAL
..................................................................
TEMPERATURE (F)
 TODAY
  MAXIMUM         67    142 PM  82    2013  65      2       54
                                      1994
  MINIMUM         32    704 AM  23    2007  35     -3       38
  AVERAGE         50                        50      0       46

PRECIPITATION (IN)
  TODAY            0.00          1.18 2017   0.11  -0.11     1.18
  MONTH TO DATE    3.29                      2.64   0.65     6.11
  SINCE OCT 1      3.33                      6.78  -3.45    13.13
  SINCE JAN 1      3.29                      2.64   0.65     6.11

DEGREE DAYS
 HEATING
  TODAY           15                        15      0       19
  MONTH TO DATE  171                       330   -159      324
  SINCE DEC 1    480                       807   -327      716
  SINCE JUL 1    661                      1218   -557      967

 COOLING
  TODAY            0                         0      0        0
  MONTH TO DATE    3                         0      3        0
  SINCE DEC 1      4                         0      4        1
  SINCE JAN 1      3                         0      3        0
..................................................................


WIND (MPH)
  RESULTANT WIND SPEED   3   RESULTANT WIND DIRECTION   E (70)
  HIGHEST WIND SPEED    16   HIGHEST WIND DIRECTION     E (80)
  HIGHEST GUST SPEED    20   HIGHEST GUST DIRECTION     E (70)
  AVERAGE WIND SPEED     4.9


SKY COVER
  POSSIBLE SUNSHINE  MM
  AVERAGE SKY COVER 0.0


WEATHER CONDITIONS
 THE FOLLOWING WEATHER WAS RECORDED TODAY.
  FOG


RELATIVE HUMIDITY (PERCENT)
 HIGHEST    96           200 AM
 LOWEST     13           100 PM
 AVERAGE    55

..........................................................


THE RAMONA AIRPORT CA CLIMATE NORMALS FOR TOMORROW
                         NORMAL    RECORD    YEAR
 MAXIMUM TEMPERATURE (F)   65        82      1994
 MINIMUM TEMPERATURE (F)   35        23      2007


SUNRISE AND SUNSET
JANUARY 22 2018.......SUNRISE   648 AM PST   SUNSET   510 PM PST
JANUARY 23 2018.......SUNRISE   648 AM PST   SUNSET   511 PM PST


-  INDICATES NEGATIVE NUMBERS.
R  INDICATES RECORD WAS SET OR TIED.
MM INDICATES DATA IS MISSING.
T  INDICATES TRACE AMOUNT.




$$
