934
CDUS45 KREV 240840
CLIRNO


CLIMATE REPORT
NATIONAL WEATHER SERVICE RENO NV
1239 AM PST SAT FEB 24 2018


...................................

...THE RENO-TAHOE INTL AIRPORT NV CLIMATE SUMMARY FOR FEBRUARY 23 2018...

CLIMATE NORMAL PERIOD 1981 TO 2010
CLIMATE RECORD PERIOD 1888 TO 2018


WEATHER ITEM   OBSERVED TIME   RECORD YEAR NORMAL DEPARTURE LAST
                VALUE   (LST)  VALUE       VALUE  FROM      YEAR
                                                  NORMAL
..................................................................
TEMPERATURE (F)
 YESTERDAY
  MAXIMUM         32    414 PM  71    1995  53    -21       36
  MINIMUM         20    536 AM -11    1897  30    -10       25
  AVERAGE         26                        42    -16       31

PRECIPITATION (IN)
  YESTERDAY        T             0.61 2008   0.04  -0.04     0.01
  MONTH TO DATE    0.16                      0.82  -0.66     3.39
  SINCE OCT 1      2.40                      4.21  -1.81    12.75
  SINCE JAN 1      0.83                      1.85  -1.02     8.96

SNOWFALL (IN)
  YESTERDAY        T             6.2  1987   0.2   -0.2       T
  MONTH TO DATE    1.9                       4.1   -2.2      3.7
  SINCE DEC 1      2.9                      14.6  -11.7     23.4
  SINCE JUL 1      2.9                      18.1  -15.2     24.0
  SNOW DEPTH       T

DEGREE DAYS
 HEATING
  YESTERDAY       39                        23     16       34
  MONTH TO DATE  588                       588      0      498
  SINCE DEC 1   2160                      2422   -262     2338
  SINCE JUL 1   3100                      3525   -425     3216

 COOLING
  YESTERDAY        0                         0      0        0
  MONTH TO DATE    0                         0      0        0
  SINCE DEC 1      0                         0      0        0
  SINCE JAN 1      0                         0      0        0
..................................................................


WIND (MPH)
  RESULTANT WIND SPEED   3   RESULTANT WIND DIRECTION   N (20)
  HIGHEST WIND SPEED    13   HIGHEST WIND DIRECTION    NE (40)
  HIGHEST GUST SPEED    16   HIGHEST GUST DIRECTION     N (350)
  AVERAGE WIND SPEED     5.7



WEATHER CONDITIONS
 THE FOLLOWING WEATHER WAS RECORDED YESTERDAY.
  LIGHT SNOW


RELATIVE HUMIDITY (PERCENT)
 HIGHEST    77          1200 AM
 LOWEST     39           200 PM
 AVERAGE    58

..........................................................


THE RENO-TAHOE INTL AIRPORT NV CLIMATE NORMALS FOR TODAY
                         NORMAL    RECORD    YEAR
 MAXIMUM TEMPERATURE (F)   54        71      1995
                                             1986
 MINIMUM TEMPERATURE (F)   31        -3      1897


SUNRISE AND SUNSET
FEBRUARY 24 2018......SUNRISE   639 AM PST   SUNSET   546 PM PST
FEBRUARY 25 2018......SUNRISE   638 AM PST   SUNSET   547 PM PST


-  INDICATES NEGATIVE NUMBERS.
R  INDICATES RECORD WAS SET OR TIED.
MM INDICATES DATA IS MISSING.
T  INDICATES TRACE AMOUNT.




$$
