000
CDUS45 KREV 210844
CLIRNO


CLIMATE REPORT
NATIONAL WEATHER SERVICE RENO NV
144 AM PDT THU AUG 21 2014


...................................

...THE RENO TAHOE AIRPORT NV CLIMATE SUMMARY FOR AUGUST 20 2014...

CLIMATE NORMAL PERIOD 1981 TO 2010
CLIMATE RECORD PERIOD 1888 TO 2014


WEATHER ITEM   OBSERVED TIME   RECORD YEAR NORMAL DEPARTURE LAST
                VALUE   (LST)  VALUE       VALUE  FROM      YEAR
                                                  NORMAL
..................................................................
TEMPERATURE (F)
 YESTERDAY
  MAXIMUM         92    141 PM 101    2009  90      2       95
  MINIMUM         63    557 AM  36    1974  55      8       66
                                      1963
  AVERAGE         78                        72      6       81

PRECIPITATION (IN)
  YESTERDAY        0.00          0.26 1975   0.01  -0.01      T
  MONTH TO DATE    1.08                      0.17   0.91     1.04
  SINCE OCT 1      4.24                      6.99  -2.75     6.04
  SINCE JAN 1      3.28                      4.63  -1.35     3.00

SNOWFALL (IN)
  YESTERDAY        0.0           0.0    MM   0.0    0.0      0.0
  MONTH TO DATE    0.0                       0.0    0.0       T
  SINCE JUN 1      0.0                       T      0.0       T
  SINCE JUL 1      0.0                       0.0    0.0       T
  SNOW DEPTH       0

DEGREE DAYS
 HEATING
  YESTERDAY        0                         0      0        0
  MONTH TO DATE    4                         0      4        0
  SINCE JUN 1     14                        61    -47       16
  SINCE JUL 1      4                         5     -1        0

 COOLING
  YESTERDAY       13                         8      5       16
  MONTH TO DATE  204                       188     16      205
  SINCE JUN 1    906                       638    268      908
  SINCE JAN 1    953                       675    278      944
..................................................................


WIND (MPH)
  RESULTANT WIND SPEED   7   RESULTANT WIND DIRECTION   W (290)
  HIGHEST WIND SPEED    25   HIGHEST WIND DIRECTION    NW (300)
  HIGHEST GUST SPEED    34   HIGHEST GUST DIRECTION     W (290)
  AVERAGE WIND SPEED     9.1



WEATHER CONDITIONS
 THE FOLLOWING WEATHER WAS RECORDED YESTERDAY.
  NO SIGNIFICANT WEATHER WAS OBSERVED.


RELATIVE HUMIDITY (PERCENT)
 HIGHEST    43           600 AM
 LOWEST     10           400 PM
 AVERAGE    27

..........................................................


THE RENO TAHOE AIRPORT NV CLIMATE NORMALS FOR TODAY
                         NORMAL    RECORD    YEAR
 MAXIMUM TEMPERATURE (F)   90       100      1982
 MINIMUM TEMPERATURE (F)   55        34      1968


SUNRISE AND SUNSET
AUGUST 21 2014........SUNRISE   617 AM PDT   SUNSET   746 PM PDT
AUGUST 22 2014........SUNRISE   618 AM PDT   SUNSET   745 PM PDT


-  INDICATES NEGATIVE NUMBERS.
R  INDICATES RECORD WAS SET OR TIED.
MM INDICATES DATA IS MISSING.
T  INDICATES TRACE AMOUNT.




$$
