000
CDUS45 KREV 200849
CLIRNO


CLIMATE REPORT
NATIONAL WEATHER SERVICE RENO NV
1249 AM PST FRI JAN 20 2017


...................................

...THE RENO TAHOE AIRPORT NV CLIMATE SUMMARY FOR JANUARY 19 2017...

CLIMATE NORMAL PERIOD 1981 TO 2010
CLIMATE RECORD PERIOD 1888 TO 2017


WEATHER ITEM   OBSERVED TIME   RECORD YEAR NORMAL DEPARTURE LAST
                VALUE   (LST)  VALUE       VALUE  FROM      YEAR
                                                  NORMAL
..................................................................
TEMPERATURE (F)
 YESTERDAY
  MAXIMUM         46    242 PM  67    1986  46      0       56
  MINIMUM         33    730 AM  -4    1952  26      7       36
  AVERAGE         40                        36      4       46

PRECIPITATION (IN)
  YESTERDAY        0.03          0.73 1969   0.03   0.00     0.16
  MONTH TO DATE    4.71                      0.69   4.02     0.66
  SINCE OCT 1      8.50                      3.05   5.45     4.61
  SINCE JAN 1      4.71                      0.69   4.02     0.66

SNOWFALL (IN)
  YESTERDAY        0.1          10.5  1933   0.1    0.0      0.0
  MONTH TO DATE    9.5                       4.1    5.4      3.1
  SINCE DEC 1     10.3                       9.0    1.3      9.4
  SINCE JUL 1     10.9                      12.5   -1.6     14.5
  SNOW DEPTH       0

DEGREE DAYS
 HEATING
  YESTERDAY       25                        29     -4       19
  MONTH TO DATE  591                       569     22      566
  SINCE DEC 1   1454                      1490    -36     1461
  SINCE JUL 1   2332                      2593   -261     2454

 COOLING
  YESTERDAY        0                         0      0        0
  MONTH TO DATE    0                         0      0        0
  SINCE DEC 1      0                         0      0        0
  SINCE JAN 1      0                         0      0        0
..................................................................


WIND (MPH)
  RESULTANT WIND SPEED   2   RESULTANT WIND DIRECTION  SW (230)
  HIGHEST WIND SPEED    33   HIGHEST WIND DIRECTION     S (170)
  HIGHEST GUST SPEED    46   HIGHEST GUST DIRECTION     S (180)
  AVERAGE WIND SPEED     6.2



WEATHER CONDITIONS
 THE FOLLOWING WEATHER WAS RECORDED YESTERDAY.
  LIGHT RAIN
  LIGHT SNOW
  FOG


RELATIVE HUMIDITY (PERCENT)
 HIGHEST    92           900 AM
 LOWEST     53           200 PM
 AVERAGE    73

..........................................................


THE RENO TAHOE AIRPORT NV CLIMATE NORMALS FOR TODAY
                         NORMAL    RECORD    YEAR
 MAXIMUM TEMPERATURE (F)   46        65      1950
 MINIMUM TEMPERATURE (F)   26       -12      1937


SUNRISE AND SUNSET
JANUARY 20 2017.......SUNRISE   715 AM PST   SUNSET   506 PM PST
JANUARY 21 2017.......SUNRISE   715 AM PST   SUNSET   507 PM PST


-  INDICATES NEGATIVE NUMBERS.
R  INDICATES RECORD WAS SET OR TIED.
MM INDICATES DATA IS MISSING.
T  INDICATES TRACE AMOUNT.




$$
