000
CDUS45 KREV 280038
CLIRNO


CLIMATE REPORT
NATIONAL WEATHER SERVICE RENO NV
538 PM PDT SAT MAY 27 2017


...................................

...THE RENO-TAHOE INTL AIRPORT NV CLIMATE SUMMARY FOR MAY 27 2017...
VALID TODAY AS OF 0500 PM LOCAL TIME.

CLIMATE NORMAL PERIOD 1981 TO 2010
CLIMATE RECORD PERIOD 1888 TO 2017


WEATHER ITEM   OBSERVED TIME   RECORD YEAR NORMAL DEPARTURE LAST
                VALUE   (LST)  VALUE       VALUE  FROM      YEAR
                                                  NORMAL
..................................................................
TEMPERATURE (F)
 TODAY
  MAXIMUM         81    329 PM  95    2003  77      4       79
  MINIMUM         51    518 AM  30    1893  48      3       49
  AVERAGE         66                        62      4       64

PRECIPITATION (IN)
  TODAY            0.00          0.56 1901   0.02  -0.02     0.00
  MONTH TO DATE    0.61                      0.43   0.18     1.16
  SINCE OCT 1     14.94                      6.07   8.87     9.16
  SINCE JAN 1     11.15                      3.71   7.44     5.21

SNOWFALL (IN)
  TODAY            0.0           0.0    MM   0.0    0.0      0.0
  MONTH TO DATE    0.0                       0.3   -0.3      0.2
  SINCE MAR 1      2.9                       2.8    0.1      7.0
  SINCE JUL 1     27.0                      21.8    5.2     31.1
  SNOW DEPTH       0

DEGREE DAYS
 HEATING
  TODAY            0                         4     -4        1
  MONTH TO DATE  134                       190    -56      171
  SINCE MAR 1   1028                      1214   -186      979
  SINCE JUL 1   4401                      4852   -451     4316

 COOLING
  TODAY            1                         2     -1        0
  MONTH TO DATE   36                        26     10       12
  SINCE MAR 1     36                        27      9       12
  SINCE JAN 1     36                        27      9       12
..................................................................


WIND (MPH)
  RESULTANT WIND SPEED   3   RESULTANT WIND DIRECTION   E (90)
  HIGHEST WIND SPEED    15   HIGHEST WIND DIRECTION     E (70)
  HIGHEST GUST SPEED    22   HIGHEST GUST DIRECTION    SE (120)
  AVERAGE WIND SPEED     4.9



WEATHER CONDITIONS
 THE FOLLOWING WEATHER WAS RECORDED TODAY.
  NO SIGNIFICANT WEATHER WAS OBSERVED.


RELATIVE HUMIDITY (PERCENT)
 HIGHEST    50           300 AM
 LOWEST      9           400 PM
 AVERAGE    30

..........................................................


THE RENO-TAHOE INTL AIRPORT NV CLIMATE NORMALS FOR TOMORROW
                         NORMAL    RECORD    YEAR
 MAXIMUM TEMPERATURE (F)   77        97      2003
 MINIMUM TEMPERATURE (F)   48        31      1982
                                             1977
                                             1895


SUNRISE AND SUNSET
MAY 27 2017...........SUNRISE   536 AM PDT   SUNSET   817 PM PDT
MAY 28 2017...........SUNRISE   536 AM PDT   SUNSET   818 PM PDT


-  INDICATES NEGATIVE NUMBERS.
R  INDICATES RECORD WAS SET OR TIED.
MM INDICATES DATA IS MISSING.
T  INDICATES TRACE AMOUNT.




$$
