000
CDUS45 KREV 241024
CLIRNO


CLIMATE REPORT
NATIONAL WEATHER SERVICE RENO NV
323 AM PDT MON JUL 24 2017


...................................

...THE RENO-TAHOE INTL AIRPORT NV CLIMATE SUMMARY FOR JULY 23 2017...

CLIMATE NORMAL PERIOD 1981 TO 2010
CLIMATE RECORD PERIOD 1888 TO 2017


WEATHER ITEM   OBSERVED TIME   RECORD YEAR NORMAL DEPARTURE LAST
                VALUE   (LST)  VALUE       VALUE  FROM      YEAR
                                                  NORMAL
..................................................................
TEMPERATURE (F)
 YESTERDAY
  MAXIMUM        102    258 PM 103    1942  94      8       93
  MINIMUM         66    502 AM  38    1965  59      7       57
                                      1947
  AVERAGE         84                        76      8       75

PRECIPITATION (IN)
  YESTERDAY        0.00          0.91 1913   0.00   0.00     0.00
  MONTH TO DATE    T                         0.12  -0.12     0.00
  SINCE OCT 1     15.06                      6.76   8.30     9.16
  SINCE JAN 1     11.27                      4.40   6.87     5.21

SNOWFALL (IN)
  YESTERDAY        0.0           0.0    MM   0.0    0.0      0.0
  MONTH TO DATE    0.0                       0.0    0.0      0.0
  SINCE JUN 1      0.0                       T      0.0      0.0
  SINCE JUL 1      0.0                       0.0    0.0      0.0
  SNOW DEPTH       0

DEGREE DAYS
 HEATING
  YESTERDAY        0                         0      0        0
  MONTH TO DATE    0                         0      0        0
  SINCE JUN 1     45                        56    -11       15
  SINCE JUL 1      0                         0      0        0

 COOLING
  YESTERDAY       19                        11      8       10
  MONTH TO DATE  364                       226    138      227
  SINCE JUN 1    641                       362    279      491
  SINCE JAN 1    695                       399    296      519
..................................................................


WIND (MPH)
  RESULTANT WIND SPEED   4   RESULTANT WIND DIRECTION   W (290)
  HIGHEST WIND SPEED    22   HIGHEST WIND DIRECTION    NW (300)
  HIGHEST GUST SPEED    28   HIGHEST GUST DIRECTION    NW (300)
  AVERAGE WIND SPEED     6.9



WEATHER CONDITIONS
 THE FOLLOWING WEATHER WAS RECORDED YESTERDAY.
  NO SIGNIFICANT WEATHER WAS OBSERVED.


RELATIVE HUMIDITY (PERCENT)
 HIGHEST    45           400 AM
 LOWEST     10           300 PM
 AVERAGE    28

..........................................................


THE RENO-TAHOE INTL AIRPORT NV CLIMATE NORMALS FOR TODAY
                         NORMAL    RECORD    YEAR
 MAXIMUM TEMPERATURE (F)   94       102      2010
                                             1928
 MINIMUM TEMPERATURE (F)   59        38      1947


SUNRISE AND SUNSET
JULY 24 2017..........SUNRISE   552 AM PDT   SUNSET   819 PM PDT
JULY 25 2017..........SUNRISE   553 AM PDT   SUNSET   818 PM PDT


-  INDICATES NEGATIVE NUMBERS.
R  INDICATES RECORD WAS SET OR TIED.
MM INDICATES DATA IS MISSING.
T  INDICATES TRACE AMOUNT.




$$
