000
CDUS45 KREV 260844
CLIRNO


CLIMATE REPORT
NATIONAL WEATHER SERVICE RENO NV
1242 AM PST SUN FEB 26 2017


...................................

...THE RENO TAHOE AIRPORT NV CLIMATE SUMMARY FOR FEBRUARY 25 2017...

CLIMATE NORMAL PERIOD 1981 TO 2010
CLIMATE RECORD PERIOD 1888 TO 2017


WEATHER ITEM   OBSERVED TIME   RECORD YEAR NORMAL DEPARTURE LAST
                VALUE   (LST)  VALUE       VALUE  FROM      YEAR
                                                  NORMAL
..................................................................
TEMPERATURE (F)
 YESTERDAY
  MAXIMUM         38    251 PM  73    1963  54    -16       70
  MINIMUM         27    841 AM   4    1897  31     -4       33
  AVERAGE         33                        42     -9       52

PRECIPITATION (IN)
  YESTERDAY        0.03          1.90 1904   0.04  -0.01     0.00
  MONTH TO DATE    3.42                      0.90   2.52     0.42
  SINCE OCT 1     12.78                      4.29   8.49     6.07
  SINCE JAN 1      8.99                      1.93   7.06     2.12

SNOWFALL (IN)
  YESTERDAY        0.1           5.7  1969   0.1    0.0      0.0
  MONTH TO DATE    3.8                       4.4   -0.6      1.2
  SINCE DEC 1     23.5                      14.9    8.6     19.0
  SINCE JUL 1     24.1                      18.4    5.7     24.1
  SNOW DEPTH       T

DEGREE DAYS
 HEATING
  YESTERDAY       32                        23      9       13
  MONTH TO DATE  566                       634    -68      556
  SINCE DEC 1   2406                      2468    -62     2291
  SINCE JUL 1   3284                      3571   -287     3284

 COOLING
  YESTERDAY        0                         0      0        0
  MONTH TO DATE    0                         0      0        0
  SINCE DEC 1      0                         0      0        0
  SINCE JAN 1      0                         0      0        0
..................................................................


WIND (MPH)
  RESULTANT WIND SPEED   3   RESULTANT WIND DIRECTION   N (20)
  HIGHEST WIND SPEED     9   HIGHEST WIND DIRECTION     N (360)
  HIGHEST GUST SPEED    MM   HIGHEST GUST DIRECTION    MM
  AVERAGE WIND SPEED     3.9



WEATHER CONDITIONS
 THE FOLLOWING WEATHER WAS RECORDED YESTERDAY.
  LIGHT SNOW
  FOG


RELATIVE HUMIDITY (PERCENT)
 HIGHEST    92           800 AM
 LOWEST     52           300 PM
 AVERAGE    72

..........................................................


THE RENO TAHOE AIRPORT NV CLIMATE NORMALS FOR TODAY
                         NORMAL    RECORD    YEAR
 MAXIMUM TEMPERATURE (F)   54        72      1908
 MINIMUM TEMPERATURE (F)   31       -10      1962


SUNRISE AND SUNSET
FEBRUARY 26 2017......SUNRISE   636 AM PST   SUNSET   549 PM PST
FEBRUARY 27 2017......SUNRISE   634 AM PST   SUNSET   550 PM PST


-  INDICATES NEGATIVE NUMBERS.
R  INDICATES RECORD WAS SET OR TIED.
MM INDICATES DATA IS MISSING.
T  INDICATES TRACE AMOUNT.




$$
