758
CDUS41 KRNK 240938
CLIROA


CLIMATE REPORT
NATIONAL WEATHER SERVICE BLACKSBURG VA
434 AM EST TUE JAN 24 2017


...................................

...THE ROANOKE VA CLIMATE SUMMARY FOR JANUARY 23 2017...

CLIMATE NORMAL PERIOD 1981 TO 2010
CLIMATE RECORD PERIOD 1912 TO 2017


WEATHER ITEM   OBSERVED TIME   RECORD YEAR NORMAL DEPARTURE LAST
                VALUE   (LST)  VALUE       VALUE  FROM      YEAR
                                                  NORMAL
..................................................................
TEMPERATURE (F)
 YESTERDAY
  MAXIMUM         50    657 AM  73    1974  46      4       27
                                      1967
  MINIMUM         39   1159 PM   0    1936  28     11       19
  AVERAGE         45                        37      8       23

PRECIPITATION (IN)
  YESTERDAY        1.87R         0.91 1999   0.09   1.78     0.22
  MONTH TO DATE    4.02                      2.16   1.86     2.99
  SINCE DEC 1      6.81                      5.10   1.71     7.54
  SINCE JAN 1      4.02                      2.16   1.86     2.99

SNOWFALL (IN)
  YESTERDAY        0.0                                       2.0
  MONTH TO DATE    4.5                                      13.5
  SINCE DEC 1      4.5                                      13.5
  SINCE JUL 1      4.5                                      13.5
  SNOW DEPTH       0

DEGREE DAYS
 HEATING
  YESTERDAY       20                        28     -8       42
  MONTH TO DATE  536                       661   -125      737
  SINCE DEC 1   1295                      1467   -172     1198
  SINCE JUL 1   1823                      2271   -448     1840

 COOLING
  YESTERDAY        0                         0      0        0
  MONTH TO DATE    0                         0      0        0
  SINCE DEC 1      0                         0      0        0
  SINCE JAN 1      0                         0      0        0
..................................................................


WIND (MPH)
  HIGHEST WIND SPEED    26   HIGHEST WIND DIRECTION    NE (30)
  HIGHEST GUST SPEED    35   HIGHEST GUST DIRECTION    NE (30)
  AVERAGE WIND SPEED    10.5


SKY COVER
  AVERAGE SKY COVER 1.0


WEATHER CONDITIONS
 THE FOLLOWING WEATHER WAS RECORDED YESTERDAY.
  HEAVY RAIN
  RAIN
  LIGHT RAIN
  FOG


RELATIVE HUMIDITY (PERCENT)
 HIGHEST    93          1200 AM
 LOWEST     79          1000 PM
 AVERAGE    86

..........................................................


THE ROANOKE VA CLIMATE NORMALS FOR TODAY
                         NORMAL    RECORD    YEAR
 MAXIMUM TEMPERATURE (F)   46        74      1950
 MINIMUM TEMPERATURE (F)   28        -4      1963


SUNRISE AND SUNSET
JANUARY 24 2017.......SUNRISE   729 AM EST   SUNSET   536 PM EST
JANUARY 25 2017.......SUNRISE   728 AM EST   SUNSET   537 PM EST


-  INDICATES NEGATIVE NUMBERS.
R  INDICATES RECORD WAS SET OR TIED.
MM INDICATES DATA IS MISSING.
T  INDICATES TRACE AMOUNT.

$$
RCS
