000
CDUS41 KRNK 031046
CLIROA


CLIMATE REPORT
NATIONAL WEATHER SERVICE BLACKSBURG VA
539 AM EST TUE MAR 3 2015


...................................

...THE ROANOKE VA CLIMATE SUMMARY FOR MARCH 2 2015...

CLIMATE NORMAL PERIOD 1981 TO 2010
CLIMATE RECORD PERIOD 1912 TO 2015


WEATHER ITEM   OBSERVED TIME   RECORD YEAR NORMAL DEPARTURE LAST
                VALUE   (LST)  VALUE       VALUE  FROM      YEAR
                                                  NORMAL
..................................................................
TEMPERATURE (F)
 YESTERDAY
  MAXIMUM         49    308 PM  80    1992  53     -4       67
  MINIMUM         35   1203 AM  12    1914  33      2       35
  AVERAGE         42                        43     -1       51

PRECIPITATION (IN)
  YESTERDAY        T             1.56 1994   0.09  -0.09     0.21
  MONTH TO DATE    T                         0.19  -0.19     0.21
  SINCE MAR 1      T                         0.19  -0.19     0.21
  SINCE JAN 1      3.92                      6.00  -2.08     6.49

SNOWFALL (IN)
  YESTERDAY        0.0
  MONTH TO DATE    0.0
  SINCE MAR 1      0.0
  SINCE JUL 1     19.8
  SNOW DEPTH       4

DEGREE DAYS
 HEATING
  YESTERDAY       23                        22      1       14
  MONTH TO DATE   56                        44     12       42
  SINCE MAR 1     56                        44     12       42
  SINCE JUL 1   3485                      3249    236     3444

 COOLING
  YESTERDAY        0                         0      0        0
  MONTH TO DATE    0                         0      0        0
  SINCE MAR 1      0                         0      0        0
  SINCE JAN 1      0                         0      0        0
..................................................................


WIND (MPH)
  HIGHEST WIND SPEED    29   HIGHEST WIND DIRECTION     W (290)
  HIGHEST GUST SPEED    40   HIGHEST GUST DIRECTION     W (290)
  AVERAGE WIND SPEED    10.5


SKY COVER
  POSSIBLE SUNSHINE  MM
  AVERAGE SKY COVER 0.4


WEATHER CONDITIONS
 THE FOLLOWING WEATHER WAS RECORDED YESTERDAY.
  LIGHT RAIN


RELATIVE HUMIDITY (PERCENT)
 HIGHEST    86           400 AM
 LOWEST     27           600 PM
 AVERAGE    57

..........................................................


THE ROANOKE VA CLIMATE NORMALS FOR TODAY
                         NORMAL    RECORD    YEAR
 MAXIMUM TEMPERATURE (F)   54        84      1976
 MINIMUM TEMPERATURE (F)   33        10      1980


SUNRISE AND SUNSET
MARCH  3 2015.........SUNRISE   649 AM EST   SUNSET   616 PM EST
MARCH  4 2015.........SUNRISE   647 AM EST   SUNSET   617 PM EST


-  INDICATES NEGATIVE NUMBERS.
R  INDICATES RECORD WAS SET OR TIED.
MM INDICATES DATA IS MISSING.
T  INDICATES TRACE AMOUNT.




$$
