000
CDUS41 KRNK 200935
CLIROA


CLIMATE REPORT
NATIONAL WEATHER SERVICE BLACKSBURG VA
533 AM EDT WED AUG 20 2014


...................................

...THE ROANOKE VA CLIMATE SUMMARY FOR AUGUST 19 2014...

CLIMATE NORMAL PERIOD 1981 TO 2010
CLIMATE RECORD PERIOD 1912 TO 2014


WEATHER ITEM   OBSERVED TIME   RECORD YEAR NORMAL DEPARTURE LAST
                VALUE   (LST)  VALUE       VALUE  FROM      YEAR
                                                  NORMAL
..................................................................
TEMPERATURE (F)
 YESTERDAY
  MAXIMUM         79    617 PM  98    1929  86     -7       77
                                      1914
  MINIMUM         67   1120 PM  52    1943  65      2       64
                                      1924
  AVERAGE         73                        75     -2       71

PRECIPITATION (IN)
  YESTERDAY        0.05          1.59 1920   0.11  -0.06     0.07
  MONTH TO DATE    4.65                      2.13   2.52     1.76
  SINCE JUN 1     11.10                     10.00   1.10    20.98
  SINCE JAN 1     26.70                     26.70   0.00    41.52

SNOWFALL (IN)
  YESTERDAY        0.0
  MONTH TO DATE    0.0
  SINCE JUN 1      0.0
  SINCE JUL 1      0.0
  SNOW DEPTH       0

DEGREE DAYS
 HEATING
  YESTERDAY        0                         0      0        0
  MONTH TO DATE    0                         0      0        1
  SINCE JUN 1      0                        11    -11        2
  SINCE JUL 1      0                         0      0        1

 COOLING
  YESTERDAY        8                        10     -2        6
  MONTH TO DATE  110                       209    -99      169
  SINCE JUN 1    711                       816   -105      817
  SINCE JAN 1    860                       932    -72      967
..................................................................


WIND (MPH)
  HIGHEST WIND SPEED    15   HIGHEST WIND DIRECTION     N (10)
  HIGHEST GUST SPEED    18   HIGHEST GUST DIRECTION     N (20)
  AVERAGE WIND SPEED     3.7


SKY COVER
  POSSIBLE SUNSHINE  MM
  AVERAGE SKY COVER 0.8


WEATHER CONDITIONS
 THE FOLLOWING WEATHER WAS RECORDED YESTERDAY.
  LIGHT RAIN
  FOG


RELATIVE HUMIDITY (PERCENT)
 HIGHEST   100           300 AM
 LOWEST     67          1100 AM
 AVERAGE    84

..........................................................


THE ROANOKE VA CLIMATE NORMALS FOR TODAY
                         NORMAL    RECORD    YEAR
 MAXIMUM TEMPERATURE (F)   86       104      1983
 MINIMUM TEMPERATURE (F)   65        49      1943


SUNRISE AND SUNSET
AUGUST 20 2014........SUNRISE   640 AM EDT   SUNSET   805 PM EDT
AUGUST 21 2014........SUNRISE   641 AM EDT   SUNSET   804 PM EDT


-  INDICATES NEGATIVE NUMBERS.
R  INDICATES RECORD WAS SET OR TIED.
MM INDICATES DATA IS MISSING.
T  INDICATES TRACE AMOUNT.




$$
