000
CDUS41 KRNK 250823
CLIROA


CLIMATE REPORT
NATIONAL WEATHER SERVICE BLACKSBURG VA
422 AM EDT SUN SEP 25 2016


...................................

...THE ROANOKE VA CLIMATE SUMMARY FOR SEPTEMBER 24 2016...

CLIMATE NORMAL PERIOD 1981 TO 2010
CLIMATE RECORD PERIOD 1912 TO 2016


WEATHER ITEM   OBSERVED TIME   RECORD YEAR NORMAL DEPARTURE LAST
                VALUE   (LST)  VALUE       VALUE  FROM      YEAR
                                                  NORMAL
..................................................................
TEMPERATURE (F)
 YESTERDAY
  MAXIMUM         91    158 PM  95    1933  75     16       77
                                      1930
  MINIMUM         63    432 AM  34    1983  54      9       55
  AVERAGE         77                        65     12       66

PRECIPITATION (IN)
  YESTERDAY        0.00          1.74 1947   0.11  -0.11     0.00
  MONTH TO DATE    1.16                      3.19  -2.03     2.65
  SINCE SEP 1      1.16                      3.19  -2.03     2.65
  SINCE JAN 1     34.93                     31.32   3.61    34.08

SNOWFALL (IN)
  YESTERDAY        0.0                                       0.0
  MONTH TO DATE    0.0                                       0.0
  SINCE SEP 1      0.0                                       0.0
  SINCE JUL 1      0.0                                       0.0
  SNOW DEPTH       0

DEGREE DAYS
 HEATING
  YESTERDAY        0                         3     -3        0
  MONTH TO DATE    0                        25    -25       12
  SINCE SEP 1      0                        25    -25       12
  SINCE JUL 1      0                        26    -26       12

 COOLING
  YESTERDAY       12                         3      9        1
  MONTH TO DATE  239                       127    112      163
  SINCE SEP 1    239                       127    112      163
  SINCE JAN 1   1488                      1174    314     1379
..................................................................


WIND (MPH)
  HIGHEST WIND SPEED    17   HIGHEST WIND DIRECTION     W (290)
  HIGHEST GUST SPEED    25   HIGHEST GUST DIRECTION     W (260)
  AVERAGE WIND SPEED     4.4


SKY COVER
  AVERAGE SKY COVER 0.3


WEATHER CONDITIONS
 THE FOLLOWING WEATHER WAS RECORDED YESTERDAY.
  NO SIGNIFICANT WEATHER WAS OBSERVED.


RELATIVE HUMIDITY (PERCENT)
 HIGHEST    93           300 AM
 LOWEST     32           200 PM
 AVERAGE    63

..........................................................


THE ROANOKE VA CLIMATE NORMALS FOR TODAY
                         NORMAL    RECORD    YEAR
 MAXIMUM TEMPERATURE (F)   75        97      1930
 MINIMUM TEMPERATURE (F)   54        35      1983
                                             1963


SUNRISE AND SUNSET
SEPTEMBER 25 2016.....SUNRISE   711 AM EDT   SUNSET   711 PM EDT
SEPTEMBER 26 2016.....SUNRISE   711 AM EDT   SUNSET   710 PM EDT


-  INDICATES NEGATIVE NUMBERS.
R  INDICATES RECORD WAS SET OR TIED.
MM INDICATES DATA IS MISSING.
T  INDICATES TRACE AMOUNT.

$$

RAB
