000
CDUS41 KRNK 120908
CLIROA


CLIMATE REPORT
NATIONAL WEATHER SERVICE BLACKSBURG VA
507 AM EDT SAT JUL 12 2014


...................................

...THE ROANOKE VA CLIMATE SUMMARY FOR JULY 11 2014...

CLIMATE NORMAL PERIOD 1981 TO 2010
CLIMATE RECORD PERIOD 1912 TO 2014


WEATHER ITEM   OBSERVED TIME   RECORD YEAR NORMAL DEPARTURE LAST
                VALUE   (LST)  VALUE       VALUE  FROM      YEAR
                                                  NORMAL
..................................................................
TEMPERATURE (F)
 YESTERDAY
  MAXIMUM         84    403 PM 100    1930  87     -3       87
  MINIMUM         65    606 AM  52    1963  66     -1       68
                                      1961
  AVERAGE         75                        77     -2       78

PRECIPITATION (IN)
  YESTERDAY        0.05          1.81 1965   0.14  -0.09     0.14
  MONTH TO DATE    1.35                      1.41  -0.06    10.46
  SINCE JUN 1      4.40                      5.24  -0.84    16.95
  SINCE JAN 1     20.00                     21.94  -1.94    37.49

SNOWFALL (IN)
  YESTERDAY        0.0
  MONTH TO DATE    0.0
  SINCE JUN 1      0.0
  SINCE JUL 1      0.0
  SNOW DEPTH       0

DEGREE DAYS
 HEATING
  YESTERDAY        0                         0      0        0
  MONTH TO DATE    0                         0      0        0
  SINCE JUN 1      0                        11    -11        1
  SINCE JUL 1      0                         0      0        0

 COOLING
  YESTERDAY       10                        12     -2       13
  MONTH TO DATE  125                       127     -2      133
  SINCE JUN 1    422                       373     49      399
  SINCE JAN 1    571                       489     82      549
..................................................................


WIND (MPH)
  HIGHEST WIND SPEED    14   HIGHEST WIND DIRECTION    NE (30)
  HIGHEST GUST SPEED    MM   HIGHEST GUST DIRECTION    MM
  AVERAGE WIND SPEED     5.2


SKY COVER
  POSSIBLE SUNSHINE  MM
  AVERAGE SKY COVER 0.3


WEATHER CONDITIONS
 THE FOLLOWING WEATHER WAS RECORDED YESTERDAY.
  LIGHT RAIN
  FOG


RELATIVE HUMIDITY (PERCENT)
 HIGHEST    93           100 AM
 LOWEST     48           400 PM
 AVERAGE    71

..........................................................


THE ROANOKE VA CLIMATE NORMALS FOR TODAY
                         NORMAL    RECORD    YEAR
 MAXIMUM TEMPERATURE (F)   87       102      1930
 MINIMUM TEMPERATURE (F)   66        51      1926


SUNRISE AND SUNSET
JULY 12 2014..........SUNRISE   609 AM EDT   SUNSET   842 PM EDT
JULY 13 2014..........SUNRISE   610 AM EDT   SUNSET   841 PM EDT


-  INDICATES NEGATIVE NUMBERS.
R  INDICATES RECORD WAS SET OR TIED.
MM INDICATES DATA IS MISSING.
T  INDICATES TRACE AMOUNT.




$$
