000
CDUS41 KRNK 312115
CLIROA


CLIMATE REPORT
NATIONAL WEATHER SERVICE BLACKSBURG VA
514 PM EDT TUE MAY 31 2016


...................................

...THE ROANOKE VA CLIMATE SUMMARY FOR MAY 31 2016...
VALID TODAY AS OF 0500 PM LOCAL TIME.

CLIMATE NORMAL PERIOD 1981 TO 2010
CLIMATE RECORD PERIOD 1912 TO 2016


WEATHER ITEM   OBSERVED TIME   RECORD YEAR NORMAL DEPARTURE LAST
                VALUE   (LST)  VALUE       VALUE  FROM      YEAR
                                                  NORMAL
..................................................................
TEMPERATURE (F)
 TODAY
  MAXIMUM         85    250 PM  96    2011  79      6       85
  MINIMUM         63    450 AM  39    1984  58      5       61
  AVERAGE         74                        69      5       73

PRECIPITATION (IN)
  TODAY            0.00          1.42 1950   0.14  -0.14     0.62
  MONTH TO DATE    6.12                      4.06   2.06     1.75
  SINCE MAR 1      9.50                     10.89  -1.39    11.06
  SINCE JAN 1     17.73                     16.70   1.03    14.98

SNOWFALL (IN)
  TODAY            0.0                                       0.0
  MONTH TO DATE    0.0                                       0.0
  SINCE MAR 1      1.0                                       1.9
  SINCE JUL 1     23.0                                      21.7
  SNOW DEPTH       0

DEGREE DAYS
 HEATING
  TODAY            0                         1     -1        0
  MONTH TO DATE   92                       100     -8       35
  SINCE MAR 1    671                       928   -257      815
  SINCE JUL 1   3505                      4133   -628     4244

 COOLING
  TODAY            9                         5      4        8
  MONTH TO DATE   76                        87    -11      162
  SINCE MAR 1    125                       116      9      168
  SINCE JAN 1    125                       116      9      168
..................................................................


WIND (MPH)
  HIGHEST WIND SPEED    13   HIGHEST WIND DIRECTION     E (110)
  HIGHEST GUST SPEED    16   HIGHEST GUST DIRECTION    NE (50)
  AVERAGE WIND SPEED     5.6


SKY COVER
  AVERAGE SKY COVER 0.3


WEATHER CONDITIONS
 THE FOLLOWING WEATHER WAS RECORDED TODAY.
  NO SIGNIFICANT WEATHER WAS OBSERVED.


RELATIVE HUMIDITY (PERCENT)
 HIGHEST   100           600 AM
 LOWEST     51           300 PM
 AVERAGE    76

..........................................................


THE ROANOKE VA CLIMATE NORMALS FOR TOMORROW
                         NORMAL    RECORD    YEAR
 MAXIMUM TEMPERATURE (F)   80        95      1925
                                             1918
 MINIMUM TEMPERATURE (F)   58        40      1930


SUNRISE AND SUNSET
MAY 31 2016...........SUNRISE   601 AM EDT   SUNSET   835 PM EDT
JUNE  1 2016..........SUNRISE   601 AM EDT   SUNSET   835 PM EDT


-  INDICATES NEGATIVE NUMBERS.
R  INDICATES RECORD WAS SET OR TIED.
MM INDICATES DATA IS MISSING.
T  INDICATES TRACE AMOUNT.




$$
