000
CDUS41 KRNK 240717
CLIROA


CLIMATE REPORT
NATIONAL WEATHER SERVICE BLACKSBURG VA
215 AM EST WED JAN 24 2018


...................................

...THE ROANOKE VA CLIMATE SUMMARY FOR JANUARY 23 2018...

CLIMATE NORMAL PERIOD 1981 TO 2010
CLIMATE RECORD PERIOD 1912 TO 2018


WEATHER ITEM   OBSERVED TIME   RECORD YEAR NORMAL DEPARTURE LAST
                VALUE   (LST)  VALUE       VALUE  FROM      YEAR
                                                  NORMAL
..................................................................
TEMPERATURE (F)
 YESTERDAY
  MAXIMUM         60   1204 PM  73    1974  46     14       50
                                      1967
  MINIMUM         43   1159 PM   0    1936  28     15       39
  AVERAGE         52                        37     15       45

PRECIPITATION (IN)
  YESTERDAY        0.22          1.87 2017   0.09   0.13     1.87
  MONTH TO DATE    1.41                      2.16  -0.75     4.02
  SINCE DEC 1      1.77                      5.10  -3.33     6.81
  SINCE JAN 1      1.41                      2.16  -0.75     4.02

SNOWFALL (IN)
  YESTERDAY        0.0                                       0.0
  MONTH TO DATE    2.1                                       4.5
  SINCE DEC 1      3.6                                       4.5
  SINCE JUL 1      3.6                                       4.5
  SNOW DEPTH       0

DEGREE DAYS
 HEATING
  YESTERDAY       13                        28    -15       20
  MONTH TO DATE  742                       661     81      536
  SINCE DEC 1   1541                      1467     74     1295
  SINCE JUL 1   2276                      2271      5     1823

 COOLING
  YESTERDAY        0                         0      0        0
  MONTH TO DATE    0                         0      0        0
  SINCE DEC 1      0                         0      0        0
  SINCE JAN 1      0                         0      0        0
..................................................................


WIND (MPH)
  HIGHEST WIND SPEED    31   HIGHEST WIND DIRECTION    NW (310)
  HIGHEST GUST SPEED    41   HIGHEST GUST DIRECTION     W (280)
  AVERAGE WIND SPEED    12.7


SKY COVER
  AVERAGE SKY COVER 0.5


WEATHER CONDITIONS
 THE FOLLOWING WEATHER WAS RECORDED YESTERDAY.
  THUNDERSTORM
  HEAVY RAIN
  RAIN
  LIGHT RAIN
  FOG
  FOG W/VISIBILITY <= 1/4 MILE


RELATIVE HUMIDITY (PERCENT)
 HIGHEST   100           600 AM
 LOWEST     30           100 PM
 AVERAGE    65

..........................................................


THE ROANOKE VA CLIMATE NORMALS FOR TODAY
                         NORMAL    RECORD    YEAR
 MAXIMUM TEMPERATURE (F)   46        74      1950
 MINIMUM TEMPERATURE (F)   28        -4      1963


SUNRISE AND SUNSET
JANUARY 24 2018.......SUNRISE   729 AM EST   SUNSET   536 PM EST
JANUARY 25 2018.......SUNRISE   728 AM EST   SUNSET   537 PM EST


-  INDICATES NEGATIVE NUMBERS.
R  INDICATES RECORD WAS SET OR TIED.
MM INDICATES DATA IS MISSING.
T  INDICATES TRACE AMOUNT.




$$
