000
CDUS41 KRNK 280721
CLIROA


CLIMATE REPORT
NATIONAL WEATHER SERVICE BLACKSBURG VA
306 AM EDT FRI APR 28 2017


...................................

...THE ROANOKE VA CLIMATE SUMMARY FOR APRIL 27 2017...

CLIMATE NORMAL PERIOD 1981 TO 2010
CLIMATE RECORD PERIOD 1912 TO 2017


WEATHER ITEM   OBSERVED TIME   RECORD YEAR NORMAL DEPARTURE LAST
                VALUE   (LST)  VALUE       VALUE  FROM      YEAR
                                                  NORMAL
..................................................................
TEMPERATURE (F)
 YESTERDAY
  MAXIMUM         79   1234 PM  95    1957  71      8       82
  MINIMUM         56    548 AM  28    1926  48      8       60
  AVERAGE         68                        60      8       71

PRECIPITATION (IN)
  YESTERDAY        0.09          1.28 1973   0.11  -0.02     0.23
                                      1928
  MONTH TO DATE    5.92                      3.04   2.88     0.70
  SINCE MAR 1      8.24                      6.50   1.74     2.95
  SINCE JAN 1     12.88                     12.31   0.57    11.18

SNOWFALL (IN)
  YESTERDAY        0.0                                       0.0
  MONTH TO DATE    0.0                                        T
  SINCE MAR 1      0.1                                       1.0
  SINCE JUL 1      4.6                                      23.0
  SNOW DEPTH       0

DEGREE DAYS
 HEATING
  YESTERDAY        0                         6     -6        0
  MONTH TO DATE  153                       257   -104      232
  SINCE MAR 1    657                       809   -152      571
  SINCE JUL 1   3121                      4014   -893     3405

 COOLING
  YESTERDAY        3                         1      2        6
  MONTH TO DATE   42                        19     23       31
  SINCE MAR 1     44                        24     20       41
  SINCE JAN 1     44                        24     20       41
..................................................................


WIND (MPH)
  HIGHEST WIND SPEED    21   HIGHEST WIND DIRECTION     S (170)
  HIGHEST GUST SPEED    26   HIGHEST GUST DIRECTION     S (180)
  AVERAGE WIND SPEED     5.5


SKY COVER
  AVERAGE SKY COVER 0.5


WEATHER CONDITIONS
 THE FOLLOWING WEATHER WAS RECORDED YESTERDAY.
  HEAVY RAIN
  LIGHT RAIN
  FOG


RELATIVE HUMIDITY (PERCENT)
 HIGHEST   100           400 AM
 LOWEST     47          1200 PM
 AVERAGE    74

..........................................................


THE ROANOKE VA CLIMATE NORMALS FOR TODAY
                         NORMAL    RECORD    YEAR
 MAXIMUM TEMPERATURE (F)   72        92      1957
 MINIMUM TEMPERATURE (F)   49        30      1934


SUNRISE AND SUNSET
APRIL 28 2017.........SUNRISE   628 AM EDT   SUNSET   807 PM EDT
APRIL 29 2017.........SUNRISE   627 AM EDT   SUNSET   808 PM EDT


-  INDICATES NEGATIVE NUMBERS.
R  INDICATES RECORD WAS SET OR TIED.
MM INDICATES DATA IS MISSING.
T  INDICATES TRACE AMOUNT.




$$
