000
CDUS41 KRNK 010924
CLIROA


CLIMATE REPORT
NATIONAL WEATHER SERVICE BLACKSBURG VA
521 AM EDT WED OCT 1 2014


...................................

...THE ROANOKE VA CLIMATE SUMMARY FOR SEPTEMBER 30 2014...

CLIMATE NORMAL PERIOD 1981 TO 2010
CLIMATE RECORD PERIOD 1912 TO 2014


WEATHER ITEM   OBSERVED TIME   RECORD YEAR NORMAL DEPARTURE LAST
                VALUE   (LST)  VALUE       VALUE  FROM      YEAR
                                                  NORMAL
..................................................................
TEMPERATURE (F)
 YESTERDAY
  MAXIMUM         83    252 PM  91    1953  73     10       78
  MINIMUM         57    629 AM  32    1942  52      5       53
  AVERAGE         70                        63      7       66

PRECIPITATION (IN)
  YESTERDAY        0.00          2.72 1936   0.12  -0.12     0.00
  MONTH TO DATE    1.23                      3.89  -2.66     1.13
  SINCE SEP 1      1.23                      3.89  -2.66     1.13
  SINCE JAN 1     29.81                     32.02  -2.21    43.44

SNOWFALL (IN)
  YESTERDAY        0.0
  MONTH TO DATE    0.0
  SINCE SEP 1      0.0
  SINCE JUL 1      0.0
  SNOW DEPTH       0

DEGREE DAYS
 HEATING
  YESTERDAY        0                         4     -4        0
  MONTH TO DATE   19                        46    -27       33
  SINCE SEP 1     19                        48    -29       33
  SINCE JUL 1     19                        49    -30       34

 COOLING
  YESTERDAY        5                         2      3        1
  MONTH TO DATE  140                       139      1      127
  SINCE SEP 1    140                       139      1      127
  SINCE JAN 1   1110                      1186    -76     1187
..................................................................


WIND (MPH)
  HIGHEST WIND SPEED    10   HIGHEST WIND DIRECTION    SE (120)
  HIGHEST GUST SPEED    MM   HIGHEST GUST DIRECTION    MM
  AVERAGE WIND SPEED     3.1


SKY COVER
  POSSIBLE SUNSHINE  MM
  AVERAGE SKY COVER 0.4


WEATHER CONDITIONS
 THE FOLLOWING WEATHER WAS RECORDED YESTERDAY.
  FOG
  FOG W/VISIBILITY <= 1/4 MILE


RELATIVE HUMIDITY (PERCENT)
 HIGHEST   100           300 AM
 LOWEST     33           300 PM
 AVERAGE    67

..........................................................


THE ROANOKE VA CLIMATE NORMALS FOR TODAY
                         NORMAL    RECORD    YEAR
 MAXIMUM TEMPERATURE (F)   73        95      1941
                                             1933
 MINIMUM TEMPERATURE (F)   52        32      1993


SUNRISE AND SUNSET
OCTOBER  1 2014.......SUNRISE   715 AM EDT   SUNSET   703 PM EDT
OCTOBER  2 2014.......SUNRISE   716 AM EDT   SUNSET   702 PM EDT


-  INDICATES NEGATIVE NUMBERS.
R  INDICATES RECORD WAS SET OR TIED.
MM INDICATES DATA IS MISSING.
T  INDICATES TRACE AMOUNT.



$$
