000
CDUS41 KBUF 011018
CLIROC


CLIMATE REPORT
NATIONAL WEATHER SERVICE BUFFALO NY
516 AM EST SUN MAR 1 2015


...................................

...THE ROCHESTER NY CLIMATE SUMMARY FOR FEBRUARY 28 2015...

CLIMATE NORMAL PERIOD 1981 TO 2010
CLIMATE RECORD PERIOD 1871 TO 2015


WEATHER ITEM   OBSERVED TIME   RECORD YEAR NORMAL DEPARTURE LAST
                VALUE   (LST)  VALUE       VALUE  FROM      YEAR
                                                  NORMAL
..................................................................
TEMPERATURE (F)
 YESTERDAY
  MAXIMUM         24    440 PM  63    1954  37    -13       16
  MINIMUM         -2    710 AM  -4    1884  21    -23        1
  AVERAGE         11                        29    -18        9

PRECIPITATION (IN)
  YESTERDAY        0.00          1.59 1984   0.08  -0.08      T
  MONTH TO DATE    2.51                      1.95   0.56     2.39
  SINCE DEC 1      6.56                      6.99  -0.43     6.61
  SINCE JAN 1      4.25                      4.36  -0.11     3.62

SNOWFALL (IN)
  YESTERDAY        0.0          15.6  1984   0.7   -0.7      0.3
  MONTH TO DATE   45.2                      21.5   23.7     26.3
  SINCE DEC 1     79.5                      71.5    8.0     69.6
  SINCE JUL 1     88.6                      78.9    9.7     83.1
  SNOW DEPTH      15

DEGREE DAYS
 HEATING
  YESTERDAY       54                        36     18       56
  MONTH TO DATE 1472                      1081    391     1217
  SINCE DEC 1   3814                      3418    396     3713
  SINCE JUL 1   5094                      4786    308     5085

 COOLING
  YESTERDAY        0                         0      0        0
  MONTH TO DATE    0                         0      0        0
  SINCE DEC 1      0                         0      0        0
  SINCE JAN 1      0                         0      0        0
..................................................................


WIND (MPH)
  HIGHEST WIND SPEED    15   HIGHEST WIND DIRECTION    SW (230)
  HIGHEST GUST SPEED    19   HIGHEST GUST DIRECTION    SW (230)
  AVERAGE WIND SPEED     6.0


SKY COVER
  AVERAGE SKY COVER 0.1


WEATHER CONDITIONS
 THE FOLLOWING WEATHER WAS RECORDED YESTERDAY.
  NO SIGNIFICANT WEATHER WAS OBSERVED.


RELATIVE HUMIDITY (PERCENT)
 HIGHEST    87          1200 AM
 LOWEST     39           400 PM
 AVERAGE    63

..........................................................


THE ROCHESTER NY CLIMATE NORMALS FOR TODAY
                         NORMAL    RECORD    YEAR
 MAXIMUM TEMPERATURE (F)   38        62      1954
 MINIMUM TEMPERATURE (F)   21        -6      1980


SUNRISE AND SUNSET
MARCH  1 2015.........SUNRISE   647 AM EST   SUNSET   600 PM EST
MARCH  2 2015.........SUNRISE   645 AM EST   SUNSET   601 PM EST


-  INDICATES NEGATIVE NUMBERS.
R  INDICATES RECORD WAS SET OR TIED.
MM INDICATES DATA IS MISSING.
T  INDICATES TRACE AMOUNT.




$$
