000
CDUS45 KABQ 220830
CLIROW


CLIMATE REPORT
NATIONAL WEATHER SERVICE ALBUQUERQUE NM
128 AM MST MON JAN 22 2018


...................................

...THE ROSWELL NM CLIMATE SUMMARY FOR JANUARY 21 2018...

CLIMATE NORMAL PERIOD 1981 TO 2010
CLIMATE RECORD PERIOD 1893 TO 2018


WEATHER ITEM   OBSERVED TIME   RECORD YEAR NORMAL DEPARTURE
                VALUE   (LST)  VALUE       VALUE  FROM
                                                  NORMAL
...............................................................
TEMPERATURE (F)
 YESTERDAY
  MAXIMUM         58    124 AM  80    1967  56      2
  MINIMUM         33   1159 PM  -6    1966  26      7
  AVERAGE         46                        41      5

PRECIPITATION (IN)
  YESTERDAY        0.00          0.72 1968   0.01  -0.01
  MONTH TO DATE    0.07                      0.25  -0.18
  SINCE DEC 1      0.07                      0.89  -0.82
  SINCE JAN 1      0.07                      0.25  -0.18

SNOWFALL (IN)
  YESTERDAY        0.0
  MONTH TO DATE    0.0
  SINCE DEC 1      0.0
  SINCE JUL 1      0.0

DEGREE DAYS
 HEATING
  YESTERDAY       19                        24     -5
  MONTH TO DATE  543                       526     17
  SINCE DEC 1   1222                      1290    -68
  SINCE JUL 1   1672                      1936   -264

 COOLING
  YESTERDAY        0                         0      0
  MONTH TO DATE    0                         0      0
  SINCE DEC 1      0                         0      0
  SINCE JAN 1      0                         0      0
...............................................................


WIND (MPH)
  HIGHEST WIND SPEED    37   HIGHEST WIND DIRECTION     W (260)
  HIGHEST GUST SPEED    46   HIGHEST GUST DIRECTION     W (250)
  AVERAGE WIND SPEED    16.7


SKY COVER
  AVERAGE SKY COVER 0.0


WEATHER CONDITIONS
 THE FOLLOWING WEATHER WAS RECORDED YESTERDAY.
  NO SIGNIFICANT WEATHER WAS OBSERVED.


RELATIVE HUMIDITY (PERCENT)
 HIGHEST    50           500 AM
 LOWEST     18           100 PM
 AVERAGE    34

..........................................................


THE ROSWELL NM CLIMATE NORMALS FOR TODAY
                         NORMAL    RECORD    YEAR
 MAXIMUM TEMPERATURE (F)   56        79      1967
 MINIMUM TEMPERATURE (F)   27       -16      1966


SUNRISE AND SUNSET
JANUARY 22 2018.......SUNRISE   659 AM MST   SUNSET   520 PM MST
JANUARY 23 2018.......SUNRISE   659 AM MST   SUNSET   521 PM MST


-  INDICATES NEGATIVE NUMBERS.
R  INDICATES RECORD WAS SET OR TIED.
MM INDICATES DATA IS MISSING.
T  INDICATES TRACE AMOUNT.




$$
