000
CDUS45 KABQ 190828
CLIROW


CLIMATE REPORT
NATIONAL WEATHER SERVICE ALBUQUERQUE NM
227 AM MDT FRI SEP 19 2014


...................................

...THE ROSWELL NM CLIMATE SUMMARY FOR SEPTEMBER 18 2014...

CLIMATE NORMAL PERIOD 1981 TO 2010
CLIMATE RECORD PERIOD 1893 TO 2014


WEATHER ITEM   OBSERVED TIME   RECORD YEAR NORMAL DEPARTURE
                VALUE   (LST)  VALUE       VALUE  FROM
                                                  NORMAL
...............................................................
TEMPERATURE (F)
 YESTERDAY
  MAXIMUM         78   1214 PM  99    1997  85     -7
  MINIMUM         66    730 AM  36    1968  58      8
  AVERAGE         72                        71      1

PRECIPITATION (IN)
  YESTERDAY        0.60          1.62 1946   0.05   0.55
  MONTH TO DATE    2.49                      0.98   1.51
  SINCE SEP 1      2.49                      0.98   1.51
  SINCE JAN 1     14.73                      9.91   4.82

SNOWFALL (IN)
  YESTERDAY        0.0
  MONTH TO DATE    0.0
  SINCE SEP 1      0.0
  SINCE JUL 1      0.0

DEGREE DAYS
 HEATING
  YESTERDAY        0                         1     -1
  MONTH TO DATE   16                         1     15
  SINCE SEP 1     16                         1     15
  SINCE JUL 1     16                         1     15

 COOLING
  YESTERDAY        7                         7      0
  MONTH TO DATE  148                       167    -19
  SINCE SEP 1    148                       167    -19
  SINCE JAN 1   1833                      1691    142
...............................................................


WIND (MPH)
  HIGHEST WIND SPEED    13   HIGHEST WIND DIRECTION     S (180)
  HIGHEST GUST SPEED    17   HIGHEST GUST DIRECTION     S (190)
  AVERAGE WIND SPEED     5.7


SKY COVER
  AVERAGE SKY COVER 0.8


WEATHER CONDITIONS
 THE FOLLOWING WEATHER WAS RECORDED YESTERDAY.
  THUNDERSTORM
  HEAVY RAIN
  RAIN
  LIGHT RAIN
  FOG
  FOG W/VISIBILITY <= 1/4 MILE


RELATIVE HUMIDITY (PERCENT)
 HIGHEST    93           200 AM
 LOWEST     60           200 PM
 AVERAGE    77

..........................................................


THE ROSWELL NM CLIMATE NORMALS FOR TODAY
                         NORMAL    RECORD    YEAR
 MAXIMUM TEMPERATURE (F)   85       100      1930
 MINIMUM TEMPERATURE (F)   57        41      1968


SUNRISE AND SUNSET
SEPTEMBER 19 2014.....SUNRISE   644 AM MDT   SUNSET   659 PM MDT
SEPTEMBER 20 2014.....SUNRISE   645 AM MDT   SUNSET   658 PM MDT


-  INDICATES NEGATIVE NUMBERS.
R  INDICATES RECORD WAS SET OR TIED.
MM INDICATES DATA IS MISSING.
T  INDICATES TRACE AMOUNT.




$$
