000
CDUS45 KABQ 290835
CLIROW


CLIMATE REPORT
NATIONAL WEATHER SERVICE ALBUQUERQUE NM
131 AM MST THU JAN 29 2015


...................................

...THE ROSWELL NM CLIMATE SUMMARY FOR JANUARY 28 2015...

CLIMATE NORMAL PERIOD 1981 TO 2010
CLIMATE RECORD PERIOD 1893 TO 2015


WEATHER ITEM   OBSERVED TIME   RECORD YEAR NORMAL DEPARTURE
                VALUE   (LST)  VALUE       VALUE  FROM
                                                  NORMAL
...............................................................
TEMPERATURE (F)
 YESTERDAY
  MAXIMUM         75    108 PM  80    1903  57     18
                                      1893
  MINIMUM         34    633 AM  -3    1948  27      7
  AVERAGE         55                        42     13

PRECIPITATION (IN)
  YESTERDAY        0.00          0.41 2010   0.01  -0.01
  MONTH TO DATE    0.78                      0.34   0.44
  SINCE DEC 1      0.89                      0.98  -0.09
  SINCE JAN 1      0.78                      0.34   0.44

SNOWFALL (IN)
  YESTERDAY        0.0
  MONTH TO DATE    8.6
  SINCE DEC 1     10.1
  SINCE JUL 1     11.9

DEGREE DAYS
 HEATING
  YESTERDAY       10                        23    -13
  MONTH TO DATE  782                       689     93
  SINCE DEC 1   1468                      1453     15
  SINCE JUL 1   2125                      2099     26

 COOLING
  YESTERDAY        0                         0      0
  MONTH TO DATE    0                         0      0
  SINCE DEC 1      0                         0      0
  SINCE JAN 1      0                         0      0
...............................................................


WIND (MPH)
  HIGHEST WIND SPEED    13   HIGHEST WIND DIRECTION     S (160)
  HIGHEST GUST SPEED    16   HIGHEST GUST DIRECTION    NW (300)
  AVERAGE WIND SPEED     4.6


SKY COVER
  AVERAGE SKY COVER 0.0


WEATHER CONDITIONS
 THE FOLLOWING WEATHER WAS RECORDED YESTERDAY.
  NO SIGNIFICANT WEATHER WAS OBSERVED.


RELATIVE HUMIDITY (PERCENT)
 HIGHEST    92           700 AM
 LOWEST     25           100 PM
 AVERAGE    59

..........................................................


THE ROSWELL NM CLIMATE NORMALS FOR TODAY
                         NORMAL    RECORD    YEAR
 MAXIMUM TEMPERATURE (F)   57        81      1911
 MINIMUM TEMPERATURE (F)   27       -10      1948


SUNRISE AND SUNSET
JANUARY 29 2015.......SUNRISE   656 AM MST   SUNSET   527 PM MST
JANUARY 30 2015.......SUNRISE   655 AM MST   SUNSET   528 PM MST


-  INDICATES NEGATIVE NUMBERS.
R  INDICATES RECORD WAS SET OR TIED.
MM INDICATES DATA IS MISSING.
T  INDICATES TRACE AMOUNT.

$$
