000
CDUS45 KABQ 250846
CLIROW


CLIMATE REPORT
NATIONAL WEATHER SERVICE ALBUQUERQUE NM
145 AM MST THU DEC 25 2014


...................................

...THE ROSWELL NM CLIMATE SUMMARY FOR DECEMBER 24 2014...

CLIMATE NORMAL PERIOD 1981 TO 2010
CLIMATE RECORD PERIOD 1893 TO 2014


WEATHER ITEM   OBSERVED TIME   RECORD YEAR NORMAL DEPARTURE
                VALUE   (LST)  VALUE       VALUE  FROM
                                                  NORMAL
...............................................................
TEMPERATURE (F)
 YESTERDAY
  MAXIMUM         53    325 PM  78    1955  53      0
  MINIMUM         20    721 AM  -3    1953  25     -5
  AVERAGE         37                        39     -2

PRECIPITATION (IN)
  YESTERDAY        0.00          0.72 1914   0.02  -0.02
  MONTH TO DATE    0.07                      0.51  -0.44
  SINCE DEC 1      0.07                      0.51  -0.44
  SINCE JAN 1     17.97                     12.78   5.19

SNOWFALL (IN)
  YESTERDAY        0.0
  MONTH TO DATE    0.0
  SINCE DEC 1      0.0
  SINCE JUL 1      1.8

DEGREE DAYS
 HEATING
  YESTERDAY       28                        26      2
  MONTH TO DATE  463                       584   -121
  SINCE DEC 1    463                       584   -121
  SINCE JUL 1   1120                      1230   -110

 COOLING
  YESTERDAY        0                         0      0
  MONTH TO DATE    0                         0      0
  SINCE DEC 1      0                         0      0
  SINCE JAN 1   1928                      1789    139
...............................................................


WIND (MPH)
  HIGHEST WIND SPEED    15   HIGHEST WIND DIRECTION    SW (220)
  HIGHEST GUST SPEED    20   HIGHEST GUST DIRECTION    SW (210)
  AVERAGE WIND SPEED     6.4


SKY COVER
  AVERAGE SKY COVER 0.0


WEATHER CONDITIONS
 THE FOLLOWING WEATHER WAS RECORDED YESTERDAY.
  NO SIGNIFICANT WEATHER WAS OBSERVED.


RELATIVE HUMIDITY (PERCENT)
 HIGHEST    77           400 AM
 LOWEST     21           100 PM
 AVERAGE    49

..........................................................


THE ROSWELL NM CLIMATE NORMALS FOR TODAY
                         NORMAL    RECORD    YEAR
 MAXIMUM TEMPERATURE (F)   53        74      2008
                                             1955
 MINIMUM TEMPERATURE (F)   25         1      1924


SUNRISE AND SUNSET
DECEMBER 25 2014......SUNRISE   700 AM MST   SUNSET   457 PM MST
DECEMBER 26 2014......SUNRISE   700 AM MST   SUNSET   458 PM MST


-  INDICATES NEGATIVE NUMBERS.
R  INDICATES RECORD WAS SET OR TIED.
MM INDICATES DATA IS MISSING.
T  INDICATES TRACE AMOUNT.




$$
