911
CDUS45 KABQ 050831
CLIROW


CLIMATE REPORT
NATIONAL WEATHER SERVICE ALBUQUERQUE NM
131 AM MST FRI FEB 5 2016


...................................

...THE ROSWELL NM CLIMATE SUMMARY FOR FEBRUARY 4 2016...

CLIMATE NORMAL PERIOD 1981 TO 2010
CLIMATE RECORD PERIOD 1893 TO 2016


WEATHER ITEM   OBSERVED TIME   RECORD YEAR NORMAL DEPARTURE
                VALUE   (LST)  VALUE       VALUE  FROM
                                                  NORMAL
...............................................................
TEMPERATURE (F)
 YESTERDAY
  MAXIMUM         50    422 PM  80    1925  58     -8
  MINIMUM         14    629 AM -11    2011  28    -14
  AVERAGE         32                        43    -11

PRECIPITATION (IN)
  YESTERDAY        0.00          0.59 1948   0.01  -0.01
  MONTH TO DATE    0.00                      0.05  -0.05
  SINCE DEC 1      0.78                      1.07  -0.29
  SINCE JAN 1      0.16                      0.43  -0.27

SNOWFALL (IN)
  YESTERDAY        0.0
  MONTH TO DATE    0.0
  SINCE DEC 1     17.8
  SINCE JUL 1     17.8

DEGREE DAYS
 HEATING
  YESTERDAY       33                        22     11
  MONTH TO DATE  106                        88     18
  SINCE DEC 1   1620                      1608     12
  SINCE JUL 1   2188                      2254    -66

 COOLING
  YESTERDAY        0                         0      0
  MONTH TO DATE    0                         0      0
  SINCE DEC 1      0                         0      0
  SINCE JAN 1      0                         0      0
...............................................................


WIND (MPH)
  HIGHEST WIND SPEED    15   HIGHEST WIND DIRECTION     S (170)
  HIGHEST GUST SPEED    21   HIGHEST GUST DIRECTION     S (190)
  AVERAGE WIND SPEED     5.9


SKY COVER
  AVERAGE SKY COVER 0.0


WEATHER CONDITIONS
 THE FOLLOWING WEATHER WAS RECORDED YESTERDAY.
  NO SIGNIFICANT WEATHER WAS OBSERVED.


RELATIVE HUMIDITY (PERCENT)
 HIGHEST    67           700 AM
 LOWEST     16           400 PM
 AVERAGE    42

..........................................................


THE ROSWELL NM CLIMATE NORMALS FOR TODAY
                         NORMAL    RECORD    YEAR
 MAXIMUM TEMPERATURE (F)   59        79      1937
 MINIMUM TEMPERATURE (F)   29         8      1982
                                             1956


SUNRISE AND SUNSET
FEBRUARY  5 2016......SUNRISE   651 AM MST   SUNSET   533 PM MST
FEBRUARY  6 2016......SUNRISE   650 AM MST   SUNSET   534 PM MST


-  INDICATES NEGATIVE NUMBERS.
R  INDICATES RECORD WAS SET OR TIED.
MM INDICATES DATA IS MISSING.
T  INDICATES TRACE AMOUNT.




$$
