000
CDUS45 KABQ 190832
CLIROW


CLIMATE REPORT
NATIONAL WEATHER SERVICE ALBUQUERQUE NM
131 AM MST SUN NOV 19 2017


...................................

...THE ROSWELL NM CLIMATE SUMMARY FOR NOVEMBER 18 2017...

CLIMATE NORMAL PERIOD 1981 TO 2010
CLIMATE RECORD PERIOD 1893 TO 2017


WEATHER ITEM   OBSERVED TIME   RECORD YEAR NORMAL DEPARTURE
                VALUE   (LST)  VALUE       VALUE  FROM
                                                  NORMAL
...............................................................
TEMPERATURE (F)
 YESTERDAY
  MAXIMUM         64    351 AM  83    1942  63      1
  MINIMUM         32   1049 PM  10    1903  33     -1
  AVERAGE         48                        48      0

PRECIPITATION (IN)
  YESTERDAY        0.00          1.10 1906   0.02  -0.02
  MONTH TO DATE    0.00                      0.39  -0.39
  SINCE SEP 1      3.82                      3.15   0.67
  SINCE JAN 1     11.16                     12.08  -0.92

SNOWFALL (IN)
  YESTERDAY        0.0
  MONTH TO DATE    0.0
  SINCE SEP 1      0.0
  SINCE JUL 1      0.0

DEGREE DAYS
 HEATING
  YESTERDAY       17                        17      0
  MONTH TO DATE  138                       241   -103
  SINCE SEP 1    302                       415   -113
  SINCE JUL 1    302                       415   -113

 COOLING
  YESTERDAY        0                         0      0
  MONTH TO DATE    6                         0      6
  SINCE SEP 1    381                       264    117
  SINCE JAN 1   2172                      1788    384
...............................................................


WIND (MPH)
  HIGHEST WIND SPEED    31   HIGHEST WIND DIRECTION     N (20)
  HIGHEST GUST SPEED    39   HIGHEST GUST DIRECTION    NW (320)
  AVERAGE WIND SPEED    10.7


SKY COVER
  AVERAGE SKY COVER 0.0


WEATHER CONDITIONS
 THE FOLLOWING WEATHER WAS RECORDED YESTERDAY.
  NO SIGNIFICANT WEATHER WAS OBSERVED.


RELATIVE HUMIDITY (PERCENT)
 HIGHEST    48           900 AM
 LOWEST     21           300 PM
 AVERAGE    35

..........................................................


THE ROSWELL NM CLIMATE NORMALS FOR TODAY
                         NORMAL    RECORD    YEAR
 MAXIMUM TEMPERATURE (F)   63        88      1996
 MINIMUM TEMPERATURE (F)   33        13      1921


SUNRISE AND SUNSET
NOVEMBER 19 2017......SUNRISE   633 AM MST   SUNSET   454 PM MST
NOVEMBER 20 2017......SUNRISE   634 AM MST   SUNSET   453 PM MST


-  INDICATES NEGATIVE NUMBERS.
R  INDICATES RECORD WAS SET OR TIED.
MM INDICATES DATA IS MISSING.
T  INDICATES TRACE AMOUNT.




$$
