356
CDUS45 KABQ 210848
CLIROW


CLIMATE REPORT
NATIONAL WEATHER SERVICE ALBUQUERQUE NM
248 AM MDT FRI JUL 21 2017


...................................

...THE ROSWELL NM CLIMATE SUMMARY FOR JULY 20 2017...

CLIMATE NORMAL PERIOD 1981 TO 2010
CLIMATE RECORD PERIOD 1893 TO 2017


WEATHER ITEM   OBSERVED TIME   RECORD YEAR NORMAL DEPARTURE
                VALUE   (LST)  VALUE       VALUE  FROM
                                                  NORMAL
...............................................................
TEMPERATURE (F)
 YESTERDAY
  MAXIMUM         96    423 PM 105    2009  93      3
  MINIMUM         67    448 AM  53    1947  67      0
  AVERAGE         82                        80      2

PRECIPITATION (IN)
  YESTERDAY        0.00          4.27 1972   0.06  -0.06
  MONTH TO DATE    0.65                      1.39  -0.74
  SINCE JUN 1      1.21                      3.12  -1.91
  SINCE JAN 1      4.77                      6.29  -1.52

SNOWFALL (IN)
  YESTERDAY        0.0
  MONTH TO DATE    0.0
  SINCE JUN 1      0.0
  SINCE JUL 1      0.0

DEGREE DAYS
 HEATING
  YESTERDAY        0                         0      0
  MONTH TO DATE    0                         0      0
  SINCE JUN 1      0                         1     -1
  SINCE JUL 1      0                         0      0

 COOLING
  YESTERDAY       17                        15      2
  MONTH TO DATE  344                       312     32
  SINCE JUN 1    849                       709    140
  SINCE JAN 1   1130                       934    196
...............................................................


WIND (MPH)
  HIGHEST WIND SPEED    20   HIGHEST WIND DIRECTION     S (180)
  HIGHEST GUST SPEED    24   HIGHEST GUST DIRECTION     E (110)
  AVERAGE WIND SPEED     9.3


SKY COVER
  AVERAGE SKY COVER 0.1


WEATHER CONDITIONS
 THE FOLLOWING WEATHER WAS RECORDED YESTERDAY.
  NO SIGNIFICANT WEATHER WAS OBSERVED.


RELATIVE HUMIDITY (PERCENT)
 HIGHEST    73           500 AM
 LOWEST     23           400 PM
 AVERAGE    48

..........................................................


THE ROSWELL NM CLIMATE NORMALS FOR TODAY
                         NORMAL    RECORD    YEAR
 MAXIMUM TEMPERATURE (F)   93       104      2016
                                             1951
 MINIMUM TEMPERATURE (F)   67        55      1894


SUNRISE AND SUNSET
JULY 21 2017..........SUNRISE   604 AM MDT   SUNSET   805 PM MDT
JULY 22 2017..........SUNRISE   604 AM MDT   SUNSET   805 PM MDT


-  INDICATES NEGATIVE NUMBERS.
R  INDICATES RECORD WAS SET OR TIED.
MM INDICATES DATA IS MISSING.
T  INDICATES TRACE AMOUNT.




$$
