000
CDUS45 KABQ 210832
CLIROW


CLIMATE REPORT
NATIONAL WEATHER SERVICE ALBUQUERQUE NM
231 AM MDT THU SEP 21 2017


...................................

...THE ROSWELL NM CLIMATE SUMMARY FOR SEPTEMBER 20 2017...

CLIMATE NORMAL PERIOD 1981 TO 2010
CLIMATE RECORD PERIOD 1893 TO 2017


WEATHER ITEM   OBSERVED TIME   RECORD YEAR NORMAL DEPARTURE
                VALUE   (LST)  VALUE       VALUE  FROM
                                                  NORMAL
...............................................................
TEMPERATURE (F)
 YESTERDAY
  MAXIMUM         96    257 PM 100    1977  84     12
  MINIMUM         60    549 AM  33    1971  57      3
  AVERAGE         78                        71      7

PRECIPITATION (IN)
  YESTERDAY        0.00          0.93 1936   0.04  -0.04
  MONTH TO DATE    0.05                      1.07  -1.02
  SINCE SEP 1      0.05                      1.07  -1.02
  SINCE JAN 1      7.39                     10.00  -2.61

SNOWFALL (IN)
  YESTERDAY        0.0
  MONTH TO DATE    0.0
  SINCE SEP 1      0.0
  SINCE JUL 1      0.0

DEGREE DAYS
 HEATING
  YESTERDAY        0                         1     -1
  MONTH TO DATE    0                         3     -3
  SINCE SEP 1      0                         3     -3
  SINCE JUL 1      0                         3     -3

 COOLING
  YESTERDAY       13                         6      7
  MONTH TO DATE  240                       180     60
  SINCE SEP 1    240                       180     60
  SINCE JAN 1   2031                      1704    327
...............................................................


WIND (MPH)
  HIGHEST WIND SPEED    24   HIGHEST WIND DIRECTION     S (180)
  HIGHEST GUST SPEED    31   HIGHEST GUST DIRECTION     S (180)
  AVERAGE WIND SPEED     9.4


SKY COVER
  AVERAGE SKY COVER 0.0


WEATHER CONDITIONS
 THE FOLLOWING WEATHER WAS RECORDED YESTERDAY.
  NO SIGNIFICANT WEATHER WAS OBSERVED.


RELATIVE HUMIDITY (PERCENT)
 HIGHEST    55           600 AM
 LOWEST     10           500 PM
 AVERAGE    33

..........................................................


THE ROSWELL NM CLIMATE NORMALS FOR TODAY
                         NORMAL    RECORD    YEAR
 MAXIMUM TEMPERATURE (F)   84        97      1998
                                             1959
 MINIMUM TEMPERATURE (F)   57        40      1913


SUNRISE AND SUNSET
SEPTEMBER 21 2017.....SUNRISE   646 AM MDT   SUNSET   656 PM MDT
SEPTEMBER 22 2017.....SUNRISE   646 AM MDT   SUNSET   654 PM MDT


-  INDICATES NEGATIVE NUMBERS.
R  INDICATES RECORD WAS SET OR TIED.
MM INDICATES DATA IS MISSING.
T  INDICATES TRACE AMOUNT.




$$
