000
CDUS45 KABQ 231007
CLIROW

CLIMATE REPORT
NATIONAL WEATHER SERVICE ALBUQUERQUE NM
229 AM MDT WED JUL 23 2014


...................................

...THE ROSWELL NM CLIMATE SUMMARY FOR JULY 22 2014...

CLIMATE NORMAL PERIOD 1981 TO 2010
CLIMATE RECORD PERIOD 1893 TO 2014


WEATHER ITEM   OBSERVED TIME   RECORD YEAR NORMAL DEPARTURE
                VALUE   (LST)  VALUE       VALUE  FROM
                                                  NORMAL
...............................................................
TEMPERATURE (F)
 YESTERDAY
  MAXIMUM         98    330 PM 103    2003  93      5
                                      1966
  MINIMUM         71    539 AM  54    1947  67      4
                                      1894
  AVERAGE         85                        80      5

PRECIPITATION (IN)
  YESTERDAY        0.00          0.95 1975   0.06  -0.06
  MONTH TO DATE    0.65                      1.52  -0.87
  SINCE JUN 1      2.08                      3.25  -1.17
  SINCE JAN 1      6.94                      6.42   0.52

SNOWFALL (IN)
  YESTERDAY        0.0
  MONTH TO DATE    0.0
  SINCE JUN 1      0.0
  SINCE JUL 1      0.0

DEGREE DAYS
 HEATING
  YESTERDAY        0                         0      0
  MONTH TO DATE    0                         0      0
  SINCE JUN 1      0                         1     -1
  SINCE JUL 1      0                         0      0

 COOLING
  YESTERDAY       20                        15      5
  MONTH TO DATE  345                       342      3
  SINCE JUN 1    825                       739     86
  SINCE JAN 1   1079                       964    115
...............................................................


WIND (MPH)
  HIGHEST WIND SPEED    24   HIGHEST WIND DIRECTION    SE (120)
  HIGHEST GUST SPEED    30   HIGHEST GUST DIRECTION    SE (120)
  AVERAGE WIND SPEED     8.9


SKY COVER
  AVERAGE SKY COVER 0.1


WEATHER CONDITIONS
 THE FOLLOWING WEATHER WAS RECORDED YESTERDAY.
  THUNDERSTORM
  HAZE


RELATIVE HUMIDITY (PERCENT)
 HIGHEST    73           600 AM
 LOWEST     27           300 PM
 AVERAGE    50

..........................................................


THE ROSWELL NM CLIMATE NORMALS FOR TODAY
                         NORMAL    RECORD    YEAR
 MAXIMUM TEMPERATURE (F)   93       106      1963
 MINIMUM TEMPERATURE (F)   67        58      1894


SUNRISE AND SUNSET
JULY 23 2014..........SUNRISE   605 AM MDT   SUNSET   804 PM MDT
JULY 24 2014..........SUNRISE   605 AM MDT   SUNSET   803 PM MDT


-  INDICATES NEGATIVE NUMBERS.
R  INDICATES RECORD WAS SET OR TIED.
MM INDICATES DATA IS MISSING.
T  INDICATES TRACE AMOUNT.

$$
