000
CDUS45 KABQ 280830
CLIROW


CLIMATE REPORT
NATIONAL WEATHER SERVICE ALBUQUERQUE NM
129 AM MST SAT FEB 28 2015


...................................

...THE ROSWELL NM CLIMATE SUMMARY FOR FEBRUARY 27 2015...

CLIMATE NORMAL PERIOD 1981 TO 2010
CLIMATE RECORD PERIOD 1893 TO 2015


WEATHER ITEM   OBSERVED TIME   RECORD YEAR NORMAL DEPARTURE
                VALUE   (LST)  VALUE       VALUE  FROM
                                                  NORMAL
...............................................................
TEMPERATURE (F)
 YESTERDAY
  MAXIMUM         24    559 PM  85    1904  64    -40
  MINIMUM         19    917 AM  11    1922  34    -15
  AVERAGE         22                        48    -26

PRECIPITATION (IN)
  YESTERDAY        0.34          0.39 1944   0.01   0.33
  MONTH TO DATE    0.93                      0.40   0.53
  SINCE DEC 1      2.02                      1.42   0.60
  SINCE JAN 1      1.91                      0.78   1.13

SNOWFALL (IN)
  YESTERDAY        3.8
  MONTH TO DATE    4.3
  SINCE DEC 1     14.4
  SINCE JUL 1     16.2

DEGREE DAYS
 HEATING
  YESTERDAY       43                        17     26
  MONTH TO DATE  492                       525    -33
  SINCE DEC 1   2020                      2045    -25
  SINCE JUL 1   2677                      2691    -14

 COOLING
  YESTERDAY        0                         0      0
  MONTH TO DATE    0                         0      0
  SINCE DEC 1      0                         0      0
  SINCE JAN 1      0                         0      0
...............................................................


WIND (MPH)
  HIGHEST WIND SPEED    17   HIGHEST WIND DIRECTION    SE (120)
  HIGHEST GUST SPEED    20   HIGHEST GUST DIRECTION    SE (120)
  AVERAGE WIND SPEED    10.7


SKY COVER
  AVERAGE SKY COVER 1.0


WEATHER CONDITIONS
 THE FOLLOWING WEATHER WAS RECORDED YESTERDAY.
  HEAVY SNOW
  SNOW
  LIGHT SNOW
  FOG
  FOG W/VISIBILITY <= 1/4 MILE
  HAZE


RELATIVE HUMIDITY (PERCENT)
 HIGHEST    96           100 AM
 LOWEST     74           400 PM
 AVERAGE    85

..........................................................


THE ROSWELL NM CLIMATE NORMALS FOR TODAY
                         NORMAL    RECORD    YEAR
 MAXIMUM TEMPERATURE (F)   64        87      2006
                                             1904
 MINIMUM TEMPERATURE (F)   34         5      1922


SUNRISE AND SUNSET
FEBRUARY 28 2015......SUNRISE   628 AM MST   SUNSET   554 PM MST
MARCH  1 2015.........SUNRISE   627 AM MST   SUNSET   555 PM MST


-  INDICATES NEGATIVE NUMBERS.
R  INDICATES RECORD WAS SET OR TIED.
MM INDICATES DATA IS MISSING.
T  INDICATES TRACE AMOUNT.




$$
