000
CDUS43 KARX 280638
CLIRST


CLIMATE REPORT
NATIONAL WEATHER SERVICE LA CROSSE WI
138 AM CDT TUE JUL 28 2015


...................................

...THE ROCHESTER MN CLIMATE SUMMARY FOR JULY 27 2015...

CLIMATE NORMAL PERIOD 1981 TO 2010
CLIMATE RECORD PERIOD 1886 TO 2015


WEATHER ITEM   OBSERVED TIME   RECORD YEAR NORMAL DEPARTURE LAST
                VALUE   (LST)  VALUE       VALUE  FROM      YEAR
                                                  NORMAL
..................................................................
TEMPERATURE (F)
 YESTERDAY
  MAXIMUM         82    226 PM 100    1931  81      1       75
  MINIMUM         67    557 AM  47    1920  61      6       57
  AVERAGE         75                        71      4       66

PRECIPITATION (IN)
  YESTERDAY        0.00          2.37 1935   0.14  -0.14     0.04
  MONTH TO DATE    3.27                      3.99  -0.72     2.07
  SINCE JUN 1      7.73                      8.67  -0.94     9.34
  SINCE JAN 1     20.34                     19.11   1.23    20.67

SNOWFALL (IN)
  YESTERDAY        0.0           0.0  2012   0.0    0.0      0.0
  MONTH TO DATE    0.0                       0.0    0.0      0.0
  SINCE JUL 1      0.0                       0.0    0.0      0.0
  SNOW DEPTH       0

DEGREE DAYS
 HEATING
  YESTERDAY        0                         0      0        0
  MONTH TO DATE   17                         0     17       22
  SINCE JUL 1     17                         0     17       22

 COOLING
  YESTERDAY       10                         6      4        1
  MONTH TO DATE  140                       185    -45      101
  SINCE JAN 1    253                       349    -96      271
..................................................................


WIND (MPH)
  HIGHEST WIND SPEED    16   HIGHEST WIND DIRECTION     S (160)
  HIGHEST GUST SPEED    22   HIGHEST GUST DIRECTION     S (160)
  AVERAGE WIND SPEED     8.8


SKY COVER
  POSSIBLE SUNSHINE  MM
  AVERAGE SKY COVER 0.3


WEATHER CONDITIONS
 THE FOLLOWING WEATHER WAS RECORDED YESTERDAY.
  FOG


RELATIVE HUMIDITY (PERCENT)
 HIGHEST   100           200 AM
 LOWEST     74          1200 PM
 AVERAGE    87

..........................................................


THE ROCHESTER MN CLIMATE NORMALS FOR TODAY
                         NORMAL    RECORD    YEAR
 MAXIMUM TEMPERATURE (F)   81       100      1955
 MINIMUM TEMPERATURE (F)   61        46      2013


SUNRISE AND SUNSET
JULY 28 2015..........SUNRISE   554 AM CDT   SUNSET   838 PM CDT
JULY 29 2015..........SUNRISE   555 AM CDT   SUNSET   837 PM CDT


-  INDICATES NEGATIVE NUMBERS.
R  INDICATES RECORD WAS SET OR TIED.
MM INDICATES DATA IS MISSING.
T  INDICATES TRACE AMOUNT.




$$
