000
CDUS43 KARX 222234
CLIRST


CLIMATE REPORT
NATIONAL WEATHER SERVICE LA CROSSE WI
433 PM CST THU FEB 22 2018


...................................

...THE ROCHESTER MN CLIMATE SUMMARY FOR FEBRUARY 22 2018...
VALID TODAY AS OF 0430 PM LOCAL TIME.

CLIMATE NORMAL PERIOD 1981 TO 2010
CLIMATE RECORD PERIOD 1886 TO 2018


WEATHER ITEM   OBSERVED TIME   RECORD YEAR NORMAL DEPARTURE LAST
                VALUE   (LST)  VALUE       VALUE  FROM      YEAR
                                                  NORMAL
..................................................................
TEMPERATURE (F)
 TODAY
  MAXIMUM         28    237 PM  59    1930  30     -2       56
  MINIMUM         14    104 AM -25    1936  15     -1       34
  AVERAGE         21                        23     -2       45

PRECIPITATION (IN)
  TODAY            0.01          0.52 1913   0.03  -0.02     0.00
  MONTH TO DATE    0.56                      0.61  -0.05     0.86
  SINCE DEC 1      2.49                      2.70  -0.21     5.05
  SINCE JAN 1      1.98                      1.47   0.51     2.98

SNOWFALL (IN)
  TODAY            0.1           8.0  1913   0.3   -0.2      0.0
  MONTH TO DATE    5.8                       6.7   -0.9      0.2
  SINCE JUL 1     32.5                      38.1   -5.6     34.1
  SNOW DEPTH       2

DEGREE DAYS
 HEATING
  TODAY           44                        42      2       20
  MONTH TO DATE 1151                      1006    145      808
  SINCE JUL 1   5736                      5614    122     4811

 COOLING
  TODAY            0                         0      0        0
  MONTH TO DATE    0                         0      0        0
  SINCE JAN 1      0                         0      0        0
..................................................................


WIND (MPH)
  HIGHEST WIND SPEED    16   HIGHEST WIND DIRECTION    SE (120)
  HIGHEST GUST SPEED    20   HIGHEST GUST DIRECTION    SE (120)
  AVERAGE WIND SPEED     8.4


SKY COVER
  POSSIBLE SUNSHINE  MM
  AVERAGE SKY COVER 0.9


WEATHER CONDITIONS
 THE FOLLOWING WEATHER WAS RECORDED TODAY.
  LIGHT SNOW
  FOG


RELATIVE HUMIDITY (PERCENT)
 HIGHEST    88           100 AM
 LOWEST     80          1200 AM
 AVERAGE    84

..........................................................


THE ROCHESTER MN CLIMATE NORMALS FOR TOMORROW
                         NORMAL    RECORD    YEAR
 MAXIMUM TEMPERATURE (F)   31        56      1930
 MINIMUM TEMPERATURE (F)   15       -19      1910


SUNRISE AND SUNSET
FEBRUARY 22 2018......SUNRISE   658 AM CST   SUNSET   549 PM CST
FEBRUARY 23 2018......SUNRISE   657 AM CST   SUNSET   551 PM CST


-  INDICATES NEGATIVE NUMBERS.
R  INDICATES RECORD WAS SET OR TIED.
MM INDICATES DATA IS MISSING.
T  INDICATES TRACE AMOUNT.




$$
