000
CDUS45 KCYS 122123
CLIRWL


CLIMATE REPORT
NATIONAL WEATHER SERVICE CHEYENNE WY
323 PM MDT SAT JUL 12 2014


...................................

...THE RAWLINS WY AIRPORT CLIMATE SUMMARY FOR JULY 12 2014...
VALID AS OF 0300 PM LOCAL TIME.

CLIMATE NORMAL PERIOD 1981 TO 2010
CLIMATE RECORD PERIOD 1951 TO 2014


WEATHER ITEM   OBSERVED TIME   RECORD YEAR NORMAL DEPARTURE LAST
                VALUE   (LST)  VALUE       VALUE  FROM      YEAR
                                                  NORMAL
..................................................................
TEMPERATURE (F)
 TODAY
  MAXIMUM         82    143 PM  98    1954  84     -2       82
  MINIMUM         58    445 AM  40    1983  50      8       57
  AVERAGE         70                        67      3       70

PRECIPITATION (IN)
  TODAY            0.00          1.42 1981   0.02  -0.02     0.07
  MONTH TO DATE    0.04                      0.28  -0.24     0.48
  SINCE JAN 1      2.85                      5.23  -2.38     2.58

DEGREE DAYS
 HEATING
  TODAY            0                         1     -1        0
  MONTH TO DATE    9                        19    -10        0
  SINCE JUN 1    181                       209    -28      101
  SINCE JUL 1      9                        19    -10        0

 COOLING
  TODAY            5                         3      2        5
  MONTH TO DATE   62                        31     31       55
  SINCE JUN 1     73                        50     23      102
  SINCE JAN 1     75                        50     25      103
..................................................................


WIND (MPH)
  HIGHEST WIND SPEED    16   HIGHEST WIND DIRECTION     N (20)
  HIGHEST GUST SPEED    23   HIGHEST GUST DIRECTION     N (350)
  AVERAGE WIND SPEED     7.3


SKY COVER
  AVERAGE SKY COVER 0.6


WEATHER CONDITIONS
 THE FOLLOWING WEATHER WAS RECORDED TODAY.
  NO SIGNIFICANT WEATHER WAS OBSERVED.


RELATIVE HUMIDITY (PERCENT)
 HIGHEST    93           200 AM
 LOWEST     26           100 PM
 AVERAGE    60

..........................................................


THE RAWLINS WY AIRPORT CLIMATE NORMALS FOR TOMORROW
                         NORMAL    RECORD    YEAR
 MAXIMUM TEMPERATURE (F)   84        96      2005
                                             2003
 MINIMUM TEMPERATURE (F)   50        36      1951


SUNRISE AND SUNSET
JULY 12 2014..........SUNRISE   545 AM MDT   SUNSET   844 PM MDT
JULY 13 2014..........SUNRISE   546 AM MDT   SUNSET   843 PM MDT


-  INDICATES NEGATIVE NUMBERS.
R  INDICATES RECORD WAS SET OR TIED.
MM INDICATES DATA IS MISSING.
T  INDICATES TRACE AMOUNT.




$$
