000
CDUS45 KCYS 280727
CLIRWL


CLIMATE REPORT
NATIONAL WEATHER SERVICE CHEYENNE WY
126 AM MDT THU AUG 28 2014


...................................

...THE RAWLINS WY AIRPORT CLIMATE SUMMARY FOR AUGUST 27 2014...

CLIMATE NORMAL PERIOD 1981 TO 2010
CLIMATE RECORD PERIOD 1951 TO 2014


WEATHER ITEM   OBSERVED TIME   RECORD YEAR NORMAL DEPARTURE LAST
                VALUE   (LST)  VALUE       VALUE  FROM      YEAR
                                                  NORMAL
..................................................................
TEMPERATURE (F)
 YESTERDAY
  MAXIMUM         63    245 PM  90    2011  79    -16       84
                                      2001
  MINIMUM         51   1159 PM  34    1976  47      4       57
  AVERAGE         57                        63     -6       71

PRECIPITATION (IN)
  YESTERDAY        0.18          0.37 2006   0.02   0.16     0.00
  MONTH TO DATE    0.87                      0.66   0.21     0.56
  SINCE JAN 1      4.18                      6.45  -2.27     3.77

DEGREE DAYS
 HEATING
  YESTERDAY        8                         3      5        0
  MONTH TO DATE   62                        44     18        8
  SINCE JUN 1    260                       269     -9      109
  SINCE JUL 1     88                        79      9        8

 COOLING
  YESTERDAY        0                         1     -1        6
  MONTH TO DATE   32                        60    -28      100
  SINCE JUN 1    207                       177     30      299
  SINCE JAN 1    209                       177     32      300
..................................................................


WIND (MPH)
  HIGHEST WIND SPEED    21   HIGHEST WIND DIRECTION    SW (240)
  HIGHEST GUST SPEED    25   HIGHEST GUST DIRECTION     W (250)
  AVERAGE WIND SPEED    11.0


SKY COVER
  AVERAGE SKY COVER 0.9


WEATHER CONDITIONS
 THE FOLLOWING WEATHER WAS RECORDED YESTERDAY.
  LIGHT RAIN
  FOG


RELATIVE HUMIDITY (PERCENT)
 HIGHEST    96           700 AM
 LOWEST     60           300 PM
 AVERAGE    78

..........................................................


THE RAWLINS WY AIRPORT CLIMATE NORMALS FOR TODAY
                         NORMAL    RECORD    YEAR
 MAXIMUM TEMPERATURE (F)   79        90      2012
                                             1996
 MINIMUM TEMPERATURE (F)   46        35      2004


SUNRISE AND SUNSET
AUGUST 28 2014........SUNRISE   631 AM MDT   SUNSET   749 PM MDT
AUGUST 29 2014........SUNRISE   632 AM MDT   SUNSET   747 PM MDT


-  INDICATES NEGATIVE NUMBERS.
R  INDICATES RECORD WAS SET OR TIED.
MM INDICATES DATA IS MISSING.
T  INDICATES TRACE AMOUNT.




$$
