000
CDUS45 KCYS 290731
CLIRWL


CLIMATE REPORT
NATIONAL WEATHER SERVICE CHEYENNE WY
130 AM MDT FRI MAY 29 2015


...................................

...THE RAWLINS WY AIRPORT CLIMATE SUMMARY FOR MAY 28 2015...

CLIMATE NORMAL PERIOD 1981 TO 2010
CLIMATE RECORD PERIOD 1951 TO 2015


WEATHER ITEM   OBSERVED TIME   RECORD YEAR NORMAL DEPARTURE LAST
                VALUE   (LST)  VALUE       VALUE  FROM      YEAR
                                                  NORMAL
..................................................................
TEMPERATURE (F)
 YESTERDAY
  MAXIMUM         63    212 PM  86    2003  68     -5       85
  MINIMUM         45   1159 PM  24    1995  38      7       42
  AVERAGE         54                        53      1       64

PRECIPITATION (IN)
  YESTERDAY        0.03          1.01 1975   0.05  -0.02     0.00
  MONTH TO DATE    4.26                      1.27   2.99     0.84
  SINCE JAN 1      6.16                      3.78   2.38     2.48

DEGREE DAYS
 HEATING
  YESTERDAY       11                        12     -1        1
  MONTH TO DATE  488                       449     39      405
  SINCE MAR 1   2005                      2211   -206     2056
  SINCE JUL 1   7236                      8168   -932     7820

 COOLING
  YESTERDAY        0                         0      0        0
  MONTH TO DATE    0                         0      0        0
  SINCE MAR 1      0                         0      0        0
  SINCE JAN 1      0                         0      0        0
..................................................................


WIND (MPH)
  HIGHEST WIND SPEED    32   HIGHEST WIND DIRECTION     S (200)
  HIGHEST GUST SPEED    39   HIGHEST GUST DIRECTION     S (200)
  AVERAGE WIND SPEED    13.0


SKY COVER
  AVERAGE SKY COVER 0.6


WEATHER CONDITIONS
 THE FOLLOWING WEATHER WAS RECORDED YESTERDAY.
  THUNDERSTORM
  LIGHT RAIN


RELATIVE HUMIDITY (PERCENT)
 HIGHEST    86           400 AM
 LOWEST     36           100 PM
 AVERAGE    61

..........................................................


THE RAWLINS WY AIRPORT CLIMATE NORMALS FOR TODAY
                         NORMAL    RECORD    YEAR
 MAXIMUM TEMPERATURE (F)   68        85      2003
 MINIMUM TEMPERATURE (F)   39        25      1954


SUNRISE AND SUNSET
MAY 29 2015...........SUNRISE   538 AM MDT   SUNSET   835 PM MDT
MAY 30 2015...........SUNRISE   537 AM MDT   SUNSET   836 PM MDT


-  INDICATES NEGATIVE NUMBERS.
R  INDICATES RECORD WAS SET OR TIED.
MM INDICATES DATA IS MISSING.
T  INDICATES TRACE AMOUNT.




$$
