000
CDUS45 KCYS 270735
CLIRWL


CLIMATE REPORT
NATIONAL WEATHER SERVICE CHEYENNE WY
134 AM MDT SAT AUG 27 2016


...................................

...THE RAWLINS WY AIRPORT CLIMATE SUMMARY FOR AUGUST 26 2016...

CLIMATE NORMAL PERIOD 1981 TO 2010
CLIMATE RECORD PERIOD 1951 TO 2016


WEATHER ITEM   OBSERVED TIME   RECORD YEAR NORMAL DEPARTURE LAST
                VALUE   (LST)  VALUE       VALUE  FROM      YEAR
                                                  NORMAL
..................................................................
TEMPERATURE (F)
 YESTERDAY
  MAXIMUM         75    229 PM  90    2011  79     -4       84
                                      1994
                                      1985
  MINIMUM         39    545 AM  35    1992  47     -8       55
  AVERAGE         57                        63     -6       70

PRECIPITATION (IN)
  YESTERDAY        0.00          0.47 2004   0.03  -0.03     0.04
  MONTH TO DATE    0.08                      0.64  -0.56     0.34
  SINCE JAN 1      6.14                      6.43  -0.29     8.16

DEGREE DAYS
 HEATING
  YESTERDAY        8                         3      5        0
  MONTH TO DATE   71                        41     30       42
  SINCE JUN 1    141                       266   -125      145
  SINCE JUL 1     87                        76     11       79

 COOLING
  YESTERDAY        0                         1     -1        5
  MONTH TO DATE   56                        59     -3       70
  SINCE JUN 1    220                       176     44      192
  SINCE JAN 1    220                       176     44      192
..................................................................


WIND (MPH)
  HIGHEST WIND SPEED    31   HIGHEST WIND DIRECTION     S (190)
  HIGHEST GUST SPEED    38   HIGHEST GUST DIRECTION     S (200)
  AVERAGE WIND SPEED     9.0


SKY COVER
  AVERAGE SKY COVER 0.3


WEATHER CONDITIONS
 THE FOLLOWING WEATHER WAS RECORDED YESTERDAY.
  NO SIGNIFICANT WEATHER WAS OBSERVED.


RELATIVE HUMIDITY (PERCENT)
 HIGHEST    85           600 AM
 LOWEST     15           100 PM
 AVERAGE    50

..........................................................


THE RAWLINS WY AIRPORT CLIMATE NORMALS FOR TODAY
                         NORMAL    RECORD    YEAR
 MAXIMUM TEMPERATURE (F)   79        90      2011
                                             2001
 MINIMUM TEMPERATURE (F)   47        34      1976


SUNRISE AND SUNSET
AUGUST 27 2016........SUNRISE   630 AM MDT   SUNSET   749 PM MDT
AUGUST 28 2016........SUNRISE   631 AM MDT   SUNSET   748 PM MDT


-  INDICATES NEGATIVE NUMBERS.
R  INDICATES RECORD WAS SET OR TIED.
MM INDICATES DATA IS MISSING.
T  INDICATES TRACE AMOUNT.




$$
