000
CDUS45 KCYS 300732
CLIRWL


CLIMATE REPORT
NATIONAL WEATHER SERVICE CHEYENNE WY
130 AM MDT SAT JUL 30 2016


...................................

...THE RAWLINS WY AIRPORT CLIMATE SUMMARY FOR JULY 29 2016...

CLIMATE NORMAL PERIOD 1981 TO 2010
CLIMATE RECORD PERIOD 1951 TO 2016


WEATHER ITEM   OBSERVED TIME   RECORD YEAR NORMAL DEPARTURE LAST
                VALUE   (LST)  VALUE       VALUE  FROM      YEAR
                                                  NORMAL
..................................................................
TEMPERATURE (F)
 YESTERDAY
  MAXIMUM         90    345 PM  97    2006  84      6       81
  MINIMUM         51    533 AM  37    2015  51      0       37
  AVERAGE         71                        68      3       59

PRECIPITATION (IN)
  YESTERDAY        0.00          0.60 1956   0.03  -0.03     0.00
  MONTH TO DATE    0.06                      0.78  -0.72     0.95
  SINCE JAN 1      6.06                      5.73   0.33     7.82

DEGREE DAYS
 HEATING
  YESTERDAY        0                         1     -1        6
  MONTH TO DATE   16                        36    -20       34
  SINCE JUN 1     70                       226   -156      100
  SINCE JUL 1     16                        36    -20       34

 COOLING
  YESTERDAY        6                         4      2        0
  MONTH TO DATE  110                        94     16       60
  SINCE JUN 1    151                       113     38      121
  SINCE JAN 1    151                       113     38      121
..................................................................


WIND (MPH)
  HIGHEST WIND SPEED    23   HIGHEST WIND DIRECTION     W (290)
  HIGHEST GUST SPEED    29   HIGHEST GUST DIRECTION     W (270)
  AVERAGE WIND SPEED     8.7


SKY COVER
  AVERAGE SKY COVER 0.0


WEATHER CONDITIONS
 THE FOLLOWING WEATHER WAS RECORDED YESTERDAY.
  NO SIGNIFICANT WEATHER WAS OBSERVED.


RELATIVE HUMIDITY (PERCENT)
 HIGHEST    89           500 AM
 LOWEST      9           400 PM
 AVERAGE    49

..........................................................


THE RAWLINS WY AIRPORT CLIMATE NORMALS FOR TODAY
                         NORMAL    RECORD    YEAR
 MAXIMUM TEMPERATURE (F)   84        94      2006
 MINIMUM TEMPERATURE (F)   51        38      2015
                                             1971


SUNRISE AND SUNSET
JULY 30 2016..........SUNRISE   601 AM MDT   SUNSET   828 PM MDT
JULY 31 2016..........SUNRISE   602 AM MDT   SUNSET   827 PM MDT


-  INDICATES NEGATIVE NUMBERS.
R  INDICATES RECORD WAS SET OR TIED.
MM INDICATES DATA IS MISSING.
T  INDICATES TRACE AMOUNT.




$$
