000
CDUS45 KPIH 070731
CLIRXE


CLIMATE REPORT
NATIONAL WEATHER SERVICE POCATELLO ID
131 AM MDT TUE JUL 7 2015


...................................

...THE REXBURG ID CLIMATE SUMMARY FOR JULY 6 2015...

CLIMATE NORMAL PERIOD 1981 TO 2010
CLIMATE RECORD PERIOD 1998 TO 2015


WEATHER ITEM   OBSERVED TIME   RECORD YEAR NORMAL DEPARTURE LAST
                VALUE   (LST)  VALUE       VALUE  FROM      YEAR
                                                  NORMAL
..................................................................
TEMPERATURE (F)
 YESTERDAY
  MAXIMUM         78    552 PM  96    2007  81     -3       91
  MINIMUM         57    548 AM  43    1999  49      8       51
  AVERAGE         68                        65      3       71

PRECIPITATION (IN)
  YESTERDAY        0.01         MM      MM   0.04  -0.03     0.00
  MONTH TO DATE    0.07                      0.20  -0.13      T
  SINCE OCT 1      8.51                     10.65  -2.14     7.65
  SINCE JAN 1      5.74                      7.44  -1.70     5.79

SNOWFALL (IN)
  YESTERDAY       MM
  MONTH TO DATE   MM
  SINCE JUN 1     MM
  SINCE JUL 1     MM
  SNOW DEPTH      MM

DEGREE DAYS
 HEATING
  YESTERDAY        0                         2     -2        0
  MONTH TO DATE    0                        13    -13        3
  SINCE JUN 1     40                       185   -145      158
  SINCE JUL 1      0                        13    -13        3

 COOLING
  YESTERDAY        3                         2      1        6
  MONTH TO DATE   49                         7     42       27
  SINCE JUN 1    138                        25    113       30
  SINCE JAN 1    138                        29    109       30
..................................................................


WIND (MPH)
  HIGHEST WIND SPEED    15   HIGHEST WIND DIRECTION    SW (220)
  HIGHEST GUST SPEED    18   HIGHEST GUST DIRECTION     S (200)
  AVERAGE WIND SPEED     6.6


SKY COVER
  POSSIBLE SUNSHINE  MM
  AVERAGE SKY COVER 0.2


WEATHER CONDITIONS
 THE FOLLOWING WEATHER WAS RECORDED YESTERDAY.
  LIGHT RAIN


RELATIVE HUMIDITY (PERCENT)
 HIGHEST    75           700 AM
 LOWEST     33           600 PM
 AVERAGE    54

..........................................................


THE REXBURG ID CLIMATE NORMALS FOR TODAY
                         NORMAL    RECORD    YEAR
 MAXIMUM TEMPERATURE (F)   81        92      2007
                                             2002
 MINIMUM TEMPERATURE (F)   49        45      2009


SUNRISE AND SUNSET
JULY  7 2015..........SUNRISE   552 AM MDT   SUNSET   911 PM MDT
JULY  8 2015..........SUNRISE   553 AM MDT   SUNSET   911 PM MDT


-  INDICATES NEGATIVE NUMBERS.
R  INDICATES RECORD WAS SET OR TIED.
MM INDICATES DATA IS MISSING.
T  INDICATES TRACE AMOUNT.




$$
