000
CDUS45 KPIH 250741
CLIRXE


CLIMATE REPORT
NATIONAL WEATHER SERVICE POCATELLO ID
140 AM MDT THU AUG 25 2016


...................................

...THE REXBURG ID CLIMATE SUMMARY FOR AUGUST 24 2016...

CLIMATE NORMAL PERIOD 1981 TO 2010
CLIMATE RECORD PERIOD 1998 TO 2016


WEATHER ITEM   OBSERVED TIME   RECORD YEAR NORMAL DEPARTURE LAST
                VALUE   (LST)  VALUE       VALUE  FROM      YEAR
                                                  NORMAL
..................................................................
TEMPERATURE (F)
 YESTERDAY
  MAXIMUM         76    312 PM  93    2011  82     -6       91
  MINIMUM         38R   607 AM  38    2010  47     -9       43
  AVERAGE         57                        64     -7       67

PRECIPITATION (IN)
  YESTERDAY        0.00         MM      MM   0.04  -0.04     0.00
  MONTH TO DATE    0.04                      0.69  -0.65     0.53
  SINCE OCT 1      9.11                     11.86  -2.75     9.89
  SINCE JAN 1      5.95                      8.65  -2.70     7.12

SNOWFALL (IN)
  YESTERDAY       MM
  MONTH TO DATE   MM
  SINCE JUN 1     MM
  SINCE JUL 1     MM
  SNOW DEPTH      MM

DEGREE DAYS
 HEATING
  YESTERDAY        8                         2      6        0
  MONTH TO DATE   22                        21      1       26
  SINCE JUN 1    126                       223    -97      110
  SINCE JUL 1     56                        51      5       70

 COOLING
  YESTERDAY        0                         2     -2        2
  MONTH TO DATE   63                        78    -15       78
  SINCE JUN 1    235                       188     47      263
  SINCE JAN 1    235                       192     43      263
..................................................................


WIND (MPH)
  HIGHEST WIND SPEED    21   HIGHEST WIND DIRECTION    NE (30)
  HIGHEST GUST SPEED    29   HIGHEST GUST DIRECTION    NW (310)
  AVERAGE WIND SPEED     6.5


SKY COVER
  POSSIBLE SUNSHINE  MM
  AVERAGE SKY COVER 0.2


WEATHER CONDITIONS
 THE FOLLOWING WEATHER WAS RECORDED YESTERDAY.
  THUNDERSTORM


RELATIVE HUMIDITY (PERCENT)
 HIGHEST    64           600 AM
 LOWEST     19           200 PM
 AVERAGE    42

..........................................................


THE REXBURG ID CLIMATE NORMALS FOR TODAY
                         NORMAL    RECORD    YEAR
 MAXIMUM TEMPERATURE (F)   81        95      2015
 MINIMUM TEMPERATURE (F)   47        39      1998


SUNRISE AND SUNSET
AUGUST 25 2016........SUNRISE   643 AM MDT   SUNSET   814 PM MDT
AUGUST 26 2016........SUNRISE   645 AM MDT   SUNSET   812 PM MDT


-  INDICATES NEGATIVE NUMBERS.
R  INDICATES RECORD WAS SET OR TIED.
MM INDICATES DATA IS MISSING.
T  INDICATES TRACE AMOUNT.




$$
