000
CDUS45 KPIH 292323
CLIRXE


CLIMATE REPORT
NATIONAL WEATHER SERVICE POCATELLO ID
522 PM MDT TUE JUL 29 2014


...................................

...THE REXBURG ID CLIMATE SUMMARY FOR JULY 29 2014...
VALID TODAY AS OF 0500 PM LOCAL TIME.

CLIMATE NORMAL PERIOD 1981 TO 2010
CLIMATE RECORD PERIOD 1998 TO 2014


WEATHER ITEM   OBSERVED TIME   RECORD YEAR NORMAL DEPARTURE LAST
                VALUE   (LST)  VALUE       VALUE  FROM      YEAR
                                                  NORMAL
..................................................................
TEMPERATURE (F)
 TODAY
  MAXIMUM         75    350 PM  95    2007  87    -12       85
                                      2006
                                      2000
  MINIMUM         62    523 AM  45    2011  52     10       50
  AVERAGE         69                        69      0       68

PRECIPITATION (IN)
  TODAY            T            MM      MM   0.02  -0.02     0.27
  MONTH TO DATE    1.30                      0.68   0.62     0.53
  SINCE OCT 1      8.95                     11.13  -2.18     8.40
  SINCE JAN 1      7.09                      7.92  -0.83     5.01

SNOWFALL (IN)
  TODAY           MM
  MONTH TO DATE   MM
  SINCE JUN 1     MM
  SINCE JUL 1     MM
  SNOW DEPTH      MM

DEGREE DAYS
 HEATING
  TODAY            0                         0      0        0
  MONTH TO DATE    8                        27    -19        0
  SINCE JUN 1    163                       199    -36      117
  SINCE JUL 1      8                        27    -19        0

 COOLING
  TODAY            4                         4      0        3
  MONTH TO DATE  156                        81     75      182
  SINCE JUN 1    159                        99     60      241
  SINCE JAN 1    159                       103     56      243
..................................................................


WIND (MPH)
  HIGHEST WIND SPEED    10   HIGHEST WIND DIRECTION    NE (30)
  HIGHEST GUST SPEED    13   HIGHEST GUST DIRECTION    NE (40)
  AVERAGE WIND SPEED     3.5


SKY COVER
  POSSIBLE SUNSHINE  MM
  AVERAGE SKY COVER 0.8


WEATHER CONDITIONS
 THE FOLLOWING WEATHER WAS RECORDED TODAY.
  LIGHT RAIN


RELATIVE HUMIDITY (PERCENT)
 HIGHEST    78           300 AM
 LOWEST     58          1200 AM
 AVERAGE    68

..........................................................


THE REXBURG ID CLIMATE NORMALS FOR TOMORROW
                         NORMAL    RECORD    YEAR
 MAXIMUM TEMPERATURE (F)   87        99      2000
 MINIMUM TEMPERATURE (F)   52        45      2009


SUNRISE AND SUNSET
JULY 29 2014..........SUNRISE   613 AM MDT   SUNSET   854 PM MDT
JULY 30 2014..........SUNRISE   614 AM MDT   SUNSET   853 PM MDT


-  INDICATES NEGATIVE NUMBERS.
R  INDICATES RECORD WAS SET OR TIED.
MM INDICATES DATA IS MISSING.
T  INDICATES TRACE AMOUNT.




$$
