000
CDUS45 KPIH 220733
CLIRXE


CLIMATE REPORT
NATIONAL WEATHER SERVICE POCATELLO ID
131 AM MDT MON MAY 22 2017


...................................

...THE REXBURG ID CLIMATE SUMMARY FOR MAY 21 2017...

CLIMATE NORMAL PERIOD 1981 TO 2010
CLIMATE RECORD PERIOD 1998 TO 2017


WEATHER ITEM   OBSERVED TIME   RECORD YEAR NORMAL DEPARTURE LAST
                VALUE   (LST)  VALUE       VALUE  FROM      YEAR
                                                  NORMAL
..................................................................
TEMPERATURE (F)
 YESTERDAY
  MAXIMUM         69    341 PM  85    2012  68      1       51
  MINIMUM         37    534 AM  28    2001  41     -4       42
  AVERAGE         53                        54     -1       47

PRECIPITATION (IN)
  YESTERDAY        0.00         MM      MM   0.06  -0.06     0.40
  MONTH TO DATE    0.80                      1.14  -0.34     1.75
  SINCE OCT 1     11.81                      8.46   3.35     8.57
  SINCE JAN 1      6.05                      5.25   0.80     5.41

SNOWFALL (IN)
  YESTERDAY       MM
  MONTH TO DATE   MM
  SINCE MAR 1     MM
  SINCE JUL 1     MM
  SNOW DEPTH      MM

DEGREE DAYS
 HEATING
  YESTERDAY       12                        11      1       18
  MONTH TO DATE  258                       294    -36      246
  SINCE MAR 1   1655                      1886   -231     1606
  SINCE JUL 1   7450                      7859   -409     7183

 COOLING
  YESTERDAY        0                         0      0        0
  MONTH TO DATE    0                         0      0        0
  SINCE MAR 1      0                         0      0        0
  SINCE JAN 1      0                         0      0        0
..................................................................


WIND (MPH)
  HIGHEST WIND SPEED    15   HIGHEST WIND DIRECTION    NE (40)
  HIGHEST GUST SPEED    19   HIGHEST GUST DIRECTION     N (20)
  AVERAGE WIND SPEED     6.8


SKY COVER
  POSSIBLE SUNSHINE  MM
  AVERAGE SKY COVER 0.0


WEATHER CONDITIONS
 THE FOLLOWING WEATHER WAS RECORDED YESTERDAY.
  NO SIGNIFICANT WEATHER WAS OBSERVED.


RELATIVE HUMIDITY (PERCENT)
 HIGHEST   100           400 AM
 LOWEST     20           600 PM
 AVERAGE    60

..........................................................


THE REXBURG ID CLIMATE NORMALS FOR TODAY
                         NORMAL    RECORD    YEAR
 MAXIMUM TEMPERATURE (F)   68        80      2014
 MINIMUM TEMPERATURE (F)   41        31      2007


SUNRISE AND SUNSET
MAY 22 2017...........SUNRISE   555 AM MDT   SUNSET   854 PM MDT
MAY 23 2017...........SUNRISE   554 AM MDT   SUNSET   855 PM MDT


-  INDICATES NEGATIVE NUMBERS.
R  INDICATES RECORD WAS SET OR TIED.
MM INDICATES DATA IS MISSING.
T  INDICATES TRACE AMOUNT.




$$
