000
CDUS45 KPIH 280809
CLIRXE


CLIMATE REPORT
NATIONAL WEATHER SERVICE POCATELLO ID
206 AM MDT TUE JUL 28 2015


...................................

...THE REXBURG ID CLIMATE SUMMARY FOR JULY 27 2015...

CLIMATE NORMAL PERIOD 1981 TO 2010
CLIMATE RECORD PERIOD 1998 TO 2015


WEATHER ITEM   OBSERVED TIME   RECORD YEAR NORMAL DEPARTURE LAST
                VALUE   (LST)  VALUE       VALUE  FROM      YEAR
                                                  NORMAL
..................................................................
TEMPERATURE (F)
 YESTERDAY
  MAXIMUM         65    942 AM  94    2012  86    -21       91
  MINIMUM         45   1159 PM  42    2005  52     -7       46
  AVERAGE         55                        69    -14       69

PRECIPITATION (IN)
  YESTERDAY        0.18         MM      MM   0.02   0.16     0.00
  MONTH TO DATE    0.92                      0.64   0.28     1.30
  SINCE OCT 1      9.36                     11.09  -1.73     8.95
  SINCE JAN 1      6.59                      7.88  -1.29     7.09

SNOWFALL (IN)
  YESTERDAY       MM
  MONTH TO DATE   MM
  SINCE JUN 1     MM
  SINCE JUL 1     MM
  SNOW DEPTH      MM

DEGREE DAYS
 HEATING
  YESTERDAY       10                         0     10        0
  MONTH TO DATE   26                        27     -1        8
  SINCE JUN 1     66                       199   -133      163
  SINCE JUL 1     26                        27     -1        8

 COOLING
  YESTERDAY        0                         4     -4        4
  MONTH TO DATE   92                        73     19      146
  SINCE JUN 1    181                        91     90      149
  SINCE JAN 1    181                        95     86      149
..................................................................


WIND (MPH)
  HIGHEST WIND SPEED    28   HIGHEST WIND DIRECTION     W (270)
  HIGHEST GUST SPEED    35   HIGHEST GUST DIRECTION     W (260)
  AVERAGE WIND SPEED     9.9


SKY COVER
  POSSIBLE SUNSHINE  MM
  AVERAGE SKY COVER 0.5


WEATHER CONDITIONS
 THE FOLLOWING WEATHER WAS RECORDED YESTERDAY.
  RAIN
  LIGHT RAIN
  FOG


RELATIVE HUMIDITY (PERCENT)
 HIGHEST    86           100 PM
 LOWEST     44           400 PM
 AVERAGE    65

..........................................................


THE REXBURG ID CLIMATE NORMALS FOR TODAY
                         NORMAL    RECORD    YEAR
 MAXIMUM TEMPERATURE (F)   87        97      2006
 MINIMUM TEMPERATURE (F)   52        42      2002


SUNRISE AND SUNSET
JULY 28 2015..........SUNRISE   611 AM MDT   SUNSET   855 PM MDT
JULY 29 2015..........SUNRISE   612 AM MDT   SUNSET   854 PM MDT


-  INDICATES NEGATIVE NUMBERS.
R  INDICATES RECORD WAS SET OR TIED.
MM INDICATES DATA IS MISSING.
T  INDICATES TRACE AMOUNT.




$$
