000
CDUS46 KSTO 011452
CLISAC

CLIMATE REPORT
NATIONAL WEATHER SERVICE SACRAMENTO, CA
745 AM PDT WED OCT 1 2014


...................................

...THE SACRAMENTO EXEC. AIRPORT CA CLIMATE SUMMARY FOR SEPTEMBER 30 2014...

CLIMATE NORMAL PERIOD 1981 TO 2010
CLIMATE RECORD PERIOD 1930 TO 2014


WEATHER ITEM   OBSERVED TIME   RECORD YEAR NORMAL DEPARTURE LAST
                VALUE   (LST)  VALUE       VALUE  FROM      YEAR
                                                  NORMAL
..................................................................
TEMPERATURE (F)
 YESTERDAY
  MAXIMUM         84    409 PM 101    1991  84      0       78
  MINIMUM         59    621 AM  42    2007  54      5       59
  AVERAGE         72

PRECIPITATION (IN)
  YESTERDAY        0.00          0.56 1983   0.02  -0.02     0.00
  MONTH TO DATE    0.46                      0.29   0.17     0.59
  SINCE JUL 1      0.47                      0.34   0.13     0.59
  SINCE JAN 1      8.36                     12.24  -3.88     4.50

SNOWFALL (IN)
  YESTERDAY        0.0           0.0  2002   0.0             0.0
                                      2001
  MONTH TO DATE    0.0                       0.0             0.0
  SINCE SEP 1      0.0                       0.0             0.0
  SINCE JUL 1      0.0                       0.0             0.0

DEGREE DAYS
 HEATING
  YESTERDAY        0

 COOLING
  YESTERDAY        7
..................................................................


WIND (MPH)
  RESULTANT WIND SPEED   0   RESULTANT WIND DIRECTION  NW (330)
  HIGHEST WIND SPEED    16   HIGHEST WIND DIRECTION    NW (330)
  HIGHEST GUST SPEED    23   HIGHEST GUST DIRECTION    NW (310)


SKY COVER
  POSSIBLE SUNSHINE  MM
  AVERAGE SKY COVER 0.0


WEATHER CONDITIONS
 THE FOLLOWING WEATHER WAS RECORDED YESTERDAY.
  NO SIGNIFICANT WEATHER WAS OBSERVED.


RELATIVE HUMIDITY (PERCENT)
 HIGHEST    84
 LOWEST     37
 AVERAGE    61

..........................................................


THE SACRAMENTO EXEC. AIRPORT CA CLIMATE NORMALS FOR TODAY
                         NORMAL    RECORD    YEAR
 MAXIMUM TEMPERATURE (F)   84       102      2001
 MINIMUM TEMPERATURE (F)   53        41      1950


SUNRISE AND SUNSET
OCTOBER  1 2014.......SUNRISE   702 AM PDT   SUNSET   649 PM PDT
OCTOBER  2 2014.......SUNRISE   703 AM PDT   SUNSET   647 PM PDT


-  INDICATES NEGATIVE NUMBERS.
R  INDICATES RECORD WAS SET OR TIED.
MM INDICATES DATA IS MISSING.
T  INDICATES TRACE AMOUNT.






&&
....................................................................

SACRAMENTO CITY CLIMATE DATA FOR TUESDAY SEPTEMBER 30 2014

HIGH...   82  RECORD HIGH   102 IN 1991    NORMAL    HIGH   84
LOW....   58  RECORD LOW     46 IN 1894    NORMAL    LOW    56

RAIN SINCE MIDNIGHT....  0.00   RECORD THIS DATE....... 0.74 IN 1883
TOTAL THIS MONTH.......  0.54   NORMAL SEASON TO DATE.........  0.38
TOTAL SINCE JULY 1ST...  0.56   PERCENT OF NORMAL.............  147%


$$
