000
CDUS46 KSTO 300038
CLISAC

CLIMATE REPORT
NATIONAL WEATHER SERVICE SACRAMENTO, CA
536 PM PDT FRI APR 29 2016


...................................

...THE SACRAMENTO EXEC. AIRPORT CA CLIMATE SUMMARY FOR APRIL 29 2016...
VALID TODAY AS OF 0500 PM LOCAL TIME.

CLIMATE NORMAL PERIOD 1981 TO 2010
CLIMATE RECORD PERIOD 1930 TO 2016


WEATHER ITEM   OBSERVED TIME   RECORD YEAR NORMAL DEPARTURE LAST
                VALUE   (LST)  VALUE       VALUE  FROM      YEAR
                                                  NORMAL
..................................................................
TEMPERATURE (F)
 TODAY
  MAXIMUM         78    148 PM  93    2013  75      3       85
  MINIMUM         52    549 AM  36    2010  48      4       53
  AVERAGE         65

PRECIPITATION (IN)
  TODAY            0.00          0.62 1983   0.02  -0.02     0.00
  MONTH TO DATE    1.03                      1.12  -0.09     1.85
  SINCE OCT 1     15.80                     17.26  -1.46    15.27
  SINCE JAN 1     12.36                     10.98   1.38     4.89

SNOWFALL (IN)
  TODAY            0.0          MM      MM   0.0             0.0
  MONTH TO DATE    0.0                       0.0             0.0
  SINCE MAR 1      0.0                       0.0             0.0
  SINCE JUL 1      0.0                       0.0             0.0

DEGREE DAYS
 HEATING
  TODAY            0

 COOLING
  TODAY            0
..................................................................


WIND (MPH)
  RESULTANT WIND SPEED   5   RESULTANT WIND DIRECTION   S (160)
  HIGHEST WIND SPEED    14   HIGHEST WIND DIRECTION    SW (220)
  HIGHEST GUST SPEED    20   HIGHEST GUST DIRECTION     S (200)


SKY COVER
  POSSIBLE SUNSHINE  MM
  AVERAGE SKY COVER 0.0


WEATHER CONDITIONS
 THE FOLLOWING WEATHER WAS RECORDED TODAY.
  NO SIGNIFICANT WEATHER WAS OBSERVED.


RELATIVE HUMIDITY (PERCENT)
 HIGHEST    89
 LOWEST     31
 AVERAGE    60

..........................................................


THE SACRAMENTO EXEC. AIRPORT CA CLIMATE NORMALS FOR TOMORROW
                         NORMAL    RECORD    YEAR
 MAXIMUM TEMPERATURE (F)   76        95      1996
 MINIMUM TEMPERATURE (F)   48        37      1967


SUNRISE AND SUNSET
APRIL 29 2016.........SUNRISE   611 AM PDT   SUNSET   757 PM PDT
APRIL 30 2016.........SUNRISE   609 AM PDT   SUNSET   757 PM PDT


-  INDICATES NEGATIVE NUMBERS.
R  INDICATES RECORD WAS SET OR TIED.
MM INDICATES DATA IS MISSING.
T  INDICATES TRACE AMOUNT.

&&
....................................................................

SACRAMENTO CITY CLIMATE DATA FOR FRIDAY APRIL 29 2016

HIGH...   79  RECORD HIGH    96 IN 1981    NORMAL    HIGH   77
LOW....   53  RECORD LOW     39 IN 1948    NORMAL    LOW    51

RAIN SINCE MIDNIGHT....  0.00   RECORD THIS DATE....... 1.52 IN 1901
TOTAL THIS MONTH.......  1.48   NORMAL SINCE OCT 1ST.........  18.91
TOTAL SINCE OCT 1ST...  16.38   PERCENT OF NORMAL.............  87%


$$
NNNN
