000
CDUS46 KSTO 230838
CLISAC

CLIMATE REPORT
NATIONAL WEATHER SERVICE SACRAMENTO, CA
137 AM PDT SAT MAY 23 2015


...................................

...THE SACRAMENTO EXEC. AIRPORT CA CLIMATE SUMMARY FOR MAY 22 2015...

CLIMATE NORMAL PERIOD 1981 TO 2010
CLIMATE RECORD PERIOD 1930 TO 2015


WEATHER ITEM   OBSERVED TIME   RECORD YEAR NORMAL DEPARTURE LAST
                VALUE   (LST)  VALUE       VALUE  FROM      YEAR
                                                  NORMAL
..................................................................
TEMPERATURE (F)
 YESTERDAY
  MAXIMUM         75    341 PM 101    1967  82     -7       87
  MINIMUM         55    558 AM  38    1960  52      3       54
  AVERAGE         65

PRECIPITATION (IN)
  YESTERDAY        T             0.70 1958   0.02  -0.02     0.00
  MONTH TO DATE    0.07                      0.52  -0.45      T
  SINCE OCT 1     15.34                     17.81  -2.47     9.20
  SINCE JAN 1      4.96                     11.53  -6.57     7.89

SNOWFALL (IN)
  YESTERDAY        0.0          MM      MM   0.0             0.0
  MONTH TO DATE    0.0                       0.0             0.0
  SINCE MAR 1      0.0                       0.0             0.0
  SINCE JUL 1      0.0                       0.0             0.0

DEGREE DAYS
 HEATING
  YESTERDAY        0

 COOLING
  YESTERDAY        0
..................................................................


WIND (MPH)
  RESULTANT WIND SPEED   7   RESULTANT WIND DIRECTION   S (190)
  HIGHEST WIND SPEED    20   HIGHEST WIND DIRECTION    SW (220)
  HIGHEST GUST SPEED    33   HIGHEST GUST DIRECTION    SW (210)


SKY COVER
  POSSIBLE SUNSHINE  MM
  AVERAGE SKY COVER 0.5


WEATHER CONDITIONS
 THE FOLLOWING WEATHER WAS RECORDED YESTERDAY.
  NO SIGNIFICANT WEATHER WAS OBSERVED.


RELATIVE HUMIDITY (PERCENT)
 HIGHEST    86
 LOWEST     46
 AVERAGE    66

..........................................................


THE SACRAMENTO EXEC. AIRPORT CA CLIMATE NORMALS FOR TODAY
                         NORMAL    RECORD    YEAR
 MAXIMUM TEMPERATURE (F)   82        97      1982
                                             1967
 MINIMUM TEMPERATURE (F)   52        42      1980


SUNRISE AND SUNSET
MAY 23 2015...........SUNRISE   548 AM PDT   SUNSET   818 PM PDT
MAY 24 2015...........SUNRISE   548 AM PDT   SUNSET   818 PM PDT


-  INDICATES NEGATIVE NUMBERS.
R  INDICATES RECORD WAS SET OR TIED.
MM INDICATES DATA IS MISSING.
T  INDICATES TRACE AMOUNT.

&&
....................................................................

SACRAMENTO CITY CLIMATE DATA FOR FRIDAY MAY 22 2015

HIGH...   77  RECORD HIGH   103 IN 2000    NORMAL    HIGH   82
LOW....   55  RECORD LOW     42 IN 1960    NORMAL    LOW    55

RAIN SINCE MIDNIGHT....  0.00   RECORD THIS DATE....... 0.65 IN 1958
TOTAL THIS MONTH.......  0.19   NORMAL SINCE OCT 1ST.........  19.53
TOTAL SINCE OCT 1ST... 13.73   PERCENT OF NORMAL.............  70%

$$
