000
CDUS46 KSTO 090835
CLISAC

CLIMATE REPORT
NATIONAL WEATHER SERVICE SACRAMENTO, CA
1234 AM PST TUE FEB 9 2016


...................................

...THE SACRAMENTO EXEC. AIRPORT CA CLIMATE SUMMARY FOR FEBRUARY 8 2016...

CLIMATE NORMAL PERIOD 1981 TO 2010
CLIMATE RECORD PERIOD 1930 TO 2016


WEATHER ITEM   OBSERVED TIME   RECORD YEAR NORMAL DEPARTURE LAST
                VALUE   (LST)  VALUE       VALUE  FROM      YEAR
                                                  NORMAL
..................................................................
TEMPERATURE (F)
 YESTERDAY
  MAXIMUM         75R   348 PM  69    2006  59     16       64
                                      1988
  MINIMUM         40    656 AM  25    1989  41     -1       58
  AVERAGE         58

PRECIPITATION (IN)
  YESTERDAY        0.00          1.34 2015   0.12  -0.12     1.34
  MONTH TO DATE    0.04                      1.02  -0.98     2.75
  SINCE OCT 1      8.92                     10.94  -2.02    13.13
  SINCE JAN 1      5.48                      4.66   0.82     2.75

SNOWFALL (IN)
  YESTERDAY        0.0           0.0  2002   0.0             0.0
  MONTH TO DATE    0.0                       0.0             0.0
  SINCE DEC 1      0.0                       0.0             0.0
  SINCE JUL 1      0.0                       0.0             0.0

DEGREE DAYS
 HEATING
  YESTERDAY        7

 COOLING
  YESTERDAY        0
..................................................................


WIND (MPH)
  RESULTANT WIND SPEED   1   RESULTANT WIND DIRECTION  NE (50)
  HIGHEST WIND SPEED     9   HIGHEST WIND DIRECTION     N (20)
  HIGHEST GUST SPEED    11   HIGHEST GUST DIRECTION     N (10)


SKY COVER
  POSSIBLE SUNSHINE  MM
  AVERAGE SKY COVER 0.1


WEATHER CONDITIONS
 THE FOLLOWING WEATHER WAS RECORDED YESTERDAY.
  FOG
  FOG W/VISIBILITY <= 1/4 MILE


RELATIVE HUMIDITY (PERCENT)
 HIGHEST   100
 LOWEST     35
 AVERAGE    68

..........................................................


THE SACRAMENTO EXEC. AIRPORT CA CLIMATE NORMALS FOR TODAY
                         NORMAL    RECORD    YEAR
 MAXIMUM TEMPERATURE (F)   59        72      2006
 MINIMUM TEMPERATURE (F)   41        30      2003


SUNRISE AND SUNSET
FEBRUARY  9 2016......SUNRISE   704 AM PST   SUNSET   537 PM PST
FEBRUARY 10 2016......SUNRISE   703 AM PST   SUNSET   538 PM PST


-  INDICATES NEGATIVE NUMBERS.
R  INDICATES RECORD WAS SET OR TIED.
MM INDICATES DATA IS MISSING.
T  INDICATES TRACE AMOUNT.

&&
....................................................................

SACRAMENTO CITY CLIMATE DATA FOR MONDAY FEBRUARY 8 2016

HIGH...   74  RECORD HIGH    72 IN 2006    NORMAL    HIGH   60
LOW....   44  RECORD LOW     23 IN 1989    NORMAL    LOW    43

RAIN SINCE MIDNIGHT....  0.00   RECORD THIS DATE....... 1.28 IN 2014
TOTAL THIS MONTH.......  0.03   NORMAL SINCE OCT 1ST.........  12.01
TOTAL SINCE OCT 1ST....  9.44   PERCENT OF NORMAL..............  79%

$$
