000
CDUS46 KSTO 290843
CLISAC

CLIMATE REPORT
NATIONAL WEATHER SERVICE SACRAMENTO, CA
140 AM PDT SUN MAY 29 2016


................................................................

...THE SACRAMENTO EXEC. AIRPORT CA CLIMATE SUMMARY FOR MAY 28 2016...

CLIMATE NORMAL PERIOD 1981 TO 2010
CLIMATE RECORD PERIOD 1930 TO 2016


WEATHER ITEM   OBSERVED TIME   RECORD YEAR NORMAL DEPARTURE LAST
                VALUE   (LST)  VALUE       VALUE  FROM      YEAR
                                                  NORMAL
..................................................................
TEMPERATURE (F)
 YESTERDAY
  MAXIMUM         90    351 PM 105    1984  83      7       87
  MINIMUM         62   1258 AM  43    2010  53      9       53
  AVERAGE         76

PRECIPITATION (IN)
  YESTERDAY        0.00          1.10 1998   0.02  -0.02     0.00
  MONTH TO DATE    0.39                      0.63  -0.24     0.07
  SINCE OCT 1     16.19                     17.92  -1.73    15.34
  SINCE JAN 1     12.75                     11.64   1.11     4.96

SNOWFALL (IN)
  YESTERDAY        0.0          MM      MM   0.0             0.0
  MONTH TO DATE    0.0                       0.0             0.0
  SINCE MAR 1      0.0                       0.0             0.0
  SINCE JUL 1      0.0                       0.0             0.0

DEGREE DAYS
 HEATING
  YESTERDAY        0

 COOLING
  YESTERDAY       11
..................................................................


WIND (MPH)
  RESULTANT WIND SPEED   5   RESULTANT WIND DIRECTION  NW (320)
  HIGHEST WIND SPEED    15   HIGHEST WIND DIRECTION    NW (330)
  HIGHEST GUST SPEED    19   HIGHEST GUST DIRECTION    NW (320)


SKY COVER
  POSSIBLE SUNSHINE  MM
  AVERAGE SKY COVER 0.0


WEATHER CONDITIONS
 THE FOLLOWING WEATHER WAS RECORDED YESTERDAY.
  NO SIGNIFICANT WEATHER WAS OBSERVED.


RELATIVE HUMIDITY (PERCENT)
 HIGHEST    67
 LOWEST     16
 AVERAGE    42

..........................................................


THE SACRAMENTO EXEC. AIRPORT CA CLIMATE NORMALS FOR TODAY
                         NORMAL    RECORD    YEAR
 MAXIMUM TEMPERATURE (F)   83       102      1973
 MINIMUM TEMPERATURE (F)   53        42      1985


SUNRISE AND SUNSET
MAY 29 2016...........SUNRISE   545 AM PDT   SUNSET   823 PM PDT
MAY 30 2016...........SUNRISE   544 AM PDT   SUNSET   823 PM PDT


-  INDICATES NEGATIVE NUMBERS.
R  INDICATES RECORD WAS SET OR TIED.
MM INDICATES DATA IS MISSING.
T  INDICATES TRACE AMOUNT.

&&
....................................................................

SACRAMENTO CITY CLIMATE DATA FOR SATURDAY MAY 28 2016

HIGH...   90  RECORD HIGH   107 IN 1984    NORMAL    HIGH   84
LOW....   64  RECORD LOW     44 IN 1927    NORMAL    LOW    56

RAIN SINCE MIDNIGHT....  0.00   RECORD THIS DATE....... 1.27 IN 1998
TOTAL THIS MONTH.......  0.59   NORMAL SINCE OCT 1ST.........  19.65
TOTAL SINCE OCT 1ST...  16.97   PERCENT OF NORMAL.............  86%


$$
NNNN
