000
CDUS46 KSTO 201604 CCA
CLISAC

CLIMATE REPORT
NATIONAL WEATHER SERVICE SACRAMENTO, CA
730 AM PDT SAT SEP 20 2014

..............................................................

...THE SACRAMENTO EXEC. AIRPORT CA CLIMATE SUMMARY FOR SEPTEMBER 19 2014...

CLIMATE NORMAL PERIOD 1981 TO 2010
CLIMATE RECORD PERIOD 1930 TO 2014


WEATHER ITEM   OBSERVED TIME   RECORD YEAR NORMAL DEPARTURE LAST
                VALUE   (LST)  VALUE       VALUE  FROM      YEAR
                                                  NORMAL
..................................................................
TEMPERATURE (F)
 YESTERDAY
  MAXIMUM         87    312 PM 101    2000  87      0       91
  MINIMUM         61    627 AM  44    1947  55      6       52
  AVERAGE         74

PRECIPITATION (IN)
  YESTERDAY        0.00          0.83 1956   0.01  -0.01     0.00
  MONTH TO DATE    0.00                      0.15  -0.15     0.10
  SINCE JUL 1      0.01                      0.20  -0.19     0.10
  SINCE JAN 1      7.90                     12.10  -4.20     4.01

SNOWFALL (IN)
  YESTERDAY        0.0           0.0  2002   0.0             0.0
                                      2001
  MONTH TO DATE    0.0                       0.0             0.0
  SINCE SEP 1      0.0                       0.0             0.0
  SINCE JUL 1      0.0                       0.0             0.0

DEGREE DAYS
 HEATING
  YESTERDAY        0

 COOLING
  YESTERDAY        9
..................................................................


WIND (MPH)
  RESULTANT WIND SPEED   3   RESULTANT WIND DIRECTION   S (190)
  HIGHEST WIND SPEED    14   HIGHEST WIND DIRECTION    SW (220)
  HIGHEST GUST SPEED    20   HIGHEST GUST DIRECTION    SW (220)


SKY COVER
  POSSIBLE SUNSHINE  MM
  AVERAGE SKY COVER 0.0


WEATHER CONDITIONS
 THE FOLLOWING WEATHER WAS RECORDED YESTERDAY.
  NO SIGNIFICANT WEATHER WAS OBSERVED.


RELATIVE HUMIDITY (PERCENT)
 HIGHEST    90
 LOWEST     36
 AVERAGE    63

..........................................................


THE SACRAMENTO EXEC. AIRPORT CA CLIMATE NORMALS FOR TODAY
                         NORMAL    RECORD    YEAR
 MAXIMUM TEMPERATURE (F)   87        99      2000
                                             1994
 MINIMUM TEMPERATURE (F)   55        43      1978


SUNRISE AND SUNSET
SEPTEMBER 20 2014.....SUNRISE   652 AM PDT   SUNSET   706 PM PDT
SEPTEMBER 21 2014.....SUNRISE   653 AM PDT   SUNSET   704 PM PDT


-  INDICATES NEGATIVE NUMBERS.
R  INDICATES RECORD WAS SET OR TIED.
MM INDICATES DATA IS MISSING.
T  INDICATES TRACE AMOUNT.

&&
....................................................................

SACRAMENTO CITY CLIMATE DATA FOR FRIDAY SEPTEMBER 19 2014

HIGH...   89  RECORD HIGH   101 IN 2000    NORMAL    HIGH   87
LOW....   62  RECORD LOW     46 IN 1947    NORMAL    LOW    58

RAIN SINCE MIDNIGHT....  0.00   RECORD THIS DATE....... 1.93 IN 2004
TOTAL THIS MONTH.......  0.00   NORMAL SEASON TO DATE.........  0.20
TOTAL SINCE JULY 1ST...  0.02   PERCENT OF NORMAL.............   10%

$$
POWELL
