000
CDUS46 KSTO 250834
CLISAC

CLIMATE REPORT
NATIONAL WEATHER SERVICE SACRAMENTO, CA
134 AM PDT SUN SEP 25 2016


...................................

...THE SACRAMENTO EXEC. AIRPORT CA CLIMATE SUMMARY FOR SEPTEMBER 24 2016...

CLIMATE NORMAL PERIOD 1981 TO 2010
CLIMATE RECORD PERIOD 1930 TO 2016


WEATHER ITEM   OBSERVED TIME   RECORD YEAR NORMAL DEPARTURE LAST
                VALUE   (LST)  VALUE       VALUE  FROM      YEAR
                                                  NORMAL
..................................................................
TEMPERATURE (F)
 YESTERDAY
  MAXIMUM         91    428 PM 102    1975  86      5       96
  MINIMUM         53    619 AM  48    1948  55     -2       61
  AVERAGE         72

PRECIPITATION (IN)
  YESTERDAY        0.00          0.50 2001   0.01  -0.01     0.00
  MONTH TO DATE    T                         0.20  -0.20     0.02
  SINCE OCT 1     16.19                     18.43  -2.24    15.43
  SINCE JAN 1     12.75                     12.15   0.60     5.05

SNOWFALL (IN)
  YESTERDAY        0.0           0.0  2002   0.0             0.0
                                      2001
  MONTH TO DATE    0.0                       0.0             0.0
  SINCE SEP 1      0.0                       0.0             0.0
  SINCE JUL 1      0.0                       0.0             0.0

DEGREE DAYS
 HEATING
  YESTERDAY        0

 COOLING
  YESTERDAY        7
..................................................................


WIND (MPH)
  RESULTANT WIND SPEED   2   RESULTANT WIND DIRECTION   N (350)
  HIGHEST WIND SPEED    15   HIGHEST WIND DIRECTION     N (360)
  HIGHEST GUST SPEED    27   HIGHEST GUST DIRECTION    NW (320)


SKY COVER
  POSSIBLE SUNSHINE  MM
  AVERAGE SKY COVER 0.0


WEATHER CONDITIONS
 THE FOLLOWING WEATHER WAS RECORDED YESTERDAY.
  NO SIGNIFICANT WEATHER WAS OBSERVED.


RELATIVE HUMIDITY (PERCENT)
 HIGHEST    83
 LOWEST     16
 AVERAGE    50

..........................................................


THE SACRAMENTO EXEC. AIRPORT CA CLIMATE NORMALS FOR TODAY
                         NORMAL    RECORD    YEAR
 MAXIMUM TEMPERATURE (F)   85       100      1975
 MINIMUM TEMPERATURE (F)   54        46      1972


SUNRISE AND SUNSET
SEPTEMBER 25 2016.....SUNRISE   657 AM PDT   SUNSET   657 PM PDT
SEPTEMBER 26 2016.....SUNRISE   658 AM PDT   SUNSET   656 PM PDT


-  INDICATES NEGATIVE NUMBERS.
R  INDICATES RECORD WAS SET OR TIED.
MM INDICATES DATA IS MISSING.
T  INDICATES TRACE AMOUNT.

&&
....................................................................

SACRAMENTO CITY CLIMATE DATA FOR SATURDAY SEPTEMBER 24 2016

HIGH...   91  RECORD HIGH   102 IN 1936    NORMAL    HIGH   86
LOW....   56  RECORD LOW     45 IN 1920    NORMAL    LOW    57

RAIN SINCE MIDNIGHT....  0.00   RECORD THIS DATE....... 0.61 IN 1904
TOTAL THIS MONTH.......  0.00   NORMAL SINCE OCT 1ST.........  20.16
TOTAL SINCE OCT 1ST.... 16.97   PERCENT OF NORMAL..............  84%

$$
