000
CDUS46 KSTO 171443
CLISAC

CLIMATE REPORT
NATIONAL WEATHER SERVICE SACRAMENTO, CA
740 AM PDT THU APR 17 2014


...................................

...THE SACRAMENTO EXEC. AIRPORT CA CLIMATE SUMMARY FOR APRIL 16 2014...

CLIMATE NORMAL PERIOD 1981 TO 2010
CLIMATE RECORD PERIOD 1930 TO 2014


WEATHER ITEM   OBSERVED TIME   RECORD YEAR NORMAL DEPARTURE LAST
                VALUE   (LST)  VALUE       VALUE  FROM      YEAR
                                                  NORMAL
..................................................................
TEMPERATURE (F)
 YESTERDAY
  MAXIMUM         82    513 PM  88    1987  71     11       68
                                      1966
                                      1954
  MINIMUM         50    607 AM  33    1975  46      4       47
  AVERAGE         66

PRECIPITATION (IN)
  YESTERDAY        0.00          0.34 2006   0.04  -0.04     0.00
  MONTH TO DATE    1.38                      0.70   0.68     0.69
  SINCE JUL 1      9.34                     17.18  -7.84    14.68
  SINCE JAN 1      7.44                     10.56  -3.12     3.39

SNOWFALL (IN)
  YESTERDAY        0.0          MM      MM   0.0             0.0
  MONTH TO DATE    0.0                       0.0             0.0
  SINCE MAR 1      0.0                       0.0             0.0
  SINCE JUL 1      0.0                       0.0             0.0

DEGREE DAYS
 HEATING
  YESTERDAY        0

 COOLING
  YESTERDAY        1
..................................................................


WIND (MPH)
  RESULTANT WIND SPEED   4   RESULTANT WIND DIRECTION  NW (320)
  HIGHEST WIND SPEED    18   HIGHEST WIND DIRECTION     N (340)
  HIGHEST GUST SPEED    22   HIGHEST GUST DIRECTION    NW (310)


SKY COVER
  POSSIBLE SUNSHINE  MM
  AVERAGE SKY COVER 0.0


WEATHER CONDITIONS
 THE FOLLOWING WEATHER WAS RECORDED YESTERDAY.
  FOG


RELATIVE HUMIDITY (PERCENT)
 HIGHEST    96
 LOWEST     25
 AVERAGE    61

..........................................................


THE SACRAMENTO EXEC. AIRPORT CA CLIMATE NORMALS FOR TODAY
                         NORMAL    RECORD    YEAR
 MAXIMUM TEMPERATURE (F)   71        90      1954
 MINIMUM TEMPERATURE (F)   46        34      1975


SUNRISE AND SUNSET
APRIL 17 2014.........SUNRISE   627 AM PDT   SUNSET   745 PM PDT
APRIL 18 2014.........SUNRISE   626 AM PDT   SUNSET   746 PM PDT


-  INDICATES NEGATIVE NUMBERS.
R  INDICATES RECORD WAS SET OR TIED.
MM INDICATES DATA IS MISSING.
T  INDICATES TRACE AMOUNT.

&&
....................................................................

SACRAMENTO CITY CLIMATE DATA FOR WEDNESDAY APRIL 16 2014

HIGH...   85  RECORD HIGH    92 IN 1987    NORMAL    HIGH   73
LOW....   54  RECORD LOW     36 IN 1917    NORMAL    LOW    49

RAIN SINCE MIDNIGHT....  0.00   RECORD THIS DATE....... 0.49 IN 2006
TOTAL THIS MONTH.......  1.31   NORMAL SEASON TO DATE.........  18.80
TOTAL SINCE JULY 1ST...  9.68   PERCENT OF NORMAL.............   51%


$$
NNNN
