000
CDUS46 KSGX 240016
CLISAN


CLIMATE REPORT
NATIONAL WEATHER SERVICE SAN DIEGO, CA
516 PM PDT SUN APR 23 2017


...................................

...THE SAN DIEGO INTL AIRPORT CA CLIMATE SUMMARY FOR APRIL 23 2017...
VALID TODAY AS OF 0500 PM LOCAL TIME.

CLIMATE NORMAL PERIOD 1981 TO 2010
CLIMATE RECORD PERIOD 1874 TO 2017


WEATHER ITEM   OBSERVED TIME   RECORD YEAR NORMAL DEPARTURE LAST
                VALUE   (LST)  VALUE       VALUE  FROM      YEAR
                                                  NORMAL
..................................................................
TEMPERATURE (F)
 TODAY
  MAXIMUM         69   1248 PM  96    1910  68      1       71
  MINIMUM         63    650 AM  46    1963  57      6       62
                                      1896
                                      1877
  AVERAGE         66                        62      4       67

PRECIPITATION (IN)
  TODAY            0.00          0.25 1980   0.02  -0.02      T
  MONTH TO DATE    0.01                      0.66  -0.65     0.55
  SINCE OCT 1     11.71                      9.83   1.88     7.42
  SINCE JAN 1      6.81                      6.72   0.09     4.57

DEGREE DAYS
 HEATING
  TODAY            0                         3     -3        0
  MONTH TO DATE   19                        92    -73       12
  SINCE MAR 1     95                       270   -175       81
  SINCE JUL 1    687                      1128   -441      621

 COOLING
  TODAY            1                         1      0        2
  MONTH TO DATE   20                         5     15       49
  SINCE MAR 1     31                        10     21       54
  SINCE JAN 1     31                        15     16       99
..................................................................


WIND (MPH)
  RESULTANT WIND SPEED   5   RESULTANT WIND DIRECTION   S (200)
  HIGHEST WIND SPEED    14   HIGHEST WIND DIRECTION    SW (220)
  HIGHEST GUST SPEED    17   HIGHEST GUST DIRECTION     W (280)
  AVERAGE WIND SPEED     7.0


SKY COVER
  POSSIBLE SUNSHINE  MM
  AVERAGE SKY COVER 0.6


WEATHER CONDITIONS
 THE FOLLOWING WEATHER WAS RECORDED TODAY.
  NO SIGNIFICANT WEATHER WAS OBSERVED.


RELATIVE HUMIDITY (PERCENT)
 HIGHEST    84           100 AM
 LOWEST     63          1100 AM
 AVERAGE    74

..........................................................


THE SAN DIEGO INTL AIRPORT CA CLIMATE NORMALS FOR TOMORROW
                         NORMAL    RECORD    YEAR
 MAXIMUM TEMPERATURE (F)   68        83      1995
                                             1910
 MINIMUM TEMPERATURE (F)   57        44      1880
                                             1877


SUNRISE AND SUNSET
APRIL 23 2017.........SUNRISE   610 AM PDT   SUNSET   725 PM PDT
APRIL 24 2017.........SUNRISE   608 AM PDT   SUNSET   725 PM PDT


-  INDICATES NEGATIVE NUMBERS.
R  INDICATES RECORD WAS SET OR TIED.
MM INDICATES DATA IS MISSING.
T  INDICATES TRACE AMOUNT.




$$
