000
CDUS46 KSGX 161133
CLISAN


CLIMATE REPORT
NATIONAL WEATHER SERVICE SAN DIEGO, CA
432 AM PDT WED AUG 16 2017


...................................

...THE SAN DIEGO INTL AIRPORT CA CLIMATE SUMMARY FOR AUGUST 15 2017...

CLIMATE NORMAL PERIOD 1981 TO 2010
CLIMATE RECORD PERIOD 1874 TO 2017


WEATHER ITEM   OBSERVED TIME   RECORD YEAR NORMAL DEPARTURE LAST
                VALUE   (LST)  VALUE       VALUE  FROM      YEAR
                                                  NORMAL
..................................................................
TEMPERATURE (F)
 YESTERDAY
  MAXIMUM         70    408 PM  92    1884  76     -6       84
  MINIMUM         66   1100 PM  58    1880  67     -1       71
  AVERAGE         68                        72     -4       78

PRECIPITATION (IN)
  YESTERDAY        T             0.07 1918   0.00   0.00     0.00
  MONTH TO DATE    T                         0.01  -0.01     0.00
  SINCE OCT 1     12.65                     10.18   2.47     7.86
  SINCE JAN 1      7.75                      7.07   0.68     5.01

DEGREE DAYS
 HEATING
  YESTERDAY        0                         0      0        0
  MONTH TO DATE    0                         0      0        0
  SINCE JUN 1      9                        19    -10        0
  SINCE JUL 1      0                         1     -1        0

 COOLING
  YESTERDAY        3                         7     -4       13
  MONTH TO DATE  136                        93     43      133
  SINCE JUN 1    489                       309    180      449
  SINCE JAN 1    581                       358    223      567
..................................................................


WIND (MPH)
  RESULTANT WIND SPEED   3   RESULTANT WIND DIRECTION  SW (240)
  HIGHEST WIND SPEED    13   HIGHEST WIND DIRECTION     W (260)
  HIGHEST GUST SPEED    17   HIGHEST GUST DIRECTION     W (270)
  AVERAGE WIND SPEED     5.4


SKY COVER
  POSSIBLE SUNSHINE  MM
  AVERAGE SKY COVER 0.9


WEATHER CONDITIONS
 THE FOLLOWING WEATHER WAS RECORDED YESTERDAY.
  LIGHT RAIN
  FOG


RELATIVE HUMIDITY (PERCENT)
 HIGHEST    81           800 AM
 LOWEST     66           300 PM
 AVERAGE    74

..........................................................


THE SAN DIEGO INTL AIRPORT CA CLIMATE NORMALS FOR TODAY
                         NORMAL    RECORD    YEAR
 MAXIMUM TEMPERATURE (F)   77        88      1983
 MINIMUM TEMPERATURE (F)   67        59      1881
                                             1880


SUNRISE AND SUNSET
AUGUST 16 2017........SUNRISE   613 AM PDT   SUNSET   732 PM PDT
AUGUST 17 2017........SUNRISE   614 AM PDT   SUNSET   731 PM PDT


-  INDICATES NEGATIVE NUMBERS.
R  INDICATES RECORD WAS SET OR TIED.
MM INDICATES DATA IS MISSING.
T  INDICATES TRACE AMOUNT.




$$
