000
CDUS46 KSGX 240023
CLISAN


CLIMATE REPORT
NATIONAL WEATHER SERVICE SAN DIEGO, CA
523 PM PDT THU OCT 23 2014


...................................

...THE SAN DIEGO/LINDBERGH FIELD CA CLIMATE SUMMARY FOR OCTOBER 23 2014...
VALID TODAY AS OF 0500 PM LOCAL TIME.

CLIMATE NORMAL PERIOD 1981 TO 2010
CLIMATE RECORD PERIOD 1850 TO 2014


WEATHER ITEM   OBSERVED TIME   RECORD YEAR NORMAL DEPARTURE LAST
                VALUE   (LST)  VALUE       VALUE  FROM      YEAR
                                                  NORMAL
..................................................................
TEMPERATURE (F)
 TODAY
  MAXIMUM         78    348 PM  93    1965  72      6       68
  MINIMUM         62    624 AM  47    1886  59      3       63
  AVERAGE         70                        66      4       66

PRECIPITATION (IN)
  TODAY            0.00          0.88 1941   0.02  -0.02     0.00
  MONTH TO DATE    T                         0.38  -0.38     0.07
  SINCE JUL 1      0.08                      0.58  -0.50     0.12
  SINCE JAN 1      2.90                      7.61  -4.71     3.45

SNOWFALL (IN)
  TODAY            0.0
  MONTH TO DATE    0.0
  SINCE JAN 1      0.0
  SINCE JUL 1      0.0
  SNOW DEPTH       0

DEGREE DAYS
 HEATING
  TODAY            0                         1     -1        0
  MONTH TO DATE    0                         6     -6       12
  SINCE SEP 1      0                         7     -7       12
  SINCE JUL 1      0                         8     -8       12

 COOLING
  TODAY            5                         2      3        1
  MONTH TO DATE  181                        61    120       56
  SINCE SEP 1    505                       229    276      256
  SINCE JAN 1   1407                       697    710      735
..................................................................


WIND (MPH)
  RESULTANT WIND SPEED   3   RESULTANT WIND DIRECTION  NW (310)
  HIGHEST WIND SPEED    10   HIGHEST WIND DIRECTION     W (290)
  HIGHEST GUST SPEED    12   HIGHEST GUST DIRECTION     W (290)
  AVERAGE WIND SPEED     3.5


SKY COVER
  POSSIBLE SUNSHINE  MM
  AVERAGE SKY COVER 0.2


WEATHER CONDITIONS
 THE FOLLOWING WEATHER WAS RECORDED TODAY.
  FOG
  HAZE


RELATIVE HUMIDITY (PERCENT)
 HIGHEST    90           300 AM
 LOWEST     50           400 PM
 AVERAGE    70

..........................................................


THE SAN DIEGO/LINDBERGH FIELD CA CLIMATE NORMALS FOR TOMORROW
                         NORMAL    RECORD    YEAR
 MAXIMUM TEMPERATURE (F)   72        94      1965
 MINIMUM TEMPERATURE (F)   59        47      1892


SUNRISE AND SUNSET
OCTOBER 23 2014.......SUNRISE   659 AM PDT   SUNSET   607 PM PDT
OCTOBER 24 2014.......SUNRISE   700 AM PDT   SUNSET   605 PM PDT


-  INDICATES NEGATIVE NUMBERS.
R  INDICATES RECORD WAS SET OR TIED.
MM INDICATES DATA IS MISSING.
T  INDICATES TRACE AMOUNT.




$$
