000
CDUS46 KSGX 240017
CLISAN


CLIMATE REPORT
NATIONAL WEATHER SERVICE SAN DIEGO, CA
417 PM PST THU FEB 23 2017


...................................

...THE SAN DIEGO INTL AIRPORT CA CLIMATE SUMMARY FOR FEBRUARY 23 2017...
VALID TODAY AS OF 0400 PM LOCAL TIME.

CLIMATE NORMAL PERIOD 1981 TO 2010
CLIMATE RECORD PERIOD 1874 TO 2017


WEATHER ITEM   OBSERVED TIME   RECORD YEAR NORMAL DEPARTURE LAST
                VALUE   (LST)  VALUE       VALUE  FROM      YEAR
                                                  NORMAL
..................................................................
TEMPERATURE (F)
 TODAY
  MAXIMUM         61   1228 PM  85    1954  65     -4       76
  MINIMUM         52    628 AM  38    1887  51      1       54
  AVERAGE         57                        58     -1       65

PRECIPITATION (IN)
  TODAY            0.00          1.15 1855   0.09  -0.09     0.00
  MONTH TO DATE    1.31                      1.87  -0.56     0.05
  SINCE OCT 1      9.22                      6.96   2.26     6.11
  SINCE JAN 1      4.32                      3.85   0.47     3.26

DEGREE DAYS
 HEATING
  TODAY            8                         7      1        0
  MONTH TO DATE   98                       167    -69       64
  SINCE DEC 1    496                       677   -181      465
  SINCE JUL 1    546                       822   -276      534

 COOLING
  TODAY            0                         0      0        0
  MONTH TO DATE    0                         0      0       40
  SINCE DEC 1      4                         2      2       40
  SINCE JAN 1      0                         2     -2       40
..................................................................


WIND (MPH)
  RESULTANT WIND SPEED   8   RESULTANT WIND DIRECTION  NW (310)
  HIGHEST WIND SPEED    16   HIGHEST WIND DIRECTION    NW (300)
  HIGHEST GUST SPEED    23   HIGHEST GUST DIRECTION     W (280)
  AVERAGE WIND SPEED     8.5


SKY COVER
  POSSIBLE SUNSHINE  MM
  AVERAGE SKY COVER 0.5


WEATHER CONDITIONS
 THE FOLLOWING WEATHER WAS RECORDED TODAY.
  NO SIGNIFICANT WEATHER WAS OBSERVED.


RELATIVE HUMIDITY (PERCENT)
 HIGHEST    72          1200 AM
 LOWEST     36          1200 PM
 AVERAGE    54

..........................................................


THE SAN DIEGO INTL AIRPORT CA CLIMATE NORMALS FOR TOMORROW
                         NORMAL    RECORD    YEAR
 MAXIMUM TEMPERATURE (F)   65        89      1921
 MINIMUM TEMPERATURE (F)   52        38      1897
                                             1890


SUNRISE AND SUNSET
FEBRUARY 23 2017......SUNRISE   623 AM PST   SUNSET   541 PM PST
FEBRUARY 24 2017......SUNRISE   622 AM PST   SUNSET   542 PM PST


-  INDICATES NEGATIVE NUMBERS.
R  INDICATES RECORD WAS SET OR TIED.
MM INDICATES DATA IS MISSING.
T  INDICATES TRACE AMOUNT.




$$
