000
CDUS46 KSGX 050017
CLISAN


CLIMATE REPORT
NATIONAL WEATHER SERVICE SAN DIEGO, CA
517 PM PDT TUE AUG 4 2015


...................................

...THE SAN DIEGO/LINDBERGH FIELD CA CLIMATE SUMMARY FOR AUGUST 4 2015...
VALID TODAY AS OF 0500 PM LOCAL TIME.

CLIMATE NORMAL PERIOD 1981 TO 2010
CLIMATE RECORD PERIOD 1874 TO 2015


WEATHER ITEM   OBSERVED TIME   RECORD YEAR NORMAL DEPARTURE LAST
                VALUE   (LST)  VALUE       VALUE  FROM      YEAR
                                                  NORMAL
..................................................................
TEMPERATURE (F)
 TODAY
  MAXIMUM         82    113 PM  86    1971  76      6       81
  MINIMUM         69    424 AM  59    1880  67      2       70
  AVERAGE         76                        71      5       76

PRECIPITATION (IN)
  TODAY            0.00          0.02 1961   0.00   0.00     0.00
  MONTH TO DATE    0.00                      0.00   0.00     0.07
  SINCE OCT 1     10.66                     10.17   0.49     5.08
  SINCE JAN 1      5.79                      7.06  -1.27     2.89

DEGREE DAYS
 HEATING
  TODAY            0                         0      0        0
  MONTH TO DATE    0                         0      0        0
  SINCE JUN 1      1                        19    -18        0
  SINCE JUL 1      0                         1     -1        0

 COOLING
  TODAY           11                         6      5       11
  MONTH TO DATE   38                        24     14       38
  SINCE JUN 1    398                       240    158      423
  SINCE JAN 1    581                       289    292      662
..................................................................


WIND (MPH)
  RESULTANT WIND SPEED   4   RESULTANT WIND DIRECTION  NW (310)
  HIGHEST WIND SPEED    17   HIGHEST WIND DIRECTION     W (290)
  HIGHEST GUST SPEED    21   HIGHEST GUST DIRECTION    NW (300)
  AVERAGE WIND SPEED     5.9


SKY COVER
  POSSIBLE SUNSHINE  MM
  AVERAGE SKY COVER 0.4


WEATHER CONDITIONS
 THE FOLLOWING WEATHER WAS RECORDED TODAY.
  NO SIGNIFICANT WEATHER WAS OBSERVED.


RELATIVE HUMIDITY (PERCENT)
 HIGHEST    84          1200 AM
 LOWEST     54          1200 PM
 AVERAGE    69

..........................................................


THE SAN DIEGO/LINDBERGH FIELD CA CLIMATE NORMALS FOR TOMORROW
                         NORMAL    RECORD    YEAR
 MAXIMUM TEMPERATURE (F)   76        88      1961
 MINIMUM TEMPERATURE (F)   67        56      1912


SUNRISE AND SUNSET
AUGUST  4 2015........SUNRISE   605 AM PDT   SUNSET   745 PM PDT
AUGUST  5 2015........SUNRISE   605 AM PDT   SUNSET   744 PM PDT


-  INDICATES NEGATIVE NUMBERS.
R  INDICATES RECORD WAS SET OR TIED.
MM INDICATES DATA IS MISSING.
T  INDICATES TRACE AMOUNT.




$$
