000
CDUS46 KSGX 060017
CLISAN


CLIMATE REPORT
NATIONAL WEATHER SERVICE SAN DIEGO, CA
416 PM PST THU MAR 5 2015


...................................

...THE SAN DIEGO/LINDBERGH FIELD CA CLIMATE SUMMARY FOR MARCH 5 2015...
VALID TODAY AS OF 0400 PM LOCAL TIME.

CLIMATE NORMAL PERIOD 1981 TO 2010
CLIMATE RECORD PERIOD 1850 TO 2015


WEATHER ITEM   OBSERVED TIME   RECORD YEAR NORMAL DEPARTURE LAST
                VALUE   (LST)  VALUE       VALUE  FROM      YEAR
                                                  NORMAL
..................................................................
TEMPERATURE (F)
 TODAY
  MAXIMUM         75    339 PM  86    1899  65     10       68
  MINIMUM         50    631 AM  36    1894  52     -2       55
  AVERAGE         63                        59      4       62

PRECIPITATION (IN)
  TODAY            0.00          1.18 1981   0.08  -0.08     0.00
  MONTH TO DATE    0.93                      0.37   0.56     1.25
  SINCE OCT 1      6.50                      7.73  -1.23     4.45
  SINCE JAN 1      1.63                      4.62  -2.99     2.26

SNOWFALL (IN)
  TODAY            0.0
  MONTH TO DATE    0.0
  SINCE JAN 1      0.0
  SINCE JUL 1      0.0
  SNOW DEPTH       0

DEGREE DAYS
 HEATING
  TODAY            2                         6     -4        3
  MONTH TO DATE   28                        33     -5       17
  SINCE MAR 1     28                        33     -5       17
  SINCE JUL 1    374                       891   -517      473

 COOLING
  TODAY            0                         0      0        0
  MONTH TO DATE    0                         0      0        0
  SINCE MAR 1      0                         0      0        0
  SINCE JAN 1     22                         5     17        9
..................................................................


WIND (MPH)
  RESULTANT WIND SPEED   3   RESULTANT WIND DIRECTION  NW (320)
  HIGHEST WIND SPEED    14   HIGHEST WIND DIRECTION    NW (330)
  HIGHEST GUST SPEED    17   HIGHEST GUST DIRECTION    NW (300)
  AVERAGE WIND SPEED     3.9


SKY COVER
  POSSIBLE SUNSHINE  MM
  AVERAGE SKY COVER 0.1


WEATHER CONDITIONS
 THE FOLLOWING WEATHER WAS RECORDED TODAY.
  NO SIGNIFICANT WEATHER WAS OBSERVED.


RELATIVE HUMIDITY (PERCENT)
 HIGHEST    67          1200 AM
 LOWEST     23          1100 AM
 AVERAGE    45

..........................................................


THE SAN DIEGO/LINDBERGH FIELD CA CLIMATE NORMALS FOR TOMORROW
                         NORMAL    RECORD    YEAR
 MAXIMUM TEMPERATURE (F)   65        84      1979
 MINIMUM TEMPERATURE (F)   52        38      1880


SUNRISE AND SUNSET
MARCH  5 2015.........SUNRISE   612 AM PST   SUNSET   549 PM PST
MARCH  6 2015.........SUNRISE   611 AM PST   SUNSET   550 PM PST


-  INDICATES NEGATIVE NUMBERS.
R  INDICATES RECORD WAS SET OR TIED.
MM INDICATES DATA IS MISSING.
T  INDICATES TRACE AMOUNT.




$$
