357
CDUS46 KSGX 271134
CLISAN


CLIMATE REPORT
NATIONAL WEATHER SERVICE SAN DIEGO, CA
434 AM PDT TUE JUN 27 2017


...................................

...THE SAN DIEGO INTL AIRPORT CA CLIMATE SUMMARY FOR JUNE 26 2017...

CLIMATE NORMAL PERIOD 1981 TO 2010
CLIMATE RECORD PERIOD 1874 TO 2017


WEATHER ITEM   OBSERVED TIME   RECORD YEAR NORMAL DEPARTURE LAST
                VALUE   (LST)  VALUE       VALUE  FROM      YEAR
                                                  NORMAL
..................................................................
TEMPERATURE (F)
 YESTERDAY
  MAXIMUM         83    355 PM  94    1990  72     11       72
                                      1976
  MINIMUM         65    231 AM  52    1885  63      2       64
  AVERAGE         74                        68      6       68

PRECIPITATION (IN)
  YESTERDAY        0.00          0.01 1952   0.00   0.00     0.00
                                      1913
  MONTH TO DATE    0.02                      0.07  -0.05      T
  SINCE OCT 1     12.65                     10.14   2.51     7.86
  SINCE JAN 1      7.75                      7.03   0.72     5.01

DEGREE DAYS
 HEATING
  YESTERDAY        0                         0      0        0
  MONTH TO DATE    9                        15     -6        0
  SINCE JUN 1      9                        15     -6        0
  SINCE JUL 1    736                      1222   -486      648

 COOLING
  YESTERDAY        9                         3      6        3
  MONTH TO DATE   84                        45     39      103
  SINCE JUN 1     84                        45     39      103
  SINCE JAN 1    176                        94     82      221
..................................................................


WIND (MPH)
  RESULTANT WIND SPEED   2   RESULTANT WIND DIRECTION   W (290)
  HIGHEST WIND SPEED    15   HIGHEST WIND DIRECTION     S (180)
  HIGHEST GUST SPEED    17   HIGHEST GUST DIRECTION     S (190)
  AVERAGE WIND SPEED     5.4


SKY COVER
  POSSIBLE SUNSHINE  MM
  AVERAGE SKY COVER 0.3


WEATHER CONDITIONS
 THE FOLLOWING WEATHER WAS RECORDED YESTERDAY.
  FOG


RELATIVE HUMIDITY (PERCENT)
 HIGHEST   100           200 AM
 LOWEST     43           400 PM
 AVERAGE    72

..........................................................


THE SAN DIEGO INTL AIRPORT CA CLIMATE NORMALS FOR TODAY
                         NORMAL    RECORD    YEAR
 MAXIMUM TEMPERATURE (F)   73        96      2006
 MINIMUM TEMPERATURE (F)   63        52      1884


SUNRISE AND SUNSET
JUNE 27 2017..........SUNRISE   543 AM PDT   SUNSET   801 PM PDT
JUNE 28 2017..........SUNRISE   543 AM PDT   SUNSET   801 PM PDT


-  INDICATES NEGATIVE NUMBERS.
R  INDICATES RECORD WAS SET OR TIED.
MM INDICATES DATA IS MISSING.
T  INDICATES TRACE AMOUNT.




$$
