000
CDUS44 KEWX 240737
CLISAT


CLIMATE REPORT
NATIONAL WEATHER SERVICE AUSTIN/SAN ANTONIO, TX
236 AM CDT THU APR 24 2014


...................................

...THE SAN ANTONIO CLIMATE SUMMARY FOR APRIL 23 2014...

CLIMATE NORMAL PERIOD 1981 TO 2010
CLIMATE RECORD PERIOD 1886 TO 2014


WEATHER ITEM   OBSERVED TIME   RECORD YEAR NORMAL DEPARTURE LAST
                VALUE   (LST)  VALUE       VALUE  FROM      YEAR
                                                  NORMAL
..................................................................
TEMPERATURE (F)
 YESTERDAY
  MAXIMUM         91    340 PM  98    2000  82      9       79
  MINIMUM         62    634 AM  45    1982  60      2       53
                                      1959
  AVERAGE         77                        71      6       66

PRECIPITATION (IN)
  YESTERDAY        0.00          2.24 2001   0.08  -0.08      T
  MONTH TO DATE    0.68                      1.49  -0.81     1.81
  SINCE MAR 1      1.74                      3.80  -2.06     2.76
  SINCE JAN 1      2.39                      7.35  -4.96     5.69

SNOWFALL (IN)
  YESTERDAY        0.0
  MONTH TO DATE    0.0
  SINCE MAR 1      0.0
  SINCE JUL 1      0.4
  SNOW DEPTH       0

DEGREE DAYS
 HEATING
  YESTERDAY        0                         1     -1        0
  MONTH TO DATE   40                        38      2       46
  SINCE MAR 1    228                       192     36      186
  SINCE JUL 1   1562                      1493     69     1180

 COOLING
  YESTERDAY       12                         7      5        1
  MONTH TO DATE  140                       116     24      103
  SINCE MAR 1    201                       181     20      180
  SINCE JAN 1    266                       207     59      220
..................................................................


WIND (MPH)
  HIGHEST WIND SPEED    28   HIGHEST WIND DIRECTION    SE (150)
  HIGHEST GUST SPEED    35   HIGHEST GUST DIRECTION    SE (140)
  AVERAGE WIND SPEED    12.0


SKY COVER
  AVERAGE SKY COVER 0.4


WEATHER CONDITIONS
 THE FOLLOWING WEATHER WAS RECORDED YESTERDAY.
  HAZE


RELATIVE HUMIDITY (PERCENT)
 HIGHEST    87           500 AM
 LOWEST     38           400 PM
 AVERAGE    63

..........................................................


THE SAN ANTONIO CLIMATE NORMALS FOR TODAY
                         NORMAL    RECORD    YEAR
 MAXIMUM TEMPERATURE (F)   82        99      1894
 MINIMUM TEMPERATURE (F)   61        41      1995


SUNRISE AND SUNSET
APRIL 24 2014.........SUNRISE   658 AM CDT   SUNSET   806 PM CDT
APRIL 25 2014.........SUNRISE   657 AM CDT   SUNSET   807 PM CDT


-  INDICATES NEGATIVE NUMBERS.
R  INDICATES RECORD WAS SET OR TIED.
MM INDICATES DATA IS MISSING.
T  INDICATES TRACE AMOUNT.




$$
