000
CDUS44 KEWX 302320 RRA
CLISAT

CLIMATE REPORT
NATIONAL WEATHER SERVICE AUSTIN/SAN ANTONIO, TX
620 PM CDT MON MAR 30 2015


...................................

...THE SAN ANTONIO CLIMATE SUMMARY FOR MARCH 30 2015...
VALID TODAY AS OF 550 PM LOCAL TIME.

CLIMATE NORMAL PERIOD 1981 TO 2010
CLIMATE RECORD PERIOD 1886 TO 2015


WEATHER ITEM   OBSERVED TIME   RECORD YEAR NORMAL DEPARTURE LAST
                VALUE   (LST)  VALUE       VALUE  FROM      YEAR
                                                  NORMAL
..................................................................
TEMPERATURE (F)
 TODAY
  MAXIMUM         78    444 PM  97    1946  77      1       82
  MINIMUM         63    237 AM  29    1944  54      9       51
  AVERAGE         71                        65      6       67

PRECIPITATION (IN)
  TODAY            0.00          2.05 1965   0.06  -0.06     0.00
  MONTH TO DATE    2.97                      2.25   0.72     1.06
  SINCE MAR 1      2.97                      2.25   0.72     1.06
  SINCE JAN 1      7.17                      5.80   1.37     1.71

SNOWFALL (IN)
  TODAY            0.0
  MONTH TO DATE    0.0
  SINCE MAR 1      0.0
  SINCE JUL 1      T
  SNOW DEPTH       0

DEGREE DAYS
 HEATING
  TODAY            0                         3     -3        0
  MONTH TO DATE  172                       150     22      188
  SINCE MAR 1    172                       150     22      188
  SINCE JUL 1   1487                      1451     36     1522

 COOLING
  TODAY            6                         3      3        2
  MONTH TO DATE   49                        63    -14       53
  SINCE MAR 1     49                        63    -14       53
  SINCE JAN 1     62                        89    -27      118
..................................................................


WIND (MPH)
  HIGHEST WIND SPEED    14   HIGHEST WIND DIRECTION     S (160)
  HIGHEST GUST SPEED    17   HIGHEST GUST DIRECTION     S (160)
  AVERAGE WIND SPEED     7.6


SKY COVER
  AVERAGE SKY COVER 0.8


WEATHER CONDITIONS
 THE FOLLOWING WEATHER WAS RECORDED TODAY.
  NO SIGNIFICANT WEATHER WAS OBSERVED.


RELATIVE HUMIDITY (PERCENT)
 HIGHEST    93           200 AM
 LOWEST     68           100 PM
 AVERAGE    81

..........................................................


THE SAN ANTONIO CLIMATE NORMALS FOR TOMORROW
                         NORMAL    RECORD    YEAR
 MAXIMUM TEMPERATURE (F)   77        93      1946
                                             1929
 MINIMUM TEMPERATURE (F)   54        31      1987


SUNRISE AND SUNSET
MARCH 30 2015.........SUNRISE   726 AM CDT   SUNSET   751 PM CDT
MARCH 31 2015.........SUNRISE   725 AM CDT   SUNSET   752 PM CDT


-  INDICATES NEGATIVE NUMBERS.
R  INDICATES RECORD WAS SET OR TIED.
MM INDICATES DATA IS MISSING.
T  INDICATES TRACE AMOUNT.




$$
