000
CDUS44 KEWX 242255
CLISAT


CLIMATE REPORT
NATIONAL WEATHER SERVICE AUSTIN/SAN ANTONIO, TX
554 PM CDT SUN MAY 24 2015


...................................

...THE SAN ANTONIO CLIMATE SUMMARY FOR MAY 24 2015...
VALID TODAY AS OF 554 PM LOCAL TIME.

CLIMATE NORMAL PERIOD 1981 TO 2010
CLIMATE RECORD PERIOD 1886 TO 2015


WEATHER ITEM   OBSERVED TIME   RECORD YEAR NORMAL DEPARTURE LAST
                VALUE   (LST)  VALUE       VALUE  FROM      YEAR
                                                  NORMAL
..................................................................
TEMPERATURE (F)
 TODAY
  MAXIMUM         84    356 PM 101    1989  89     -5       87
                                      1955
                                      1925
  MINIMUM         65    516 AM  55    1967  69     -4       72
                                      1910
  AVERAGE         75                        79     -4       80

PRECIPITATION (IN)
  TODAY            0.13          2.76 1908   0.13   0.00     0.10
  MONTH TO DATE    7.02                      2.97   4.05     2.95
  SINCE MAR 1     17.53                      7.38  10.15     4.69
  SINCE JAN 1     21.73                     10.93  10.80     5.34

SNOWFALL (IN)
  TODAY            0.0
  MONTH TO DATE    0.0
  SINCE MAR 1      0.0
  SINCE JUL 1      T
  SNOW DEPTH       0

DEGREE DAYS
 HEATING
  TODAY            0                         0      0        0
  MONTH TO DATE    0                         0      0        4
  SINCE MAR 1    179                       193    -14      232
  SINCE JUL 1   1494                      1494      0     1566

 COOLING
  TODAY           10                        14     -4       15
  MONTH TO DATE  264                       268     -4      250
  SINCE MAR 1    535                       501     34      547
  SINCE JAN 1    548                       527     21      612
..................................................................


WIND (MPH)
  HIGHEST WIND SPEED    28   HIGHEST WIND DIRECTION    NW (320)
  HIGHEST GUST SPEED    35   HIGHEST GUST DIRECTION    NW (320)
  AVERAGE WIND SPEED     8.4


SKY COVER
  AVERAGE SKY COVER 0.9


WEATHER CONDITIONS
 THE FOLLOWING WEATHER WAS RECORDED TODAY.
  THUNDERSTORM
  LIGHT RAIN
  FOG


RELATIVE HUMIDITY (PERCENT)
 HIGHEST    93           500 AM
 LOWEST     61           400 PM
 AVERAGE    77

..........................................................


THE SAN ANTONIO CLIMATE NORMALS FOR TOMORROW
                         NORMAL    RECORD    YEAR
 MAXIMUM TEMPERATURE (F)   89       103      1989
 MINIMUM TEMPERATURE (F)   69        58      1967
                                             1947


SUNRISE AND SUNSET
MAY 24 2015...........SUNRISE   637 AM CDT   SUNSET   825 PM CDT
MAY 25 2015...........SUNRISE   636 AM CDT   SUNSET   825 PM CDT


-  INDICATES NEGATIVE NUMBERS.
R  INDICATES RECORD WAS SET OR TIED.
MM INDICATES DATA IS MISSING.
T  INDICATES TRACE AMOUNT.




$$
