000
CDUS44 KEWX 080655
CLISAT


CLIMATE REPORT
NATIONAL WEATHER SERVICE AUSTIN/SAN ANTONIO, TX
1250 AM CST MON FEB 8 2016


...................................

...THE SAN ANTONIO CLIMATE SUMMARY FOR FEBRUARY 7 2016...

CLIMATE NORMAL PERIOD 1981 TO 2010
CLIMATE RECORD PERIOD 1886 TO 2016


WEATHER ITEM   OBSERVED TIME   RECORD YEAR NORMAL DEPARTURE LAST
                VALUE   (LST)  VALUE       VALUE  FROM      YEAR
                                                  NORMAL
..................................................................
TEMPERATURE (F)
 YESTERDAY
  MAXIMUM         67    432 PM  84    1999  65      2       68
  MINIMUM         30    728 AM  13    1895  43    -13       49
  AVERAGE         49                        54     -5       59

PRECIPITATION (IN)
  YESTERDAY        0.00          0.84 1978   0.06  -0.06     0.00
                                      1890
  MONTH TO DATE    0.00                      0.43  -0.43     0.30
  SINCE DEC 1      2.86                      4.10  -1.24     5.21
  SINCE JAN 1      1.38                      2.19  -0.81     3.97

SNOWFALL (IN)
  YESTERDAY        0.0
  MONTH TO DATE    0.0
  SINCE DEC 1      0.0
  SINCE JUL 1      0.0
  SNOW DEPTH       0

DEGREE DAYS
 HEATING
  YESTERDAY       16                        12      4        6
  MONTH TO DATE   85                        84      1       98
  SINCE DEC 1    718                       891   -173      829
  SINCE JUL 1    847                      1102   -255     1076

 COOLING
  YESTERDAY        0                         1     -1        0
  MONTH TO DATE    0                         3     -3        0
  SINCE DEC 1     28                        24      4        7
  SINCE JAN 1      3                        10     -7        0
..................................................................


WIND (MPH)
  HIGHEST WIND SPEED    18   HIGHEST WIND DIRECTION    SW (220)
  HIGHEST GUST SPEED    24   HIGHEST GUST DIRECTION    SW (230)
  AVERAGE WIND SPEED     6.7


SKY COVER
  AVERAGE SKY COVER 0.3


WEATHER CONDITIONS
 THE FOLLOWING WEATHER WAS RECORDED YESTERDAY.
  NO SIGNIFICANT WEATHER WAS OBSERVED.


RELATIVE HUMIDITY (PERCENT)
 HIGHEST    85           700 AM
 LOWEST     24           400 PM
 AVERAGE    55

..........................................................


THE SAN ANTONIO CLIMATE NORMALS FOR TODAY
                         NORMAL    RECORD    YEAR
 MAXIMUM TEMPERATURE (F)   66        87      1994
 MINIMUM TEMPERATURE (F)   43        11      1895


SUNRISE AND SUNSET
FEBRUARY  8 2016......SUNRISE   719 AM CST   SUNSET   617 PM CST
FEBRUARY  9 2016......SUNRISE   718 AM CST   SUNSET   618 PM CST


-  INDICATES NEGATIVE NUMBERS.
R  INDICATES RECORD WAS SET OR TIED.
MM INDICATES DATA IS MISSING.
T  INDICATES TRACE AMOUNT.




$$
