000
CDUS44 KEWX 282221
CLISAT


CLIMATE REPORT
NATIONAL WEATHER SERVICE AUSTIN/SAN ANTONIO, TX
521 PM CDT WED JUN 28 2017


...................................

...THE SAN ANTONIO CLIMATE SUMMARY FOR JUNE 28 2017...
VALID TODAY AS OF 520 PM LOCAL TIME.

CLIMATE NORMAL PERIOD 1981 TO 2010
CLIMATE RECORD PERIOD 1886 TO 2017


WEATHER ITEM   OBSERVED TIME   RECORD YEAR NORMAL DEPARTURE LAST
                VALUE   (LST)  VALUE       VALUE  FROM      YEAR
                                                  NORMAL
..................................................................
TEMPERATURE (F)
 TODAY
  MAXIMUM         92    356 PM 103    1980  93     -1       96
                                      1902
  MINIMUM         71    334 AM  62    1974  74     -3       73
  AVERAGE         82                        84     -2       85

PRECIPITATION (IN)
  TODAY            0.00          3.07 2007   0.12  -0.12      T
  MONTH TO DATE    0.40                      3.91  -3.51     2.39
  SINCE JUN 1      0.40                      3.91  -3.51     2.39
  SINCE JAN 1     13.47                     15.88  -2.41    24.21

SNOWFALL (IN)
  TODAY            0.0
  MONTH TO DATE    0.0
  SINCE JUN 1      0.0
  SINCE JUL 1      0.0
  SNOW DEPTH       0

DEGREE DAYS
 HEATING
  TODAY            0                         0      0        0
  MONTH TO DATE    0                         0      0        0
  SINCE JUN 1      0                         0      0        0
  SINCE JUL 1    778                      1496   -718     1038

 COOLING
  TODAY           17                        19     -2       20
  MONTH TO DATE  512                       486     26      480
  SINCE JUN 1    512                       486     26      480
  SINCE JAN 1   1284                      1115    169     1105
..................................................................


WIND (MPH)
  HIGHEST WIND SPEED    14   HIGHEST WIND DIRECTION     E (100)
  HIGHEST GUST SPEED    19   HIGHEST GUST DIRECTION     E (100)
  AVERAGE WIND SPEED     4.7


SKY COVER
  AVERAGE SKY COVER 0.7


WEATHER CONDITIONS
 THE FOLLOWING WEATHER WAS RECORDED TODAY.
  NO SIGNIFICANT WEATHER WAS OBSERVED.


RELATIVE HUMIDITY (PERCENT)
 HIGHEST    93           300 AM
 LOWEST     50           300 PM
 AVERAGE    72

..........................................................


THE SAN ANTONIO CLIMATE NORMALS FOR TOMORROW
                         NORMAL    RECORD    YEAR
 MAXIMUM TEMPERATURE (F)   93       108      2013
 MINIMUM TEMPERATURE (F)   74        58      1985


SUNRISE AND SUNSET
JUNE 28 2017..........SUNRISE   637 AM CDT   SUNSET   838 PM CDT
JUNE 29 2017..........SUNRISE   637 AM CDT   SUNSET   838 PM CDT


-  INDICATES NEGATIVE NUMBERS.
R  INDICATES RECORD WAS SET OR TIED.
MM INDICATES DATA IS MISSING.
T  INDICATES TRACE AMOUNT.




$$
