000
CDUS44 KEWX 252223
CLISAT


CLIMATE REPORT
NATIONAL WEATHER SERVICE AUSTIN/SAN ANTONIO, TX
423 PM CST SUN JAN 25 2015


...................................

...THE SAN ANTONIO CLIMATE SUMMARY FOR JANUARY 25 2015...
VALID TODAY AS OF 423 PM LOCAL TIME.

CLIMATE NORMAL PERIOD 1981 TO 2010
CLIMATE RECORD PERIOD 1886 TO 2015


WEATHER ITEM   OBSERVED TIME   RECORD YEAR NORMAL DEPARTURE LAST
                VALUE   (LST)  VALUE       VALUE  FROM      YEAR
                                                  NORMAL
..................................................................
TEMPERATURE (F)
 TODAY
  MAXIMUM         73    351 PM  87    1971  64      9       67
  MINIMUM         37    737 AM  16    1894  41     -4       30
  AVERAGE         55                        52      3       49

PRECIPITATION (IN)
  TODAY            0.00          2.94 2012   0.06  -0.06     0.00
  MONTH TO DATE    3.38                      1.40   1.98     0.23
  SINCE DEC 1      4.62                      3.31   1.31     0.78
  SINCE JAN 1      3.38                      1.40   1.98     0.23

SNOWFALL (IN)
  TODAY            0.0
  MONTH TO DATE    0.0
  SINCE DEC 1      0.0
  SINCE JUL 1      0.0
  SNOW DEPTH       0

DEGREE DAYS
 HEATING
  TODAY           10                        13     -3       16
  MONTH TO DATE  441                       342     99      337
  SINCE DEC 1    697                       733    -36      749
  SINCE JUL 1    944                       944      0      977

 COOLING
  TODAY            0                         0      0        0
  MONTH TO DATE    0                         0      0        1
  SINCE DEC 1      7                        14     -7       19
  SINCE JAN 1      0                         0      0        1
..................................................................


WIND (MPH)
  HIGHEST WIND SPEED    17   HIGHEST WIND DIRECTION     N (10)
  HIGHEST GUST SPEED    22   HIGHEST GUST DIRECTION     N (10)
  AVERAGE WIND SPEED     5.1


SKY COVER
  AVERAGE SKY COVER 0.5


WEATHER CONDITIONS
 THE FOLLOWING WEATHER WAS RECORDED TODAY.
  NO SIGNIFICANT WEATHER WAS OBSERVED.


RELATIVE HUMIDITY (PERCENT)
 HIGHEST    86           500 AM
 LOWEST     20           400 PM
 AVERAGE    53

..........................................................


THE SAN ANTONIO CLIMATE NORMALS FOR TOMORROW
                         NORMAL    RECORD    YEAR
 MAXIMUM TEMPERATURE (F)   64        87      1975
 MINIMUM TEMPERATURE (F)   41        20      1897


SUNRISE AND SUNSET
JANUARY 25 2015.......SUNRISE   727 AM CST   SUNSET   606 PM CST
JANUARY 26 2015.......SUNRISE   726 AM CST   SUNSET   607 PM CST


-  INDICATES NEGATIVE NUMBERS.
R  INDICATES RECORD WAS SET OR TIED.
MM INDICATES DATA IS MISSING.
T  INDICATES TRACE AMOUNT.




$$
