000
CDUS44 KEWX 192222
CLISAT


CLIMATE REPORT
NATIONAL WEATHER SERVICE AUSTIN/SAN ANTONIO, TX
522 PM CDT SAT APR 19 2014


...................................

...THE SAN ANTONIO CLIMATE SUMMARY FOR APRIL 19 2014...
VALID TODAY AS OF 522 PM LOCAL TIME.

CLIMATE NORMAL PERIOD 1981 TO 2010
CLIMATE RECORD PERIOD 1886 TO 2014


WEATHER ITEM   OBSERVED TIME   RECORD YEAR NORMAL DEPARTURE LAST
                VALUE   (LST)  VALUE       VALUE  FROM      YEAR
                                                  NORMAL
..................................................................
TEMPERATURE (F)
 TODAY
  MAXIMUM         81    226 PM 101    1996  81      0       72
  MINIMUM         55    632 AM  42    1901  59     -4       46
  AVERAGE         68                        70     -2       59

PRECIPITATION (IN)
  TODAY            0.00          2.80 1977   0.07  -0.07     0.00
  MONTH TO DATE    0.68                      1.18  -0.50     1.81
  SINCE MAR 1      1.74                      3.49  -1.75     2.76
  SINCE JAN 1      2.39                      7.04  -4.65     5.69

SNOWFALL (IN)
  TODAY            0.0
  MONTH TO DATE    0.0
  SINCE MAR 1      0.0
  SINCE JUL 1      0.4
  SNOW DEPTH       0

DEGREE DAYS
 HEATING
  TODAY            0                         1     -1        6
  MONTH TO DATE   40                        34      6       39
  SINCE MAR 1    228                       188     40      179
  SINCE JUL 1   1562                      1489     73     1173

 COOLING
  TODAY            3                         6     -3        0
  MONTH TO DATE   99                        90      9       92
  SINCE MAR 1    160                       155      5      169
  SINCE JAN 1    225                       181     44      209
..................................................................


WIND (MPH)
  HIGHEST WIND SPEED    17   HIGHEST WIND DIRECTION    SE (120)
  HIGHEST GUST SPEED    24   HIGHEST GUST DIRECTION     S (160)
  AVERAGE WIND SPEED     5.6


SKY COVER
  AVERAGE SKY COVER 0.6


WEATHER CONDITIONS
 THE FOLLOWING WEATHER WAS RECORDED TODAY.
  FOG


RELATIVE HUMIDITY (PERCENT)
 HIGHEST    93           700 AM
 LOWEST     39           200 PM
 AVERAGE    66

..........................................................


THE SAN ANTONIO CLIMATE NORMALS FOR TOMORROW
                         NORMAL    RECORD    YEAR
 MAXIMUM TEMPERATURE (F)   82       100      1984
 MINIMUM TEMPERATURE (F)   59        41      2013


SUNRISE AND SUNSET
APRIL 19 2014.........SUNRISE   703 AM CDT   SUNSET   803 PM CDT
APRIL 20 2014.........SUNRISE   702 AM CDT   SUNSET   804 PM CDT


-  INDICATES NEGATIVE NUMBERS.
R  INDICATES RECORD WAS SET OR TIED.
MM INDICATES DATA IS MISSING.
T  INDICATES TRACE AMOUNT.




$$
