000
CDUS44 KEWX 260801
CLISAT


CLIMATE REPORT
NATIONAL WEATHER SERVICE AUSTIN/SAN ANTONIO, TX
259 AM CDT TUE JUL 26 2016


...................................

...THE SAN ANTONIO CLIMATE SUMMARY FOR JULY 25 2016...

CLIMATE NORMAL PERIOD 1981 TO 2010
CLIMATE RECORD PERIOD 1886 TO 2016


WEATHER ITEM   OBSERVED TIME   RECORD YEAR NORMAL DEPARTURE LAST
                VALUE   (LST)  VALUE       VALUE  FROM      YEAR
                                                  NORMAL
..................................................................
TEMPERATURE (F)
 YESTERDAY
  MAXIMUM         98    326 PM 104    1994  95      3       96
                                      1954
  MINIMUM         73    918 PM  64    1911  75     -2       76
  AVERAGE         86                        85      1       86

PRECIPITATION (IN)
  YESTERDAY        0.14          2.27 1934   0.06   0.08     0.00
  MONTH TO DATE    0.15                      2.39  -2.24     0.07
  SINCE JUN 1      2.54                      6.53  -3.99     6.49
  SINCE JAN 1     24.36                     18.50   5.86    29.77

SNOWFALL (IN)
  YESTERDAY        0.0
  MONTH TO DATE    0.0
  SINCE JUN 1      0.0
  SINCE JUL 1      0.0
  SNOW DEPTH       0

DEGREE DAYS
 HEATING
  YESTERDAY        0                         0      0        0
  MONTH TO DATE    0                         0      0        0
  SINCE JUN 1      0                         0      0        0
  SINCE JUL 1      0                         0      0        0

 COOLING
  YESTERDAY       21                        20      1       21
  MONTH TO DATE  574                       486     88      507
  SINCE JUN 1   1093                      1009     84     1013
  SINCE JAN 1   1718                      1638     80     1658
..................................................................


WIND (MPH)
  HIGHEST WIND SPEED    30   HIGHEST WIND DIRECTION    NE (40)
  HIGHEST GUST SPEED    38   HIGHEST GUST DIRECTION    NE (30)
  AVERAGE WIND SPEED     7.4


SKY COVER
  AVERAGE SKY COVER 0.6


WEATHER CONDITIONS
 THE FOLLOWING WEATHER WAS RECORDED YESTERDAY.
  THUNDERSTORM
  RAIN
  LIGHT RAIN
  FOG


RELATIVE HUMIDITY (PERCENT)
 HIGHEST    93          1100 PM
 LOWEST     40           300 PM
 AVERAGE    67

..........................................................


THE SAN ANTONIO CLIMATE NORMALS FOR TODAY
                         NORMAL    RECORD    YEAR
 MAXIMUM TEMPERATURE (F)   96       106      1954
 MINIMUM TEMPERATURE (F)   75        67      1904


SUNRISE AND SUNSET
JULY 26 2016..........SUNRISE   651 AM CDT   SUNSET   830 PM CDT
JULY 27 2016..........SUNRISE   651 AM CDT   SUNSET   829 PM CDT


-  INDICATES NEGATIVE NUMBERS.
R  INDICATES RECORD WAS SET OR TIED.
MM INDICATES DATA IS MISSING.
T  INDICATES TRACE AMOUNT.




$$
