000
CDUS44 KEWX 182344
CLISAT


CLIMATE REPORT
NATIONAL WEATHER SERVICE AUSTIN/SAN ANTONIO, TX
543 PM CST THU JAN 18 2018


...................................

...THE SAN ANTONIO CLIMATE SUMMARY FOR JANUARY 18 2018...
VALID TODAY AS OF 0500 PM LOCAL TIME.

CLIMATE NORMAL PERIOD 1981 TO 2010
CLIMATE RECORD PERIOD 1886 TO 2018


WEATHER ITEM   OBSERVED TIME   RECORD YEAR NORMAL DEPARTURE LAST
                VALUE   (LST)  VALUE       VALUE  FROM      YEAR
                                                  NORMAL
..................................................................
TEMPERATURE (F)
 TODAY
  MAXIMUM         46    359 PM  85    1938  63    -17       65
  MINIMUM         33    635 AM  11    1930  41     -8       48
  AVERAGE         40                        52    -12       57

PRECIPITATION (IN)
  TODAY            0.00          2.72 1968   0.05  -0.05     0.27
  MONTH TO DATE    0.09                      0.96  -0.87     2.71
  SINCE DEC 1      4.13                      2.87   1.26     8.93
  SINCE JAN 1      0.09                      0.96  -0.87     2.71

SNOWFALL (IN)
  TODAY            0.0
  MONTH TO DATE    T
  SINCE DEC 1      1.9
  SINCE JUL 1      1.9
  SNOW DEPTH       0

DEGREE DAYS
 HEATING
  TODAY           25                        13     12        8
  MONTH TO DATE  334                       251     83      152
  SINCE DEC 1    719                       642     77      470
  SINCE JUL 1    851                       853     -2      528

 COOLING
  TODAY            0                         0      0        0
  MONTH TO DATE    0                         0      0       20
  SINCE DEC 1     18                        14      4       62
  SINCE JAN 1      0                         0      0       20
..................................................................


WIND (MPH)
  HIGHEST WIND SPEED     8   HIGHEST WIND DIRECTION     S (170)
  HIGHEST GUST SPEED    14   HIGHEST GUST DIRECTION    SE (130)
  AVERAGE WIND SPEED     3.9


SKY COVER
  AVERAGE SKY COVER 1.0


WEATHER CONDITIONS
 THE FOLLOWING WEATHER WAS RECORDED TODAY.
  NO SIGNIFICANT WEATHER WAS OBSERVED.


RELATIVE HUMIDITY (PERCENT)
 HIGHEST    47           400 AM
 LOWEST     25           300 PM
 AVERAGE    36

..........................................................


THE SAN ANTONIO CLIMATE NORMALS FOR TOMORROW
                         NORMAL    RECORD    YEAR
 MAXIMUM TEMPERATURE (F)   63        85      2000
 MINIMUM TEMPERATURE (F)   41        15      1940


SUNRISE AND SUNSET
JANUARY 18 2018.......SUNRISE   729 AM CST   SUNSET   600 PM CST
JANUARY 19 2018.......SUNRISE   729 AM CST   SUNSET   601 PM CST


-  INDICATES NEGATIVE NUMBERS.
R  INDICATES RECORD WAS SET OR TIED.
MM INDICATES DATA IS MISSING.
T  INDICATES TRACE AMOUNT.




$$
