000
CDUS44 KEWX 142240
CLISAT


CLIMATE REPORT
NATIONAL WEATHER SERVICE AUSTIN/SAN ANTONIO, TX
539 PM CDT SUN SEP 14 2014


...................................

...THE SAN ANTONIO CLIMATE SUMMARY FOR SEPTEMBER 14 2014...
VALID TODAY AS OF 539 PM LOCAL TIME.

CLIMATE NORMAL PERIOD 1981 TO 2010
CLIMATE RECORD PERIOD 1886 TO 2014


WEATHER ITEM   OBSERVED TIME   RECORD YEAR NORMAL DEPARTURE LAST
                VALUE   (LST)  VALUE       VALUE  FROM      YEAR
                                                  NORMAL
..................................................................
TEMPERATURE (F)
 TODAY
  MAXIMUM         85    352 PM  99    2011  91     -6       97
  MINIMUM         66    701 AM  52    1945  70     -4       71
  AVERAGE         76                        80     -4       84

PRECIPITATION (IN)
  TODAY            0.00          3.39 1904   0.10  -0.10     0.02
  MONTH TO DATE    0.51                      1.50  -0.99     0.42
  SINCE SEP 1      0.51                      1.50  -0.99     0.42
  SINCE JAN 1     16.58                     22.44  -5.86    23.86

SNOWFALL (IN)
  TODAY            0.0
  MONTH TO DATE    0.0
  SINCE SEP 1      0.0
  SINCE JUL 1      0.0
  SNOW DEPTH       0

DEGREE DAYS
 HEATING
  TODAY            0                         0      0        0
  MONTH TO DATE    0                         0      0        0
  SINCE SEP 1      0                         0      0        0
  SINCE JUL 1      0                         0      0        0

 COOLING
  TODAY           11                        15     -4       19
  MONTH TO DATE  268                       238     30      306
  SINCE SEP 1    268                       238     30      306
  SINCE JAN 1   2868                      2629    239     2899
..................................................................


WIND (MPH)
  HIGHEST WIND SPEED    13   HIGHEST WIND DIRECTION    NE (30)
  HIGHEST GUST SPEED    16   HIGHEST GUST DIRECTION    NE (40)
  AVERAGE WIND SPEED     7.0


SKY COVER
  AVERAGE SKY COVER 0.9


WEATHER CONDITIONS
 THE FOLLOWING WEATHER WAS RECORDED TODAY.
  FOG
  HAZE


RELATIVE HUMIDITY (PERCENT)
 HIGHEST    87           500 AM
 LOWEST     55           400 PM
 AVERAGE    71

..........................................................


THE SAN ANTONIO CLIMATE NORMALS FOR TOMORROW
                         NORMAL    RECORD    YEAR
 MAXIMUM TEMPERATURE (F)   90        98      1988
                                             1965
                                             1953
 MINIMUM TEMPERATURE (F)   69        57      1989
                                             1945


SUNRISE AND SUNSET
SEPTEMBER 14 2014.....SUNRISE   718 AM CDT   SUNSET   740 PM CDT
SEPTEMBER 15 2014.....SUNRISE   719 AM CDT   SUNSET   739 PM CDT


-  INDICATES NEGATIVE NUMBERS.
R  INDICATES RECORD WAS SET OR TIED.
MM INDICATES DATA IS MISSING.
T  INDICATES TRACE AMOUNT.




$$
