000
CDUS42 KCHS 240607
CLISAV


CLIMATE REPORT
NATIONAL WEATHER SERVICE CHARLESTON SC
207 AM EDT FRI MAR 24 2017


...................................

...THE SAVANNAH GA CLIMATE SUMMARY FOR MARCH 23 2017...

CLIMATE NORMAL PERIOD 1981 TO 2010
CLIMATE RECORD PERIOD 1871 TO 2017


WEATHER ITEM   OBSERVED TIME   RECORD YEAR NORMAL DEPARTURE LAST
                VALUE   (LST)  VALUE       VALUE  FROM      YEAR
                                                  NORMAL
..................................................................
TEMPERATURE (F)
 YESTERDAY
  MAXIMUM         69    214 PM  94    1907  73     -4       78
  MINIMUM         52   1159 PM  30    1986  49      3       46
  AVERAGE         61                        61      0       62

PRECIPITATION (IN)
  YESTERDAY        0.00          2.94 1993   0.11  -0.11     0.00
  MONTH TO DATE    0.44                      2.74  -2.30     0.88
  SINCE MAR 1      0.44                      2.74  -2.30     0.88
  SINCE JAN 1      9.27                      9.22   0.05     7.29

SNOWFALL (IN)
  YESTERDAY        0.0                       0.0    0.0
  SINCE MAR 1      0.0                       0.0    0.0
  SINCE JUL 1      0.0                       0.3   -0.3

DEGREE DAYS
 HEATING
  YESTERDAY        4                         5     -1        3
  MONTH TO DATE  190                       172     18       95
  SINCE MAR 1    190                       172     18       95
  SINCE JUL 1   1000                      1689   -689     1164

 COOLING
  YESTERDAY        0                         1     -1        0
  MONTH TO DATE   26                        23      3       75
  SINCE MAR 1     26                        23      3       75
  SINCE JAN 1     84                        33     51       96
..................................................................


WIND (MPH)
  HIGHEST WIND SPEED    24   HIGHEST WIND DIRECTION     E (70)
  HIGHEST GUST SPEED    30   HIGHEST GUST DIRECTION     E (80)
  AVERAGE WIND SPEED    12.7


SKY COVER
  POSSIBLE SUNSHINE  MM
  AVERAGE SKY COVER 0.4


WEATHER CONDITIONS
 THE FOLLOWING WEATHER WAS RECORDED YESTERDAY.
  NO SIGNIFICANT WEATHER WAS OBSERVED.


RELATIVE HUMIDITY (PERCENT)
 HIGHEST    80           100 AM
 LOWEST     35           300 PM
 AVERAGE    58

..........................................................


THE SAVANNAH GA CLIMATE NORMALS FOR TODAY
                         NORMAL    RECORD    YEAR
 MAXIMUM TEMPERATURE (F)   73        92      1929
 MINIMUM TEMPERATURE (F)   49        31      1968


SUNRISE AND SUNSET
MARCH 24 2017.........SUNRISE   723 AM EDT   SUNSET   739 PM EDT
MARCH 25 2017.........SUNRISE   722 AM EDT   SUNSET   740 PM EDT


-  INDICATES NEGATIVE NUMBERS.
R  INDICATES RECORD WAS SET OR TIED.
MM INDICATES DATA IS MISSING.
T  INDICATES TRACE AMOUNT.




$$
