000
CDUS42 KCHS 200634
CLISAV


CLIMATE REPORT
NATIONAL WEATHER SERVICE CHARLESTON SC
234 AM EDT FRI OCT 20 2017


...................................

...THE SAVANNAH GA CLIMATE SUMMARY FOR OCTOBER 19 2017...

CLIMATE NORMAL PERIOD 1981 TO 2010
CLIMATE RECORD PERIOD 1871 TO 2017


WEATHER ITEM   OBSERVED TIME   RECORD YEAR NORMAL DEPARTURE LAST
                VALUE   (LST)  VALUE       VALUE  FROM      YEAR
                                                  NORMAL
..................................................................
TEMPERATURE (F)
 YESTERDAY
  MAXIMUM         82    325 PM  88    1972  78      4       87
  MINIMUM         56    658 AM  40    2009  56      0       62
  AVERAGE         69                        67      2       75

PRECIPITATION (IN)
  YESTERDAY        0.00          7.85 1944   0.11  -0.11     0.00
  MONTH TO DATE    0.93                      2.61  -1.68    11.60
  SINCE SEP 1      6.52                      7.19  -0.67    16.59
  SINCE JAN 1     48.88                     41.56   7.32    50.96

SNOWFALL (IN)
  YESTERDAY        0.0                       0.0    0.0
  SINCE SEP 1      0.0                       0.0    0.0
  SINCE JUL 1      0.0                       0.0    0.0

DEGREE DAYS
 HEATING
  YESTERDAY        0                         2     -2        0
  MONTH TO DATE    1                        22    -21        0
  SINCE SEP 1      1                        24    -23        0
  SINCE JUL 1      1                        24    -23        0

 COOLING
  YESTERDAY        4                         4      0       10
  MONTH TO DATE  215                       112    103      146
  SINCE SEP 1    637                       471    166      589
  SINCE JAN 1   2897                      2378    519     2899
..................................................................


WIND (MPH)
  HIGHEST WIND SPEED    14   HIGHEST WIND DIRECTION    NE (40)
  HIGHEST GUST SPEED    18   HIGHEST GUST DIRECTION     N (20)
  AVERAGE WIND SPEED     6.3


SKY COVER
  POSSIBLE SUNSHINE  MM
  AVERAGE SKY COVER 0.1


WEATHER CONDITIONS
 THE FOLLOWING WEATHER WAS RECORDED YESTERDAY.
  FOG


RELATIVE HUMIDITY (PERCENT)
 HIGHEST    97          1100 PM
 LOWEST     45           300 PM
 AVERAGE    71

..........................................................


THE SAVANNAH GA CLIMATE NORMALS FOR TODAY
                         NORMAL    RECORD    YEAR
 MAXIMUM TEMPERATURE (F)   77        88      1969
                                             1946
 MINIMUM TEMPERATURE (F)   56        37      1996


SUNRISE AND SUNSET
OCTOBER 20 2017.......SUNRISE   732 AM EDT   SUNSET   646 PM EDT
OCTOBER 21 2017.......SUNRISE   733 AM EDT   SUNSET   645 PM EDT


-  INDICATES NEGATIVE NUMBERS.
R  INDICATES RECORD WAS SET OR TIED.
MM INDICATES DATA IS MISSING.
T  INDICATES TRACE AMOUNT.




$$
