000
CDUS42 KCHS 270601
CLISAV


CLIMATE REPORT
NATIONAL WEATHER SERVICE CHARLESTON SC
200 AM EDT FRI MAY 27 2016


...................................

...THE SAVANNAH GA CLIMATE SUMMARY FOR MAY 26 2016...

CLIMATE NORMAL PERIOD 1981 TO 2010
CLIMATE RECORD PERIOD 1871 TO 2016


WEATHER ITEM   OBSERVED TIME   RECORD YEAR NORMAL DEPARTURE LAST
                VALUE   (LST)  VALUE       VALUE  FROM      YEAR
                                                  NORMAL
..................................................................
TEMPERATURE (F)
 YESTERDAY
  MAXIMUM         87    329 PM 100    1953  87      0       88
  MINIMUM         66    553 AM  49    1979  65      1       69
  AVERAGE         77                        76      1       79

PRECIPITATION (IN)
  YESTERDAY        0.00          1.21 1968   0.12  -0.12     0.00
  MONTH TO DATE    7.30                      2.35   4.95     1.17
  SINCE MAR 1     14.57                      9.15   5.42     9.71
  SINCE JAN 1     20.98                     15.63   5.35    17.27

DEGREE DAYS
 HEATING
  YESTERDAY        0                         0      0        0
  MONTH TO DATE    4                         6     -2        2
  SINCE MAR 1    146                       292   -146      158
  SINCE JUL 1   1215                      1809   -594     1693

 COOLING
  YESTERDAY       12                        11      1       14
  MONTH TO DATE  242                       209     33      238
  SINCE MAR 1    457                       335    122      475
  SINCE JAN 1    478                       345    133      480
..................................................................


WIND (MPH)
  HIGHEST WIND SPEED    15   HIGHEST WIND DIRECTION     S (160)
  HIGHEST GUST SPEED    21   HIGHEST GUST DIRECTION    SE (140)
  AVERAGE WIND SPEED     5.5


SKY COVER
  POSSIBLE SUNSHINE  MM
  AVERAGE SKY COVER 0.1


WEATHER CONDITIONS
 THE FOLLOWING WEATHER WAS RECORDED YESTERDAY.
  FOG


RELATIVE HUMIDITY (PERCENT)
 HIGHEST    93           300 AM
 LOWEST     34           500 PM
 AVERAGE    64

..........................................................


THE SAVANNAH GA CLIMATE NORMALS FOR TODAY
                         NORMAL    RECORD    YEAR
 MAXIMUM TEMPERATURE (F)   87        98      1989
                                             1962
 MINIMUM TEMPERATURE (F)   66        53      1961


SUNRISE AND SUNSET
MAY 27 2016...........SUNRISE   621 AM EDT   SUNSET   824 PM EDT
MAY 28 2016...........SUNRISE   620 AM EDT   SUNSET   824 PM EDT


-  INDICATES NEGATIVE NUMBERS.
R  INDICATES RECORD WAS SET OR TIED.
MM INDICATES DATA IS MISSING.
T  INDICATES TRACE AMOUNT.




$$
