000
CDUS42 KCHS 100621
CLISAV


CLIMATE REPORT
NATIONAL WEATHER SERVICE CHARLESTON SC
121 AM EST SAT DEC 10 2016


...................................

...THE SAVANNAH GA CLIMATE SUMMARY FOR DECEMBER 9 2016...

CLIMATE NORMAL PERIOD 1981 TO 2010
CLIMATE RECORD PERIOD 1871 TO 2016


WEATHER ITEM   OBSERVED TIME   RECORD YEAR NORMAL DEPARTURE LAST
                VALUE   (LST)  VALUE       VALUE  FROM      YEAR
                                                  NORMAL
..................................................................
TEMPERATURE (F)
 YESTERDAY
  MAXIMUM         54    137 PM  82    1978  64    -10       73
                                      1943
  MINIMUM         34   1158 PM  20    1968  42     -8       45
  AVERAGE         44                        53     -9       59

PRECIPITATION (IN)
  YESTERDAY        0.00          2.44 1885   0.09  -0.09     0.00
  MONTH TO DATE    3.46                      0.79   2.67     0.73
  SINCE DEC 1      3.46                      0.79   2.67     0.73
  SINCE JAN 1     54.62                     45.80   8.82    44.98

SNOWFALL (IN)
  YESTERDAY        0.0                       0.0    0.0
  SINCE DEC 1      0.0                       0.0    0.0
  SINCE JUL 1      0.0                       0.0    0.0

DEGREE DAYS
 HEATING
  YESTERDAY       21                        12      9        6
  MONTH TO DATE   77                       104    -27       56
  SINCE DEC 1     77                       104    -27       56
  SINCE JUL 1    258                       371   -113      181

 COOLING
  YESTERDAY        0                         0      0        0
  MONTH TO DATE    3                         3      0        6
  SINCE DEC 1      3                         3      0        6
  SINCE JAN 1   3014                      2452    562     2751
..................................................................


WIND (MPH)
  HIGHEST WIND SPEED    15   HIGHEST WIND DIRECTION     N (10)
  HIGHEST GUST SPEED    18   HIGHEST GUST DIRECTION     N (10)
  AVERAGE WIND SPEED     6.6


SKY COVER
  POSSIBLE SUNSHINE  MM
  AVERAGE SKY COVER 0.1


WEATHER CONDITIONS
 THE FOLLOWING WEATHER WAS RECORDED YESTERDAY.
  NO SIGNIFICANT WEATHER WAS OBSERVED.


RELATIVE HUMIDITY (PERCENT)
 HIGHEST    82          1000 PM
 LOWEST     24           200 PM
 AVERAGE    53

..........................................................


THE SAVANNAH GA CLIMATE NORMALS FOR TODAY
                         NORMAL    RECORD    YEAR
 MAXIMUM TEMPERATURE (F)   64        82      1972
 MINIMUM TEMPERATURE (F)   42        23      1968


SUNRISE AND SUNSET
DECEMBER 10 2016......SUNRISE   715 AM EST   SUNSET   521 PM EST
DECEMBER 11 2016......SUNRISE   716 AM EST   SUNSET   521 PM EST


-  INDICATES NEGATIVE NUMBERS.
R  INDICATES RECORD WAS SET OR TIED.
MM INDICATES DATA IS MISSING.
T  INDICATES TRACE AMOUNT.




$$
