000
CDUS42 KCHS 260612
CLISAV


CLIMATE REPORT
NATIONAL WEATHER SERVICE CHARLESTON SC
212 AM EDT FRI MAY 26 2017


...................................

...THE SAVANNAH GA CLIMATE SUMMARY FOR MAY 25 2017...

CLIMATE NORMAL PERIOD 1981 TO 2010
CLIMATE RECORD PERIOD 1871 TO 2017


WEATHER ITEM   OBSERVED TIME   RECORD YEAR NORMAL DEPARTURE LAST
                VALUE   (LST)  VALUE       VALUE  FROM      YEAR
                                                  NORMAL
..................................................................
TEMPERATURE (F)
 YESTERDAY
  MAXIMUM         83    156 PM 100    1953  87     -4       88
  MINIMUM         63   1159 PM  49    1967  65     -2       65
  AVERAGE         73                        76     -3       77

PRECIPITATION (IN)
  YESTERDAY        0.00          2.90 1952   0.12  -0.12     0.00
  MONTH TO DATE   11.41                      2.23   9.18     7.30
  SINCE MAR 1     14.79                      9.03   5.76    14.57
  SINCE JAN 1     23.62                     15.51   8.11    20.98

DEGREE DAYS
 HEATING
  YESTERDAY        0                         0      0        0
  MONTH TO DATE    1                         6     -5        4
  SINCE MAR 1    213                       292    -79      146
  SINCE JUL 1   1023                      1809   -786     1215

 COOLING
  YESTERDAY        8                        11     -3       12
  MONTH TO DATE  245                       198     47      230
  SINCE MAR 1    527                       324    203      445
  SINCE JAN 1    585                       334    251      466
..................................................................


WIND (MPH)
  HIGHEST WIND SPEED    28   HIGHEST WIND DIRECTION     W (270)
  HIGHEST GUST SPEED    35   HIGHEST GUST DIRECTION     W (270)
  AVERAGE WIND SPEED    12.9


SKY COVER
  POSSIBLE SUNSHINE  MM
  AVERAGE SKY COVER 0.4


WEATHER CONDITIONS
 THE FOLLOWING WEATHER WAS RECORDED YESTERDAY.
  NO SIGNIFICANT WEATHER WAS OBSERVED.


RELATIVE HUMIDITY (PERCENT)
 HIGHEST    90           500 AM
 LOWEST     33           200 PM
 AVERAGE    62

..........................................................


THE SAVANNAH GA CLIMATE NORMALS FOR TODAY
                         NORMAL    RECORD    YEAR
 MAXIMUM TEMPERATURE (F)   87       100      1953
 MINIMUM TEMPERATURE (F)   65        49      1979


SUNRISE AND SUNSET
MAY 26 2017...........SUNRISE   621 AM EDT   SUNSET   823 PM EDT
MAY 27 2017...........SUNRISE   621 AM EDT   SUNSET   824 PM EDT


-  INDICATES NEGATIVE NUMBERS.
R  INDICATES RECORD WAS SET OR TIED.
MM INDICATES DATA IS MISSING.
T  INDICATES TRACE AMOUNT.




$$
