000
CDUS42 KCHS 020533
CLISAV


CLIMATE REPORT
NATIONAL WEATHER SERVICE CHARLESTON SC
133 AM EDT TUE SEP 2 2014


...................................

...THE SAVANNAH GA CLIMATE SUMMARY FOR SEPTEMBER 1 2014...

CLIMATE NORMAL PERIOD 1981 TO 2010
CLIMATE RECORD PERIOD 1871 TO 2014


WEATHER ITEM   OBSERVED TIME   RECORD YEAR NORMAL DEPARTURE LAST
                VALUE   (LST)  VALUE       VALUE  FROM      YEAR
                                                  NORMAL
..................................................................
TEMPERATURE (F)
 YESTERDAY
  MAXIMUM         95    123 PM  97    1957  89      6       92
                                      1926
                                      1912
  MINIMUM         73    555 AM  60    1999  71      2       74
  AVERAGE         84                        80      4       83

PRECIPITATION (IN)
  YESTERDAY        T             2.14 1889   0.18  -0.18     0.00
  MONTH TO DATE    T                         0.18  -0.18     0.00
  SINCE SEP 1      T                         0.18  -0.18     0.00
  SINCE JAN 1     35.06                     34.55   0.51    47.17

DEGREE DAYS
 HEATING
  YESTERDAY        0                         0      0        0
  MONTH TO DATE    0                         0      0        0
  SINCE SEP 1      0                         0      0        0
  SINCE JUL 1      0                         0      0        0

 COOLING
  YESTERDAY       19                        15      4       18
  MONTH TO DATE   19                        15      4       18
  SINCE SEP 1     19                        15      4       18
  SINCE JAN 1   2132                      1922    210     1867
..................................................................


WIND (MPH)
  HIGHEST WIND SPEED    13   HIGHEST WIND DIRECTION     S (160)
  HIGHEST GUST SPEED    18   HIGHEST GUST DIRECTION     S (160)
  AVERAGE WIND SPEED     4.6


SKY COVER
  POSSIBLE SUNSHINE  MM
  AVERAGE SKY COVER 0.5


WEATHER CONDITIONS
 THE FOLLOWING WEATHER WAS RECORDED YESTERDAY.
  THUNDERSTORM
  LIGHT RAIN


RELATIVE HUMIDITY (PERCENT)
 HIGHEST    87           200 AM
 LOWEST     52          1100 AM
 AVERAGE    70

..........................................................


THE SAVANNAH GA CLIMATE NORMALS FOR TODAY
                         NORMAL    RECORD    YEAR
 MAXIMUM TEMPERATURE (F)   89       100      1912
 MINIMUM TEMPERATURE (F)   71        58      1999


SUNRISE AND SUNSET
SEPTEMBER  2 2014.....SUNRISE   701 AM EDT   SUNSET   748 PM EDT
SEPTEMBER  3 2014.....SUNRISE   701 AM EDT   SUNSET   746 PM EDT


-  INDICATES NEGATIVE NUMBERS.
R  INDICATES RECORD WAS SET OR TIED.
MM INDICATES DATA IS MISSING.
T  INDICATES TRACE AMOUNT.




$$
