476
CDUS42 KCHS 222210
CLISAV


CLIMATE REPORT
NATIONAL WEATHER SERVICE CHARLESTON SC
510 PM EST THU FEB 22 2018


...................................

...THE SAVANNAH GA CLIMATE SUMMARY FOR FEBRUARY 22 2018...
VALID TODAY AS OF 0500 PM LOCAL TIME.

CLIMATE NORMAL PERIOD 1981 TO 2010
CLIMATE RECORD PERIOD 1871 TO 2018


WEATHER ITEM   OBSERVED TIME   RECORD YEAR NORMAL DEPARTURE LAST
                VALUE   (LST)  VALUE       VALUE  FROM      YEAR
                                                  NORMAL
..................................................................
TEMPERATURE (F)
 TODAY
  MAXIMUM         83R  1258 PM  83    1991  66     17       69
                                      1962
  MINIMUM         59    706 AM  25    1896  43     16       62
  AVERAGE         71                        54     17       66

PRECIPITATION (IN)
  TODAY            0.00          2.08 2017   0.10  -0.10     2.08
  MONTH TO DATE    1.70                      2.18  -0.48     2.22
  SINCE DEC 1      5.12                      8.82  -3.70    13.12
  SINCE JAN 1      2.77                      5.87  -3.10     8.83

SNOWFALL (IN)
  TODAY            0.0                       0.0    0.0
  SINCE DEC 1      1.2                       0.3    0.9
  SINCE JUL 1      1.2                       0.3    0.9

DEGREE DAYS
 HEATING
  TODAY            0                        11    -11        0
  MONTH TO DATE  102                       281   -179      113
  SINCE DEC 1   1041                      1188   -147      614
  SINCE JUL 1   1265                      1455   -190      795

 COOLING
  TODAY            6                         0      6        1
  MONTH TO DATE   57                         0     57       13
  SINCE DEC 1     69                        12     57       46
  SINCE JAN 1     60                         3     57       36
..................................................................


WIND (MPH)
  HIGHEST WIND SPEED    14   HIGHEST WIND DIRECTION     S (160)
  HIGHEST GUST SPEED    17   HIGHEST GUST DIRECTION    SE (150)
  AVERAGE WIND SPEED     4.8


SKY COVER
  POSSIBLE SUNSHINE  MM
  AVERAGE SKY COVER 0.3


WEATHER CONDITIONS
 THE FOLLOWING WEATHER WAS RECORDED TODAY.
  FOG
  FOG W/VISIBILITY <= 1/4 MILE


RELATIVE HUMIDITY (PERCENT)
 HIGHEST   100           100 AM
 LOWEST     47           300 PM
 AVERAGE    74

..........................................................


THE SAVANNAH GA CLIMATE NORMALS FOR TOMORROW
                         NORMAL    RECORD    YEAR
 MAXIMUM TEMPERATURE (F)   66        84      2012
 MINIMUM TEMPERATURE (F)   43        23      1978


SUNRISE AND SUNSET
FEBRUARY 22 2018......SUNRISE   700 AM EST   SUNSET   617 PM EST
FEBRUARY 23 2018......SUNRISE   659 AM EST   SUNSET   618 PM EST


-  INDICATES NEGATIVE NUMBERS.
R  INDICATES RECORD WAS SET OR TIED.
MM INDICATES DATA IS MISSING.
T  INDICATES TRACE AMOUNT.




$$
