000
CDUS42 KCHS 290618
CLISAV


CLIMATE REPORT
NATIONAL WEATHER SERVICE CHARLESTON SC
218 AM EDT THU SEP 29 2016


...................................

...THE SAVANNAH GA CLIMATE SUMMARY FOR SEPTEMBER 28 2016...

CLIMATE NORMAL PERIOD 1981 TO 2010
CLIMATE RECORD PERIOD 1871 TO 2016


WEATHER ITEM   OBSERVED TIME   RECORD YEAR NORMAL DEPARTURE LAST
                VALUE   (LST)  VALUE       VALUE  FROM      YEAR
                                                  NORMAL
..................................................................
TEMPERATURE (F)
 YESTERDAY
  MAXIMUM         91    308 PM  98    1986  83      8       86
  MINIMUM         71    639 AM  50    1962  64      7       73
  AVERAGE         81                        74      7       80

PRECIPITATION (IN)
  YESTERDAY        0.00          3.75 1874   0.14  -0.14     0.00
  MONTH TO DATE    3.77                      4.28  -0.51     2.15
  SINCE SEP 1      3.77                      4.28  -0.51     2.15
  SINCE JAN 1     38.14                     38.65  -0.51    38.31

DEGREE DAYS
 HEATING
  YESTERDAY        0                         0      0        0
  MONTH TO DATE    0                         0      0        0
  SINCE SEP 1      0                         0      0        0
  SINCE JUL 1      0                         0      0        0

 COOLING
  YESTERDAY       16                         9      7       15
  MONTH TO DATE  418                       342     76      347
  SINCE SEP 1    418                       342     76      347
  SINCE JAN 1   2728                      2249    479     2501
..................................................................


WIND (MPH)
  HIGHEST WIND SPEED    15   HIGHEST WIND DIRECTION     S (170)
  HIGHEST GUST SPEED    19   HIGHEST GUST DIRECTION     S (180)
  AVERAGE WIND SPEED     6.9


SKY COVER
  POSSIBLE SUNSHINE  MM
  AVERAGE SKY COVER 0.5


WEATHER CONDITIONS
 THE FOLLOWING WEATHER WAS RECORDED YESTERDAY.
  NO SIGNIFICANT WEATHER WAS OBSERVED.


RELATIVE HUMIDITY (PERCENT)
 HIGHEST    93           200 AM
 LOWEST     47           200 PM
 AVERAGE    70

..........................................................


THE SAVANNAH GA CLIMATE NORMALS FOR TODAY
                         NORMAL    RECORD    YEAR
 MAXIMUM TEMPERATURE (F)   83        94      1941
 MINIMUM TEMPERATURE (F)   64        50      1962


SUNRISE AND SUNSET
SEPTEMBER 29 2016.....SUNRISE   718 AM EDT   SUNSET   712 PM EDT
SEPTEMBER 30 2016.....SUNRISE   718 AM EDT   SUNSET   710 PM EDT


-  INDICATES NEGATIVE NUMBERS.
R  INDICATES RECORD WAS SET OR TIED.
MM INDICATES DATA IS MISSING.
T  INDICATES TRACE AMOUNT.




$$
