000
CDUS42 KCHS 312111
CLISAV


CLIMATE REPORT
NATIONAL WEATHER SERVICE CHARLESTON SC
511 PM EDT FRI OCT 31 2014


...................................

...THE SAVANNAH GA CLIMATE SUMMARY FOR OCTOBER 31 2014...
VALID TODAY AS OF 0500 PM LOCAL TIME.

CLIMATE NORMAL PERIOD 1981 TO 2010
CLIMATE RECORD PERIOD 1871 TO 2014


WEATHER ITEM   OBSERVED TIME   RECORD YEAR NORMAL DEPARTURE LAST
                VALUE   (LST)  VALUE       VALUE  FROM      YEAR
                                                  NORMAL
..................................................................
TEMPERATURE (F)
 TODAY
  MAXIMUM         75    227 PM  86    1961  75      0       84
                                      1946
                                      1935
  MINIMUM         52    704 AM  35    1963  52      0       54
                                      1954
  AVERAGE         64                        64      0       69

PRECIPITATION (IN)
  TODAY            0.00          2.45 1932   0.08  -0.08     0.00
  MONTH TO DATE    1.72                      3.69  -1.97     0.23
  SINCE SEP 1      6.84                      8.27  -1.43     2.01
  SINCE JAN 1     41.90                     42.64  -0.74    49.18

SNOWFALL (IN)
  TODAY            0.0                       0.0    0.0
  SINCE SEP 1      0.0                       0.0    0.0
  SINCE JUL 1      0.0                       0.0    0.0

DEGREE DAYS
 HEATING
  TODAY            1                         4     -3        0
  MONTH TO DATE   18                        57    -39       34
  SINCE SEP 1     19                        57    -38       34
  SINCE JUL 1     19                        57    -38       34

 COOLING
  TODAY            0                         2     -2        4
  MONTH TO DATE  181                       146     35      177
  SINCE SEP 1    590                       505     85      562
  SINCE JAN 1   2703                      2412    291     2411
..................................................................


WIND (MPH)
  HIGHEST WIND SPEED    12   HIGHEST WIND DIRECTION     N (360)
  HIGHEST GUST SPEED    16   HIGHEST GUST DIRECTION    NW (300)
  AVERAGE WIND SPEED     2.6


SKY COVER
  POSSIBLE SUNSHINE  MM
  AVERAGE SKY COVER 0.2


WEATHER CONDITIONS
 THE FOLLOWING WEATHER WAS RECORDED TODAY.
  FOG


RELATIVE HUMIDITY (PERCENT)
 HIGHEST    93           300 AM
 LOWEST     35          1200 PM
 AVERAGE    64

..........................................................


THE SAVANNAH GA CLIMATE NORMALS FOR TOMORROW
                         NORMAL    RECORD    YEAR
 MAXIMUM TEMPERATURE (F)   75        89      1961
 MINIMUM TEMPERATURE (F)   52        32      1993
                                             1954


SUNRISE AND SUNSET
OCTOBER 31 2014.......SUNRISE   741 AM EDT   SUNSET   636 PM EDT
NOVEMBER  1 2014......SUNRISE   742 AM EDT   SUNSET   635 PM EDT


-  INDICATES NEGATIVE NUMBERS.
R  INDICATES RECORD WAS SET OR TIED.
MM INDICATES DATA IS MISSING.
T  INDICATES TRACE AMOUNT.




$$
