000
CDUS46 KLOX 280915
CLISBA


CLIMATE REPORT
NATIONAL WEATHER SERVICE LOS ANGELES/OXNARD CA
215 AM PDT FRI AUG 28 2015


...................................

...THE SANTA BARBARA AIRPORT CA CLIMATE SUMMARY FOR AUGUST 27 2015...

CLIMATE NORMAL PERIOD 1981 TO 2010
CLIMATE RECORD PERIOD 1940 TO 2015


WEATHER ITEM   OBSERVED TIME   RECORD YEAR NORMAL DEPARTURE LAST
                VALUE   (LST)  VALUE       VALUE  FROM      YEAR
                                                  NORMAL
..................................................................
TEMPERATURE (F)
 YESTERDAY
  MAXIMUM         86    105 PM  98    1971  75     11       83
  MINIMUM         65    608 AM  48    1975  57      8       54
  AVERAGE         76                        66     10       69

PRECIPITATION (IN)
  YESTERDAY        0.00          T    1972   0.00   0.00     0.00
  MONTH TO DATE    T                         0.10  -0.10     0.01
  SINCE OCT 1      9.63                     17.48  -7.85     6.51
  SINCE JAN 1      3.34                     12.18  -8.84     5.22

SNOWFALL (IN)
  YESTERDAY        0.0
  MONTH TO DATE    0.0
  SINCE JUN 1      0.0
  SINCE JUL 1      0.0

DEGREE DAYS
 HEATING
  YESTERDAY        0                         1     -1        0
  MONTH TO DATE    0                        27    -27        0
  SINCE JUN 1     30                       144   -114       52
  SINCE JUL 1      0                        54    -54        0

 COOLING
  YESTERDAY       11                         2      9        4
  MONTH TO DATE  151                        54     97       75
  SINCE JUN 1    295                       112    183      246
  SINCE JAN 1    333                       126    207      314
..................................................................


WIND (MPH)
  HIGHEST WIND SPEED    15   HIGHEST WIND DIRECTION     W (260)
  HIGHEST GUST SPEED    18   HIGHEST GUST DIRECTION     W (270)
  AVERAGE WIND SPEED     4.8


SKY COVER
  POSSIBLE SUNSHINE  MM
  AVERAGE SKY COVER 0.0


WEATHER CONDITIONS
 THE FOLLOWING WEATHER WAS RECORDED YESTERDAY.
  NO SIGNIFICANT WEATHER WAS OBSERVED.


RELATIVE HUMIDITY (PERCENT)
 HIGHEST    90          1200 AM
 LOWEST     47           400 PM
 AVERAGE    69

..........................................................


THE SANTA BARBARA AIRPORT CA CLIMATE NORMALS FOR TODAY
                         NORMAL    RECORD    YEAR
 MAXIMUM TEMPERATURE (F)   75        92      1971
 MINIMUM TEMPERATURE (F)   57        49      1942


SUNRISE AND SUNSET
AUGUST 28 2015........SUNRISE   630 AM PDT   SUNSET   731 PM PDT
AUGUST 29 2015........SUNRISE   630 AM PDT   SUNSET   730 PM PDT


-  INDICATES NEGATIVE NUMBERS.
R  INDICATES RECORD WAS SET OR TIED.
MM INDICATES DATA IS MISSING.
T  INDICATES TRACE AMOUNT.




$$
