876
CDUS46 KLOX 210924
CLISBA


CLIMATE REPORT
NATIONAL WEATHER SERVICE LOS ANGELES/OXNARD CA
224 AM PDT SAT OCT 21 2017


...................................

...THE SANTA BARBARA AIRPORT CA CLIMATE SUMMARY FOR OCTOBER 20 2017...

CLIMATE NORMAL PERIOD 1981 TO 2010
CLIMATE RECORD PERIOD 1940 TO 2017


WEATHER ITEM   OBSERVED TIME   RECORD YEAR NORMAL DEPARTURE LAST
                VALUE   (LST)  VALUE       VALUE  FROM      YEAR
                                                  NORMAL
..................................................................
TEMPERATURE (F)
 YESTERDAY
  MAXIMUM         79    158 PM  94    1964  72      7       90
  MINIMUM         58    940 PM  37    1949  50      8       50
  AVERAGE         69                        61      8       70

PRECIPITATION (IN)
  YESTERDAY        0.00          0.55 1979   0.03  -0.03     0.00
  MONTH TO DATE    0.00                      0.42  -0.42     0.32
  SINCE OCT 1      0.00                      0.42  -0.42     0.32
  SINCE JAN 1     19.69                     12.88   6.81     9.66

SNOWFALL (IN)
  YESTERDAY        0.0
  MONTH TO DATE    0.0
  SINCE SEP 1      0.0
  SINCE JUL 1      0.0

DEGREE DAYS
 HEATING
  YESTERDAY        0                         4     -4        0
  MONTH TO DATE   43                        66    -23       50
  SINCE SEP 1     61                       110    -49       86
  SINCE JUL 1     72                       161    -89      108

 COOLING
  YESTERDAY        4                         0      4        5
  MONTH TO DATE   28                        11     17       21
  SINCE SEP 1    122                        55     67       98
  SINCE JAN 1    347                       182    165      246
..................................................................


WIND (MPH)
  HIGHEST WIND SPEED    26   HIGHEST WIND DIRECTION     W (270)
  HIGHEST GUST SPEED    35   HIGHEST GUST DIRECTION     W (270)
  AVERAGE WIND SPEED    13.5


SKY COVER
  POSSIBLE SUNSHINE  MM
  AVERAGE SKY COVER 0.0


WEATHER CONDITIONS
 THE FOLLOWING WEATHER WAS RECORDED YESTERDAY.
  HAZE


RELATIVE HUMIDITY (PERCENT)
 HIGHEST    73           700 AM
 LOWEST     28           200 PM
 AVERAGE    51

..........................................................


THE SANTA BARBARA AIRPORT CA CLIMATE NORMALS FOR TODAY
                         NORMAL    RECORD    YEAR
 MAXIMUM TEMPERATURE (F)   72        93      1942
 MINIMUM TEMPERATURE (F)   50        38      1949


SUNRISE AND SUNSET
OCTOBER 21 2017.......SUNRISE   710 AM PDT   SUNSET   617 PM PDT
OCTOBER 22 2017.......SUNRISE   711 AM PDT   SUNSET   616 PM PDT


-  INDICATES NEGATIVE NUMBERS.
R  INDICATES RECORD WAS SET OR TIED.
MM INDICATES DATA IS MISSING.
T  INDICATES TRACE AMOUNT.




$$
