000
CDUS46 KLOX 300117
CLISBA


CLIMATE REPORT
NATIONAL WEATHER SERVICE LOS ANGELES/OXNARD CA
616 PM PDT FRI JUL 29 2016


...................................

...THE SANTA BARBARA AIRPORT CA CLIMATE SUMMARY FOR JULY 29 2016...
VALID TODAY AS OF 0600 PM LOCAL TIME.

CLIMATE NORMAL PERIOD 1981 TO 2010
CLIMATE RECORD PERIOD 1940 TO 2016


WEATHER ITEM   OBSERVED TIME   RECORD YEAR NORMAL DEPARTURE LAST
                VALUE   (LST)  VALUE       VALUE  FROM      YEAR
                                                  NORMAL
..................................................................
TEMPERATURE (F)
 TODAY
  MAXIMUM         76    126 PM  83    1995  74      2       74
  MINIMUM         59    413 AM  48    2010  58      1       62
  AVERAGE         68                        66      2       68

PRECIPITATION (IN)
  TODAY            0.00          0.02 1971   0.00   0.00     0.00
  MONTH TO DATE    0.00                      0.03  -0.03     0.01
  SINCE OCT 1     10.21                     17.38  -7.17     9.63
  SINCE JAN 1      9.33                     12.08  -2.75     3.34

SNOWFALL (IN)
  TODAY            0.0
  MONTH TO DATE    0.0
  SINCE JUN 1      0.0
  SINCE JUL 1      0.0

DEGREE DAYS
 HEATING
  TODAY            0                         1     -1        0
  MONTH TO DATE   15                        29    -14        0
  SINCE JUN 1     87                       119    -32       30
  SINCE JUL 1     15                        29    -14        0

 COOLING
  TODAY            3                         2      1        3
  MONTH TO DATE   59                        46     13      108
  SINCE JUN 1     80                        60     20      132
  SINCE JAN 1     90                        74     16      170
..................................................................


WIND (MPH)
  HIGHEST WIND SPEED    12   HIGHEST WIND DIRECTION    SW (240)
  HIGHEST GUST SPEED    15   HIGHEST GUST DIRECTION     W (260)
  AVERAGE WIND SPEED     4.3


SKY COVER
  POSSIBLE SUNSHINE  MM
  AVERAGE SKY COVER 0.0


WEATHER CONDITIONS
 THE FOLLOWING WEATHER WAS RECORDED TODAY.
  FOG


RELATIVE HUMIDITY (PERCENT)
 HIGHEST   100           200 AM
 LOWEST     60           100 PM
 AVERAGE    80

..........................................................


THE SANTA BARBARA AIRPORT CA CLIMATE NORMALS FOR TOMORROW
                         NORMAL    RECORD    YEAR
 MAXIMUM TEMPERATURE (F)   74        88      1947
 MINIMUM TEMPERATURE (F)   58        52      2004
                                             1970


SUNRISE AND SUNSET
JULY 29 2016..........SUNRISE   608 AM PDT   SUNSET   803 PM PDT
JULY 30 2016..........SUNRISE   609 AM PDT   SUNSET   802 PM PDT


-  INDICATES NEGATIVE NUMBERS.
R  INDICATES RECORD WAS SET OR TIED.
MM INDICATES DATA IS MISSING.
T  INDICATES TRACE AMOUNT.




$$
