000
CDUS46 KLOX 211106
CLISBA


CLIMATE REPORT
NATIONAL WEATHER SERVICE LOS ANGELES/OXNARD CA
406 AM PDT TUE OCT 21 2014


...................................

...THE SANTA BARBARA AIRPORT CA CLIMATE SUMMARY FOR OCTOBER 20 2014...

CLIMATE NORMAL PERIOD 1981 TO 2010
CLIMATE RECORD PERIOD 1940 TO 2014


WEATHER ITEM   OBSERVED TIME   RECORD YEAR NORMAL DEPARTURE LAST
                VALUE   (LST)  VALUE       VALUE  FROM      YEAR
                                                  NORMAL
..................................................................
TEMPERATURE (F)
 YESTERDAY
  MAXIMUM         75    233 PM  94    1964  72      3       68
  MINIMUM         54    532 AM  37    1949  50      4       53
  AVERAGE         65                        61      4       61

PRECIPITATION (IN)
  YESTERDAY        0.00          0.55 1979   0.03  -0.03     0.00
  MONTH TO DATE    0.00                      0.42  -0.42     0.03
  SINCE JUL 1      0.02                      0.83  -0.81     0.10
  SINCE JAN 1      5.22                     12.88  -7.66     3.45

SNOWFALL (IN)
  YESTERDAY        0.0
  MONTH TO DATE    0.0
  SINCE SEP 1      0.0
  SINCE JUL 1      0.0

DEGREE DAYS
 HEATING
  YESTERDAY        0                         4     -4        4
  MONTH TO DATE    3                        66    -63       72
  SINCE SEP 1      4                       110   -106       86
  SINCE JUL 1      4                       161   -157      116

 COOLING
  YESTERDAY        0                         0      0        0
  MONTH TO DATE   57                        11     46        4
  SINCE SEP 1    190                        55    135       87
  SINCE JAN 1    521                       182    339      285
..................................................................


WIND (MPH)
  HIGHEST WIND SPEED    12   HIGHEST WIND DIRECTION     N (20)
  HIGHEST GUST SPEED    15   HIGHEST GUST DIRECTION    NE (30)
  AVERAGE WIND SPEED     3.5


SKY COVER
  POSSIBLE SUNSHINE  MM
  AVERAGE SKY COVER 0.1


WEATHER CONDITIONS
 THE FOLLOWING WEATHER WAS RECORDED YESTERDAY.
  NO SIGNIFICANT WEATHER WAS OBSERVED.


RELATIVE HUMIDITY (PERCENT)
 HIGHEST    93           300 AM
 LOWEST     57           400 PM
 AVERAGE    75

..........................................................


THE SANTA BARBARA AIRPORT CA CLIMATE NORMALS FOR TODAY
                         NORMAL    RECORD    YEAR
 MAXIMUM TEMPERATURE (F)   72        93      1942
 MINIMUM TEMPERATURE (F)   50        38      1949


SUNRISE AND SUNSET
OCTOBER 21 2014.......SUNRISE   710 AM PDT   SUNSET   618 PM PDT
OCTOBER 22 2014.......SUNRISE   711 AM PDT   SUNSET   616 PM PDT


-  INDICATES NEGATIVE NUMBERS.
R  INDICATES RECORD WAS SET OR TIED.
MM INDICATES DATA IS MISSING.
T  INDICATES TRACE AMOUNT.




$$
