000
CDUS46 KLOX 220904
CLISBA


CLIMATE REPORT
NATIONAL WEATHER SERVICE LOS ANGELES/OXNARD CA
204 AM PDT TUE AUG 22 2017


...................................

...THE SANTA BARBARA AIRPORT CA CLIMATE SUMMARY FOR AUGUST 21 2017...

CLIMATE NORMAL PERIOD 1981 TO 2010
CLIMATE RECORD PERIOD 1940 TO 2017


WEATHER ITEM   OBSERVED TIME   RECORD YEAR NORMAL DEPARTURE LAST
                VALUE   (LST)  VALUE       VALUE  FROM      YEAR
                                                  NORMAL
..................................................................
TEMPERATURE (F)
 YESTERDAY
  MAXIMUM         75    318 PM  85    1972  75      0       72
  MINIMUM         59   1146 PM  43    1941  58      1       56
  AVERAGE         67                        66      1       64

PRECIPITATION (IN)
  YESTERDAY        0.00          T    1971   0.00   0.00     0.00
  MONTH TO DATE    0.01                      0.07  -0.06     0.00
  SINCE OCT 1     24.28                     17.45   6.83    10.21
  SINCE JAN 1     19.47                     12.15   7.32     9.33

SNOWFALL (IN)
  YESTERDAY        0.0
  MONTH TO DATE    0.0
  SINCE JUN 1      0.0
  SINCE JUL 1      0.0

DEGREE DAYS
 HEATING
  YESTERDAY        0                         1     -1        1
  MONTH TO DATE    0                        21    -21        5
  SINCE JUN 1     50                       138    -88       92
  SINCE JUL 1     11                        48    -37       20

 COOLING
  YESTERDAY        2                         2      0        0
  MONTH TO DATE   71                        42     29       26
  SINCE JUN 1    158                       100     58      115
  SINCE JAN 1    185                       114     71      125
..................................................................


WIND (MPH)
  HIGHEST WIND SPEED    15   HIGHEST WIND DIRECTION     W (270)
  HIGHEST GUST SPEED    17   HIGHEST GUST DIRECTION     W (260)
  AVERAGE WIND SPEED     6.0


SKY COVER
  POSSIBLE SUNSHINE  MM
  AVERAGE SKY COVER 0.5


WEATHER CONDITIONS
 THE FOLLOWING WEATHER WAS RECORDED YESTERDAY.
  NO SIGNIFICANT WEATHER WAS OBSERVED.


RELATIVE HUMIDITY (PERCENT)
 HIGHEST    93           900 PM
 LOWEST     61          1000 AM
 AVERAGE    77

..........................................................


THE SANTA BARBARA AIRPORT CA CLIMATE NORMALS FOR TODAY
                         NORMAL    RECORD    YEAR
 MAXIMUM TEMPERATURE (F)   75       105      1972
 MINIMUM TEMPERATURE (F)   57        49      1987


SUNRISE AND SUNSET
AUGUST 22 2017........SUNRISE   626 AM PDT   SUNSET   738 PM PDT
AUGUST 23 2017........SUNRISE   626 AM PDT   SUNSET   737 PM PDT


-  INDICATES NEGATIVE NUMBERS.
R  INDICATES RECORD WAS SET OR TIED.
MM INDICATES DATA IS MISSING.
T  INDICATES TRACE AMOUNT.




$$
