000
CDUS46 KLOX 110116
CLISBA


CLIMATE REPORT
NATIONAL WEATHER SERVICE LOS ANGELES/OXNARD CA
516 PM PST SAT DEC 10 2016


...................................

...THE SANTA BARBARA AIRPORT CA CLIMATE SUMMARY FOR DECEMBER 10 2016...
VALID TODAY AS OF 0500 PM LOCAL TIME.

CLIMATE NORMAL PERIOD 1981 TO 2010
CLIMATE RECORD PERIOD 1940 TO 2016


WEATHER ITEM   OBSERVED TIME   RECORD YEAR NORMAL DEPARTURE LAST
                VALUE   (LST)  VALUE       VALUE  FROM      YEAR
                                                  NORMAL
..................................................................
TEMPERATURE (F)
 TODAY
  MAXIMUM         68    209 PM  81    1958  64      4       68
  MINIMUM         50    510 AM  28    1951  40     10       42
  AVERAGE         59                        52      7       55

PRECIPITATION (IN)
  TODAY            0.00          1.29 1941   0.08  -0.08     0.01
  MONTH TO DATE    0.04                      0.70  -0.66     0.01
  SINCE OCT 1      1.66                      3.06  -1.40     0.59
  SINCE JAN 1     11.00                     15.52  -4.52     4.10

SNOWFALL (IN)
  TODAY            0.0
  MONTH TO DATE    0.0
  SINCE DEC 1      0.0
  SINCE JUL 1      0.0

DEGREE DAYS
 HEATING
  TODAY            6                        13     -7       10
  MONTH TO DATE  112                       124    -12       76
  SINCE DEC 1    112                       124    -12       76
  SINCE JUL 1    441                       602   -161      318

 COOLING
  TODAY            0                         0      0        0
  MONTH TO DATE    0                         0      0        0
  SINCE DEC 1      0                         0      0        0
  SINCE JAN 1    259                       188     71      778
..................................................................


WIND (MPH)
  HIGHEST WIND SPEED    15   HIGHEST WIND DIRECTION     W (270)
  HIGHEST GUST SPEED    18   HIGHEST GUST DIRECTION     W (270)
  AVERAGE WIND SPEED     5.7


SKY COVER
  POSSIBLE SUNSHINE  MM
  AVERAGE SKY COVER 0.6


WEATHER CONDITIONS
 THE FOLLOWING WEATHER WAS RECORDED TODAY.
  FOG
  FOG W/VISIBILITY <= 1/4 MILE


RELATIVE HUMIDITY (PERCENT)
 HIGHEST   100          1200 AM
 LOWEST     81           200 PM
 AVERAGE    91

..........................................................


THE SANTA BARBARA AIRPORT CA CLIMATE NORMALS FOR TOMORROW
                         NORMAL    RECORD    YEAR
 MAXIMUM TEMPERATURE (F)   64        78      1958
 MINIMUM TEMPERATURE (F)   40        32      2013
                                             1998


SUNRISE AND SUNSET
DECEMBER 10 2016......SUNRISE   655 AM PST   SUNSET   449 PM PST
DECEMBER 11 2016......SUNRISE   656 AM PST   SUNSET   450 PM PST


-  INDICATES NEGATIVE NUMBERS.
R  INDICATES RECORD WAS SET OR TIED.
MM INDICATES DATA IS MISSING.
T  INDICATES TRACE AMOUNT.




$$
