000
CDUS46 KLOX 280856
CLISBA


CLIMATE REPORT
NATIONAL WEATHER SERVICE LOS ANGELES/OXNARD CA
156 AM PDT WED JUN 28 2017


...................................

...THE SANTA BARBARA AIRPORT CA CLIMATE SUMMARY FOR JUNE 27 2017...

CLIMATE NORMAL PERIOD 1981 TO 2010
CLIMATE RECORD PERIOD 1940 TO 2017


WEATHER ITEM   OBSERVED TIME   RECORD YEAR NORMAL DEPARTURE LAST
                VALUE   (LST)  VALUE       VALUE  FROM      YEAR
                                                  NORMAL
..................................................................
TEMPERATURE (F)
 YESTERDAY
  MAXIMUM         76   1222 PM 109    1990  72      4       72
  MINIMUM         53    519 AM  47    1965  56     -3       60
  AVERAGE         65                        64      1       66

PRECIPITATION (IN)
  YESTERDAY        0.00          0.01 1998   0.00   0.00     0.00
  MONTH TO DATE    0.00                      0.06  -0.06     0.01
  SINCE OCT 1     24.23                     17.34   6.89    10.21
  SINCE JAN 1     19.42                     12.04   7.38     9.33

SNOWFALL (IN)
  YESTERDAY        0.0
  MONTH TO DATE    0.0
  SINCE JUN 1      0.0
  SINCE JUL 1      0.0

DEGREE DAYS
 HEATING
  YESTERDAY        0                         2     -2        0
  MONTH TO DATE   33                        85    -52       72
  SINCE JUN 1     33                        85    -52       72
  SINCE JUL 1   1889                      2369   -480     1617

 COOLING
  YESTERDAY        0                         1     -1        1
  MONTH TO DATE   18                        10      8       19
  SINCE JUN 1     18                        10      8       19
  SINCE JAN 1     45                        24     21       29
..................................................................


WIND (MPH)
  HIGHEST WIND SPEED    15   HIGHEST WIND DIRECTION    SE (130)
  HIGHEST GUST SPEED    18   HIGHEST GUST DIRECTION    SE (130)
  AVERAGE WIND SPEED     5.8


SKY COVER
  POSSIBLE SUNSHINE  MM
  AVERAGE SKY COVER 0.0


WEATHER CONDITIONS
 THE FOLLOWING WEATHER WAS RECORDED YESTERDAY.
  NO SIGNIFICANT WEATHER WAS OBSERVED.


RELATIVE HUMIDITY (PERCENT)
 HIGHEST    93           100 AM
 LOWEST     53           100 PM
 AVERAGE    73

..........................................................


THE SANTA BARBARA AIRPORT CA CLIMATE NORMALS FOR TODAY
                         NORMAL    RECORD    YEAR
 MAXIMUM TEMPERATURE (F)   72        83      1992
 MINIMUM TEMPERATURE (F)   56        47      1963


SUNRISE AND SUNSET
JUNE 28 2017..........SUNRISE   550 AM PDT   SUNSET   816 PM PDT
JUNE 29 2017..........SUNRISE   550 AM PDT   SUNSET   816 PM PDT


-  INDICATES NEGATIVE NUMBERS.
R  INDICATES RECORD WAS SET OR TIED.
MM INDICATES DATA IS MISSING.
T  INDICATES TRACE AMOUNT.




$$
