363
CDUS43 KIWX 240529
CLISBN


CLIMATE REPORT
NATIONAL WEATHER SERVICE NORTHERN INDIANA
127 AM EDT TUE MAY 24 2016


...................................

...THE SOUTH BEND CLIMATE SUMMARY FOR MAY 23 2016...

CLIMATE NORMAL PERIOD 1981 TO 2010
CLIMATE RECORD PERIOD 1893 TO 2016


WEATHER ITEM   OBSERVED TIME   RECORD YEAR NORMAL DEPARTURE LAST
                VALUE   (LST)  VALUE       VALUE  FROM      YEAR
                                                  NORMAL
..................................................................
TEMPERATURE (F)
 YESTERDAY
  MAXIMUM         79    403 PM  92    1921  72      7       81
  MINIMUM         42    529 AM  31    1963  51     -9       44
  AVERAGE         61                        61      0       63

PRECIPITATION (IN)
  YESTERDAY        0.00          1.85 1907   0.13  -0.13     0.00
  MONTH TO DATE    2.39                      2.78  -0.39     3.05
  SINCE MAR 1     11.23                      8.43   2.80     6.23
  SINCE JAN 1     15.01                     12.67   2.34    10.13

SNOWFALL (IN)
  YESTERDAY        0.0           0.0  2002   0.0    0.0      0.0
                                      2001
  MONTH TO DATE    0.0                       0.0    0.0      0.0
  SINCE MAR 1     10.9                       8.5    2.4      6.1
  SINCE JUL 1     70.2                      66.6    3.6     83.9
  SNOW DEPTH       0

DEGREE DAYS
 HEATING
  YESTERDAY        4                         6     -2        2
  MONTH TO DATE  261                       188     73      121
  SINCE MAR 1   1475                      1530    -55     1496
  SINCE JUL 1   5605                      6219   -614     6593

 COOLING
  YESTERDAY        0                         2     -2        0
  MONTH TO DATE    0                        28    -28       47
  SINCE MAR 1      4                        38    -34       49
  SINCE JAN 1      4                        38    -34       49
..................................................................


WIND (MPH)
  HIGHEST WIND SPEED    14   HIGHEST WIND DIRECTION    SE (130)
  HIGHEST GUST SPEED    21   HIGHEST GUST DIRECTION    SE (140)
  AVERAGE WIND SPEED     4.9


SKY COVER
  AVERAGE SKY COVER 0.0


WEATHER CONDITIONS
 THE FOLLOWING WEATHER WAS RECORDED YESTERDAY.
  NO SIGNIFICANT WEATHER WAS OBSERVED.


RELATIVE HUMIDITY (PERCENT)
 HIGHEST    96           600 AM
 LOWEST     19           400 PM
 AVERAGE    58

..........................................................


THE SOUTH BEND CLIMATE NORMALS FOR TODAY
                         NORMAL    RECORD    YEAR
 MAXIMUM TEMPERATURE (F)   72        90      2007
 MINIMUM TEMPERATURE (F)   51        33      1925


SUNRISE AND SUNSET
MAY 24 2016...........SUNRISE   618 AM EDT   SUNSET   907 PM EDT
MAY 25 2016...........SUNRISE   617 AM EDT   SUNSET   908 PM EDT


-  INDICATES NEGATIVE NUMBERS.
R  INDICATES RECORD WAS SET OR TIED.
MM INDICATES DATA IS MISSING.
T  INDICATES TRACE AMOUNT.




$$
