000
CDUS43 KIWX 220533
CLISBN


CLIMATE REPORT
NATIONAL WEATHER SERVICE NORTHERN INDIANA
1232 AM EST MON JAN 22 2018


...................................

...THE SOUTH BEND CLIMATE SUMMARY FOR JANUARY 21 2018...

CLIMATE NORMAL PERIOD 1981 TO 2010
CLIMATE RECORD PERIOD 1893 TO 2018


WEATHER ITEM   OBSERVED TIME   RECORD YEAR NORMAL DEPARTURE LAST
                VALUE   (LST)  VALUE       VALUE  FROM      YEAR
                                                  NORMAL
..................................................................
TEMPERATURE (F)
 YESTERDAY
  MAXIMUM         46   1156 PM  66    1906  31     15       61
  MINIMUM         35    538 AM -21    1984  17     18       37
  AVERAGE         41                        24     17       49

PRECIPITATION (IN)
  YESTERDAY        T             1.50 1904   0.07  -0.07      T
  MONTH TO DATE    1.27                      1.64  -0.37     2.92
  SINCE DEC 1      2.63                      4.25  -1.62     4.91
  SINCE JAN 1      1.27                      1.64  -0.37     2.92

SNOWFALL (IN)
  YESTERDAY        0.0           6.8  1959   0.6   -0.6      0.0
  MONTH TO DATE   19.5                      13.7    5.8      3.8
  SINCE DEC 1     51.9                      31.0   20.9     27.5
  SINCE JUL 1     51.9                      36.2   15.7     28.0
  SNOW DEPTH       0

DEGREE DAYS
 HEATING
  YESTERDAY       24                        41    -17       16
  MONTH TO DATE  963                       853    110      761
  SINCE DEC 1   2184                      1975    209     1982
  SINCE JUL 1   3367                      3244    123     2883

 COOLING
  YESTERDAY        0                         0      0        0
  MONTH TO DATE    0                         0      0        0
  SINCE DEC 1      0                         0      0        0
  SINCE JAN 1      0                         0      0        0
..................................................................


WIND (MPH)
  HIGHEST WIND SPEED    12   HIGHEST WIND DIRECTION    SE (150)
  HIGHEST GUST SPEED    14   HIGHEST GUST DIRECTION    SE (150)
  AVERAGE WIND SPEED     5.2


SKY COVER
  AVERAGE SKY COVER 0.9


WEATHER CONDITIONS
 THE FOLLOWING WEATHER WAS RECORDED YESTERDAY.
  FOG
  FOG W/VISIBILITY <= 1/4 MILE


RELATIVE HUMIDITY (PERCENT)
 HIGHEST   100           700 AM
 LOWEST     92          1200 AM
 AVERAGE    96

..........................................................


THE SOUTH BEND CLIMATE NORMALS FOR TODAY
                         NORMAL    RECORD    YEAR
 MAXIMUM TEMPERATURE (F)   31        60      1906
 MINIMUM TEMPERATURE (F)   17       -15      1936


SUNRISE AND SUNSET
JANUARY 22 2018.......SUNRISE   806 AM EST   SUNSET   548 PM EST
JANUARY 23 2018.......SUNRISE   805 AM EST   SUNSET   550 PM EST


-  INDICATES NEGATIVE NUMBERS.
R  INDICATES RECORD WAS SET OR TIED.
MM INDICATES DATA IS MISSING.
T  INDICATES TRACE AMOUNT.




$$
