000
CDUS43 KIWX 250528
CLISBN


CLIMATE REPORT
NATIONAL WEATHER SERVICE NORTHERN INDIANA
1226 AM EST SAT FEB 25 2017


...................................

...THE SOUTH BEND CLIMATE SUMMARY FOR FEBRUARY 24 2017...

CLIMATE NORMAL PERIOD 1981 TO 2010
CLIMATE RECORD PERIOD 1893 TO 2017


WEATHER ITEM   OBSERVED TIME   RECORD YEAR NORMAL DEPARTURE LAST
                VALUE   (LST)  VALUE       VALUE  FROM      YEAR
                                                  NORMAL
..................................................................
TEMPERATURE (F)
 YESTERDAY
  MAXIMUM         63    200 PM  65    1976  38     25       36
  MINIMUM         35   1157 PM  -8    1914  23     12       30
  AVERAGE         49                        30     19       33

PRECIPITATION (IN)
  YESTERDAY        0.12          1.38 2001   0.08   0.04     0.62
  MONTH TO DATE    1.86                      1.64   0.22     1.75
  SINCE DEC 1      7.19                      6.54   0.65     7.47
  SINCE JAN 1      5.20                      3.93   1.27     3.35

SNOWFALL (IN)
  YESTERDAY        0.0          10.0  1967   0.5   -0.5      6.4
  MONTH TO DATE    0.3                      13.3  -13.0     25.6
  SINCE DEC 1     33.1                      51.2  -18.1     45.7
  SINCE JUL 1     33.6                      56.4  -22.8     54.8
  SNOW DEPTH       0

DEGREE DAYS
 HEATING
  YESTERDAY       16                        35    -19       32
  MONTH TO DATE  662                       908   -246      892
  SINCE DEC 1   2969                      3287   -318     2918
  SINCE JUL 1   3870                      4556   -686     3985

 COOLING
  YESTERDAY        0                         0      0        0
  MONTH TO DATE    0                         0      0        0
  SINCE DEC 1      0                         0      0        0
  SINCE JAN 1      0                         0      0        0
..................................................................


WIND (MPH)
  HIGHEST WIND SPEED    24   HIGHEST WIND DIRECTION     E (110)
  HIGHEST GUST SPEED    27   HIGHEST GUST DIRECTION    SW (210)
  AVERAGE WIND SPEED    11.9


SKY COVER
  AVERAGE SKY COVER 0.9


WEATHER CONDITIONS
 THE FOLLOWING WEATHER WAS RECORDED YESTERDAY.
  THUNDERSTORM
  LIGHT RAIN
  FOG


RELATIVE HUMIDITY (PERCENT)
 HIGHEST   100           600 AM
 LOWEST     78          1100 AM
 AVERAGE    89

..........................................................


THE SOUTH BEND CLIMATE NORMALS FOR TODAY
                         NORMAL    RECORD    YEAR
 MAXIMUM TEMPERATURE (F)   38        74      2000
 MINIMUM TEMPERATURE (F)   23        -7      1950
                                             1900


SUNRISE AND SUNSET
FEBRUARY 25 2017......SUNRISE   726 AM EST   SUNSET   631 PM EST
FEBRUARY 26 2017......SUNRISE   724 AM EST   SUNSET   632 PM EST


-  INDICATES NEGATIVE NUMBERS.
R  INDICATES RECORD WAS SET OR TIED.
MM INDICATES DATA IS MISSING.
T  INDICATES TRACE AMOUNT.




$$
