000
CDUS41 KAKQ 281242
CLISBY

CLIMATE REPORT
NATIONAL WEATHER SERVICE WAKEFIELD, VA
741 AM EST SAT FEB 28 2015


...................................

...THE SALISBURY MD CLIMATE SUMMARY FOR FEBRUARY 27 2015...

CLIMATE NORMAL PERIOD 1981 TO 2010
CLIMATE RECORD PERIOD 1900 TO 2015


WEATHER ITEM   OBSERVED TIME   RECORD YEAR NORMAL DEPARTURE LAST
                VALUE   (LST)  VALUE       VALUE  FROM      YEAR
                                                  NORMAL
..................................................................
TEMPERATURE (F)
 YESTERDAY
  MAXIMUM         36   1113 AM  79    1997  50    -14       44
  MINIMUM         16   1242 AM   9    1934  30    -14       17
  AVERAGE         26                        40    -14       31

PRECIPITATION (IN)
  YESTERDAY        T             1.41 1958   0.13  -0.13     0.00
  MONTH TO DATE    2.96                      3.23  -0.27     3.89
  SINCE DEC 1     11.53                     10.55   0.98    10.40
  SINCE JAN 1      7.52                      6.84   0.68     7.22

SNOWFALL (IN)
  YESTERDAY        T             2.6  1952   0.1   -0.1
  MONTH TO DATE    T                         3.2   -3.2
  SINCE NOV 1      T                         8.2   -8.2
  SINCE JUL 1      T                         8.2   -8.2
  SNOW DEPTH       M

DEGREE DAYS
 HEATING
  YESTERDAY       39                        25     14       34
  MONTH TO DATE  969                       740    229      713
  SINCE DEC 1   2501                      2463     38     2393
  SINCE JUL 1   3173                      3281   -108     3098

 COOLING
  YESTERDAY        0                         0      0        0
  MONTH TO DATE    0                         0      0        0
  SINCE DEC 1      0                         0      0        5
  SINCE JAN 1      0                         0      0        0
..................................................................


WIND (MPH)
  HIGHEST WIND SPEED    15   HIGHEST WIND DIRECTION    NW (320)
  HIGHEST GUST SPEED    17   HIGHEST GUST DIRECTION    NW (310)
  AVERAGE WIND SPEED     3.6


SKY COVER
  POSSIBLE SUNSHINE  MM
  AVERAGE SKY COVER 0.7


WEATHER CONDITIONS
 THE FOLLOWING WEATHER WAS RECORDED YESTERDAY.
  LIGHT SNOW
  FOG
  FOG W/VISIBILITY <= 1/4 MILE
  HAZE


RELATIVE HUMIDITY (PERCENT)
 HIGHEST    92           200 AM
 LOWEST     53           800 PM
 AVERAGE    73

..........................................................


THE SALISBURY MD CLIMATE NORMALS FOR TODAY
                         NORMAL    RECORD    YEAR
 MAXIMUM TEMPERATURE (F)   50        76      1948
 MINIMUM TEMPERATURE (F)   30        13      1950


SUNRISE AND SUNSET
FEBRUARY 28 2015......SUNRISE   636 AM EST   SUNSET   554 PM EST
MARCH  1 2015.........SUNRISE   634 AM EST   SUNSET   555 PM EST


-  INDICATES NEGATIVE NUMBERS.
R  INDICATES RECORD WAS SET OR TIED.
MM INDICATES DATA IS MISSING.
T  INDICATES TRACE AMOUNT.




$$
