000
CDUS41 KAKQ 232136
CLISBY


CLIMATE REPORT
NATIONAL WEATHER SERVICE WAKEFIELD, VA
536 PM EDT WED APR 23 2014


...................................

...THE SALISBURY MD CLIMATE SUMMARY FOR APRIL 23 2014...
VALID TODAY AS OF 0500 PM LOCAL TIME.

CLIMATE NORMAL PERIOD 1981 TO 2010
CLIMATE RECORD PERIOD 1900 TO 2014


WEATHER ITEM   OBSERVED TIME   RECORD YEAR NORMAL DEPARTURE LAST
                VALUE   (LST)  VALUE       VALUE  FROM      YEAR
                                                  NORMAL
..................................................................
TEMPERATURE (F)
 TODAY
  MAXIMUM         63    348 PM  91    1960  67     -4       60
  MINIMUM         51    550 AM  30    1936  45      6       46
  AVERAGE         57

PRECIPITATION (IN)
  TODAY            T             1.10 1928   0.11  -0.11     0.00
  MONTH TO DATE    1.93                      2.83  -0.90     2.42
  SINCE MAR 1      4.50                      7.25  -2.75     7.27
  SINCE JAN 1      8.48                     14.21  -5.73    13.97

SNOWFALL (IN)
  TODAY            0.0
  MONTH TO DATE    0.0
  SINCE NOV 1     22.5
  SINCE JUL 1     22.5
  SNOW DEPTH       0

DEGREE DAYS
 HEATING
  TODAY            8
  MONTH TO DATE  230
  SINCE MAR 1    919
  SINCE JUL 1   4059

 COOLING
  TODAY            0
  MONTH TO DATE   14
  SINCE MAR 1     14
  SINCE JAN 1     14
..................................................................


WIND (MPH)
  RESULTANT WIND SPEED  18   RESULTANT WIND DIRECTION  NW (310)
  HIGHEST WIND SPEED    31   HIGHEST WIND DIRECTION    NW (330)
  HIGHEST GUST SPEED    39   HIGHEST GUST DIRECTION    NW (320)


SKY COVER
  POSSIBLE SUNSHINE  MM
  AVERAGE SKY COVER 0.3


WEATHER CONDITIONS
 THE FOLLOWING WEATHER WAS RECORDED TODAY.
  LIGHT RAIN


RELATIVE HUMIDITY (PERCENT)
 HIGHEST    69
 LOWEST     36
 AVERAGE    53

..........................................................


THE SALISBURY MD CLIMATE NORMALS FOR TOMORROW
                         NORMAL    RECORD    YEAR
 MAXIMUM TEMPERATURE (F)   68        91      1960
 MINIMUM TEMPERATURE (F)   45        27      2003


SUNRISE AND SUNSET
APRIL 23 2014.........SUNRISE   615 AM EDT   SUNSET   746 PM EDT
APRIL 24 2014.........SUNRISE   614 AM EDT   SUNSET   747 PM EDT


-  INDICATES NEGATIVE NUMBERS.
R  INDICATES RECORD WAS SET OR TIED.
MM INDICATES DATA IS MISSING.
T  INDICATES TRACE AMOUNT.




$$
