000
CDUS41 KAKQ 022126
CLISBY


CLIMATE REPORT
NATIONAL WEATHER SERVICE WAKEFIELD, VA
526 PM EDT TUE SEP 2 2014


...................................

...THE SALISBURY MD CLIMATE SUMMARY FOR SEPTEMBER 2 2014...
VALID TODAY AS OF 0500 PM LOCAL TIME.

CLIMATE NORMAL PERIOD 1981 TO 2010
CLIMATE RECORD PERIOD 1900 TO 2014


WEATHER ITEM   OBSERVED TIME   RECORD YEAR NORMAL DEPARTURE LAST
                VALUE   (LST)  VALUE       VALUE  FROM      YEAR
                                                  NORMAL
..................................................................
TEMPERATURE (F)
 TODAY
  MAXIMUM         97R   139 PM  97    1980  82     15       87
  MINIMUM         76    251 AM  44    1948  63     13       75
  AVERAGE         87

PRECIPITATION (IN)
  TODAY            0.00          1.95 1972   0.13  -0.13     0.00
  MONTH TO DATE    T                         0.26  -0.26     0.00
  SINCE SEP 1      T                         0.26  -0.26     0.00
  SINCE JAN 1     20.28                     31.33 -11.05    39.68

SNOWFALL (IN)
  TODAY            0.0
  MONTH TO DATE    0.0
  SINCE NOV 1     22.5
  SINCE JUL 1      0.0
  SNOW DEPTH       0

DEGREE DAYS
 HEATING
  TODAY            0
  MONTH TO DATE    0
  SINCE SEP 1      0
  SINCE JUL 1      0

 COOLING
  TODAY           22
  MONTH TO DATE   42
  SINCE SEP 1     42
  SINCE JAN 1   1164
..................................................................


WIND (MPH)
  RESULTANT WIND SPEED   5   RESULTANT WIND DIRECTION  SW (220)
  HIGHEST WIND SPEED    13   HIGHEST WIND DIRECTION     W (250)
  HIGHEST GUST SPEED    16   HIGHEST GUST DIRECTION    SW (240)


SKY COVER
  POSSIBLE SUNSHINE  MM
  AVERAGE SKY COVER 0.0


WEATHER CONDITIONS
 THE FOLLOWING WEATHER WAS RECORDED TODAY.
  NO SIGNIFICANT WEATHER WAS OBSERVED.


RELATIVE HUMIDITY (PERCENT)
 HIGHEST    87
 LOWEST     38
 AVERAGE    63

..........................................................


THE SALISBURY MD CLIMATE NORMALS FOR TOMORROW
                         NORMAL    RECORD    YEAR
 MAXIMUM TEMPERATURE (F)   82        99      1930
 MINIMUM TEMPERATURE (F)   63        46      1920


SUNRISE AND SUNSET
SEPTEMBER  2 2014.....SUNRISE   632 AM EDT   SUNSET   730 PM EDT
SEPTEMBER  3 2014.....SUNRISE   633 AM EDT   SUNSET   729 PM EDT


-  INDICATES NEGATIVE NUMBERS.
R  INDICATES RECORD WAS SET OR TIED.
MM INDICATES DATA IS MISSING.
T  INDICATES TRACE AMOUNT.




$$
