000
CDUS41 KAKQ 200545
CLISBY


CLIMATE REPORT
NATIONAL WEATHER SERVICE WAKEFIELD, VA
145 AM EDT FRI OCT 20 2017


...................................

...THE SALISBURY MD CLIMATE SUMMARY FOR OCTOBER 19 2017...

CLIMATE NORMAL PERIOD 1981 TO 2010
CLIMATE RECORD PERIOD 1900 TO 2017


WEATHER ITEM   OBSERVED TIME   RECORD YEAR NORMAL DEPARTURE LAST
                VALUE   (LST)  VALUE       VALUE  FROM      YEAR
                                                  NORMAL
..................................................................
TEMPERATURE (F)
 YESTERDAY
  MAXIMUM         71    257 PM  86    2016  67      4       86
  MINIMUM         41    633 AM  25    1940  45     -4       64
  AVERAGE         56                        56      0       75

PRECIPITATION (IN)
  YESTERDAY        0.00          2.03 1996   0.10  -0.10     0.00
  MONTH TO DATE    1.10                      2.15  -1.05     3.63
  SINCE SEP 1      3.15                      6.13  -2.98    16.49
  SINCE JAN 1     45.21                     37.20   8.01    50.55

SNOWFALL (IN)
  YESTERDAY        0.0           T    1972   0.0    0.0
  MONTH TO DATE    0.0                       0.0    0.0
  SINCE NOV 1      9.6                       9.3    0.3
  SINCE JUL 1      0.0                       0.0    0.0
  SNOW DEPTH       0

DEGREE DAYS
 HEATING
  YESTERDAY        9                         9      0        0
  MONTH TO DATE   64                       133    -69       62
  SINCE SEP 1     77                       179   -102       66
  SINCE JUL 1     77                       181   -104       66

 COOLING
  YESTERDAY        0                         0      0       10
  MONTH TO DATE   73                        22     51       42
  SINCE SEP 1    245                       164     81      269
  SINCE JAN 1   1412                      1147    265     1458
..................................................................


WIND (MPH)
  HIGHEST WIND SPEED    15   HIGHEST WIND DIRECTION     W (250)
  HIGHEST GUST SPEED    19   HIGHEST GUST DIRECTION    SW (240)
  AVERAGE WIND SPEED     3.5


SKY COVER
  POSSIBLE SUNSHINE  MM
  AVERAGE SKY COVER 0.0


WEATHER CONDITIONS
 THE FOLLOWING WEATHER WAS RECORDED YESTERDAY.
  HAZE


RELATIVE HUMIDITY (PERCENT)
 HIGHEST   100           100 AM
 LOWEST     44           200 PM
 AVERAGE    72

..........................................................


THE SALISBURY MD CLIMATE NORMALS FOR TODAY
                         NORMAL    RECORD    YEAR
 MAXIMUM TEMPERATURE (F)   67        84      2016
                                             1984
 MINIMUM TEMPERATURE (F)   45        25      1992


SUNRISE AND SUNSET
OCTOBER 20 2017.......SUNRISE   716 AM EDT   SUNSET   617 PM EDT
OCTOBER 21 2017.......SUNRISE   717 AM EDT   SUNSET   615 PM EDT


-  INDICATES NEGATIVE NUMBERS.
R  INDICATES RECORD WAS SET OR TIED.
MM INDICATES DATA IS MISSING.
T  INDICATES TRACE AMOUNT.




$$
