000
CDUS41 KAKQ 282145
CLISBY


CLIMATE REPORT
NATIONAL WEATHER SERVICE WAKEFIELD, VA
545 PM EDT WED JUN 28 2017


...................................

...THE SALISBURY MD CLIMATE SUMMARY FOR JUNE 28 2017...
VALID TODAY AS OF 0500 PM LOCAL TIME.

CLIMATE NORMAL PERIOD 1981 TO 2010
CLIMATE RECORD PERIOD 1900 TO 2017


WEATHER ITEM   OBSERVED TIME   RECORD YEAR NORMAL DEPARTURE LAST
                VALUE   (LST)  VALUE       VALUE  FROM      YEAR
                                                  NORMAL
..................................................................
TEMPERATURE (F)
 TODAY
  MAXIMUM         80    311 PM  99    1921  85     -5       76
  MINIMUM         54    520 AM  50    1918  65    -11       70
  AVERAGE         67

PRECIPITATION (IN)
  TODAY            0.00          2.91 2016   0.12  -0.12     2.91
  MONTH TO DATE    1.99                      3.48  -1.49     6.33
  SINCE JUN 1      1.99                      3.48  -1.49     6.33
  SINCE JAN 1     18.52                     22.03  -3.51    25.06

SNOWFALL (IN)
  TODAY            0.0
  MONTH TO DATE    0.0
  SINCE NOV 1      9.6
  SINCE JUL 1      9.6
  SNOW DEPTH       0

DEGREE DAYS
 HEATING
  TODAY            0
  MONTH TO DATE   15
  SINCE JUN 1     15
  SINCE JUL 1   3703

 COOLING
  TODAY            2
  MONTH TO DATE  255
  SINCE JUN 1    255
  SINCE JAN 1    393
..................................................................


WIND (MPH)
  RESULTANT WIND SPEED   4   RESULTANT WIND DIRECTION  NW (330)
  HIGHEST WIND SPEED    14   HIGHEST WIND DIRECTION     N (340)
  HIGHEST GUST SPEED    20   HIGHEST GUST DIRECTION     W (260)


SKY COVER
  POSSIBLE SUNSHINE  MM
  AVERAGE SKY COVER 0.0


WEATHER CONDITIONS
 THE FOLLOWING WEATHER WAS RECORDED TODAY.
  LIGHT RAIN


RELATIVE HUMIDITY (PERCENT)
 HIGHEST   100
 LOWEST     32
 AVERAGE    66

..........................................................


THE SALISBURY MD CLIMATE NORMALS FOR TOMORROW
                         NORMAL    RECORD    YEAR
 MAXIMUM TEMPERATURE (F)   86       101      2012
 MINIMUM TEMPERATURE (F)   66        51      1970


SUNRISE AND SUNSET
JUNE 28 2017..........SUNRISE   541 AM EDT   SUNSET   830 PM EDT
JUNE 29 2017..........SUNRISE   541 AM EDT   SUNSET   830 PM EDT


-  INDICATES NEGATIVE NUMBERS.
R  INDICATES RECORD WAS SET OR TIED.
MM INDICATES DATA IS MISSING.
T  INDICATES TRACE AMOUNT.




$$
