000
CDUS41 KAKQ 222226
CLISBY


CLIMATE REPORT
NATIONAL WEATHER SERVICE WAKEFIELD, VA
526 PM EST SAT NOV 22 2014


...................................

...THE SALISBURY MD CLIMATE SUMMARY FOR NOVEMBER 22 2014...
VALID TODAY AS OF 0500 PM LOCAL TIME.

CLIMATE NORMAL PERIOD 1981 TO 2010
CLIMATE RECORD PERIOD 1900 TO 2014


WEATHER ITEM   OBSERVED TIME   RECORD YEAR NORMAL DEPARTURE LAST
                VALUE   (LST)  VALUE       VALUE  FROM      YEAR
                                                  NORMAL
..................................................................
TEMPERATURE (F)
 TODAY
  MAXIMUM         50    300 PM  78    1931  56     -6       65
  MINIMUM         18    651 AM  15    1969  36    -18       40
  AVERAGE         34

PRECIPITATION (IN)
  TODAY            0.00          1.84 2006   0.12  -0.12      T
  MONTH TO DATE    0.65                      2.47  -1.82     0.43
  SINCE SEP 1      6.75                      9.94  -3.19     4.88
  SINCE JAN 1     27.03                     41.01 -13.98    44.56

SNOWFALL (IN)
  TODAY            0.0
  MONTH TO DATE    0.0
  SINCE NOV 1      0.0
  SINCE JUL 1      0.0
  SNOW DEPTH       0

DEGREE DAYS
 HEATING
  TODAY           31
  MONTH TO DATE  396
  SINCE SEP 1    529
  SINCE JUL 1    529

 COOLING
  TODAY            0
  MONTH TO DATE    0
  SINCE SEP 1    253
  SINCE JAN 1   1375
..................................................................


WIND (MPH)
  RESULTANT WIND SPEED   5   RESULTANT WIND DIRECTION   S (200)
  HIGHEST WIND SPEED    20   HIGHEST WIND DIRECTION    SW (210)
  HIGHEST GUST SPEED    24   HIGHEST GUST DIRECTION    SW (210)


SKY COVER
  POSSIBLE SUNSHINE  MM
  AVERAGE SKY COVER 0.0


WEATHER CONDITIONS
 THE FOLLOWING WEATHER WAS RECORDED TODAY.
  NO SIGNIFICANT WEATHER WAS OBSERVED.


RELATIVE HUMIDITY (PERCENT)
 HIGHEST    74
 LOWEST     26
 AVERAGE    50

..........................................................


THE SALISBURY MD CLIMATE NORMALS FOR TOMORROW
                         NORMAL    RECORD    YEAR
 MAXIMUM TEMPERATURE (F)   56        77      1979
 MINIMUM TEMPERATURE (F)   36        15      2008
                                             1989


SUNRISE AND SUNSET
NOVEMBER 22 2014......SUNRISE   651 AM EST   SUNSET   445 PM EST
NOVEMBER 23 2014......SUNRISE   652 AM EST   SUNSET   445 PM EST


-  INDICATES NEGATIVE NUMBERS.
R  INDICATES RECORD WAS SET OR TIED.
MM INDICATES DATA IS MISSING.
T  INDICATES TRACE AMOUNT.




$$
