000
CDUS41 KAKQ 240628
CLISBY


CLIMATE REPORT
NATIONAL WEATHER SERVICE WAKEFIELD, VA
127 AM EST SAT FEB 24 2018


...................................

...THE SALISBURY MD CLIMATE SUMMARY FOR FEBRUARY 23 2018...

CLIMATE NORMAL PERIOD 1981 TO 2010
CLIMATE RECORD PERIOD 1900 TO 2018


WEATHER ITEM   OBSERVED TIME   RECORD YEAR NORMAL DEPARTURE LAST
                VALUE   (LST)  VALUE       VALUE  FROM      YEAR
                                                  NORMAL
..................................................................
TEMPERATURE (F)
 YESTERDAY
  MAXIMUM         49   1159 PM  74    2017  49      0       74
                                      1943
  MINIMUM         41    437 AM   8    1918  30     11       54
  AVERAGE         45                        39      6       64

PRECIPITATION (IN)
  YESTERDAY        0.01          1.78 1994   0.12  -0.11     0.01
  MONTH TO DATE    2.72                      2.74  -0.02     0.74
  SINCE DEC 1      7.39                     10.06  -2.67     7.02
  SINCE JAN 1      6.25                      6.35  -0.10     4.09

SNOWFALL (IN)
  YESTERDAY        0.0           1.0  1987   0.1   -0.1
                                      2001
  MONTH TO DATE    0.0                       2.9   -2.9
  SINCE NOV 1     16.4                       7.9    8.5
  SINCE JUL 1     16.4                       7.9    8.5
  SNOW DEPTH       0

DEGREE DAYS
 HEATING
  YESTERDAY       20                        26     -6        1
  MONTH TO DATE  470                       639   -169      485
  SINCE DEC 1   2305                      2362    -57     2027
  SINCE JUL 1   2976                      3180   -204     2687

 COOLING
  YESTERDAY        0                         0      0        0
  MONTH TO DATE    4                         0      4        0
  SINCE DEC 1      4                         0      4        0
  SINCE JAN 1      4                         0      4        0
..................................................................


WIND (MPH)
  HIGHEST WIND SPEED    16   HIGHEST WIND DIRECTION    NE (50)
  HIGHEST GUST SPEED    21   HIGHEST GUST DIRECTION    NE (40)
  AVERAGE WIND SPEED     7.8


SKY COVER
  POSSIBLE SUNSHINE  MM
  AVERAGE SKY COVER 1.0


WEATHER CONDITIONS
 THE FOLLOWING WEATHER WAS RECORDED YESTERDAY.
  LIGHT RAIN
  FOG


RELATIVE HUMIDITY (PERCENT)
 HIGHEST   100           800 AM
 LOWEST     89           100 AM
 AVERAGE    95

..........................................................


THE SALISBURY MD CLIMATE NORMALS FOR TODAY
                         NORMAL    RECORD    YEAR
 MAXIMUM TEMPERATURE (F)   49        77      2012
 MINIMUM TEMPERATURE (F)   30        10      1934
                                             1923


SUNRISE AND SUNSET
FEBRUARY 24 2018......SUNRISE   641 AM EST   SUNSET   550 PM EST
FEBRUARY 25 2018......SUNRISE   640 AM EST   SUNSET   551 PM EST


-  INDICATES NEGATIVE NUMBERS.
R  INDICATES RECORD WAS SET OR TIED.
MM INDICATES DATA IS MISSING.
T  INDICATES TRACE AMOUNT.




$$
