000
CDUS41 KAKQ 290536
CLISBY


CLIMATE REPORT
NATIONAL WEATHER SERVICE WAKEFIELD, VA
136 AM EDT FRI APR 29 2016


...................................

...THE SALISBURY MD CLIMATE SUMMARY FOR APRIL 28 2016...

CLIMATE NORMAL PERIOD 1981 TO 2010
CLIMATE RECORD PERIOD 1900 TO 2016


WEATHER ITEM   OBSERVED TIME   RECORD YEAR NORMAL DEPARTURE LAST
                VALUE   (LST)  VALUE       VALUE  FROM      YEAR
                                                  NORMAL
..................................................................
TEMPERATURE (F)
 YESTERDAY
  MAXIMUM         52    101 PM  91    1957  69    -17       67
  MINIMUM         49   1159 PM  29    1940  47      2       46
  AVERAGE         51                        58     -7       57

PRECIPITATION (IN)
  YESTERDAY        0.27          1.60 1928   0.10   0.17     0.00
  MONTH TO DATE    3.65                      3.35   0.30     3.62
  SINCE MAR 1      5.43                      7.77  -2.34     7.69
  SINCE JAN 1     12.28                     14.73  -2.45    15.41

SNOWFALL (IN)
  YESTERDAY        0.0           0.0    MM   0.0    0.0
  MONTH TO DATE    1.0                       0.2    0.8
  SINCE NOV 1     19.8                       9.3   10.5
  SINCE JUL 1     19.8                       9.3   10.5
  SNOW DEPTH       0

DEGREE DAYS
 HEATING
  YESTERDAY       14                         8      6        8
  MONTH TO DATE  338                       330      8      304
  SINCE MAR 1    782                       960   -178      973
  SINCE JUL 1   3453                      4265   -812     4186

 COOLING
  YESTERDAY        0                         1     -1        0
  MONTH TO DATE   21                        15      6        7
  SINCE MAR 1     24                        17      7        7
  SINCE JAN 1     24                        17      7        7
..................................................................


WIND (MPH)
  HIGHEST WIND SPEED    16   HIGHEST WIND DIRECTION    NE (50)
  HIGHEST GUST SPEED    21   HIGHEST GUST DIRECTION    NE (60)
  AVERAGE WIND SPEED     7.4


SKY COVER
  POSSIBLE SUNSHINE  MM
  AVERAGE SKY COVER 1.0


WEATHER CONDITIONS
 THE FOLLOWING WEATHER WAS RECORDED YESTERDAY.
  HEAVY RAIN
  RAIN
  LIGHT RAIN
  FOG


RELATIVE HUMIDITY (PERCENT)
 HIGHEST   100           600 PM
 LOWEST     86           100 AM
 AVERAGE    93

..........................................................


THE SALISBURY MD CLIMATE NORMALS FOR TODAY
                         NORMAL    RECORD    YEAR
 MAXIMUM TEMPERATURE (F)   69        89      1974
 MINIMUM TEMPERATURE (F)   47        31      2006
                                             1948


SUNRISE AND SUNSET
APRIL 29 2016.........SUNRISE   607 AM EDT   SUNSET   752 PM EDT
APRIL 30 2016.........SUNRISE   606 AM EDT   SUNSET   753 PM EDT


-  INDICATES NEGATIVE NUMBERS.
R  INDICATES RECORD WAS SET OR TIED.
MM INDICATES DATA IS MISSING.
T  INDICATES TRACE AMOUNT.




$$
