422
CDUS41 KAKQ 270529
CLISBY


CLIMATE REPORT
NATIONAL WEATHER SERVICE WAKEFIELD, VA
128 AM EDT FRI MAY 27 2016


...................................

...THE SALISBURY MD CLIMATE SUMMARY FOR MAY 26 2016...

CLIMATE NORMAL PERIOD 1981 TO 2010
CLIMATE RECORD PERIOD 1900 TO 2016


WEATHER ITEM   OBSERVED TIME   RECORD YEAR NORMAL DEPARTURE LAST
                VALUE   (LST)  VALUE       VALUE  FROM      YEAR
                                                  NORMAL
..................................................................
TEMPERATURE (F)
 YESTERDAY
  MAXIMUM         89    103 PM  92    2011  76     13       84
                                      1991
  MINIMUM         57    424 AM  39    1917  55      2       60
  AVERAGE         73                        65      8       72

PRECIPITATION (IN)
  YESTERDAY        0.00          2.02 1990   0.12  -0.12     0.00
  MONTH TO DATE    4.50                      2.98   1.52     1.75
  SINCE MAR 1      9.95                     10.95  -1.00     9.49
  SINCE JAN 1     16.80                     17.91  -1.11    17.21

SNOWFALL (IN)
  YESTERDAY        0.0           0.0  2002   0.0    0.0
                                      2001
  MONTH TO DATE    0.0                       0.0    0.0
  SINCE NOV 1     19.8                       9.3   10.5
  SINCE JUL 1     19.8                       9.3   10.5
  SNOW DEPTH       0

DEGREE DAYS
 HEATING
  YESTERDAY        0                         3     -3        0
  MONTH TO DATE  159                       130     29       75
  SINCE MAR 1    965                      1105   -140     1059
  SINCE JUL 1   3636                      4410   -774     4272

 COOLING
  YESTERDAY        8                         3      5        7
  MONTH TO DATE   20                        47    -27       97
  SINCE MAR 1     44                        64    -20      104
  SINCE JAN 1     44                        64    -20      104
..................................................................


WIND (MPH)
  HIGHEST WIND SPEED    14   HIGHEST WIND DIRECTION     S (200)
  HIGHEST GUST SPEED    17   HIGHEST GUST DIRECTION    SW (210)
  AVERAGE WIND SPEED     6.1


SKY COVER
  POSSIBLE SUNSHINE  MM
  AVERAGE SKY COVER 0.0


WEATHER CONDITIONS
 THE FOLLOWING WEATHER WAS RECORDED YESTERDAY.
  NO SIGNIFICANT WEATHER WAS OBSERVED.


RELATIVE HUMIDITY (PERCENT)
 HIGHEST    93           400 AM
 LOWEST     32          1100 AM
 AVERAGE    63

..........................................................


THE SALISBURY MD CLIMATE NORMALS FOR TODAY
                         NORMAL    RECORD    YEAR
 MAXIMUM TEMPERATURE (F)   77        97      1917
 MINIMUM TEMPERATURE (F)   55        40      1967


SUNRISE AND SUNSET
MAY 27 2016...........SUNRISE   542 AM EDT   SUNSET   817 PM EDT
MAY 28 2016...........SUNRISE   542 AM EDT   SUNSET   817 PM EDT


-  INDICATES NEGATIVE NUMBERS.
R  INDICATES RECORD WAS SET OR TIED.
MM INDICATES DATA IS MISSING.
T  INDICATES TRACE AMOUNT.




$$
