000
CDUS41 KAKQ 250828
CLISBY


CLIMATE REPORT
NATIONAL WEATHER SERVICE WAKEFIELD, VA
326 AM EST THU DEC 25 2014


...................................

...THE SALISBURY MD CLIMATE SUMMARY FOR DECEMBER 24 2014...

CLIMATE NORMAL PERIOD 1981 TO 2010
CLIMATE RECORD PERIOD 1900 TO 2014


WEATHER ITEM   OBSERVED TIME   RECORD YEAR NORMAL DEPARTURE LAST
                VALUE   (LST)  VALUE       VALUE  FROM      YEAR
                                                  NORMAL
..................................................................
TEMPERATURE (F)
 YESTERDAY
  MAXIMUM         70R   211 PM  67    1990  46     24       44
  MINIMUM         50    354 AM  10    1989  28     22       28
  AVERAGE         60                        37     23       36

PRECIPITATION (IN)
  YESTERDAY        1.03          3.21 1986   0.12   0.91      T
  MONTH TO DATE    1.96                      2.97  -1.01     2.46
  SINCE DEC 1      1.96                      2.97  -1.01     2.46
  SINCE JAN 1     30.17                     44.94 -14.77    48.07

SNOWFALL (IN)
  YESTERDAY        0.0           6.0  1966   0.0    0.0
  MONTH TO DATE    T                         1.2   -1.2
  SINCE NOV 1      T                         1.4   -1.4
  SINCE JUL 1      T                         1.4   -1.4
  SNOW DEPTH       0

DEGREE DAYS
 HEATING
  YESTERDAY        5                        28    -23       29
  MONTH TO DATE  497                       605   -108      498
  SINCE DEC 1    497                       605   -108      498
  SINCE JUL 1   1169                      1423   -254     1203

 COOLING
  YESTERDAY        0                         0      0        0
  MONTH TO DATE    0                         0      0        5
  SINCE DEC 1      0                         0      0        5
  SINCE JAN 1   1379                      1153    226     1633
..................................................................


WIND (MPH)
  HIGHEST WIND SPEED    22   HIGHEST WIND DIRECTION     S (200)
  HIGHEST GUST SPEED    34   HIGHEST GUST DIRECTION    SW (210)
  AVERAGE WIND SPEED    10.2


SKY COVER
  POSSIBLE SUNSHINE  MM
  AVERAGE SKY COVER 1.0


WEATHER CONDITIONS
 THE FOLLOWING WEATHER WAS RECORDED YESTERDAY.
  HEAVY RAIN
  RAIN
  LIGHT RAIN
  FOG
  FOG W/VISIBILITY <= 1/4 MILE


RELATIVE HUMIDITY (PERCENT)
 HIGHEST    93           200 AM
 LOWEST     78          1000 PM
 AVERAGE    86

..........................................................


THE SALISBURY MD CLIMATE NORMALS FOR TODAY
                         NORMAL    RECORD    YEAR
 MAXIMUM TEMPERATURE (F)   46        73      1932
 MINIMUM TEMPERATURE (F)   28         2      1989


SUNRISE AND SUNSET
DECEMBER 25 2014......SUNRISE   717 AM EST   SUNSET   447 PM EST
DECEMBER 26 2014......SUNRISE   717 AM EST   SUNSET   448 PM EST


-  INDICATES NEGATIVE NUMBERS.
R  INDICATES RECORD WAS SET OR TIED.
MM INDICATES DATA IS MISSING.
T  INDICATES TRACE AMOUNT.




$$
