000
CDUS46 KSTO 290035
CLISCK


CLIMATE REPORT
NATIONAL WEATHER SERVICE SACRAMENTO, CA
435 PM PST FRI NOV 28 2014


...................................

...THE STOCKTON AIRPORT CA CLIMATE SUMMARY FOR NOVEMBER 28 2014...
VALID TODAY AS OF 0400 PM LOCAL TIME.

CLIMATE NORMAL PERIOD 1981 TO 2010
CLIMATE RECORD PERIOD 1948 TO 2014


WEATHER ITEM   OBSERVED TIME   RECORD YEAR NORMAL DEPARTURE LAST
                VALUE   (LST)  VALUE       VALUE  FROM      YEAR
                                                  NORMAL
..................................................................
TEMPERATURE (F)
 TODAY
  MAXIMUM         66    215 PM  70    1959  59      7       67
  MINIMUM         37    728 AM  28    1976  39     -2       41
                                      1948
  AVERAGE         52

PRECIPITATION (IN)
  TODAY            0.00          1.22 1970   0.05  -0.05     0.00
  MONTH TO DATE    0.83                      1.56  -0.73     1.09
  SINCE JUL 1      1.88                      2.68  -0.80     1.37
  SINCE JAN 1      7.68                     11.71  -4.03     4.25

SNOWFALL (IN)
  TODAY            0.0           0.0  2001
  MONTH TO DATE    0.0
  SINCE SEP 1      0.0
  SINCE JUL 1      0.0

DEGREE DAYS
 HEATING
  TODAY           13                        16     -3       11
  MONTH TO DATE  242                       328    -86      284
  SINCE SEP 1    263                       425   -162      373
  SINCE JUL 1    263                       425   -162      373

 COOLING
  TODAY            0                         0      0        0
  MONTH TO DATE    0                         0      0        0
  SINCE SEP 1    412                       276    136      206
  SINCE JAN 1   1658                      1320    338     1375
..................................................................


WIND (MPH)
  RESULTANT WIND SPEED   1   RESULTANT WIND DIRECTION  SE (140)
  HIGHEST WIND SPEED     7   HIGHEST WIND DIRECTION    SE (130)
  HIGHEST GUST SPEED     9   HIGHEST GUST DIRECTION    NW (300)


SKY COVER
  POSSIBLE SUNSHINE  MM
  AVERAGE SKY COVER 0.6


WEATHER CONDITIONS
 THE FOLLOWING WEATHER WAS RECORDED TODAY.
  FOG
  FOG W/VISIBILITY <= 1/4 MILE
  HAZE


RELATIVE HUMIDITY (PERCENT)
 HIGHEST   100          1200 AM
 LOWEST     48           300 PM
 AVERAGE    74

..........................................................


THE STOCKTON AIRPORT CA CLIMATE NORMALS FOR TOMORROW
                         NORMAL    RECORD    YEAR
 MAXIMUM TEMPERATURE (F)   58        73      1995
 MINIMUM TEMPERATURE (F)   39        26      2004
                                             1975


SUNRISE AND SUNSET
NOVEMBER 28 2014......SUNRISE   659 AM PST   SUNSET   447 PM PST
NOVEMBER 29 2014......SUNRISE   700 AM PST   SUNSET   446 PM PST


-  INDICATES NEGATIVE NUMBERS.
R  INDICATES RECORD WAS SET OR TIED.
MM INDICATES DATA IS MISSING.
T  INDICATES TRACE AMOUNT.




$$
