000
CDUS46 KSTO 290841
CLISCK


CLIMATE REPORT
NATIONAL WEATHER SERVICE SACRAMENTO, CA
141 AM PDT THU JUN 29 2017


...................................

...THE STOCKTON AIRPORT CA CLIMATE SUMMARY FOR JUNE 28 2017...

CLIMATE NORMAL PERIOD 1981 TO 2010
CLIMATE RECORD PERIOD 1948 TO 2017


WEATHER ITEM   OBSERVED TIME   RECORD YEAR NORMAL DEPARTURE LAST
                VALUE   (LST)  VALUE       VALUE  FROM      YEAR
                                                  NORMAL
..................................................................
TEMPERATURE (F)
 YESTERDAY
  MAXIMUM         94    346 PM 110    2009  91      3      104
  MINIMUM         55    444 AM  51    1969  59     -4       65
  AVERAGE         75

PRECIPITATION (IN)
  YESTERDAY        0.00          0.38 2011   0.00   0.00     0.00
  MONTH TO DATE    0.03                      0.08  -0.05     0.00
  SINCE OCT 1     21.78                     13.76   8.02    16.69
  SINCE JAN 1     15.62                      9.03   6.59    12.12

SNOWFALL (IN)
  YESTERDAY        0.0          MM      MM
  MONTH TO DATE    0.0
  SINCE JUN 1      0.0
  SINCE JUL 1      0.0
  SNOW DEPTH       0

DEGREE DAYS
 HEATING
  YESTERDAY        0                         0      0        0
  MONTH TO DATE    4                         4      0        2
  SINCE JUN 1      4                         4      0        2
  SINCE JUL 1   2114                      2640   -526     2068

 COOLING
  YESTERDAY       10                        10      0       20
  MONTH TO DATE  340                       210    130      291
  SINCE JUN 1    340                       210    130      291
  SINCE JAN 1    503                       329    174      437
..................................................................


WIND (MPH)
  RESULTANT WIND SPEED   8   RESULTANT WIND DIRECTION   W (290)
  HIGHEST WIND SPEED    16   HIGHEST WIND DIRECTION     W (270)
  HIGHEST GUST SPEED    27   HIGHEST GUST DIRECTION    NW (320)


SKY COVER
  POSSIBLE SUNSHINE  MM
  AVERAGE SKY COVER 0.0


WEATHER CONDITIONS
 THE FOLLOWING WEATHER WAS RECORDED YESTERDAY.
  NO SIGNIFICANT WEATHER WAS OBSERVED.


RELATIVE HUMIDITY (PERCENT)
 HIGHEST    86           300 AM
 LOWEST     30           400 PM
 AVERAGE    58

..........................................................


THE STOCKTON AIRPORT CA CLIMATE NORMALS FOR TODAY
                         NORMAL    RECORD    YEAR
 MAXIMUM TEMPERATURE (F)   91       106      2013
 MINIMUM TEMPERATURE (F)   59        49      1955


SUNRISE AND SUNSET
JUNE 29 2017..........SUNRISE   546 AM PDT   SUNSET   831 PM PDT
JUNE 30 2017..........SUNRISE   546 AM PDT   SUNSET   831 PM PDT


-  INDICATES NEGATIVE NUMBERS.
R  INDICATES RECORD WAS SET OR TIED.
MM INDICATES DATA IS MISSING.
T  INDICATES TRACE AMOUNT.




$$
