000
CDUS46 KLOX 210914
CLISDB


CLIMATE REPORT
NATIONAL WEATHER SERVICE LOS ANGELES/OXNARD CA
112 AM PST SUN JAN 21 2018


...................................

...THE SANDBERG CA CLIMATE SUMMARY FOR JANUARY 20 2018...

CLIMATE NORMAL PERIOD 1981 TO 2010
CLIMATE RECORD PERIOD 1934 TO 2018


WEATHER ITEM   OBSERVED TIME   RECORD YEAR NORMAL DEPARTURE LAST
                VALUE   (LST)  VALUE       VALUE  FROM      YEAR
                                                  NORMAL
..................................................................
TEMPERATURE (F)
 YESTERDAY
  MAXIMUM         36    325 PM  65    2014  49    -13       44
                                      1994
  MINIMUM         32   1151 PM  10    1937  37     -5       34
  AVERAGE         34                        43     -9       39

PRECIPITATION (IN)
  YESTERDAY        0.02          1.13 1969   0.06  -0.04     0.49
  MONTH TO DATE    3.07                      1.80   1.27     2.01
  SINCE OCT 1      3.12                      5.43  -2.31     5.85
  SINCE JAN 1      3.07                      1.80   1.27     2.01

DEGREE DAYS
 HEATING
  YESTERDAY       31                        22      9       26
  MONTH TO DATE  215                       443   -228      436
  SINCE DEC 1    560                      1145   -585     1051
  SINCE JUL 1    918                      1924  -1006     1500

 COOLING
  YESTERDAY        0                         0      0        0
  MONTH TO DATE    0                         0      0        0
  SINCE DEC 1      0                         0      0        0
  SINCE JAN 1      0                         0      0        0
..................................................................


WIND (MPH)
  HIGHEST WIND SPEED    38   HIGHEST WIND DIRECTION     N (350)
  HIGHEST GUST SPEED    54   HIGHEST GUST DIRECTION     N (350)
  AVERAGE WIND SPEED    12.5


SKY COVER
  POSSIBLE SUNSHINE  MM
  AVERAGE SKY COVER 0.9


WEATHER CONDITIONS
 THE FOLLOWING WEATHER WAS RECORDED YESTERDAY.
  LIGHT SNOW
  FOG
  FOG W/VISIBILITY <= 1/4 MILE


RELATIVE HUMIDITY (PERCENT)
 HIGHEST    92           700 AM
 LOWEST     64           900 PM
 AVERAGE    78

..........................................................


THE SANDBERG CA CLIMATE NORMALS FOR TODAY
                         NORMAL    RECORD    YEAR
 MAXIMUM TEMPERATURE (F)   49        63      2014
                                             2005
                                             1975
 MINIMUM TEMPERATURE (F)   37         3      1937


SUNRISE AND SUNSET
JANUARY 21 2018.......SUNRISE   700 AM PST   SUNSET   513 PM PST
JANUARY 22 2018.......SUNRISE   659 AM PST   SUNSET   514 PM PST


-  INDICATES NEGATIVE NUMBERS.
R  INDICATES RECORD WAS SET OR TIED.
MM INDICATES DATA IS MISSING.
T  INDICATES TRACE AMOUNT.




$$
