000
CDUS46 KLOX 250126
CLISDB


CLIMATE REPORT
NATIONAL WEATHER SERVICE LOS ANGELES/OXNARD CA
626 PM PDT FRI MAR 24 2017


...................................

...THE SANDBERG CA CLIMATE SUMMARY FOR MARCH 24 2017...
VALID TODAY AS OF 0600 PM LOCAL TIME.

CLIMATE NORMAL PERIOD 1981 TO 2010
CLIMATE RECORD PERIOD 1934 TO 2017


WEATHER ITEM   OBSERVED TIME   RECORD YEAR NORMAL DEPARTURE LAST
                VALUE   (LST)  VALUE       VALUE  FROM      YEAR
                                                  NORMAL
..................................................................
TEMPERATURE (F)
 TODAY
  MAXIMUM         65    103 PM  76    2014  55     10       62
  MINIMUM         42    130 AM  23    1964  40      2       44
  AVERAGE         54                        47      7       53

PRECIPITATION (IN)
  TODAY            0.00          0.46 1994   0.04  -0.04     0.00
  MONTH TO DATE    0.28                      1.43  -1.15     1.16
  SINCE OCT 1     12.59                     10.71   1.88     6.16
  SINCE JAN 1      8.75                      7.08   1.67     4.46

DEGREE DAYS
 HEATING
  TODAY           11                        18     -7       12
  MONTH TO DATE  227                       449   -222      281
  SINCE MAR 1    227                       449   -222      281
  SINCE JUL 1   2484                      3208   -724     2541

 COOLING
  TODAY            0                         0      0        0
  MONTH TO DATE   16                         0     16        1
  SINCE MAR 1     16                         0     16        1
  SINCE JAN 1     16                         0     16        1
..................................................................


WIND (MPH)
  HIGHEST WIND SPEED    25   HIGHEST WIND DIRECTION    NW (330)
  HIGHEST GUST SPEED    31   HIGHEST GUST DIRECTION     N (340)
  AVERAGE WIND SPEED    11.3


SKY COVER
  POSSIBLE SUNSHINE  MM
  AVERAGE SKY COVER 0.0


WEATHER CONDITIONS
 THE FOLLOWING WEATHER WAS RECORDED TODAY.
  NO SIGNIFICANT WEATHER WAS OBSERVED.


RELATIVE HUMIDITY (PERCENT)
 HIGHEST    40           400 AM
 LOWEST     18           800 AM
 AVERAGE    29

..........................................................


THE SANDBERG CA CLIMATE NORMALS FOR TOMORROW
                         NORMAL    RECORD    YEAR
 MAXIMUM TEMPERATURE (F)   55        72      2015
                                             2014
                                             1988
 MINIMUM TEMPERATURE (F)   40        22      1936


SUNRISE AND SUNSET
MARCH 24 2017.........SUNRISE   653 AM PDT   SUNSET   710 PM PDT
MARCH 25 2017.........SUNRISE   651 AM PDT   SUNSET   711 PM PDT


-  INDICATES NEGATIVE NUMBERS.
R  INDICATES RECORD WAS SET OR TIED.
MM INDICATES DATA IS MISSING.
T  INDICATES TRACE AMOUNT.




$$
