000
CDUS46 KLOX 310906
CLISDB


CLIMATE REPORT
NATIONAL WEATHER SERVICE LOS ANGELES/OXNARD CA
206 AM PDT WED AUG 31 2016


...................................

...THE SANDBERG CA CLIMATE SUMMARY FOR AUGUST 30 2016...

CLIMATE NORMAL PERIOD 1981 TO 2010
CLIMATE RECORD PERIOD 1934 TO 2016


WEATHER ITEM   OBSERVED TIME   RECORD YEAR NORMAL DEPARTURE LAST
                VALUE   (LST)  VALUE       VALUE  FROM      YEAR
                                                  NORMAL
..................................................................
TEMPERATURE (F)
 YESTERDAY
  MAXIMUM         99R  1205 PM  96    1998  83     16       81
  MINIMUM         73   1159 PM  42    1957  63     10       60
  AVERAGE         86                        73     13       71

PRECIPITATION (IN)
  YESTERDAY        0.00          0.42 1938   0.00   0.00     0.00
  MONTH TO DATE    0.00                      0.03  -0.03     0.00
  SINCE OCT 1      6.93                     12.16  -5.23     8.65
  SINCE JAN 1      5.23                      8.53  -3.30     3.75

DEGREE DAYS
 HEATING
  YESTERDAY        0                         1     -1        0
  MONTH TO DATE    0                         4     -4        0
  SINCE JUN 1     21                        96    -75       29
  SINCE JUL 1      0                        12    -12       10

 COOLING
  YESTERDAY       21                         9     12        6
  MONTH TO DATE  445                       286    159      415
  SINCE JUN 1   1247                       704    543     1001
  SINCE JAN 1   1328                       749    579     1114
..................................................................


WIND (MPH)
  HIGHEST WIND SPEED    22   HIGHEST WIND DIRECTION     N (340)
  HIGHEST GUST SPEED    30   HIGHEST GUST DIRECTION    SW (220)
  AVERAGE WIND SPEED    12.1


SKY COVER
  POSSIBLE SUNSHINE  MM
  AVERAGE SKY COVER 0.0


WEATHER CONDITIONS
 THE FOLLOWING WEATHER WAS RECORDED YESTERDAY.
  NO SIGNIFICANT WEATHER WAS OBSERVED.


RELATIVE HUMIDITY (PERCENT)
 HIGHEST    33          1100 PM
 LOWEST      9           900 AM
 AVERAGE    21

..........................................................


THE SANDBERG CA CLIMATE NORMALS FOR TODAY
                         NORMAL    RECORD    YEAR
 MAXIMUM TEMPERATURE (F)   83        96      1995
 MINIMUM TEMPERATURE (F)   63        44      1964


SUNRISE AND SUNSET
AUGUST 31 2016........SUNRISE   628 AM PDT   SUNSET   722 PM PDT
SEPTEMBER  1 2016.....SUNRISE   628 AM PDT   SUNSET   721 PM PDT


-  INDICATES NEGATIVE NUMBERS.
R  INDICATES RECORD WAS SET OR TIED.
MM INDICATES DATA IS MISSING.
T  INDICATES TRACE AMOUNT.




$$
