000
CDUS46 KLOX 210902
CLISDB


CLIMATE REPORT
NATIONAL WEATHER SERVICE LOS ANGELES/OXNARD CA
201 AM PDT MON AUG 21 2017


...................................

...THE SANDBERG CA CLIMATE SUMMARY FOR AUGUST 20 2017...

CLIMATE NORMAL PERIOD 1981 TO 2010
CLIMATE RECORD PERIOD 1934 TO 2017


WEATHER ITEM   OBSERVED TIME   RECORD YEAR NORMAL DEPARTURE LAST
                VALUE   (LST)  VALUE       VALUE  FROM      YEAR
                                                  NORMAL
..................................................................
TEMPERATURE (F)
 YESTERDAY
  MAXIMUM         84    257 PM  96    1950  84      0       92
  MINIMUM         65    616 AM  43    1959  64      1       71
  AVERAGE         75                        74      1       82

PRECIPITATION (IN)
  YESTERDAY        0.00          0.01 1939   0.00   0.00     0.00
  MONTH TO DATE    0.29                      0.02   0.27     0.00
  SINCE OCT 1     13.08                     12.15   0.93     6.93
  SINCE JAN 1      9.24                      8.52   0.72     5.23

DEGREE DAYS
 HEATING
  YESTERDAY        0                         0      0        0
  MONTH TO DATE    1                         0      1        0
  SINCE JUN 1     41                        92    -51       21
  SINCE JUL 1      1                         8     -7        0

 COOLING
  YESTERDAY       10                         9      1       17
  MONTH TO DATE  250                       196     54      307
  SINCE JUN 1   1115                       614    501     1109
  SINCE JAN 1   1260                       659    601     1190
..................................................................


WIND (MPH)
  HIGHEST WIND SPEED    23   HIGHEST WIND DIRECTION    SW (220)
  HIGHEST GUST SPEED    31   HIGHEST GUST DIRECTION    SW (220)
  AVERAGE WIND SPEED    12.3


SKY COVER
  POSSIBLE SUNSHINE  MM
  AVERAGE SKY COVER 0.0


WEATHER CONDITIONS
 THE FOLLOWING WEATHER WAS RECORDED YESTERDAY.
  NO SIGNIFICANT WEATHER WAS OBSERVED.


RELATIVE HUMIDITY (PERCENT)
 HIGHEST    60          1200 AM
 LOWEST     20          1100 AM
 AVERAGE    40

..........................................................


THE SANDBERG CA CLIMATE NORMALS FOR TODAY
                         NORMAL    RECORD    YEAR
 MAXIMUM TEMPERATURE (F)   84        93      1961
 MINIMUM TEMPERATURE (F)   64        41      1968


SUNRISE AND SUNSET
AUGUST 21 2017........SUNRISE   620 AM PDT   SUNSET   735 PM PDT
AUGUST 22 2017........SUNRISE   621 AM PDT   SUNSET   734 PM PDT


-  INDICATES NEGATIVE NUMBERS.
R  INDICATES RECORD WAS SET OR TIED.
MM INDICATES DATA IS MISSING.
T  INDICATES TRACE AMOUNT.




$$
