000
CDUS46 KLOX 010906
CLISDB


CLIMATE REPORT
NATIONAL WEATHER SERVICE LOS ANGELES/OXNARD CA
106 AM PST SUN FEB 1 2015


...................................

...THE SANDBERG CA CLIMATE SUMMARY FOR JANUARY 31 2015...

CLIMATE NORMAL PERIOD 1981 TO 2010
CLIMATE RECORD PERIOD 1934 TO 2015


WEATHER ITEM   OBSERVED TIME   RECORD YEAR NORMAL DEPARTURE LAST
                VALUE   (LST)  VALUE       VALUE  FROM      YEAR
                                                  NORMAL
..................................................................
TEMPERATURE (F)
 YESTERDAY
  MAXIMUM         57    138 PM  69    2003  49      8       44
  MINIMUM         44    624 AM  20    1969  37      7       34
  AVERAGE         51                        43      8       39

PRECIPITATION (IN)
  YESTERDAY        0.00          0.99 1996   0.05  -0.05      T
  MONTH TO DATE    1.50                      2.41  -0.91      T
  SINCE OCT 1      6.40                      6.04   0.36     0.70
  SINCE JAN 1      1.50                      2.41  -0.91      T

DEGREE DAYS
 HEATING
  YESTERDAY       14                        22     -8       26
  MONTH TO DATE  417                       685   -268      333
  SINCE DEC 1    990                      1386   -396      855
  SINCE JUL 1   1380                      2165   -785     1409

 COOLING
  YESTERDAY        0                         0      0        0
  MONTH TO DATE    0                         0      0        0
  SINCE DEC 1      0                         0      0        0
  SINCE JAN 1      0                         0      0        0
..................................................................


WIND (MPH)
  HIGHEST WIND SPEED    22   HIGHEST WIND DIRECTION    NW (320)
  HIGHEST GUST SPEED    27   HIGHEST GUST DIRECTION     E (70)
  AVERAGE WIND SPEED    10.4


SKY COVER
  POSSIBLE SUNSHINE  MM
  AVERAGE SKY COVER 0.2


WEATHER CONDITIONS
 THE FOLLOWING WEATHER WAS RECORDED YESTERDAY.
  HAZE


RELATIVE HUMIDITY (PERCENT)
 HIGHEST    70           500 AM
 LOWEST     51           100 PM
 AVERAGE    61

..........................................................


THE SANDBERG CA CLIMATE NORMALS FOR TODAY
                         NORMAL    RECORD    YEAR
 MAXIMUM TEMPERATURE (F)   49        66      2003
 MINIMUM TEMPERATURE (F)   37        21      1951


SUNRISE AND SUNSET
FEBRUARY  1 2015......SUNRISE   653 AM PST   SUNSET   524 PM PST
FEBRUARY  2 2015......SUNRISE   653 AM PST   SUNSET   525 PM PST


-  INDICATES NEGATIVE NUMBERS.
R  INDICATES RECORD WAS SET OR TIED.
MM INDICATES DATA IS MISSING.
T  INDICATES TRACE AMOUNT.




$$
