000
CDUS46 KLOX 250906
CLISDB


CLIMATE REPORT
NATIONAL WEATHER SERVICE LOS ANGELES/OXNARD CA
206 AM PDT SUN SEP 25 2016


...................................

...THE SANDBERG CA CLIMATE SUMMARY FOR SEPTEMBER 24 2016...

CLIMATE NORMAL PERIOD 1981 TO 2010
CLIMATE RECORD PERIOD 1934 TO 2016


WEATHER ITEM   OBSERVED TIME   RECORD YEAR NORMAL DEPARTURE LAST
                VALUE   (LST)  VALUE       VALUE  FROM      YEAR
                                                  NORMAL
..................................................................
TEMPERATURE (F)
 YESTERDAY
  MAXIMUM         83    326 PM  93    2015  76      7       93
  MINIMUM         55   1257 AM  38    1934  58     -3       71
  AVERAGE         69                        67      2       82

PRECIPITATION (IN)
  YESTERDAY        0.00          0.68 1939   0.01  -0.01     0.00
  MONTH TO DATE    0.00                      0.12  -0.12     0.82
  SINCE OCT 1      6.93                     12.28  -5.35     9.47
  SINCE JAN 1      5.23                      8.65  -3.42     4.57

DEGREE DAYS
 HEATING
  YESTERDAY        0                         3     -3        0
  MONTH TO DATE   33                        40     -7       18
  SINCE SEP 1     33                        40     -7       18
  SINCE JUL 1     33                        57    -24       28

 COOLING
  YESTERDAY        4                         5     -1       17
  MONTH TO DATE  173                       162     11      200
  SINCE SEP 1    173                       162     11      200
  SINCE JAN 1   1517                       919    598     1321
..................................................................


WIND (MPH)
  HIGHEST WIND SPEED    31   HIGHEST WIND DIRECTION     N (340)
  HIGHEST GUST SPEED    36   HIGHEST GUST DIRECTION    NW (330)
  AVERAGE WIND SPEED    12.3


SKY COVER
  POSSIBLE SUNSHINE  MM
  AVERAGE SKY COVER 0.0


WEATHER CONDITIONS
 THE FOLLOWING WEATHER WAS RECORDED YESTERDAY.
  NO SIGNIFICANT WEATHER WAS OBSERVED.


RELATIVE HUMIDITY (PERCENT)
 HIGHEST    38           100 AM
 LOWEST     13           300 PM
 AVERAGE    26

..........................................................


THE SANDBERG CA CLIMATE NORMALS FOR TODAY
                         NORMAL    RECORD    YEAR
 MAXIMUM TEMPERATURE (F)   76        91      2015
                                             1960
 MINIMUM TEMPERATURE (F)   58        35      1948


SUNRISE AND SUNSET
SEPTEMBER 25 2016.....SUNRISE   646 AM PDT   SUNSET   647 PM PDT
SEPTEMBER 26 2016.....SUNRISE   646 AM PDT   SUNSET   645 PM PDT


-  INDICATES NEGATIVE NUMBERS.
R  INDICATES RECORD WAS SET OR TIED.
MM INDICATES DATA IS MISSING.
T  INDICATES TRACE AMOUNT.




$$
