000
CDUS43 KLMK 062223
CLISDF


CLIMATE REPORT
NATIONAL WEATHER SERVICE LOUISVILLE KY
432 PM EST FRI MAR 6 2015


...................................

...THE LOUISVILLE KY CLIMATE SUMMARY FOR MARCH 6 2015...
VALID TODAY AS OF 0400 PM LOCAL TIME.

CLIMATE NORMAL PERIOD 1981 TO 2010
CLIMATE RECORD PERIOD 1871 TO 2015


WEATHER ITEM   OBSERVED TIME   RECORD YEAR NORMAL DEPARTURE LAST
                VALUE   (LST)  VALUE       VALUE  FROM      YEAR
                                                  NORMAL
..................................................................
TEMPERATURE (F)
 TODAY
  MAXIMUM         31    359 PM  77    1956  54    -23       49
                                      1910
  MINIMUM          8    700 AM  -1    1960  35    -27       26
  AVERAGE         20                        44    -24       38

PRECIPITATION (IN)
  TODAY            0.00          2.66 1945   0.13  -0.13     0.00
  MONTH TO DATE    3.57                      0.73   7.33     0.94
  SINCE MAR 1      3.57                      0.73   7.33     0.94
  SINCE JAN 1      6.67                      7.15  -0.48     7.10

SNOWFALL (IN)
  TODAY            0.0           8.1  1967   0.1   -0.1      0.0
  MONTH TO DATE   11.9                       0.4   11.5      3.0
  SINCE MAR 1     11.9                       0.4   11.5      3.0
  SINCE JUL 1      M                        11.4   M        24.8
  SNOW DEPTH       7

DEGREE DAYS
 HEATING
  TODAY           45                        21     24       27
  MONTH TO DATE  197                       129     68      190
  SINCE MAR 1    197                       129     68      190
  SINCE JUL 1   3817                      3370    447     3844

 COOLING
  TODAY            0                         0      0        0
  MONTH TO DATE    0                         0      0        0
  SINCE MAR 1      0                         0      0        0
  SINCE JAN 1      0                         0      0        0
..................................................................


WIND (MPH)
  HIGHEST WIND SPEED    12   HIGHEST WIND DIRECTION    SW (220)
  HIGHEST GUST SPEED    13   HIGHEST GUST DIRECTION    SW (210)
  AVERAGE WIND SPEED     3.8


SKY COVER
  POSSIBLE SUNSHINE  MM
  AVERAGE SKY COVER 0.1


WEATHER CONDITIONS
 THE FOLLOWING WEATHER WAS RECORDED TODAY.
  FOG
  HAZE


RELATIVE HUMIDITY (PERCENT)
 HIGHEST    91           700 AM
 LOWEST     47           200 PM
 AVERAGE    69

..........................................................


THE LOUISVILLE KY CLIMATE NORMALS FOR TOMORROW
                         NORMAL    RECORD    YEAR
 MAXIMUM TEMPERATURE (F)   55        81      2000
                                             1974
 MINIMUM TEMPERATURE (F)   35         3      1899


SUNRISE AND SUNSET
MARCH  6 2015.........SUNRISE   708 AM EST   SUNSET   641 PM EST
MARCH  7 2015.........SUNRISE   706 AM EST   SUNSET   642 PM EST


-  INDICATES NEGATIVE NUMBERS.
R  INDICATES RECORD WAS SET OR TIED.
MM INDICATES DATA IS MISSING.
T  INDICATES TRACE AMOUNT.




$$
