000
CDUS43 KLMK 240628
CLISDF


CLIMATE REPORT
NATIONAL WEATHER SERVICE LOUISVILLE KY
228 AM EDT FRI MAR 24 2017


...................................

...THE LOUISVILLE KY CLIMATE SUMMARY FOR MARCH 23 2017...

CLIMATE NORMAL PERIOD 1981 TO 2010
CLIMATE RECORD PERIOD 1871 TO 2017


WEATHER ITEM   OBSERVED TIME   RECORD YEAR NORMAL DEPARTURE LAST
                VALUE   (LST)  VALUE       VALUE  FROM      YEAR
                                                  NORMAL
..................................................................
TEMPERATURE (F)
 YESTERDAY
  MAXIMUM         65    422 PM  85    1907  61      4       68
  MINIMUM         33    728 AM  17    1885  40     -7       56
  AVERAGE         49                        50     -1       62

PRECIPITATION (IN)
  YESTERDAY        0.00          1.76 2012   0.14  -0.14     0.00
  MONTH TO DATE    2.54                      3.04  -0.50     2.92
  SINCE MAR 1      2.54                      3.04  -0.50     2.92
  SINCE JAN 1      8.81                      9.46  -0.65     8.74

SNOWFALL (IN)
  YESTERDAY        0.0           7.0  1896   0.0    0.0      0.0
  MONTH TO DATE    T                         1.2   -1.2      0.5
  SINCE MAR 1      T                         1.2   -1.2      0.5
  SINCE JUL 1      2.7                      12.2   -9.5     14.9
  SNOW DEPTH       0

DEGREE DAYS
 HEATING
  YESTERDAY       16                        15      1        3
  MONTH TO DATE  438                       429      9      266
  SINCE MAR 1    438                       429      9      266
  SINCE JUL 1   2903                      3670   -767     2888

 COOLING
  YESTERDAY        0                         0      0        0
  MONTH TO DATE    0                         0      0        6
  SINCE MAR 1      0                         0      0        6
  SINCE JAN 1      5                         0      5        6
..................................................................


WIND (MPH)
  HIGHEST WIND SPEED    16   HIGHEST WIND DIRECTION     S (180)
  HIGHEST GUST SPEED    20   HIGHEST GUST DIRECTION     S (170)
  AVERAGE WIND SPEED     7.1


SKY COVER
  POSSIBLE SUNSHINE  MM
  AVERAGE SKY COVER 0.6


WEATHER CONDITIONS
 THE FOLLOWING WEATHER WAS RECORDED YESTERDAY.
  NO SIGNIFICANT WEATHER WAS OBSERVED.


RELATIVE HUMIDITY (PERCENT)
 HIGHEST    47           100 AM
 LOWEST     24           100 PM
 AVERAGE    36

..........................................................


THE LOUISVILLE KY CLIMATE NORMALS FOR TODAY
                         NORMAL    RECORD    YEAR
 MAXIMUM TEMPERATURE (F)   61        88      1929
                                             1910
 MINIMUM TEMPERATURE (F)   40        17      1896


SUNRISE AND SUNSET
MARCH 24 2017.........SUNRISE   740 AM EDT   SUNSET   759 PM EDT
MARCH 25 2017.........SUNRISE   738 AM EDT   SUNSET   800 PM EDT


-  INDICATES NEGATIVE NUMBERS.
R  INDICATES RECORD WAS SET OR TIED.
MM INDICATES DATA IS MISSING.
T  INDICATES TRACE AMOUNT.




$$
