000
CDUS46 KSEW 260829
CLISEA


CLIMATE REPORT
NATIONAL WEATHER SERVICE SEATTLE WA
1228 AM PST WED NOV 26 2014


...................................

...THE SEATTLE-TACOMA WA AIRPORT CLIMATE SUMMARY FOR NOVEMBER 25 2014...

CLIMATE NORMAL PERIOD 1981 TO 2010
CLIMATE RECORD PERIOD 1945 TO 2014


WEATHER ITEM   OBSERVED TIME   RECORD YEAR NORMAL DEPARTURE LAST
                VALUE   (LST)  VALUE       VALUE  FROM      YEAR
                                                  NORMAL
..................................................................
TEMPERATURE (F)
 YESTERDAY
  MAXIMUM         57    550 PM  59    1977  49      8       54
                                      1949
  MINIMUM         49   1247 PM  18    1985  38     11       36
  AVERAGE         53                        43     10       45

PRECIPITATION (IN)
  YESTERDAY        0.72          3.04 1998   0.22   0.50     0.00
  MONTH TO DATE    3.21                      5.47  -2.26     3.68
  SINCE OCT 1      9.96                      8.95   1.01     5.22
  SINCE JAN 1     42.08                     31.04  11.04    30.79

SNOWFALL (IN)
  YESTERDAY        0.0           0.5  1985                   0.0
  MONTH TO DATE    0.0                                       0.0
  SINCE OCT 1      0.0                                       0.0
  SINCE JUL 1      0.0                                       0.0
  SNOW DEPTH       0

DEGREE DAYS
 HEATING
  YESTERDAY       12                        22    -10       20
  MONTH TO DATE  460                       475    -15      417
  SINCE SEP 1    714                       987   -273      918
  SINCE JUL 1    737                      1072   -335      933

 COOLING
  YESTERDAY        0                         0      0        0
  MONTH TO DATE    0                         0      0        0
  SINCE SEP 1     46                        21     25       55
  SINCE JAN 1    369                       189    180      385
..................................................................


WIND (MPH)
  RESULTANT WIND SPEED   8   RESULTANT WIND DIRECTION   S (200)
  HIGHEST WIND SPEED    25   HIGHEST WIND DIRECTION    SW (210)
  HIGHEST GUST SPEED    33   HIGHEST GUST DIRECTION     S (190)
  AVERAGE WIND SPEED    10.1


SKY COVER
  AVERAGE SKY COVER 1.0


WEATHER CONDITIONS
 THE FOLLOWING WEATHER WAS RECORDED YESTERDAY.
  RAIN
  LIGHT RAIN
  FOG


RELATIVE HUMIDITY (PERCENT)
 HIGHEST    96           600 AM
 LOWEST     86           100 PM
 AVERAGE    91

..........................................................


THE SEATTLE-TACOMA WA AIRPORT CLIMATE NORMALS FOR TODAY
                         NORMAL    RECORD    YEAR
 MAXIMUM TEMPERATURE (F)   48        61      1949
 MINIMUM TEMPERATURE (F)   38        25      1952


SUNRISE AND SUNSET
NOVEMBER 26 2014......SUNRISE   730 AM PST   SUNSET   423 PM PST
NOVEMBER 27 2014......SUNRISE   731 AM PST   SUNSET   423 PM PST


-  INDICATES NEGATIVE NUMBERS.
R  INDICATES RECORD WAS SET OR TIED.
MM INDICATES DATA IS MISSING.
T  INDICATES TRACE AMOUNT.




$$
