000
CDUS46 KSEW 160830
CLISEW


CLIMATE REPORT
NATIONAL WEATHER SERVICE SEATTLE WA
1230 AM PST TUE JAN 16 2018


...................................

...THE SEATTLE WA WFO CLIMATE SUMMARY FOR JANUARY 15 2018...

CLIMATE NORMAL PERIOD 1981 TO 2010
CLIMATE RECORD PERIOD 1986 TO 2018


WEATHER ITEM   OBSERVED TIME   RECORD YEAR     LAST
                VALUE   (LST)  VALUE           YEAR
....................................................
TEMPERATURE (F)
 YESTERDAY
  MAXIMUM         64R       MM  53    2011    44
                                      1996
  MINIMUM         38        MM  26    2012    27
                                      2007
                                      1997
  AVERAGE         51                          36

PRECIPITATION (IN)
  YESTERDAY        0.10          1.00 1996     0.00
  MONTH TO DATE    3.60                        0.73
  SINCE OCT 1     20.47                       22.45
  SINCE JAN 1      3.60                        0.73

SNOWFALL (IN)
  YESTERDAY        0.0                         0.0
  MONTH TO DATE    0.0                          T
  SINCE OCT 1      3.2                         1.4
  SINCE JUL 1      3.2                         1.4
  SNOW DEPTH       0

DEGREE DAYS
 HEATING
  YESTERDAY       14                          29
  MONTH TO DATE  300                         463
  SINCE DEC 1   1051                        1275
  SINCE JUL 1   2026                        2086

 COOLING
  YESTERDAY        0                           0
  MONTH TO DATE    0                           0
  SINCE DEC 1      0                           0
  SINCE JAN 1      0                           0
....................................................


WIND (MPH)
  HIGHEST WIND SPEED    MM   HIGHEST WIND DIRECTION    MM
  HIGHEST GUST SPEED    MM   HIGHEST GUST DIRECTION    MM
  AVERAGE WIND SPEED    MM



WEATHER CONDITIONS
 THE FOLLOWING WEATHER WAS RECORDED YESTERDAY.
  LIGHT RAIN






-  INDICATES NEGATIVE NUMBERS.
R  INDICATES RECORD WAS SET OR TIED.
MM INDICATES DATA IS MISSING.
T  INDICATES TRACE AMOUNT.




$$
