000
CDUS46 KSEW 240828
CLISEW


CLIMATE REPORT
NATIONAL WEATHER SERVICE SEATTLE WA
128 AM PDT FRI OCT 24 2014


...................................

...THE SEATTLE WA WFO CLIMATE SUMMARY FOR OCTOBER 23 2014...

CLIMATE NORMAL PERIOD 1981 TO 2010
CLIMATE RECORD PERIOD 1986 TO 2014


WEATHER ITEM   OBSERVED TIME   RECORD YEAR     LAST
                VALUE   (LST)  VALUE           YEAR
....................................................
TEMPERATURE (F)
 YESTERDAY
  MAXIMUM         57        MM  74    1992    57
  MINIMUM         49        MM  39    2008    44
                                      2000
  AVERAGE         53                          51

PRECIPITATION (IN)
  YESTERDAY        0.20          0.63 2009     0.00
                                      2009
                                      2010
  MONTH TO DATE    3.49                        0.98
  SINCE OCT 1      3.49                        0.98
  SINCE JAN 1     33.70                       24.89

SNOWFALL (IN)
  YESTERDAY        0.0                         0.0
  MONTH TO DATE    0.0                         0.0
  SINCE OCT 1      0.0                         0.0
  SINCE JUL 1      0.0                         0.0
  SNOW DEPTH       0

DEGREE DAYS
 HEATING
  YESTERDAY       12                          14
  MONTH TO DATE  105                         292
  SINCE SEP 1    146                         388
  SINCE JUL 1    165                         409

 COOLING
  YESTERDAY        0                           0
  MONTH TO DATE    2                           0
  SINCE SEP 1     42                          47
  SINCE JAN 1    366                         314
....................................................


WIND (MPH)
  HIGHEST WIND SPEED    MM   HIGHEST WIND DIRECTION    MM
  HIGHEST GUST SPEED    MM   HIGHEST GUST DIRECTION    MM
  AVERAGE WIND SPEED    MM



WEATHER CONDITIONS
 THE FOLLOWING WEATHER WAS RECORDED YESTERDAY.
  LIGHT RAIN
  FOG






-  INDICATES NEGATIVE NUMBERS.
R  INDICATES RECORD WAS SET OR TIED.
MM INDICATES DATA IS MISSING.
T  INDICATES TRACE AMOUNT.




$$
