000
CDUS46 KMTR 270837
CLISFD


CLIMATE REPORT
NATIONAL WEATHER SERVICE SAN FRANCISCO BAY AREA
1237 AM PST MON FEB 27 2017


...................................

...THE SAN FRANCISCO DWTN CA CLIMATE SUMMARY FOR FEBRUARY 26 2017...

CLIMATE NORMAL PERIOD 1981 TO 2010
CLIMATE RECORD PERIOD 1850 TO 2017


WEATHER ITEM   OBSERVED TIME   RECORD YEAR NORMAL DEPARTURE LAST
                VALUE   (LST)  VALUE       VALUE  FROM      YEAR
                                                  NORMAL
..................................................................
TEMPERATURE (F)
 YESTERDAY
  MAXIMUM         56   1243 PM  81    1986  61     -5       62
  MINIMUM         43    743 AM  37    2011  48     -5       53
                                      1962
  AVERAGE         50                        55     -5       58

PRECIPITATION (IN)
  YESTERDAY        0.17          1.61 1868   0.16   0.01     0.00
  MONTH TO DATE    7.55                      4.17   3.38     0.98
  SINCE OCT 1     26.00                     17.51   8.49    14.62
  SINCE JAN 1     16.97                      8.67   8.30     8.01

DEGREE DAYS
 HEATING
  YESTERDAY       15                        MM     MM        7
  MONTH TO DATE  262                        MM     MM      167
  SINCE DEC 1   1101                        MM     MM      918
  SINCE JUL 1   1817                        MM     MM     1309

 COOLING
  YESTERDAY        0                        MM     MM        0
  MONTH TO DATE    0                         0      0        3
  SINCE DEC 1      0                         0      0        3
  SINCE JAN 1      0                         0      0        3
..................................................................







THE SAN FRANCISCO DWTN CA CLIMATE NORMALS FOR TODAY
                         NORMAL    RECORD    YEAR
 MAXIMUM TEMPERATURE (F)   61        78      1986
 MINIMUM TEMPERATURE (F)   48        38      1890


SUNRISE AND SUNSET
FEBRUARY 27 2017......SUNRISE   643 AM PST   SUNSET   602 PM PST
FEBRUARY 28 2017......SUNRISE   642 AM PST   SUNSET   603 PM PST


-  INDICATES NEGATIVE NUMBERS.
R  INDICATES RECORD WAS SET OR TIED.
MM INDICATES DATA IS MISSING.
T  INDICATES TRACE AMOUNT.




$$
