000
CDUS46 KMTR 040027
CLISFD


CLIMATE REPORT
NATIONAL WEATHER SERVICE SAN FRANCISCO BAY AREA
527 PM PDT THU SEP 3 2015


...................................

...THE SAN FRANCISCO DWTN CA CLIMATE SUMMARY FOR SEPTEMBER 3 2015...
VALID TODAY AS OF 0500 PM LOCAL TIME.

CLIMATE NORMAL PERIOD 1981 TO 2010
CLIMATE RECORD PERIOD 1850 TO 2015


WEATHER ITEM   OBSERVED TIME   RECORD YEAR NORMAL DEPARTURE LAST
                VALUE   (LST)  VALUE       VALUE  FROM      YEAR
                                                  NORMAL
..................................................................
TEMPERATURE (F)
 TODAY
  MAXIMUM         67   1243 PM  92    1961  70     -3       69
  MINIMUM         59    743 AM  50    1909  55      4       59
  AVERAGE         63                        63      0       64

PRECIPITATION (IN)
  TODAY            0.00          0.42 1940   0.00   0.00     0.00
  MONTH TO DATE    0.00                      0.01  -0.01     0.00
  SINCE OCT 1     17.66                     23.45  -5.79    12.20
  SINCE JAN 1      3.21                     14.61 -11.40    10.55

DEGREE DAYS
 HEATING
  TODAY            2                        MM     MM        1
  MONTH TO DATE    3                        MM     MM        4
  SINCE SEP 1      3                        MM     MM        4
  SINCE JUL 1     62                        MM     MM      134

 COOLING
  TODAY            0                        MM     MM        0
  MONTH TO DATE    1                         0      1        2
  SINCE SEP 1      1                         0      1        2
  SINCE JAN 1     92                         0     92       69
..................................................................







THE SAN FRANCISCO DWTN CA CLIMATE NORMALS FOR TOMORROW
                         NORMAL    RECORD    YEAR
 MAXIMUM TEMPERATURE (F)   70        93      2008
 MINIMUM TEMPERATURE (F)   55        50      1904


SUNRISE AND SUNSET
SEPTEMBER  3 2015.....SUNRISE   641 AM PDT   SUNSET   736 PM PDT
SEPTEMBER  4 2015.....SUNRISE   642 AM PDT   SUNSET   735 PM PDT


-  INDICATES NEGATIVE NUMBERS.
R  INDICATES RECORD WAS SET OR TIED.
MM INDICATES DATA IS MISSING.
T  INDICATES TRACE AMOUNT.




$$
