000
CDUS46 KMTR 180832
CLISFD


CLIMATE REPORT
NATIONAL WEATHER SERVICE SAN FRANCISCO BAY AREA
1232 AM PST WED JAN 18 2017


...................................

...THE SAN FRANCISCO DWTN CA CLIMATE SUMMARY FOR JANUARY 17 2017...

CLIMATE NORMAL PERIOD 1981 TO 2010
CLIMATE RECORD PERIOD 1850 TO 2017


WEATHER ITEM   OBSERVED TIME   RECORD YEAR NORMAL DEPARTURE LAST
                VALUE   (LST)  VALUE       VALUE  FROM      YEAR
                                                  NORMAL
..................................................................
TEMPERATURE (F)
 YESTERDAY
  MAXIMUM         52    243 PM  73    1991  57     -5       60
  MINIMUM         43    643 AM  32    1888  46     -3       56
  AVERAGE         48                        51     -3       58

PRECIPITATION (IN)
  YESTERDAY        0.00          2.64 1862   0.14  -0.14     1.07
  MONTH TO DATE    5.60                      2.49   3.11     4.68
  SINCE OCT 1     14.63                     11.33   3.30    11.29
  SINCE JAN 1      5.60                      2.49   3.11     4.68

DEGREE DAYS
 HEATING
  YESTERDAY       17                        MM     MM        7
  MONTH TO DATE  244                        MM     MM      215
  SINCE DEC 1    652                        MM     MM      622
  SINCE JUL 1   1368                        MM     MM     1013

 COOLING
  YESTERDAY        0                        MM     MM        0
  MONTH TO DATE    0                         0      0        0
  SINCE DEC 1      0                         0      0        0
  SINCE JAN 1      0                         0      0        0
..................................................................







THE SAN FRANCISCO DWTN CA CLIMATE NORMALS FOR TODAY
                         NORMAL    RECORD    YEAR
 MAXIMUM TEMPERATURE (F)   57        70      1920
 MINIMUM TEMPERATURE (F)   46        34      1922


SUNRISE AND SUNSET
JANUARY 18 2017.......SUNRISE   723 AM PST   SUNSET   518 PM PST
JANUARY 19 2017.......SUNRISE   722 AM PST   SUNSET   519 PM PST


-  INDICATES NEGATIVE NUMBERS.
R  INDICATES RECORD WAS SET OR TIED.
MM INDICATES DATA IS MISSING.
T  INDICATES TRACE AMOUNT.




$$
