000
CDUS46 KMTR 300840
CLISFD


CLIMATE REPORT
NATIONAL WEATHER SERVICE SAN FRANCISCO BAY AREA
140 AM PDT THU MAR 30 2017


...................................

...THE SAN FRANCISCO DWTN CA CLIMATE SUMMARY FOR MARCH 29 2017...

CLIMATE NORMAL PERIOD 1981 TO 2010
CLIMATE RECORD PERIOD 1850 TO 2017


WEATHER ITEM   OBSERVED TIME   RECORD YEAR NORMAL DEPARTURE LAST
                VALUE   (LST)  VALUE       VALUE  FROM      YEAR
                                                  NORMAL
..................................................................
TEMPERATURE (F)
 YESTERDAY
  MAXIMUM         66   1043 AM  79    1987  62      4       62
  MINIMUM         53    543 AM  39    1897  49      4       47
  AVERAGE         60                        55      5       55

PRECIPITATION (IN)
  YESTERDAY        0.00          1.79 1940   0.08  -0.08     0.00
  MONTH TO DATE    3.93                      3.11   0.82     6.83
  SINCE OCT 1     29.98                     20.91   9.07    21.45
  SINCE JAN 1     20.95                     12.07   8.88    14.84

DEGREE DAYS
 HEATING
  YESTERDAY        5                        MM     MM       10
  MONTH TO DATE  228                        MM     MM      228
  SINCE MAR 1    228                        MM     MM      228
  SINCE JUL 1   2075                        MM     MM     1553

 COOLING
  YESTERDAY        0                        MM     MM        0
  MONTH TO DATE    1                         0      1        0
  SINCE MAR 1      1                         0      1        0
  SINCE JAN 1      1                         0      1        3
..................................................................







THE SAN FRANCISCO DWTN CA CLIMATE NORMALS FOR TODAY
                         NORMAL    RECORD    YEAR
 MAXIMUM TEMPERATURE (F)   62        82      2011
 MINIMUM TEMPERATURE (F)   49        42      1880


SUNRISE AND SUNSET
MARCH 30 2017.........SUNRISE   658 AM PDT   SUNSET   731 PM PDT
MARCH 31 2017.........SUNRISE   656 AM PDT   SUNSET   732 PM PDT


-  INDICATES NEGATIVE NUMBERS.
R  INDICATES RECORD WAS SET OR TIED.
MM INDICATES DATA IS MISSING.
T  INDICATES TRACE AMOUNT.




$$
