770
CDUS46 KMTR 290927
CLISFD


CLIMATE REPORT
NATIONAL WEATHER SERVICE SAN FRANCISCO BAY AREA
227 AM PDT THU SEP 29 2016


...................................

...THE SAN FRANCISCO DWTN CA CLIMATE SUMMARY FOR SEPTEMBER 28 2016...

CLIMATE NORMAL PERIOD 1981 TO 2010
CLIMATE RECORD PERIOD 1850 TO 2016


WEATHER ITEM   OBSERVED TIME   RECORD YEAR NORMAL DEPARTURE LAST
                VALUE   (LST)  VALUE       VALUE  FROM      YEAR
                                                  NORMAL
..................................................................
TEMPERATURE (F)
 YESTERDAY
  MAXIMUM         63   1043 AM  95    1966  70     -7       66
  MINIMUM         54   1243 AM  49    1968  55     -1       55
  AVERAGE         59                        63     -4       61

PRECIPITATION (IN)
  YESTERDAY        0.00          0.26 1989   0.01  -0.01     0.00
  MONTH TO DATE    0.00                      0.18  -0.18     0.04
  SINCE OCT 1     23.10                     23.62  -0.52    17.70
  SINCE JAN 1     16.49                     14.78   1.71     3.25

DEGREE DAYS
 HEATING
  YESTERDAY        6                        MM     MM        4
  MONTH TO DATE  102                        MM     MM       40
  SINCE SEP 1    102                        MM     MM       40
  SINCE JUL 1    410                        MM     MM       99

 COOLING
  YESTERDAY        0                        MM     MM        0
  MONTH TO DATE   44                         0     44       85
  SINCE SEP 1     44                         0     44       85
  SINCE JAN 1     75                         0     75      176
..................................................................







THE SAN FRANCISCO DWTN CA CLIMATE NORMALS FOR TODAY
                         NORMAL    RECORD    YEAR
 MAXIMUM TEMPERATURE (F)   70        93      1988
 MINIMUM TEMPERATURE (F)   55        49      1906


SUNRISE AND SUNSET
SEPTEMBER 29 2016.....SUNRISE   704 AM PDT   SUNSET   655 PM PDT
SEPTEMBER 30 2016.....SUNRISE   705 AM PDT   SUNSET   653 PM PDT


-  INDICATES NEGATIVE NUMBERS.
R  INDICATES RECORD WAS SET OR TIED.
MM INDICATES DATA IS MISSING.
T  INDICATES TRACE AMOUNT.




$$
