000
CDUS46 KMTR 230829
CLISFD


CLIMATE REPORT
NATIONAL WEATHER SERVICE SAN FRANCISCO BAY AREA
129 AM PDT WED APR 23 2014


...................................

...THE SAN FRANCISCO DWTN CA CLIMATE SUMMARY FOR APRIL 22 2014...

CLIMATE NORMAL PERIOD 1981 TO 2010
CLIMATE RECORD PERIOD 1850 TO 2014


WEATHER ITEM   OBSERVED TIME   RECORD YEAR NORMAL DEPARTURE LAST
                VALUE   (LST)  VALUE       VALUE  FROM      YEAR
                                                  NORMAL
..................................................................
TEMPERATURE (F)
 YESTERDAY
  MAXIMUM         59    143 PM  86    1910  63     -4       82
  MINIMUM         50    743 AM  44    1901  49      1       51
  AVERAGE         55                        56     -1       67

PRECIPITATION (IN)
  YESTERDAY        0.01          0.43 2007   0.04  -0.03     0.00
  MONTH TO DATE    1.29                      1.17   0.12     1.01
  SINCE JUL 1     12.20                     22.50 -10.30    16.42
  SINCE JAN 1     10.12                     13.39  -3.27     3.32

DEGREE DAYS
 HEATING
  YESTERDAY       10                        MM     MM        0
  MONTH TO DATE  165                        MM     MM      159
  SINCE MAR 1    364                        MM     MM      464
  SINCE JUL 1   2027                        MM     MM     2495

 COOLING
  YESTERDAY        0                        MM     MM        2
  MONTH TO DATE    3                         0      3        2
  SINCE MAR 1      4                         0      4        2
  SINCE JAN 1      4                         0      4        2
..................................................................







THE SAN FRANCISCO DWTN CA CLIMATE NORMALS FOR TODAY
                         NORMAL    RECORD    YEAR
 MAXIMUM TEMPERATURE (F)   64        87      1910
 MINIMUM TEMPERATURE (F)   50        43      1899


SUNRISE AND SUNSET
APRIL 23 2014.........SUNRISE   624 AM PDT   SUNSET   753 PM PDT
APRIL 24 2014.........SUNRISE   622 AM PDT   SUNSET   754 PM PDT


-  INDICATES NEGATIVE NUMBERS.
R  INDICATES RECORD WAS SET OR TIED.
MM INDICATES DATA IS MISSING.
T  INDICATES TRACE AMOUNT.




$$
