000
CDUS46 KMTR 070038
CLISFD


CLIMATE REPORT
NATIONAL WEATHER SERVICE SAN FRANCISCO BAY AREA
438 PM PST FRI MAR 6 2015


...................................

...THE SAN FRANCISCO DWTN CA CLIMATE SUMMARY FOR MARCH 6 2015...
VALID TODAY AS OF 0400 PM LOCAL TIME.

CLIMATE NORMAL PERIOD 1981 TO 2010
CLIMATE RECORD PERIOD 1850 TO 2015


WEATHER ITEM   OBSERVED TIME   RECORD YEAR NORMAL DEPARTURE LAST
                VALUE   (LST)  VALUE       VALUE  FROM      YEAR
                                                  NORMAL
..................................................................
TEMPERATURE (F)
 TODAY
  MAXIMUM         70    243 PM  78    1892  62      8       63
  MINIMUM         51    743 AM  39    1956  48      3       53
  AVERAGE         61                        55      6       58

PRECIPITATION (IN)
  TODAY            0.00          1.64 1911   0.12  -0.12     0.03
  MONTH TO DATE    0.00                      0.79  -0.79     0.68
  SINCE OCT 1     15.92                     18.59  -2.67     8.21
  SINCE JAN 1      1.47                      9.75  -8.28     6.56

DEGREE DAYS
 HEATING
  TODAY            4                        MM     MM        7
  MONTH TO DATE   40                        MM     MM       42
  SINCE MAR 1     40                        MM     MM       42
  SINCE JUL 1   1114                        MM     MM     1705

 COOLING
  TODAY            0                        MM     MM        0
  MONTH TO DATE    0                         0      0        0
  SINCE MAR 1      0                         0      0        0
  SINCE JAN 1      0                         0      0        0
..................................................................







THE SAN FRANCISCO DWTN CA CLIMATE NORMALS FOR TOMORROW
                         NORMAL    RECORD    YEAR
 MAXIMUM TEMPERATURE (F)   62        80      1892
 MINIMUM TEMPERATURE (F)   48        40      1897


SUNRISE AND SUNSET
MARCH  6 2015.........SUNRISE   634 AM PST   SUNSET   608 PM PST
MARCH  7 2015.........SUNRISE   633 AM PST   SUNSET   609 PM PST


-  INDICATES NEGATIVE NUMBERS.
R  INDICATES RECORD WAS SET OR TIED.
MM INDICATES DATA IS MISSING.
T  INDICATES TRACE AMOUNT.




$$
