000
CDUS46 KMTR 010029
CLISFD


CLIMATE REPORT
NATIONAL WEATHER SERVICE SAN FRANCISCO BAY AREA
528 PM PDT WED AUG 31 2016


...................................

...THE SAN FRANCISCO DWTN CA CLIMATE SUMMARY FOR AUGUST 31 2016...
VALID TODAY AS OF 0500 PM LOCAL TIME.

CLIMATE NORMAL PERIOD 1981 TO 2010
CLIMATE RECORD PERIOD 1850 TO 2016


WEATHER ITEM   OBSERVED TIME   RECORD YEAR NORMAL DEPARTURE LAST
                VALUE   (LST)  VALUE       VALUE  FROM      YEAR
                                                  NORMAL
..................................................................
TEMPERATURE (F)
 TODAY
  MAXIMUM         66    343 PM  87    1943  70     -4       75
  MINIMUM         57    643 AM  48    1910  55      2       60
  AVERAGE         62                        63     -1       68

PRECIPITATION (IN)
  TODAY            0.00          0.02 1944   0.00   0.00     0.00
  MONTH TO DATE    0.02                      0.06  -0.04     0.02
  SINCE OCT 1     23.10                     23.44  -0.34    17.66
  SINCE JAN 1     16.49                     14.60   1.89     3.21

DEGREE DAYS
 HEATING
  TODAY            3                        MM     MM        0
  MONTH TO DATE  140                        MM     MM       16
  SINCE JUN 1    448                       449     -1      195
  SINCE JUL 1    308                       275     33       59

 COOLING
  TODAY            0                        MM     MM        3
  MONTH TO DATE    0                        15    -15       56
  SINCE JUN 1      5                        37    -32       77
  SINCE JAN 1     31                        54    -23       91
..................................................................







THE SAN FRANCISCO DWTN CA CLIMATE NORMALS FOR TOMORROW
                         NORMAL    RECORD    YEAR
 MAXIMUM TEMPERATURE (F)   70        90      1952
 MINIMUM TEMPERATURE (F)   55        48      1910


SUNRISE AND SUNSET
AUGUST 31 2016........SUNRISE   639 AM PDT   SUNSET   739 PM PDT
SEPTEMBER  1 2016.....SUNRISE   640 AM PDT   SUNSET   738 PM PDT


-  INDICATES NEGATIVE NUMBERS.
R  INDICATES RECORD WAS SET OR TIED.
MM INDICATES DATA IS MISSING.
T  INDICATES TRACE AMOUNT.




$$
