000
CDUS46 KMTR 050837
CLISFD


CLIMATE REPORT
NATIONAL WEATHER SERVICE SAN FRANCISCO BAY AREA
137 AM PDT THU MAY 5 2016


...................................

...THE SAN FRANCISCO DWTN CA CLIMATE SUMMARY FOR MAY 4 2016...

CLIMATE NORMAL PERIOD 1981 TO 2010
CLIMATE RECORD PERIOD 1850 TO 2016


WEATHER ITEM   OBSERVED TIME   RECORD YEAR NORMAL DEPARTURE LAST
                VALUE   (LST)  VALUE       VALUE  FROM      YEAR
                                                  NORMAL
..................................................................
TEMPERATURE (F)
 YESTERDAY
  MAXIMUM         64    143 PM  84    1935  64      0       55
  MINIMUM         53   1243 AM  45    1952  50      3       50
  AVERAGE         59                        57      2       53

PRECIPITATION (IN)
  YESTERDAY        0.00          1.21 1883   0.03  -0.03     0.00
  MONTH TO DATE    0.00                      0.13  -0.13     0.00
  SINCE OCT 1     22.91                     22.65   0.26    17.34
  SINCE JAN 1     16.30                     13.81   2.49     2.89

DEGREE DAYS
 HEATING
  YESTERDAY        6                        MM     MM       12
  MONTH TO DATE   22                        MM     MM       33
  SINCE MAR 1    446                        MM     MM      430
  SINCE JUL 1   1771                        MM     MM     1504

 COOLING
  YESTERDAY        0                        MM     MM        0
  MONTH TO DATE    1                         0      1        0
  SINCE MAR 1     20                         0     20       14
  SINCE JAN 1     23                         0     23       14
..................................................................







THE SAN FRANCISCO DWTN CA CLIMATE NORMALS FOR TODAY
                         NORMAL    RECORD    YEAR
 MAXIMUM TEMPERATURE (F)   64        93      1987
 MINIMUM TEMPERATURE (F)   50        46      1952


SUNRISE AND SUNSET
MAY  5 2016...........SUNRISE   609 AM PDT   SUNSET   804 PM PDT
MAY  6 2016...........SUNRISE   608 AM PDT   SUNSET   805 PM PDT


-  INDICATES NEGATIVE NUMBERS.
R  INDICATES RECORD WAS SET OR TIED.
MM INDICATES DATA IS MISSING.
T  INDICATES TRACE AMOUNT.




$$
