000
CDUS46 KOTX 130857
CLISFF


CLIMATE REPORT
NATIONAL WEATHER SERVICE SPOKANE, WA
1257 AM PST WED DEC 13 2017


...................................

...THE SPOKANE WA FELTS AIRPORT CLIMATE SUMMARY FOR DECEMBER 12 2017...

CLIMATE NORMAL PERIOD 1981 TO 2010
CLIMATE RECORD PERIOD 9999 TO 9999


WEATHER ITEM   OBSERVED TIME   RECORD YEAR NORMAL DEPARTURE LAST
                VALUE   (LST)  VALUE       VALUE  FROM      YEAR
                                                  NORMAL
..................................................................
TEMPERATURE (F)
 YESTERDAY
  MAXIMUM         29   1159 PM  MM      MM  35     -6       30
  MINIMUM         27    438 PM  MM      MM  24      3       25
  AVERAGE         28                        30     -2       28

PRECIPITATION (IN)
  YESTERDAY        0.00         MM      MM   0.08  -0.08     0.01
  MONTH TO DATE    0.12                      1.01  -0.89     0.50
  SINCE OCT 1      4.34                      4.65  -0.31     8.30
  SINCE JAN 1     18.57                     16.23   2.34    19.47

SNOWFALL (IN)
  YESTERDAY       MM

DEGREE DAYS
 HEATING
  YESTERDAY       37                        35      2       37
  MONTH TO DATE  399                       411    -12      432
  SINCE DEC 1    399                       411    -12      432
  SINCE JUL 1   1804                      1985   -181     1621

 COOLING
  YESTERDAY        0                         0      0        0
  MONTH TO DATE    0                         0      0        0
  SINCE DEC 1      0                         0      0        0
  SINCE JAN 1    753                       406    347      480
..................................................................


WIND (MPH)
  HIGHEST WIND SPEED     8   HIGHEST WIND DIRECTION    SW (240)
  HIGHEST GUST SPEED    10   HIGHEST GUST DIRECTION     N (350)
  AVERAGE WIND SPEED     3.4


SKY COVER
  POSSIBLE SUNSHINE  MM
  AVERAGE SKY COVER 1.0


WEATHER CONDITIONS
 THE FOLLOWING WEATHER WAS RECORDED YESTERDAY.
  FOG


RELATIVE HUMIDITY (PERCENT)
 HIGHEST    92           100 AM
 LOWEST     84          1100 AM
 AVERAGE    88

..........................................................


THE SPOKANE WA FELTS AIRPORT CLIMATE NORMALS FOR TODAY
                         NORMAL    RECORD    YEAR
 MAXIMUM TEMPERATURE (F)   35        MM        MM
 MINIMUM TEMPERATURE (F)   24        MM        MM


SUNRISE AND SUNSET
DECEMBER 13 2017......SUNRISE   730 AM PST   SUNSET   358 PM PST
DECEMBER 14 2017......SUNRISE   731 AM PST   SUNSET   358 PM PST


-  INDICATES NEGATIVE NUMBERS.
R  INDICATES RECORD WAS SET OR TIED.
MM INDICATES DATA IS MISSING.
T  INDICATES TRACE AMOUNT.




$$
