000
CDUS46 KOTX 210823
CLISFF


CLIMATE REPORT
NATIONAL WEATHER SERVICE SPOKANE, WA
1223 AM PST SAT JAN 21 2017


...................................

...THE SPOKANE WA FELTS AIRPORT CLIMATE SUMMARY FOR JANUARY 20 2017...

CLIMATE NORMAL PERIOD 1981 TO 2010
CLIMATE RECORD PERIOD 9999 TO 9999


WEATHER ITEM   OBSERVED TIME   RECORD YEAR NORMAL DEPARTURE LAST
                VALUE   (LST)  VALUE       VALUE  FROM      YEAR
                                                  NORMAL
..................................................................
TEMPERATURE (F)
 YESTERDAY
  MAXIMUM         47   1248 PM  MM      MM  37     10       42
  MINIMUM         26    707 AM  MM      MM  27     -1       32
  AVERAGE         37                        32      5       37

PRECIPITATION (IN)
  YESTERDAY        0.00         MM      MM   0.06  -0.06     0.06
  MONTH TO DATE    1.23                      1.32  -0.09     1.27
  SINCE OCT 1     10.32                      7.52   2.80     6.81
  SINCE JAN 1      1.23                      1.32  -0.09     1.27

SNOWFALL (IN)
  YESTERDAY       MM

DEGREE DAYS
 HEATING
  YESTERDAY       28                        33     -5       28
  MONTH TO DATE  915                       685    230      674
  SINCE DEC 1   2119                      1780    339     1638
  SINCE JUL 1   3308                      3354    -46     2895

 COOLING
  YESTERDAY        0                         0      0        0
  MONTH TO DATE    0                         0      0        0
  SINCE DEC 1      0                         0      0        0
  SINCE JAN 1      0                         0      0        0
..................................................................


WIND (MPH)
  HIGHEST WIND SPEED    12   HIGHEST WIND DIRECTION     E (90)
  HIGHEST GUST SPEED    15   HIGHEST GUST DIRECTION     E (80)
  AVERAGE WIND SPEED     2.8


SKY COVER
  POSSIBLE SUNSHINE  MM
  AVERAGE SKY COVER 0.5


WEATHER CONDITIONS
 THE FOLLOWING WEATHER WAS RECORDED YESTERDAY.
  FOG


RELATIVE HUMIDITY (PERCENT)
 HIGHEST   100           100 AM
 LOWEST     58           100 PM
 AVERAGE    79

..........................................................


THE SPOKANE WA FELTS AIRPORT CLIMATE NORMALS FOR TODAY
                         NORMAL    RECORD    YEAR
 MAXIMUM TEMPERATURE (F)   37        MM        MM
 MINIMUM TEMPERATURE (F)   27        MM        MM


SUNRISE AND SUNSET
JANUARY 21 2017.......SUNRISE   728 AM PST   SUNSET   434 PM PST
JANUARY 22 2017.......SUNRISE   727 AM PST   SUNSET   436 PM PST


-  INDICATES NEGATIVE NUMBERS.
R  INDICATES RECORD WAS SET OR TIED.
MM INDICATES DATA IS MISSING.
T  INDICATES TRACE AMOUNT.




$$
