000
CDUS46 KOTX 050826
CLISFF


CLIMATE REPORT
NATIONAL WEATHER SERVICE SPOKANE, WA
1225 AM PST MON DEC 5 2016


...................................

...THE SPOKANE WA FELTS AIRPORT CLIMATE SUMMARY FOR DECEMBER 4 2016...

CLIMATE NORMAL PERIOD 1981 TO 2010
CLIMATE RECORD PERIOD 9999 TO 9999


WEATHER ITEM   OBSERVED TIME   RECORD YEAR NORMAL DEPARTURE LAST
                VALUE   (LST)  VALUE       VALUE  FROM      YEAR
                                                  NORMAL
..................................................................
TEMPERATURE (F)
 YESTERDAY
  MAXIMUM         43    117 PM  MM      MM  37      6       46
  MINIMUM         27   1159 PM  MM      MM  26      1       37
  AVERAGE         35                        31      4       42

PRECIPITATION (IN)
  YESTERDAY        0.01         MM      MM   0.08  -0.07     0.01
  MONTH TO DATE    0.13                      0.34  -0.21     0.16
  SINCE OCT 1      7.93                      3.98   3.95     2.18
  SINCE JAN 1     19.10                     15.56   3.54    11.31

SNOWFALL (IN)
  YESTERDAY       MM

DEGREE DAYS
 HEATING
  YESTERDAY       30                        34     -4       23
  MONTH TO DATE  115                       134    -19      123
  SINCE DEC 1    115                       134    -19      123
  SINCE JUL 1   1304                      1708   -404     1380

 COOLING
  YESTERDAY        0                         0      0        0
  MONTH TO DATE    0                         0      0        0
  SINCE DEC 1      0                         0      0        0
  SINCE JAN 1    480                       406     74      842
..................................................................


WIND (MPH)
  HIGHEST WIND SPEED    22   HIGHEST WIND DIRECTION    SW (220)
  HIGHEST GUST SPEED    29   HIGHEST GUST DIRECTION    SW (220)
  AVERAGE WIND SPEED     9.1


SKY COVER
  POSSIBLE SUNSHINE  MM
  AVERAGE SKY COVER 0.7


WEATHER CONDITIONS
 THE FOLLOWING WEATHER WAS RECORDED YESTERDAY.
  LIGHT RAIN
  LIGHT SNOW
  FOG
  HAZE


RELATIVE HUMIDITY (PERCENT)
 HIGHEST    82           500 PM
 LOWEST     58           900 PM
 AVERAGE    70

..........................................................


THE SPOKANE WA FELTS AIRPORT CLIMATE NORMALS FOR TODAY
                         NORMAL    RECORD    YEAR
 MAXIMUM TEMPERATURE (F)   37        MM        MM
 MINIMUM TEMPERATURE (F)   26        MM        MM


SUNRISE AND SUNSET
DECEMBER  5 2016......SUNRISE   722 AM PST   SUNSET   358 PM PST
DECEMBER  6 2016......SUNRISE   723 AM PST   SUNSET   358 PM PST


-  INDICATES NEGATIVE NUMBERS.
R  INDICATES RECORD WAS SET OR TIED.
MM INDICATES DATA IS MISSING.
T  INDICATES TRACE AMOUNT.




$$
