000
CDUS46 KMTR 020834
CLISFO


CLIMATE REPORT
NATIONAL WEATHER SERVICE SAN FRANCISCO BAY AREA
1233 AM PST MON MAR 2 2015


...................................

...THE SAN FRANCISCO AIRPORT CLIMATE SUMMARY FOR MARCH 1 2015...

CLIMATE NORMAL PERIOD 1981 TO 2010
CLIMATE RECORD PERIOD 1927 TO 2015


WEATHER ITEM   OBSERVED TIME   RECORD YEAR NORMAL DEPARTURE LAST
                VALUE   (LST)  VALUE       VALUE  FROM      YEAR
                                                  NORMAL
..................................................................
TEMPERATURE (F)
 YESTERDAY
  MAXIMUM         65    311 PM  74    1959  61      4       63
  MINIMUM         48    241 AM  35    1955  47      1       53
  AVERAGE         57                        54      3       58

PRECIPITATION (IN)
  YESTERDAY        0.00          1.06 1974   0.13  -0.13     0.14
  MONTH TO DATE    0.00                      0.13  -0.13     0.14
  SINCE OCT 1     14.97                     15.74  -0.77     5.17
  SINCE JAN 1      2.01                      8.38  -6.37     3.91

SNOWFALL (IN)
  YESTERDAY        0.0           0.0
  MONTH TO DATE    0.0
  SINCE MAR 1      0.0
  SINCE JUL 1      0.0

DEGREE DAYS
 HEATING
  YESTERDAY        8                        11     -3        7
  MONTH TO DATE    8                        11     -3        7
  SINCE MAR 1      8                        11     -3        7
  SINCE JUL 1    955                      1817   -862     1552

 COOLING
  YESTERDAY        0                         0      0        0
  MONTH TO DATE    0                         0      0        0
  SINCE MAR 1      0                         0      0        0
  SINCE JAN 1      0                         0      0        0
..................................................................


WIND (MPH)
  RESULTANT WIND SPEED   3   RESULTANT WIND DIRECTION   W (250)
  HIGHEST WIND SPEED    21   HIGHEST WIND DIRECTION     W (280)
  HIGHEST GUST SPEED    24   HIGHEST GUST DIRECTION     W (270)
  AVERAGE WIND SPEED     6.7


SKY COVER
  POSSIBLE SUNSHINE  MM
  AVERAGE SKY COVER 0.2


WEATHER CONDITIONS
 THE FOLLOWING WEATHER WAS RECORDED YESTERDAY.
  NO SIGNIFICANT WEATHER WAS OBSERVED.


RELATIVE HUMIDITY (PERCENT)
 HIGHEST   100           200 AM
 LOWEST     39          1200 PM
 AVERAGE    70

..........................................................


THE SAN FRANCISCO AIRPORT CLIMATE NORMALS FOR TODAY
                         NORMAL    RECORD    YEAR
 MAXIMUM TEMPERATURE (F)   61        71      1994
                                             1931
 MINIMUM TEMPERATURE (F)   47        34      1953


SUNRISE AND SUNSET
MARCH  2 2015.........SUNRISE   640 AM PST   SUNSET   604 PM PST
MARCH  3 2015.........SUNRISE   638 AM PST   SUNSET   605 PM PST


-  INDICATES NEGATIVE NUMBERS.
R  INDICATES RECORD WAS SET OR TIED.
MM INDICATES DATA IS MISSING.
T  INDICATES TRACE AMOUNT.




$$
