000
CDUS43 KSGF 252330
CLISGF


CLIMATE REPORT
NATIONAL WEATHER SERVICE SPRINGFIELD MO
530 PM CST SUN FEB 25 2018


...................................

...THE SPRINGFIELD MO CLIMATE SUMMARY FOR FEBRUARY 25 2018...
VALID TODAY AS OF 0500 PM LOCAL TIME.

CLIMATE NORMAL PERIOD 1981 TO 2010
CLIMATE RECORD PERIOD 1888 TO 2018


WEATHER ITEM   OBSERVED TIME   RECORD YEAR NORMAL DEPARTURE LAST
                VALUE   (LST)  VALUE       VALUE  FROM      YEAR
                                                  NORMAL
..................................................................
TEMPERATURE (F)
 TODAY
  MAXIMUM         55    459 PM  74    1981  51      4       44
  MINIMUM         29    723 AM   0    1965  29      0       21
  AVERAGE         42                        40      2       33

PRECIPITATION (IN)
  TODAY            0.00          0.74 1899   0.10  -0.10     0.00
  MONTH TO DATE    7.50                      2.22   5.28     0.29
  SINCE DEC 1     10.98                      7.73   3.25     4.98
  SINCE JAN 1      9.46                      4.69   4.77     4.36

SNOWFALL (IN)
  TODAY            0.0
  MONTH TO DATE    0.9
  SINCE DEC 1      5.4
  SINCE JUL 1      5.4
  SNOW DEPTH       0

DEGREE DAYS
 HEATING
  TODAY           23                        25     -2       32
  MONTH TO DATE  678                       707    -29      434
  SINCE DEC 1   2570                      2641    -71     2128
  SINCE JUL 1   3254                      3520   -266     2644

 COOLING
  TODAY            0                         0      0        0
  MONTH TO DATE    1                         0      1        7
  SINCE DEC 1      1                         0      1        7
  SINCE JAN 1      1                         0      1        7
..................................................................


WIND (MPH)
  HIGHEST WIND SPEED    10   HIGHEST WIND DIRECTION    SE (140)
  HIGHEST GUST SPEED    17   HIGHEST GUST DIRECTION    SE (120)


SKY COVER
  AVERAGE SKY COVER 0.0


WEATHER CONDITIONS
 THE FOLLOWING WEATHER WAS RECORDED TODAY.
  NO SIGNIFICANT WEATHER WAS OBSERVED.


RELATIVE HUMIDITY (PERCENT)
 HIGHEST    92          1200 AM
 LOWEST     30           400 PM
 AVERAGE    61

..........................................................


THE SPRINGFIELD MO CLIMATE NORMALS FOR TOMORROW
                         NORMAL    RECORD    YEAR
 MAXIMUM TEMPERATURE (F)   52        77      1996
 MINIMUM TEMPERATURE (F)   30         4      1934


SUNRISE AND SUNSET
FEBRUARY 25 2018......SUNRISE   650 AM CST   SUNSET   604 PM CST
FEBRUARY 26 2018......SUNRISE   649 AM CST   SUNSET   605 PM CST


-  INDICATES NEGATIVE NUMBERS.
R  INDICATES RECORD WAS SET OR TIED.
MM INDICATES DATA IS MISSING.
T  INDICATES TRACE AMOUNT.




$$
