000
CDUS43 KSGF 190659
CLISGF


CLIMATE REPORT
NATIONAL WEATHER SERVICE SPRINGFIELD MO
1259 AM CST SUN FEB 19 2017


...................................

...THE SPRINGFIELD MO CLIMATE SUMMARY FOR FEBRUARY 18 2017...

CLIMATE NORMAL PERIOD 1981 TO 2010
CLIMATE RECORD PERIOD 1888 TO 2017


WEATHER ITEM   OBSERVED TIME   RECORD YEAR NORMAL DEPARTURE LAST
                VALUE   (LST)  VALUE       VALUE  FROM      YEAR
                                                  NORMAL
..................................................................
TEMPERATURE (F)
 YESTERDAY
  MAXIMUM         67    431 PM  74    2016  49     18       74
                                      1948
  MINIMUM         43   1123 PM  -8    1936  27     16       42
  AVERAGE         55                        38     17       58

PRECIPITATION (IN)
  YESTERDAY        0.00          1.16 1911   0.10  -0.10     0.00
  MONTH TO DATE    0.15                      1.52  -1.37     0.11
  SINCE DEC 1      4.84                      7.03  -2.19    12.46
  SINCE JAN 1      4.22                      3.99   0.23     1.03

SNOWFALL (IN)
  YESTERDAY        0.0
  MONTH TO DATE    0.0
  SINCE DEC 1      1.7
  SINCE JUL 1      1.7
  SNOW DEPTH       0

DEGREE DAYS
 HEATING
  YESTERDAY       10                        27    -17        7
  MONTH TO DATE  366                       527   -161      483
  SINCE DEC 1   2060                      2461   -401     2077
  SINCE JUL 1   2576                      3340   -764     2722

 COOLING
  YESTERDAY        0                         0      0        0
  MONTH TO DATE    3                         0      3        0
  SINCE DEC 1      3                         0      3        0
  SINCE JAN 1      3                         0      3        0
..................................................................


WIND (MPH)
  HIGHEST WIND SPEED    14   HIGHEST WIND DIRECTION     W (280)
  HIGHEST GUST SPEED    19   HIGHEST GUST DIRECTION     W (280)
  AVERAGE WIND SPEED     6.4


SKY COVER
  AVERAGE SKY COVER 0.3


WEATHER CONDITIONS
 THE FOLLOWING WEATHER WAS RECORDED YESTERDAY.
  FOG


RELATIVE HUMIDITY (PERCENT)
 HIGHEST    93          1100 PM
 LOWEST     52           300 PM
 AVERAGE    73

..........................................................


THE SPRINGFIELD MO CLIMATE NORMALS FOR TODAY
                         NORMAL    RECORD    YEAR
 MAXIMUM TEMPERATURE (F)   49        72      2016
 MINIMUM TEMPERATURE (F)   27        -5      2015


SUNRISE AND SUNSET
FEBRUARY 19 2017......SUNRISE   657 AM CST   SUNSET   558 PM CST
FEBRUARY 20 2017......SUNRISE   656 AM CST   SUNSET   559 PM CST


-  INDICATES NEGATIVE NUMBERS.
R  INDICATES RECORD WAS SET OR TIED.
MM INDICATES DATA IS MISSING.
T  INDICATES TRACE AMOUNT.




$$
