000
CDUS43 KSGF 210046
CLISGF


CLIMATE REPORT
NATIONAL WEATHER SERVICE SPRINGFIELD MO
527 PM CDT WED SEP 20 2017


...................................

...THE SPRINGFIELD MO CLIMATE SUMMARY FOR SEPTEMBER 20 2017...
VALID TODAY AS OF 0500 PM LOCAL TIME.

CLIMATE NORMAL PERIOD 1981 TO 2010
CLIMATE RECORD PERIOD 1888 TO 2017


WEATHER ITEM   OBSERVED TIME   RECORD YEAR NORMAL DEPARTURE LAST
                VALUE   (LST)  VALUE       VALUE  FROM      YEAR
                                                  NORMAL
..................................................................
TEMPERATURE (F)
 TODAY
  MAXIMUM         93    351 PM  97    1954  78     15       92
  MINIMUM         71    632 AM  37    1991  56     15       69
  AVERAGE         82                        67     15       81

PRECIPITATION (IN)
  TODAY            0.00          2.49 1992   0.15  -0.15     0.00
  MONTH TO DATE    0.43                      3.10  -2.67     3.70
  SINCE SEP 1      0.43                      3.10  -2.67     3.70
  SINCE JAN 1     43.01                     33.21   9.80    29.32

SNOWFALL (IN)
  TODAY            0.0
  MONTH TO DATE    0.0
  SINCE SEP 1      0.0
  SINCE JUL 1      0.0
  SNOW DEPTH       0

DEGREE DAYS
 HEATING
  TODAY            0                         2     -2        0
  MONTH TO DATE    6                        17    -11        0
  SINCE SEP 1      6                        17    -11        0
  SINCE JUL 1      6                        19    -13        0

 COOLING
  TODAY           17                         4     13       16
  MONTH TO DATE  126                       140    -14      206
  SINCE SEP 1    126                       140    -14      206
  SINCE JAN 1   1284                      1326    -42     1638
..................................................................


WIND (MPH)
  HIGHEST WIND SPEED    20   HIGHEST WIND DIRECTION    SW (210)
  HIGHEST GUST SPEED    26   HIGHEST GUST DIRECTION    SW (220)


SKY COVER
  AVERAGE SKY COVER 0.0


WEATHER CONDITIONS
 THE FOLLOWING WEATHER WAS RECORDED TODAY.
  NO SIGNIFICANT WEATHER WAS OBSERVED.


RELATIVE HUMIDITY (PERCENT)
 HIGHEST   100           700 AM
 LOWEST     46           300 PM
 AVERAGE    73

..........................................................


THE SPRINGFIELD MO CLIMATE NORMALS FOR TOMORROW
                         NORMAL    RECORD    YEAR
 MAXIMUM TEMPERATURE (F)   78        93      1955
                                             1893
 MINIMUM TEMPERATURE (F)   55        37      1995
                                             1983


SUNRISE AND SUNSET
SEPTEMBER 20 2017.....SUNRISE   700 AM CDT   SUNSET   713 PM CDT
SEPTEMBER 21 2017.....SUNRISE   701 AM CDT   SUNSET   711 PM CDT


-  INDICATES NEGATIVE NUMBERS.
R  INDICATES RECORD WAS SET OR TIED.
MM INDICATES DATA IS MISSING.
T  INDICATES TRACE AMOUNT.




$$
