000
CDUS43 KSGF 192326
CLISGF


CLIMATE REPORT
NATIONAL WEATHER SERVICE SPRINGFIELD MO
526 PM CST THU JAN 19 2017


...................................

...THE SPRINGFIELD MO CLIMATE SUMMARY FOR JANUARY 19 2017...
VALID TODAY AS OF 0500 PM LOCAL TIME.

CLIMATE NORMAL PERIOD 1981 TO 2010
CLIMATE RECORD PERIOD 1888 TO 2017


WEATHER ITEM   OBSERVED TIME   RECORD YEAR NORMAL DEPARTURE LAST
                VALUE   (LST)  VALUE       VALUE  FROM      YEAR
                                                  NORMAL
..................................................................
TEMPERATURE (F)
 TODAY
  MAXIMUM         53    459 PM  72    1951  43     10       27
  MINIMUM         43    228 AM -13    1984  22     21       22
  AVERAGE         48                        32     16       25

PRECIPITATION (IN)
  TODAY            0.02          2.12 1990   0.08  -0.06      T
  MONTH TO DATE    3.52                      1.58   1.94     0.81
  SINCE DEC 1      4.14                      4.62  -0.48    12.24
  SINCE JAN 1      3.52                      1.58   1.94     0.81

SNOWFALL (IN)
  TODAY            0.0
  MONTH TO DATE    1.5
  SINCE DEC 1      1.7
  SINCE JUL 1      1.7
  SNOW DEPTH       0

DEGREE DAYS
 HEATING
  TODAY           17                        32    -15       40
  MONTH TO DATE  543                       623    -80      628
  SINCE DEC 1   1440                      1554   -114     1277
  SINCE JUL 1   1956                      2433   -477     1922

 COOLING
  TODAY            0                         0      0        0
  MONTH TO DATE    0                         0      0        0
  SINCE DEC 1      0                         0      0        0
  SINCE JAN 1      0                         0      0        0
..................................................................


WIND (MPH)
  HIGHEST WIND SPEED    15   HIGHEST WIND DIRECTION     S (160)
  HIGHEST GUST SPEED    19   HIGHEST GUST DIRECTION    SE (150)


SKY COVER
  AVERAGE SKY COVER 1.0


WEATHER CONDITIONS
 THE FOLLOWING WEATHER WAS RECORDED TODAY.
  LIGHT RAIN
  FOG


RELATIVE HUMIDITY (PERCENT)
 HIGHEST   100           200 AM
 LOWEST     89           100 PM
 AVERAGE    95

..........................................................


THE SPRINGFIELD MO CLIMATE NORMALS FOR TOMORROW
                         NORMAL    RECORD    YEAR
 MAXIMUM TEMPERATURE (F)   43        70      1906
                                             1895
 MINIMUM TEMPERATURE (F)   22       -13      1985


SUNRISE AND SUNSET
JANUARY 19 2017.......SUNRISE   725 AM CST   SUNSET   524 PM CST
JANUARY 20 2017.......SUNRISE   724 AM CST   SUNSET   525 PM CST


-  INDICATES NEGATIVE NUMBERS.
R  INDICATES RECORD WAS SET OR TIED.
MM INDICATES DATA IS MISSING.
T  INDICATES TRACE AMOUNT.




$$
