000
CDUS45 KBYZ 270724
CLISHR


CLIMATE REPORT
NATIONAL WEATHER SERVICE BILLINGS MT
123 AM MDT THU JUL 27 2017


...................................

...THE SHERIDAN WY CLIMATE SUMMARY FOR JULY 26 2017...

CLIMATE NORMAL PERIOD 1981 TO 2010
CLIMATE RECORD PERIOD 1907 TO 2017


WEATHER ITEM   OBSERVED TIME   RECORD YEAR NORMAL DEPARTURE LAST
                VALUE   (LST)  VALUE       VALUE  FROM      YEAR
                                                  NORMAL
..................................................................
TEMPERATURE (F)
 YESTERDAY
  MAXIMUM         89    245 PM 103    1929  89      0       91
  MINIMUM         54    533 AM  41    1971  54      0       65
  AVERAGE         72                        72      0       78

PRECIPITATION (IN)
  YESTERDAY        0.00          0.98 1981   0.03  -0.03     0.00
  MONTH TO DATE    0.36                      1.01  -0.65     0.16
  SINCE OCT 1     17.17                     11.84   5.33    10.16
  SINCE JAN 1     13.44                      9.16   4.28     8.01

DEGREE DAYS
 HEATING
  YESTERDAY        0                         0      0        0
  MONTH TO DATE    0                        24    -24        6
  SINCE JUN 1     78                       173    -95       22
  SINCE JUL 1      0                        24    -24        6

 COOLING
  YESTERDAY        7                         7      0       13
  MONTH TO DATE  247                       149     98      189
  SINCE JUN 1    281                       195     86      312
  SINCE JAN 1    281                       199     82      314
..................................................................


WIND (MPH)
  HIGHEST WIND SPEED    17   HIGHEST WIND DIRECTION    SE (150)
  HIGHEST GUST SPEED    26   HIGHEST GUST DIRECTION    SE (150)
  AVERAGE WIND SPEED     8.3


SKY COVER
  POSSIBLE SUNSHINE  MM
  AVERAGE SKY COVER 0.1


WEATHER CONDITIONS
 THE FOLLOWING WEATHER WAS RECORDED YESTERDAY.
  NO SIGNIFICANT WEATHER WAS OBSERVED.


RELATIVE HUMIDITY (PERCENT)
 HIGHEST    93           100 AM
 LOWEST     29           300 PM
 AVERAGE    61

..........................................................


THE SHERIDAN WY CLIMATE NORMALS FOR TODAY
                         NORMAL    RECORD    YEAR
 MAXIMUM TEMPERATURE (F)   89       103      1931
 MINIMUM TEMPERATURE (F)   54        45      2014
                                             1911


SUNRISE AND SUNSET
JULY 27 2017..........SUNRISE   549 AM MDT   SUNSET   839 PM MDT
JULY 28 2017..........SUNRISE   550 AM MDT   SUNSET   838 PM MDT


-  INDICATES NEGATIVE NUMBERS.
R  INDICATES RECORD WAS SET OR TIED.
MM INDICATES DATA IS MISSING.
T  INDICATES TRACE AMOUNT.




$$
