000
CDUS45 KBYZ 022225
CLISHR


CLIMATE REPORT
NATIONAL WEATHER SERVICE BILLINGS MT
421 PM MDT SUN AUG 2 2015


...................................

...THE SHERIDAN WY CLIMATE SUMMARY FOR AUGUST 2 2015...
VALID TODAY AS OF 0400 PM LOCAL TIME.

CLIMATE NORMAL PERIOD 1981 TO 2010
CLIMATE RECORD PERIOD 1907 TO 2015


WEATHER ITEM   OBSERVED TIME   RECORD YEAR NORMAL DEPARTURE LAST
                VALUE   (LST)  VALUE       VALUE  FROM      YEAR
                                                  NORMAL
..................................................................
TEMPERATURE (F)
 TODAY
  MAXIMUM         91    255 PM 100    2001  89      2       89
  MINIMUM         56    547 AM  43    1917  54      2       55
  AVERAGE         74                        72      2       72

PRECIPITATION (IN)
  TODAY            0.00          0.80 1953   0.02  -0.02      T
  MONTH TO DATE    0.00                      0.05  -0.05      T
  SINCE OCT 1     15.26                     12.06   3.20    13.78
  SINCE JAN 1     12.87                      9.38   3.49    10.02

DEGREE DAYS
 HEATING
  TODAY            0                         0      0        0
  MONTH TO DATE    0                         0      0        0
  SINCE JUN 1     64                       175   -111      191
  SINCE JUL 1     20                        26     -6        9

 COOLING
  TODAY            9                         7      2        7
  MONTH TO DATE   19                        14      5       15
  SINCE JUN 1    245                       242      3      198
  SINCE JAN 1    245                       246     -1      206
..................................................................


WIND (MPH)
  HIGHEST WIND SPEED    22   HIGHEST WIND DIRECTION    NW (320)
  HIGHEST GUST SPEED    30   HIGHEST GUST DIRECTION    NW (300)
  AVERAGE WIND SPEED     7.2


SKY COVER
  POSSIBLE SUNSHINE  MM
  AVERAGE SKY COVER 0.0


WEATHER CONDITIONS
 THE FOLLOWING WEATHER WAS RECORDED TODAY.
  NO SIGNIFICANT WEATHER WAS OBSERVED.


RELATIVE HUMIDITY (PERCENT)
 HIGHEST    62           600 AM
 LOWEST     13          1200 AM
 AVERAGE    38

..........................................................


THE SHERIDAN WY CLIMATE NORMALS FOR TOMORROW
                         NORMAL    RECORD    YEAR
 MAXIMUM TEMPERATURE (F)   89       103      2001
 MINIMUM TEMPERATURE (F)   54        41      1910


SUNRISE AND SUNSET
AUGUST  2 2015........SUNRISE   555 AM MDT   SUNSET   833 PM MDT
AUGUST  3 2015........SUNRISE   556 AM MDT   SUNSET   831 PM MDT


-  INDICATES NEGATIVE NUMBERS.
R  INDICATES RECORD WAS SET OR TIED.
MM INDICATES DATA IS MISSING.
T  INDICATES TRACE AMOUNT.




$$
