000
CDUS45 KBYZ 271034
CLISHR


CLIMATE REPORT
NATIONAL WEATHER SERVICE BILLINGS MT
331 AM MST MON FEB 27 2017


...................................

...THE SHERIDAN WY CLIMATE SUMMARY FOR FEBRUARY 26 2017...

CLIMATE NORMAL PERIOD 1981 TO 2010
CLIMATE RECORD PERIOD 1907 TO 2017


WEATHER ITEM   OBSERVED TIME   RECORD YEAR NORMAL DEPARTURE LAST
                VALUE   (LST)  VALUE       VALUE  FROM      YEAR
                                                  NORMAL
..................................................................
TEMPERATURE (F)
 YESTERDAY
  MAXIMUM         36    201 PM  66    2016  42     -6       66
                                      1932
  MINIMUM         11    333 AM -23    1934  17     -6       20
  AVERAGE         24                        29     -5       43

PRECIPITATION (IN)
  YESTERDAY        0.00          0.96 1954   0.02  -0.02     0.00
  MONTH TO DATE    0.62                      0.50   0.12     0.88
  SINCE OCT 1      5.39                      3.74   1.65     3.59
  SINCE JAN 1      1.66                      1.06   0.60     1.44

DEGREE DAYS
 HEATING
  YESTERDAY       41                        36      5       22
  MONTH TO DATE  921                      1003    -82      748
  SINCE DEC 1   3965                      3585    380     3131
  SINCE JUL 1   5442                      5463    -21     4683

 COOLING
  YESTERDAY        0                         0      0        0
  MONTH TO DATE    0                         0      0        0
  SINCE DEC 1      0                         0      0        0
  SINCE JAN 1      0                         0      0        0
..................................................................


WIND (MPH)
  HIGHEST WIND SPEED    18   HIGHEST WIND DIRECTION    SE (140)
  HIGHEST GUST SPEED    21   HIGHEST GUST DIRECTION    SE (140)
  AVERAGE WIND SPEED    10.1


SKY COVER
  POSSIBLE SUNSHINE  MM
  AVERAGE SKY COVER 0.3


WEATHER CONDITIONS
 THE FOLLOWING WEATHER WAS RECORDED YESTERDAY.
  NO SIGNIFICANT WEATHER WAS OBSERVED.


RELATIVE HUMIDITY (PERCENT)
 HIGHEST    76           300 AM
 LOWEST     35           100 PM
 AVERAGE    56

..........................................................


THE SHERIDAN WY CLIMATE NORMALS FOR TODAY
                         NORMAL    RECORD    YEAR
 MAXIMUM TEMPERATURE (F)   42        70      1992
                                             1932
 MINIMUM TEMPERATURE (F)   17       -19      1947


SUNRISE AND SUNSET
FEBRUARY 27 2017......SUNRISE   648 AM MST   SUNSET   553 PM MST
FEBRUARY 28 2017......SUNRISE   647 AM MST   SUNSET   555 PM MST


-  INDICATES NEGATIVE NUMBERS.
R  INDICATES RECORD WAS SET OR TIED.
MM INDICATES DATA IS MISSING.
T  INDICATES TRACE AMOUNT.




$$
