000
CDUS45 KBYZ 231033
CLISHR


CLIMATE REPORT
NATIONAL WEATHER SERVICE BILLINGS MT
332 AM MST MON JAN 23 2017


...................................

...THE SHERIDAN WY CLIMATE SUMMARY FOR JANUARY 22 2017...

CLIMATE NORMAL PERIOD 1981 TO 2010
CLIMATE RECORD PERIOD 1907 TO 2017


WEATHER ITEM   OBSERVED TIME   RECORD YEAR NORMAL DEPARTURE LAST
                VALUE   (LST)  VALUE       VALUE  FROM      YEAR
                                                  NORMAL
..................................................................
TEMPERATURE (F)
 YESTERDAY
  MAXIMUM         42    113 PM  68    1981  37      5       45
  MINIMUM         18   1048 PM -28    1927  12      6       18
  AVERAGE         30                        24      6       32

PRECIPITATION (IN)
  YESTERDAY        0.00          0.88 1948   0.02  -0.02     0.00
  MONTH TO DATE    0.35                      0.38  -0.03     0.37
  SINCE OCT 1      4.08                      3.06   1.02     2.52
  SINCE JAN 1      0.35                      0.38  -0.03     0.37

DEGREE DAYS
 HEATING
  YESTERDAY       35                        41     -6       33
  MONTH TO DATE 1158                       911    247      893
  SINCE DEC 1   2686                      2216    470     2106
  SINCE JUL 1   4163                      4094     69     3658

 COOLING
  YESTERDAY        0                         0      0        0
  MONTH TO DATE    0                         0      0        0
  SINCE DEC 1      0                         0      0        0
  SINCE JAN 1      0                         0      0        0
..................................................................


WIND (MPH)
  HIGHEST WIND SPEED    20   HIGHEST WIND DIRECTION    SE (140)
  HIGHEST GUST SPEED    24   HIGHEST GUST DIRECTION    SE (130)
  AVERAGE WIND SPEED     8.1


SKY COVER
  POSSIBLE SUNSHINE  MM
  AVERAGE SKY COVER 0.2


WEATHER CONDITIONS
 THE FOLLOWING WEATHER WAS RECORDED YESTERDAY.
  NO SIGNIFICANT WEATHER WAS OBSERVED.


RELATIVE HUMIDITY (PERCENT)
 HIGHEST    84           600 PM
 LOWEST     48           100 PM
 AVERAGE    66

..........................................................


THE SHERIDAN WY CLIMATE NORMALS FOR TODAY
                         NORMAL    RECORD    YEAR
 MAXIMUM TEMPERATURE (F)   37        65      2005
 MINIMUM TEMPERATURE (F)   12       -27      1929


SUNRISE AND SUNSET
JANUARY 23 2017.......SUNRISE   736 AM MST   SUNSET   504 PM MST
JANUARY 24 2017.......SUNRISE   735 AM MST   SUNSET   506 PM MST


-  INDICATES NEGATIVE NUMBERS.
R  INDICATES RECORD WAS SET OR TIED.
MM INDICATES DATA IS MISSING.
T  INDICATES TRACE AMOUNT.




$$
