000
CDUS45 KBYZ 290931
CLISHR


CLIMATE REPORT
NATIONAL WEATHER SERVICE BILLINGS MT
331 AM MDT FRI AUG 29 2014


...................................

...THE SHERIDAN WY CLIMATE SUMMARY FOR AUGUST 28 2014...

CLIMATE NORMAL PERIOD 1981 TO 2010
CLIMATE RECORD PERIOD 1907 TO 2014


WEATHER ITEM   OBSERVED TIME   RECORD YEAR NORMAL DEPARTURE LAST
                VALUE   (LST)  VALUE       VALUE  FROM      YEAR
                                                  NORMAL
..................................................................
TEMPERATURE (F)
 YESTERDAY
  MAXIMUM         87    314 PM 100    1924  83      4       97
  MINIMUM         49    438 AM  31    1911  49      0       60
  AVERAGE         68                        66      2       79

PRECIPITATION (IN)
  YESTERDAY        0.00          0.45 1996   0.02  -0.02     0.00
  MONTH TO DATE    0.89                      0.63   0.26     0.05
  SINCE OCT 1     14.67                     12.64   2.03    12.53
  SINCE JAN 1     10.91                      9.96   0.95     9.99

SNOWFALL (IN)
  YESTERDAY       MM             0.0  2000   0.0   MM       MM
  MONTH TO DATE   MM                         0.0   MM       MM
  SINCE JUN 1     MM                         T     MM       MM
  SINCE JUL 1     MM                         0.0   MM       MM
  SNOW DEPTH      MM

DEGREE DAYS
 HEATING
  YESTERDAY        0                         2     -2        0
  MONTH TO DATE   34                        27      7        0
  SINCE JUN 1    225                       202     23      121
  SINCE JUL 1     43                        53    -10        1

 COOLING
  YESTERDAY        3                         3      0       14
  MONTH TO DATE  127                       150    -23      206
  SINCE JUN 1    310                       378    -68      476
  SINCE JAN 1    318                       382    -64      484
..................................................................


WIND (MPH)
  HIGHEST WIND SPEED    21   HIGHEST WIND DIRECTION     N (360)
  HIGHEST GUST SPEED    29   HIGHEST GUST DIRECTION     N (340)
  AVERAGE WIND SPEED     6.3


SKY COVER
  POSSIBLE SUNSHINE  MM
  AVERAGE SKY COVER 0.0


WEATHER CONDITIONS
 THE FOLLOWING WEATHER WAS RECORDED YESTERDAY.
  NO SIGNIFICANT WEATHER WAS OBSERVED.


RELATIVE HUMIDITY (PERCENT)
 HIGHEST    83           100 AM
 LOWEST     21           200 PM
 AVERAGE    52

..........................................................


THE SHERIDAN WY CLIMATE NORMALS FOR TODAY
                         NORMAL    RECORD    YEAR
 MAXIMUM TEMPERATURE (F)   83       102      2012
 MINIMUM TEMPERATURE (F)   48        32      1920


SUNRISE AND SUNSET
AUGUST 29 2014........SUNRISE   627 AM MDT   SUNSET   750 PM MDT
AUGUST 30 2014........SUNRISE   628 AM MDT   SUNSET   748 PM MDT


-  INDICATES NEGATIVE NUMBERS.
R  INDICATES RECORD WAS SET OR TIED.
MM INDICATES DATA IS MISSING.
T  INDICATES TRACE AMOUNT.




$$
