604
CDUS44 KSHV 230849
CLISHV


CLIMATE REPORT
NATIONAL WEATHER SERVICE SHREVEPORT, LA
249 AM CST THU FEB 23 2017


...................................

...THE SHREVEPORT CLIMATE SUMMARY FOR FEBRUARY 22 2017...

CLIMATE NORMAL PERIOD 1981 TO 2010
CLIMATE RECORD PERIOD 1874 TO 2017


WEATHER ITEM   OBSERVED TIME   RECORD YEAR NORMAL DEPARTURE LAST
                VALUE   (LST)  VALUE       VALUE  FROM      YEAR
                                                  NORMAL
..................................................................
TEMPERATURE (F)
 YESTERDAY
  MAXIMUM         75    420 PM  86    1996  63     12       65
                                      1980
  MINIMUM         57    707 AM  12    1978  41     16       51
  AVERAGE         66                        52     14       58

PRECIPITATION (IN)
  YESTERDAY        0.00          2.16 1874   0.17  -0.17     0.18
  MONTH TO DATE    1.37                      3.78  -2.41     1.44
  SINCE DEC 1      7.07                     12.75  -5.68     7.20
  SINCE JAN 1      3.93                      7.98  -4.05     4.31

SNOWFALL (IN)
  YESTERDAY        0.0
  MONTH TO DATE    0.0
  SINCE DEC 1      0.0
  SINCE JUL 1      0.0
  SNOW DEPTH       0

DEGREE DAYS
 HEATING
  YESTERDAY        0                        13    -13        7
  MONTH TO DATE  134                       336   -202      216
  SINCE DEC 1    852                      1437   -585     1043
  SINCE JUL 1   1006                      1808   -802     1220

 COOLING
  YESTERDAY        1                         0      1        0
  MONTH TO DATE   33                         0     33       12
  SINCE DEC 1     80                        11     69       54
  SINCE JAN 1     55                         4     51       18
..................................................................


WIND (MPH)
  HIGHEST WIND SPEED     8   HIGHEST WIND DIRECTION     E (110)
  HIGHEST GUST SPEED    10   HIGHEST GUST DIRECTION    SE (140)
  AVERAGE WIND SPEED     4.9


SKY COVER
  POSSIBLE SUNSHINE  MM
  AVERAGE SKY COVER 0.4


WEATHER CONDITIONS
 THE FOLLOWING WEATHER WAS RECORDED YESTERDAY.
  NO SIGNIFICANT WEATHER WAS OBSERVED.


RELATIVE HUMIDITY (PERCENT)
 HIGHEST    93           700 AM
 LOWEST     53           300 PM
 AVERAGE    73

..........................................................


THE SHREVEPORT CLIMATE NORMALS FOR TODAY
                         NORMAL    RECORD    YEAR
 MAXIMUM TEMPERATURE (F)   64        87      2012
 MINIMUM TEMPERATURE (F)   42        21      1901


SUNRISE AND SUNSET
FEBRUARY 23 2017......SUNRISE   649 AM CST   SUNSET   608 PM CST
FEBRUARY 24 2017......SUNRISE   648 AM CST   SUNSET   609 PM CST


-  INDICATES NEGATIVE NUMBERS.
R  INDICATES RECORD WAS SET OR TIED.
MM INDICATES DATA IS MISSING.
T  INDICATES TRACE AMOUNT.




$$
