000
CDUS44 KSHV 232250
CLISHV


CLIMATE REPORT
NATIONAL WEATHER SERVICE SHREVEPORT, LA
450 PM CST THU NOV 23 2017


...................................

...THE SHREVEPORT CLIMATE SUMMARY FOR NOVEMBER 23 2017...
VALID TODAY AS OF 0400 PM LOCAL TIME.

CLIMATE NORMAL PERIOD 1981 TO 2010
CLIMATE RECORD PERIOD 1874 TO 2017


WEATHER ITEM   OBSERVED TIME   RECORD YEAR NORMAL DEPARTURE LAST
                VALUE   (LST)  VALUE       VALUE  FROM      YEAR
                                                  NORMAL
..................................................................
TEMPERATURE (F)
 TODAY
  MAXIMUM         62    359 PM  84    1973  65     -3       66
  MINIMUM         30    730 AM  24    1975  43    -13       47
  AVERAGE         46                        54     -8       57

PRECIPITATION (IN)
  TODAY            0.00          3.85 1873   0.14  -0.14     2.43
  MONTH TO DATE    1.43                      3.47  -2.04     3.30
  SINCE DEC 1     35.80                     50.35 -14.55    57.70
  SINCE JAN 1     32.66                     45.58 -12.92    54.81

SNOWFALL (IN)
  TODAY            0.0
  MONTH TO DATE    0.0
  SINCE SEP 1      0.0
  SINCE JUL 1      0.0
  SNOW DEPTH       0

DEGREE DAYS
 HEATING
  TODAY           19                        12      7        8
  MONTH TO DATE  133                       194    -61       82
  SINCE SEP 1    212                       280    -68       93
  SINCE JUL 1    212                       280    -68       93

 COOLING
  TODAY            0                         0      0        0
  MONTH TO DATE   82                        23     59       48
  SINCE SEP 1    645                       510    135      768
  SINCE JAN 1   2752                      2472    280     3009
..................................................................


WIND (MPH)
  HIGHEST WIND SPEED     9   HIGHEST WIND DIRECTION     N (360)
  HIGHEST GUST SPEED    12   HIGHEST GUST DIRECTION     N (360)
  AVERAGE WIND SPEED     1.6


SKY COVER
  POSSIBLE SUNSHINE  MM
  AVERAGE SKY COVER 0.1


WEATHER CONDITIONS
 THE FOLLOWING WEATHER WAS RECORDED TODAY.
  NO SIGNIFICANT WEATHER WAS OBSERVED.


RELATIVE HUMIDITY (PERCENT)
 HIGHEST   100           800 AM
 LOWEST     27           200 PM
 AVERAGE    64

..........................................................


THE SHREVEPORT CLIMATE NORMALS FOR TOMORROW
                         NORMAL    RECORD    YEAR
 MAXIMUM TEMPERATURE (F)   64        84      1973
 MINIMUM TEMPERATURE (F)   43        26      1970


SUNRISE AND SUNSET
NOVEMBER 23 2017......SUNRISE   652 AM CST   SUNSET   511 PM CST
NOVEMBER 24 2017......SUNRISE   653 AM CST   SUNSET   511 PM CST


-  INDICATES NEGATIVE NUMBERS.
R  INDICATES RECORD WAS SET OR TIED.
MM INDICATES DATA IS MISSING.
T  INDICATES TRACE AMOUNT.




$$
