000
CDUS44 KSHV 290740
CLISHV


CLIMATE REPORT
NATIONAL WEATHER SERVICE SHREVEPORT, LA
239 AM CDT FRI APR 29 2016


...................................

...THE SHREVEPORT CLIMATE SUMMARY FOR APRIL 28 2016...

CLIMATE NORMAL PERIOD 1981 TO 2010
CLIMATE RECORD PERIOD 1874 TO 2016


WEATHER ITEM   OBSERVED TIME   RECORD YEAR NORMAL DEPARTURE LAST
                VALUE   (LST)  VALUE       VALUE  FROM      YEAR
                                                  NORMAL
..................................................................
TEMPERATURE (F)
 YESTERDAY
  MAXIMUM         87    315 PM  92    1887  80      7       63
  MINIMUM         57    602 AM  43    1973  57      0       51
  AVERAGE         72                        68      4       57

PRECIPITATION (IN)
  YESTERDAY        0.00          5.52 1953   0.14  -0.14     0.17
  MONTH TO DATE    9.69                      3.90   5.79     5.45
  SINCE DEC 1     30.43                     21.76   8.67    28.95
  SINCE JAN 1     27.54                     16.99  10.55    25.20

SNOWFALL (IN)
  YESTERDAY        0.0
  MONTH TO DATE    0.0
  SINCE MAR 1      0.0
  SINCE JUL 1      T
  SNOW DEPTH       0

DEGREE DAYS
 HEATING
  YESTERDAY        0                         1     -1        8
  MONTH TO DATE   33                        84    -51       35
  SINCE MAR 1    146                       335   -189      289
  SINCE JUL 1   1449                      2217   -768     2289

 COOLING
  YESTERDAY        7                         5      2        0
  MONTH TO DATE  106                        84     22      139
  SINCE MAR 1    160                       115     45      165
  SINCE JAN 1    178                       125     53      165
..................................................................


WIND (MPH)
  HIGHEST WIND SPEED    14   HIGHEST WIND DIRECTION     E (100)
  HIGHEST GUST SPEED    17   HIGHEST GUST DIRECTION     E (110)
  AVERAGE WIND SPEED     5.5


SKY COVER
  POSSIBLE SUNSHINE  MM
  AVERAGE SKY COVER 0.1


WEATHER CONDITIONS
 THE FOLLOWING WEATHER WAS RECORDED YESTERDAY.
  NO SIGNIFICANT WEATHER WAS OBSERVED.


RELATIVE HUMIDITY (PERCENT)
 HIGHEST    93           600 AM
 LOWEST     37           100 PM
 AVERAGE    65

..........................................................


THE SHREVEPORT CLIMATE NORMALS FOR TODAY
                         NORMAL    RECORD    YEAR
 MAXIMUM TEMPERATURE (F)   80        96      1887
 MINIMUM TEMPERATURE (F)   58        45      1997
                                             1965


SUNRISE AND SUNSET
APRIL 29 2016.........SUNRISE   630 AM CDT   SUNSET   755 PM CDT
APRIL 30 2016.........SUNRISE   629 AM CDT   SUNSET   756 PM CDT


-  INDICATES NEGATIVE NUMBERS.
R  INDICATES RECORD WAS SET OR TIED.
MM INDICATES DATA IS MISSING.
T  INDICATES TRACE AMOUNT.




$$

20
