000
CDUS44 KSHV 010750
CLISHV


CLIMATE REPORT
NATIONAL WEATHER SERVICE SHREVEPORT, LA
249 AM CDT SAT AUG 1 2015


...................................

...THE SHREVEPORT CLIMATE SUMMARY FOR JULY 31 2015...

CLIMATE NORMAL PERIOD 1981 TO 2010
CLIMATE RECORD PERIOD 1874 TO 2015


WEATHER ITEM   OBSERVED TIME   RECORD YEAR NORMAL DEPARTURE LAST
                VALUE   (LST)  VALUE       VALUE  FROM      YEAR
                                                  NORMAL
..................................................................
TEMPERATURE (F)
 YESTERDAY
  MAXIMUM         96    340 PM 107    1998  94      2       76
  MINIMUM         76    607 AM  63    1971  73      3       68
  AVERAGE         86                        84      2       72

PRECIPITATION (IN)
  YESTERDAY        0.00          2.44 1912   0.11  -0.11     1.12
  MONTH TO DATE    0.59                      3.65  -3.06     4.26
  SINCE DEC 1     46.49                     36.03  10.46    30.41
  SINCE JAN 1     42.74                     31.26  11.48    25.43

SNOWFALL (IN)
  YESTERDAY        0.0
  MONTH TO DATE    0.0
  SINCE JUN 1      0.0
  SINCE JUL 1      0.0
  SNOW DEPTH       0

DEGREE DAYS
 HEATING
  YESTERDAY        0                         0      0        0
  MONTH TO DATE    0                         0      0        0
  SINCE JUN 1      0                         0      0        0
  SINCE JUL 1      0                         0      0        0

 COOLING
  YESTERDAY       21                        19      2        7
  MONTH TO DATE  661                       559    102      486
  SINCE JUN 1   1178                      1003    175      955
  SINCE JAN 1   1650                      1401    249     1325
..................................................................


WIND (MPH)
  HIGHEST WIND SPEED    16   HIGHEST WIND DIRECTION     E (70)
  HIGHEST GUST SPEED    23   HIGHEST GUST DIRECTION    NE (40)
  AVERAGE WIND SPEED     8.4


SKY COVER
  POSSIBLE SUNSHINE  MM
  AVERAGE SKY COVER 0.4


WEATHER CONDITIONS
 THE FOLLOWING WEATHER WAS RECORDED YESTERDAY.
  NO SIGNIFICANT WEATHER WAS OBSERVED.


RELATIVE HUMIDITY (PERCENT)
 HIGHEST    79          1200 AM
 LOWEST     28           300 PM
 AVERAGE    54

..........................................................


THE SHREVEPORT CLIMATE NORMALS FOR TODAY
                         NORMAL    RECORD    YEAR
 MAXIMUM TEMPERATURE (F)   94       107      2011
                                             1998
 MINIMUM TEMPERATURE (F)   73        64      1936


SUNRISE AND SUNSET
AUGUST  1 2015........SUNRISE   630 AM CDT   SUNSET   813 PM CDT
AUGUST  2 2015........SUNRISE   630 AM CDT   SUNSET   812 PM CDT


-  INDICATES NEGATIVE NUMBERS.
R  INDICATES RECORD WAS SET OR TIED.
MM INDICATES DATA IS MISSING.
T  INDICATES TRACE AMOUNT.




$$

20
