000
CDUS46 KMFR 310842
CLISIY


CLIMATE REPORT
NATIONAL WEATHER SERVICE MEDFORD, OR
1242 AM PST SAT JAN 31 2015


...................................

...THE MONTAGUE CA CLIMATE SUMMARY FOR JANUARY 30 2015...

CLIMATE NORMAL PERIOD 1981 TO 2010
CLIMATE RECORD PERIOD 1948 TO 2015


WEATHER ITEM   OBSERVED TIME   RECORD YEAR NORMAL DEPARTURE LAST
                VALUE   (LST)  VALUE       VALUE  FROM      YEAR
                                                  NORMAL
..................................................................
TEMPERATURE (F)
 YESTERDAY
  MAXIMUM         57    437 PM  62    1992  46     11       48
  MINIMUM         23    729 AM  -5    1957  26     -3       25
  AVERAGE         40                        36      4       37

PRECIPITATION (IN)
  YESTERDAY        0.00          1.68 1958   0.04  -0.04     0.00
  MONTH TO DATE    0.71                      2.16  -1.45     0.19
  SINCE OCT 1      6.62                      8.99  -2.37     0.83
  SINCE JAN 1      0.71                      2.16  -1.45     0.19

SNOWFALL (IN)
  YESTERDAY       MM                        MM     MM       MM
  MONTH TO DATE   MM                        MM     MM       MM
  SINCE JUL 1     MM                        MM     MM        0.0
  SNOW DEPTH      MM

DEGREE DAYS
 HEATING
  YESTERDAY       25                        29     -4       28
  MONTH TO DATE  784                       894   -110      892
  SINCE DEC 1   1517                      1821   -304     2050
  SINCE JUL 1   2522                      3127   -605     3370

 COOLING
  YESTERDAY        0                         0      0        0
  MONTH TO DATE    0                         0      0        0
  SINCE DEC 1      0                         0      0        0
  SINCE JAN 1      0                         0      0        0
..................................................................


WIND (MPH)
  HIGHEST WIND SPEED     9   HIGHEST WIND DIRECTION     N (350)
  HIGHEST GUST SPEED    14   HIGHEST GUST DIRECTION    NW (320)
  AVERAGE WIND SPEED     2.2


SKY COVER
  POSSIBLE SUNSHINE  MM
  AVERAGE SKY COVER 0.3


WEATHER CONDITIONS
 THE FOLLOWING WEATHER WAS RECORDED YESTERDAY.
  FOG
  FOG W/VISIBILITY <= 1/4 MILE


RELATIVE HUMIDITY (PERCENT)
 HIGHEST   100           400 AM
 LOWEST     47           400 PM

..........................................................


THE MONTAGUE CA CLIMATE NORMALS FOR TODAY
                         NORMAL    RECORD    YEAR
 MAXIMUM TEMPERATURE (F)   46        63      1991
 MINIMUM TEMPERATURE (F)   26        -9      1950


SUNRISE AND SUNSET
JANUARY 31 2015.......SUNRISE   723 AM PST   SUNSET   524 PM PST
FEBRUARY  1 2015......SUNRISE   722 AM PST   SUNSET   525 PM PST


-  INDICATES NEGATIVE NUMBERS.
R  INDICATES RECORD WAS SET OR TIED.
MM INDICATES DATA IS MISSING.
T  INDICATES TRACE AMOUNT.




$$
