022
CDUS46 KMFR 260836
CLISIY


CLIMATE REPORT
NATIONAL WEATHER SERVICE MEDFORD, OR
136 AM PDT TUE SEP 26 2017


...................................

...THE MONTAGUE CA CLIMATE SUMMARY FOR SEPTEMBER 25 2017...

CLIMATE NORMAL PERIOD 1981 TO 2010
CLIMATE RECORD PERIOD 1948 TO 2017


WEATHER ITEM   OBSERVED TIME   RECORD YEAR NORMAL DEPARTURE LAST
                VALUE   (LST)  VALUE       VALUE  FROM      YEAR
                                                  NORMAL
..................................................................
TEMPERATURE (F)
 YESTERDAY
  MAXIMUM         78    345 PM  98    1994  78      0       87
  MINIMUM         37    633 AM  31    1948  40     -3       36
  AVERAGE         58                        59     -1       62

PRECIPITATION (IN)
  YESTERDAY        0.00          0.47 1990   0.03  -0.03     0.00
  MONTH TO DATE    0.07                      0.48  -0.41     0.18
  SINCE OCT 1     15.98                     18.31  -2.33    15.32
  SINCE JAN 1      7.77                     11.48  -3.71    10.23

SNOWFALL (IN)
  YESTERDAY       MM                        MM     MM       MM
  MONTH TO DATE   MM                        MM     MM       MM
  SINCE JUL 1     MM                        MM     MM       MM
  SNOW DEPTH      MM

DEGREE DAYS
 HEATING
  YESTERDAY        7                         6      1        3
  MONTH TO DATE  113                        89     24       92
  SINCE SEP 1    113                        89     24       92
  SINCE JUL 1    113                       106      7      105

 COOLING
  YESTERDAY        0                         1     -1        0
  MONTH TO DATE   85                        41     44       21
  SINCE SEP 1     85                        41     44       21
  SINCE JAN 1    902                       542    360      675
..................................................................


WIND (MPH)
  HIGHEST WIND SPEED    22   HIGHEST WIND DIRECTION     N (10)
  HIGHEST GUST SPEED    25   HIGHEST GUST DIRECTION     N (10)
  AVERAGE WIND SPEED     5.8


SKY COVER
  POSSIBLE SUNSHINE  MM
  AVERAGE SKY COVER 0.1


WEATHER CONDITIONS
 THE FOLLOWING WEATHER WAS RECORDED YESTERDAY.
  HAZE


RELATIVE HUMIDITY (PERCENT)
 HIGHEST    70           300 AM
 LOWEST     21           200 PM

..........................................................


THE MONTAGUE CA CLIMATE NORMALS FOR TODAY
                         NORMAL    RECORD    YEAR
 MAXIMUM TEMPERATURE (F)   78        98      1994
 MINIMUM TEMPERATURE (F)   40        31      1948


SUNRISE AND SUNSET
SEPTEMBER 26 2017.....SUNRISE   702 AM PDT   SUNSET   659 PM PDT
SEPTEMBER 27 2017.....SUNRISE   703 AM PDT   SUNSET   658 PM PDT


-  INDICATES NEGATIVE NUMBERS.
R  INDICATES RECORD WAS SET OR TIED.
MM INDICATES DATA IS MISSING.
T  INDICATES TRACE AMOUNT.




$$
