000
CDUS46 KMFR 010035
CLISIY


CLIMATE REPORT
NATIONAL WEATHER SERVICE MEDFORD, OR
535 PM PDT TUE SEP 30 2014


...................................

...THE MONTAGUE CA CLIMATE SUMMARY FOR SEPTEMBER 30 2014...
VALID TODAY AS OF 0500 PM LOCAL TIME.

CLIMATE NORMAL PERIOD 1981 TO 2010
CLIMATE RECORD PERIOD 1948 TO 2014


WEATHER ITEM   OBSERVED TIME   RECORD YEAR NORMAL DEPARTURE LAST
                VALUE   (LST)  VALUE       VALUE  FROM      YEAR
                                                  NORMAL
..................................................................
TEMPERATURE (F)
 TODAY
  MAXIMUM         65    329 PM  95    1966  76    -11       64
  MINIMUM         51    640 AM  27    1950  39     12       44
  AVERAGE         58                        58      0       54

PRECIPITATION (IN)
  TODAY            0.00          0.27 2013   0.03  -0.03     0.27
  MONTH TO DATE    1.38                      0.64   0.74     0.74
  SINCE SEP 1      1.38                      0.64   0.74     0.74
  SINCE JAN 1      7.55                     11.64  -4.09     5.07

SNOWFALL (IN)
  TODAY           MM                        MM     MM       MM
  MONTH TO DATE   MM                        MM     MM       MM
  SINCE JUL 1     MM                        MM     MM       MM
  SNOW DEPTH      MM

DEGREE DAYS
 HEATING
  TODAY            7                         8     -1       11
  MONTH TO DATE   44                       125    -81      147
  SINCE SEP 1     44                       125    -81      147
  SINCE JUL 1     44                       142    -98      147

 COOLING
  TODAY            0                         0      0        0
  MONTH TO DATE  112                        41     71       87
  SINCE SEP 1    112                        41     71       87
  SINCE JAN 1    913                       542    371      776
..................................................................


WIND (MPH)
  HIGHEST WIND SPEED    22   HIGHEST WIND DIRECTION     N (10)
  HIGHEST GUST SPEED    28   HIGHEST GUST DIRECTION     N (10)
  AVERAGE WIND SPEED    13.7


SKY COVER
  POSSIBLE SUNSHINE  MM
  AVERAGE SKY COVER 0.4


WEATHER CONDITIONS
 THE FOLLOWING WEATHER WAS RECORDED TODAY.
  NO SIGNIFICANT WEATHER WAS OBSERVED.


RELATIVE HUMIDITY (PERCENT)
 HIGHEST    77           400 AM
 LOWEST     37           200 PM

..........................................................


THE MONTAGUE CA CLIMATE NORMALS FOR TOMORROW
                         NORMAL    RECORD    YEAR
 MAXIMUM TEMPERATURE (F)   76        92      2010
                                             1991
 MINIMUM TEMPERATURE (F)   39        28      1950


SUNRISE AND SUNSET
SEPTEMBER 30 2014.....SUNRISE   706 AM PDT   SUNSET   653 PM PDT
OCTOBER  1 2014.......SUNRISE   707 AM PDT   SUNSET   651 PM PDT


-  INDICATES NEGATIVE NUMBERS.
R  INDICATES RECORD WAS SET OR TIED.
MM INDICATES DATA IS MISSING.
T  INDICATES TRACE AMOUNT.




$$
