710
CDUS46 KMFR 240039
CLISIY


CLIMATE REPORT
NATIONAL WEATHER SERVICE MEDFORD, OR
439 PM PST TUE JAN 23 2018


...................................

...THE MONTAGUE CA CLIMATE SUMMARY FOR JANUARY 23 2018...
VALID TODAY AS OF 0400 PM LOCAL TIME.

CLIMATE NORMAL PERIOD 1981 TO 2010
CLIMATE RECORD PERIOD 1948 TO 2018


WEATHER ITEM   OBSERVED TIME   RECORD YEAR NORMAL DEPARTURE LAST
                VALUE   (LST)  VALUE       VALUE  FROM      YEAR
                                                  NORMAL
..................................................................
TEMPERATURE (F)
 TODAY
  MAXIMUM         48    359 PM  63    2014  45      3       44
  MINIMUM         26    539 AM  -5    1962  26      0       24
  AVERAGE         37                        35      2       34

PRECIPITATION (IN)
  TODAY            0.00          0.93 1954   0.04  -0.04     0.00
  MONTH TO DATE    1.01                      1.86  -0.85     1.62
  SINCE OCT 1      3.28                      8.69  -5.41     9.83
  SINCE JAN 1      1.01                      1.86  -0.85     1.62

SNOWFALL (IN)
  TODAY           MM                        MM     MM       MM
  MONTH TO DATE   MM                        MM     MM       MM
  SINCE JUL 1     MM                        MM     MM       MM
  SNOW DEPTH      MM

DEGREE DAYS
 HEATING
  TODAY           28                        30     -2       31
  MONTH TO DATE  575                       690   -115      803
  SINCE DEC 1   1582                      1617    -35     1817
  SINCE JUL 1   2812                      2923   -111     2947

 COOLING
  TODAY            0                         0      0        0
  MONTH TO DATE    0                         0      0        0
  SINCE DEC 1      0                         0      0        0
  SINCE JAN 1      0                         0      0        0
..................................................................


WIND (MPH)
  HIGHEST WIND SPEED     7   HIGHEST WIND DIRECTION    NE (50)
  HIGHEST GUST SPEED     9   HIGHEST GUST DIRECTION    NE (30)
  AVERAGE WIND SPEED     1.7


SKY COVER
  POSSIBLE SUNSHINE  MM
  AVERAGE SKY COVER 0.6


WEATHER CONDITIONS
 THE FOLLOWING WEATHER WAS RECORDED TODAY.
  FOG


RELATIVE HUMIDITY (PERCENT)
 HIGHEST   100           500 AM
 LOWEST     56           300 PM

..........................................................


THE MONTAGUE CA CLIMATE NORMALS FOR TOMORROW
                         NORMAL    RECORD    YEAR
 MAXIMUM TEMPERATURE (F)   45        65      2014
 MINIMUM TEMPERATURE (F)   26        -3      1962


SUNRISE AND SUNSET
JANUARY 23 2018.......SUNRISE   730 AM PST   SUNSET   514 PM PST
JANUARY 24 2018.......SUNRISE   729 AM PST   SUNSET   515 PM PST


-  INDICATES NEGATIVE NUMBERS.
R  INDICATES RECORD WAS SET OR TIED.
MM INDICATES DATA IS MISSING.
T  INDICATES TRACE AMOUNT.




$$
