000
CDUS46 KMFR 300836
CLISIY


CLIMATE REPORT
NATIONAL WEATHER SERVICE MEDFORD, OR
136 AM PDT FRI SEP 30 2016


...................................

...THE MONTAGUE CA CLIMATE SUMMARY FOR SEPTEMBER 29 2016...

CLIMATE NORMAL PERIOD 1981 TO 2010
CLIMATE RECORD PERIOD 1948 TO 2016


WEATHER ITEM   OBSERVED TIME   RECORD YEAR NORMAL DEPARTURE LAST
                VALUE   (LST)  VALUE       VALUE  FROM      YEAR
                                                  NORMAL
..................................................................
TEMPERATURE (F)
 YESTERDAY
  MAXIMUM         85    213 PM  93    1967  77      8       85
  MINIMUM         46    631 AM  28    2007  39      7       45
  AVERAGE         66                        58      8       65

PRECIPITATION (IN)
  YESTERDAY        0.00          0.72 1962   0.03  -0.03     0.00
  MONTH TO DATE    0.18                      0.61  -0.43      T
  SINCE OCT 1     15.32                     18.44  -3.12    13.13
  SINCE JAN 1     10.23                     11.61  -1.38     7.22

SNOWFALL (IN)
  YESTERDAY       MM                        MM     MM       MM
  MONTH TO DATE   MM                        MM     MM       MM
  SINCE JUL 1     MM                        MM     MM       MM
  SNOW DEPTH      MM

DEGREE DAYS
 HEATING
  YESTERDAY        0                         7     -7        0
  MONTH TO DATE   92                       117    -25       80
  SINCE SEP 1     92                       117    -25       80
  SINCE JUL 1    105                       134    -29       81

 COOLING
  YESTERDAY        1                         0      1        0
  MONTH TO DATE   35                        42     -7       77
  SINCE SEP 1     35                        42     -7       77
  SINCE JAN 1    689                       543    146      914
..................................................................


WIND (MPH)
  HIGHEST WIND SPEED    26   HIGHEST WIND DIRECTION     S (160)
  HIGHEST GUST SPEED    32   HIGHEST GUST DIRECTION     S (170)
  AVERAGE WIND SPEED     7.9


SKY COVER
  POSSIBLE SUNSHINE  MM
  AVERAGE SKY COVER 0.0


WEATHER CONDITIONS
 THE FOLLOWING WEATHER WAS RECORDED YESTERDAY.
  NO SIGNIFICANT WEATHER WAS OBSERVED.


RELATIVE HUMIDITY (PERCENT)
 HIGHEST    77           500 AM
 LOWEST     20           100 PM

..........................................................


THE MONTAGUE CA CLIMATE NORMALS FOR TODAY
                         NORMAL    RECORD    YEAR
 MAXIMUM TEMPERATURE (F)   76        95      1966
 MINIMUM TEMPERATURE (F)   39        27      1950


SUNRISE AND SUNSET
SEPTEMBER 30 2016.....SUNRISE   706 AM PDT   SUNSET   652 PM PDT
OCTOBER  1 2016.......SUNRISE   707 AM PDT   SUNSET   650 PM PDT


-  INDICATES NEGATIVE NUMBERS.
R  INDICATES RECORD WAS SET OR TIED.
MM INDICATES DATA IS MISSING.
T  INDICATES TRACE AMOUNT.




$$
