000
CDUS46 KMFR 050846
CLISIY


CLIMATE REPORT
NATIONAL WEATHER SERVICE MEDFORD, OR
146 AM PDT WED AUG 5 2015


...................................

...THE MONTAGUE CA CLIMATE SUMMARY FOR AUGUST 4 2015...

CLIMATE NORMAL PERIOD 1981 TO 2010
CLIMATE RECORD PERIOD 1948 TO 2015


WEATHER ITEM   OBSERVED TIME   RECORD YEAR NORMAL DEPARTURE LAST
                VALUE   (LST)  VALUE       VALUE  FROM      YEAR
                                                  NORMAL
..................................................................
TEMPERATURE (F)
 YESTERDAY
  MAXIMUM         93    418 PM 104    2012  93      0       94
  MINIMUM         58    548 AM  44    1996  54      4       61
  AVERAGE         76                        73      3       78

PRECIPITATION (IN)
  YESTERDAY        0.00          0.32 1952   0.01  -0.01     0.00
  MONTH TO DATE    0.01                      0.07  -0.06     0.00
  SINCE OCT 1     13.13                     17.56  -4.43     6.81
  SINCE JAN 1      7.22                     10.73  -3.51     6.17

SNOWFALL (IN)
  YESTERDAY       MM                        MM     MM       MM
  MONTH TO DATE   MM                        MM     MM       MM
  SINCE JUL 1     MM                        MM     MM       MM
  SNOW DEPTH      MM

DEGREE DAYS
 HEATING
  YESTERDAY        0                         0      0        0
  MONTH TO DATE    0                         0      0        0
  SINCE JUN 1     17                        97    -80       46
  SINCE JUL 1      0                         4     -4        0

 COOLING
  YESTERDAY       11                         8      3       13
  MONTH TO DATE   55                        35     20       56
  SINCE JUN 1    613                       335    278      570
  SINCE JAN 1    628                       348    280      577
..................................................................


WIND (MPH)
  HIGHEST WIND SPEED    22   HIGHEST WIND DIRECTION     W (250)
  HIGHEST GUST SPEED    27   HIGHEST GUST DIRECTION     W (250)
  AVERAGE WIND SPEED     5.6


SKY COVER
  POSSIBLE SUNSHINE  MM
  AVERAGE SKY COVER 0.1


WEATHER CONDITIONS
 THE FOLLOWING WEATHER WAS RECORDED YESTERDAY.
  HAZE


RELATIVE HUMIDITY (PERCENT)
 HIGHEST    68           700 AM
 LOWEST     14           500 PM

..........................................................


THE MONTAGUE CA CLIMATE NORMALS FOR TODAY
                         NORMAL    RECORD    YEAR
 MAXIMUM TEMPERATURE (F)   93       106      1990
 MINIMUM TEMPERATURE (F)   54        39      1950


SUNRISE AND SUNSET
AUGUST  5 2015........SUNRISE   608 AM PDT   SUNSET   823 PM PDT
AUGUST  6 2015........SUNRISE   609 AM PDT   SUNSET   822 PM PDT


-  INDICATES NEGATIVE NUMBERS.
R  INDICATES RECORD WAS SET OR TIED.
MM INDICATES DATA IS MISSING.
T  INDICATES TRACE AMOUNT.




$$
