105
CDUS46 KMFR 220845
CLISIY


CLIMATE REPORT
NATIONAL WEATHER SERVICE MEDFORD, OR
145 AM PDT SAT JUL 22 2017


...................................

...THE MONTAGUE CA CLIMATE SUMMARY FOR JULY 21 2017...

CLIMATE NORMAL PERIOD 1981 TO 2010
CLIMATE RECORD PERIOD 1948 TO 2017


WEATHER ITEM   OBSERVED TIME   RECORD YEAR NORMAL DEPARTURE LAST
                VALUE   (LST)  VALUE       VALUE  FROM      YEAR
                                                  NORMAL
..................................................................
TEMPERATURE (F)
 YESTERDAY
  MAXIMUM         92    309 PM 107    1994  93     -1       90
  MINIMUM         56    538 AM  39    1993  55      1       49
  AVERAGE         74                        74      0       70

PRECIPITATION (IN)
  YESTERDAY        0.00          0.23 1973   0.02  -0.02     0.00
  MONTH TO DATE    0.00                      0.23  -0.23     0.05
  SINCE OCT 1     15.89                     17.27  -1.38    15.12
  SINCE JAN 1      7.68                     10.44  -2.76    10.03

SNOWFALL (IN)
  YESTERDAY       MM                        MM     MM       MM
  MONTH TO DATE   MM                        MM     MM       MM
  SINCE JUL 1     MM                        MM     MM       MM
  SNOW DEPTH      MM

DEGREE DAYS
 HEATING
  YESTERDAY        0                         0      0        0
  MONTH TO DATE    0                         1     -1       12
  SINCE JUN 1     88                        94     -6       85
  SINCE JUL 1      0                         1     -1       12

 COOLING
  YESTERDAY        9                         9      0        5
  MONTH TO DATE  204                       152     52      113
  SINCE JUN 1    342                       210    132      245
  SINCE JAN 1    357                       223    134      249
..................................................................


WIND (MPH)
  HIGHEST WIND SPEED    21   HIGHEST WIND DIRECTION     N (360)
  HIGHEST GUST SPEED    25   HIGHEST GUST DIRECTION     N (360)
  AVERAGE WIND SPEED     8.3


SKY COVER
  POSSIBLE SUNSHINE  MM
  AVERAGE SKY COVER 0.0


WEATHER CONDITIONS
 THE FOLLOWING WEATHER WAS RECORDED YESTERDAY.
  NO SIGNIFICANT WEATHER WAS OBSERVED.


RELATIVE HUMIDITY (PERCENT)
 HIGHEST    67           400 AM
 LOWEST      9           200 PM

..........................................................


THE MONTAGUE CA CLIMATE NORMALS FOR TODAY
                         NORMAL    RECORD    YEAR
 MAXIMUM TEMPERATURE (F)   93       106      2003
 MINIMUM TEMPERATURE (F)   55        42      1954


SUNRISE AND SUNSET
JULY 22 2017..........SUNRISE   555 AM PDT   SUNSET   837 PM PDT
JULY 23 2017..........SUNRISE   556 AM PDT   SUNSET   837 PM PDT


-  INDICATES NEGATIVE NUMBERS.
R  INDICATES RECORD WAS SET OR TIED.
MM INDICATES DATA IS MISSING.
T  INDICATES TRACE AMOUNT.




$$
