000
CDUS46 KMTR 290033
CLISJC


CLIMATE REPORT
NATIONAL WEATHER SERVICE SAN FRANCISCO BAY AREA
533 PM PDT WED JUN 28 2017


...................................

...THE SAN JOSE CA CLIMATE SUMMARY FOR JUNE 28 2017...
VALID TODAY AS OF 0500 PM LOCAL TIME.

CLIMATE NORMAL PERIOD 1981 TO 2010
CLIMATE RECORD PERIOD 1893 TO 2017


WEATHER ITEM   OBSERVED TIME   RECORD YEAR NORMAL DEPARTURE LAST
                VALUE   (LST)  VALUE       VALUE  FROM      YEAR
                                                  NORMAL
..................................................................
TEMPERATURE (F)
 TODAY
  MAXIMUM         76   1149 AM 100    1976  81     -5       84
  MINIMUM         60    610 AM  40    1893  57      3       60
  AVERAGE         68                        69     -1       72

PRECIPITATION (IN)
  TODAY            0.00          0.61 2011   0.00   0.00     0.00
  MONTH TO DATE    0.02                      0.10  -0.08      T
  SINCE OCT 1     18.42                     15.60   2.82    14.91
  SINCE JAN 1     14.04                     10.51   3.53    10.21

SNOWFALL (IN)
  TODAY            0.0           0.0  1947
  MONTH TO DATE    0.0
  SINCE JUN 1      0.0
  SINCE JUL 1      0.0

DEGREE DAYS
 HEATING
  TODAY            0                         0      0        0
  MONTH TO DATE   13                        25    -12        6
  SINCE JUN 1     13                        25    -12        6
  SINCE JUL 1   1865                      2259   -394     1750

 COOLING
  TODAY            3                         4     -1        7
  MONTH TO DATE  136                        90     46      141
  SINCE JUN 1    136                        90     46      141
  SINCE JAN 1    209                       153     56      223
..................................................................


WIND (MPH)
  RESULTANT WIND SPEED   4   RESULTANT WIND DIRECTION  NW (320)
  HIGHEST WIND SPEED    16   HIGHEST WIND DIRECTION     W (280)
  HIGHEST GUST SPEED    19   HIGHEST GUST DIRECTION     W (280)
  AVERAGE WIND SPEED     5.5


SKY COVER
  POSSIBLE SUNSHINE  MM
  AVERAGE SKY COVER 0.5


WEATHER CONDITIONS
 THE FOLLOWING WEATHER WAS RECORDED TODAY.
  NO SIGNIFICANT WEATHER WAS OBSERVED.


RELATIVE HUMIDITY (PERCENT)
 HIGHEST    78          1200 AM
 LOWEST     49          1100 AM
 AVERAGE    64

..........................................................


THE SAN JOSE CA CLIMATE NORMALS FOR TOMORROW
                         NORMAL    RECORD    YEAR
 MAXIMUM TEMPERATURE (F)   81       102      1934
 MINIMUM TEMPERATURE (F)   57        42      1893


SUNRISE AND SUNSET
JUNE 28 2017..........SUNRISE   550 AM PDT   SUNSET   832 PM PDT
JUNE 29 2017..........SUNRISE   550 AM PDT   SUNSET   832 PM PDT


-  INDICATES NEGATIVE NUMBERS.
R  INDICATES RECORD WAS SET OR TIED.
MM INDICATES DATA IS MISSING.
T  INDICATES TRACE AMOUNT.




$$
