000
CDUS46 KMTR 250045
CLISJC


CLIMATE REPORT
NATIONAL WEATHER SERVICE SAN FRANCISCO BAY AREA
544 PM PDT SAT SEP 24 2016


...................................

...THE SAN JOSE CA CLIMATE SUMMARY FOR SEPTEMBER 24 2016...
VALID TODAY AS OF 0500 PM LOCAL TIME.

CLIMATE NORMAL PERIOD 1981 TO 2010
CLIMATE RECORD PERIOD 1893 TO 2016


WEATHER ITEM   OBSERVED TIME   RECORD YEAR NORMAL DEPARTURE LAST
                VALUE   (LST)  VALUE       VALUE  FROM      YEAR
                                                  NORMAL
..................................................................
TEMPERATURE (F)
 TODAY
  MAXIMUM         87    205 PM  98    1964  79      8       89
  MINIMUM         57    623 AM  40    1895  56      1       59
  AVERAGE         72                        68      4       74

PRECIPITATION (IN)
  TODAY            T             0.37 1982   0.01  -0.01     0.00
  MONTH TO DATE    T                         0.12  -0.12      T
  SINCE OCT 1     14.91                     15.76  -0.85    13.38
  SINCE JAN 1     10.21                     10.67  -0.46     3.43

SNOWFALL (IN)
  TODAY            0.0           0.0  1947
  MONTH TO DATE    0.0
  SINCE SEP 1      0.0
  SINCE JUL 1      0.0

DEGREE DAYS
 HEATING
  TODAY            0                         1     -1        0
  MONTH TO DATE    0                         4     -4        1
  SINCE SEP 1      0                         4     -4        1
  SINCE JUL 1      0                        10    -10        1

 COOLING
  TODAY            7                         3      4        9
  MONTH TO DATE   99                        99      0      149
  SINCE SEP 1     99                        99      0      149
  SINCE JAN 1    620                       582     38      648
..................................................................


WIND (MPH)
  RESULTANT WIND SPEED   4   RESULTANT WIND DIRECTION  NW (300)
  HIGHEST WIND SPEED    22   HIGHEST WIND DIRECTION    NW (310)
  HIGHEST GUST SPEED    26   HIGHEST GUST DIRECTION     N (340)
  AVERAGE WIND SPEED     6.0


SKY COVER
  POSSIBLE SUNSHINE  MM
  AVERAGE SKY COVER 0.1


WEATHER CONDITIONS
 THE FOLLOWING WEATHER WAS RECORDED TODAY.
  NO SIGNIFICANT WEATHER WAS OBSERVED.


RELATIVE HUMIDITY (PERCENT)
 HIGHEST    78          1200 AM
 LOWEST     29           200 PM
 AVERAGE    54

..........................................................


THE SAN JOSE CA CLIMATE NORMALS FOR TOMORROW
                         NORMAL    RECORD    YEAR
 MAXIMUM TEMPERATURE (F)   79        97      1952
 MINIMUM TEMPERATURE (F)   56        43      1948


SUNRISE AND SUNSET
SEPTEMBER 24 2016.....SUNRISE   658 AM PDT   SUNSET   701 PM PDT
SEPTEMBER 25 2016.....SUNRISE   659 AM PDT   SUNSET   659 PM PDT


-  INDICATES NEGATIVE NUMBERS.
R  INDICATES RECORD WAS SET OR TIED.
MM INDICATES DATA IS MISSING.
T  INDICATES TRACE AMOUNT.




$$
