000
CDUS46 KMTR 280836
CLISJC


CLIMATE REPORT
NATIONAL WEATHER SERVICE SAN FRANCISCO BAY AREA
1235 AM PST FRI NOV 28 2014


...................................

...THE SAN JOSE AIRPORT CLIMATE SUMMARY FOR NOVEMBER 27 2014...

CLIMATE NORMAL PERIOD 1981 TO 2010
CLIMATE RECORD PERIOD 1893 TO 2014


WEATHER ITEM   OBSERVED TIME   RECORD YEAR NORMAL DEPARTURE LAST
                VALUE   (LST)  VALUE       VALUE  FROM      YEAR
                                                  NORMAL
..................................................................
TEMPERATURE (F)
 YESTERDAY
  MAXIMUM         69    343 PM  78    1959  64      5       65
  MINIMUM         43    706 AM  26    1896  44     -1       43
  AVERAGE         56                        54      2       54

PRECIPITATION (IN)
  YESTERDAY        0.00          0.85 1984   0.06  -0.06     0.00
  MONTH TO DATE    0.29                      1.68  -1.39     0.77
  SINCE JUL 1      1.27                      2.69  -1.42     1.43
  SINCE JAN 1      6.06                     12.58  -6.52     3.67

SNOWFALL (IN)
  YESTERDAY        0.0                      MM     MM        0.0
  MONTH TO DATE    0.0                      MM     MM        0.0
  SINCE SEP 1      0.0                      MM     MM        0.0
  SINCE JUL 1      0.0                      MM     MM        0.0

DEGREE DAYS
 HEATING
  YESTERDAY        9                        11     -2       11
  MONTH TO DATE  205                       212     -7      227
  SINCE SEP 1    254                       291    -37      351
  SINCE JUL 1    254                       294    -40      352

 COOLING
  YESTERDAY        0                         0      0        0
  MONTH TO DATE    0                         0      0        0
  SINCE SEP 1    184                       182      2      124
  SINCE JAN 1    685                       728    -43      549
..................................................................


WIND (MPH)
  RESULTANT WIND SPEED   0   RESULTANT WIND DIRECTION   N (340)
  HIGHEST WIND SPEED     6   HIGHEST WIND DIRECTION    NW (330)
  HIGHEST GUST SPEED     8   HIGHEST GUST DIRECTION    NW (300)
  AVERAGE WIND SPEED     1.1


SKY COVER
  POSSIBLE SUNSHINE  MM
  AVERAGE SKY COVER 0.3


WEATHER CONDITIONS
 THE FOLLOWING WEATHER WAS RECORDED YESTERDAY.
  HAZE


RELATIVE HUMIDITY (PERCENT)
 HIGHEST    86           400 AM
 LOWEST     37           300 PM
 AVERAGE    62

..........................................................


THE SAN JOSE AIRPORT CLIMATE NORMALS FOR TODAY
                         NORMAL    RECORD    YEAR
 MAXIMUM TEMPERATURE (F)   64        73      1941
 MINIMUM TEMPERATURE (F)   44        25      1896


SUNRISE AND SUNSET
NOVEMBER 28 2014......SUNRISE   700 AM PST   SUNSET   451 PM PST
NOVEMBER 29 2014......SUNRISE   701 AM PST   SUNSET   451 PM PST


-  INDICATES NEGATIVE NUMBERS.
R  INDICATES RECORD WAS SET OR TIED.
MM INDICATES DATA IS MISSING.
T  INDICATES TRACE AMOUNT.




$$
