000
CDUS44 KSJT 280812
CLISJT


CLIMATE REPORT
NATIONAL WEATHER SERVICE SAN ANGELO TX
311 AM CDT TUE MAR 28 2017


...................................

...THE SAN ANGELO CLIMATE SUMMARY FOR MARCH 27 2017...

CLIMATE NORMAL PERIOD 1981 TO 2010
CLIMATE RECORD PERIOD 1907 TO 2017


WEATHER ITEM   OBSERVED TIME   RECORD YEAR NORMAL DEPARTURE LAST
                VALUE   (LST)  VALUE       VALUE  FROM      YEAR
                                                  NORMAL
..................................................................
TEMPERATURE (F)
 YESTERDAY
  MAXIMUM         84    524 PM  96    1971  74     10       68
  MINIMUM         40    650 AM  23    1955  47     -7       45
  AVERAGE         62                        61      1       57

PRECIPITATION (IN)
  YESTERDAY        0.00          1.30 1999   0.04  -0.04     0.00
  MONTH TO DATE    0.04                      1.32  -1.28     3.33
  SINCE MAR 1      0.04                      1.32  -1.28     3.33
  SINCE JAN 1      2.75                      3.60  -0.85     4.13

SNOWFALL (IN)
  YESTERDAY        0.0           T    1991   0.0    0.0      0.0
  MONTH TO DATE    0.0                       0.1   -0.1       T
  SINCE NOV 1      T                         2.2   -2.2      3.1
  SINCE JUL 1      T                         2.2   -2.2      3.1
  SNOW DEPTH       0

DEGREE DAYS
 HEATING
  YESTERDAY        3                         6     -3        8
  MONTH TO DATE  111                       236   -125      146
  SINCE MAR 1    111                       236   -125      146
  SINCE JUL 1   1435                      2197   -762     1739

 COOLING
  YESTERDAY        0                         2     -2        0
  MONTH TO DATE  104                        28     76       25
  SINCE MAR 1    104                        28     76       25
  SINCE JAN 1    131                        33     98       35
..................................................................


WIND (MPH)
  HIGHEST WIND SPEED    13   HIGHEST WIND DIRECTION     E (80)
  HIGHEST GUST SPEED    16   HIGHEST GUST DIRECTION     E (80)
  AVERAGE WIND SPEED     5.0


SKY COVER
  POSSIBLE SUNSHINE  MM
  AVERAGE SKY COVER 0.0


WEATHER CONDITIONS
 THE FOLLOWING WEATHER WAS RECORDED YESTERDAY.
  HAZE


RELATIVE HUMIDITY (PERCENT)
 HIGHEST    70           700 AM
 LOWEST     18           600 PM
 AVERAGE    44

..........................................................


THE SAN ANGELO CLIMATE NORMALS FOR TODAY
                         NORMAL    RECORD    YEAR
 MAXIMUM TEMPERATURE (F)   75        94      1967
 MINIMUM TEMPERATURE (F)   47        24      1955


SUNRISE AND SUNSET
MARCH 28 2017.........SUNRISE   735 AM CDT   SUNSET   759 PM CDT
MARCH 29 2017.........SUNRISE   734 AM CDT   SUNSET   800 PM CDT


-  INDICATES NEGATIVE NUMBERS.
R  INDICATES RECORD WAS SET OR TIED.
MM INDICATES DATA IS MISSING.
T  INDICATES TRACE AMOUNT.




$$
