000
CDUS44 KSJT 292238
CLISJT


CLIMATE REPORT
NATIONAL WEATHER SERVICE SAN ANGELO TX
537 PM CDT SUN MAR 29 2015


...................................

...THE SAN ANGELO CLIMATE SUMMARY FOR MARCH 29 2015...
VALID TODAY AS OF 0500 PM LOCAL TIME.

CLIMATE NORMAL PERIOD 1981 TO 2010
CLIMATE RECORD PERIOD 1907 TO 2015


WEATHER ITEM   OBSERVED TIME   RECORD YEAR NORMAL DEPARTURE LAST
                VALUE   (LST)  VALUE       VALUE  FROM      YEAR
                                                  NORMAL
..................................................................
TEMPERATURE (F)
 TODAY
  MAXIMUM         93    359 PM  97    1967  75     18       78
  MINIMUM         51    653 AM  27    1987  47      4       42
  AVERAGE         72                        61     11       60

PRECIPITATION (IN)
  TODAY            0.00          0.81 2006   0.05  -0.05     0.00
  MONTH TO DATE    1.67                      1.41   0.26     0.05
  SINCE MAR 1      1.67                      1.41   0.26     0.05
  SINCE JAN 1      3.93                      3.69   0.24     0.11

SNOWFALL (IN)
  TODAY            0.0           T    2012   0.0    0.0      0.0
                                      1990
  MONTH TO DATE    0.2                       0.1    0.1       T
  SINCE NOV 1      1.4                       2.2   -0.8      1.6
  SINCE JUL 1      1.4                       2.2   -0.8      1.6

DEGREE DAYS
 HEATING
  TODAY            0                         6     -6        5
  MONTH TO DATE  288                       248     40      282
  SINCE MAR 1    288                       248     40      282
  SINCE JUL 1   2135                      2209    -74     2402

 COOLING
  TODAY            7                         2      5        0
  MONTH TO DATE   35                        32      3       43
  SINCE MAR 1     35                        32      3       43
  SINCE JAN 1     37                        37      0       46
..................................................................


WIND (MPH)
  HIGHEST WIND SPEED    21   HIGHEST WIND DIRECTION    SW (230)
  HIGHEST GUST SPEED    26   HIGHEST GUST DIRECTION    SW (230)
  AVERAGE WIND SPEED    11.8


SKY COVER
  POSSIBLE SUNSHINE  MM
  AVERAGE SKY COVER 0.0


WEATHER CONDITIONS
 THE FOLLOWING WEATHER WAS RECORDED TODAY.
  NO SIGNIFICANT WEATHER WAS OBSERVED.


RELATIVE HUMIDITY (PERCENT)
 HIGHEST    71           700 AM
 LOWEST     16           400 PM
 AVERAGE    44

..........................................................


THE SAN ANGELO CLIMATE NORMALS FOR TOMORROW
                         NORMAL    RECORD    YEAR
 MAXIMUM TEMPERATURE (F)   75        95      1974
 MINIMUM TEMPERATURE (F)   48        23      1987


SUNRISE AND SUNSET
MARCH 29 2015.........SUNRISE   735 AM CDT   SUNSET   759 PM CDT
MARCH 30 2015.........SUNRISE   733 AM CDT   SUNSET   800 PM CDT


-  INDICATES NEGATIVE NUMBERS.
R  INDICATES RECORD WAS SET OR TIED.
MM INDICATES DATA IS MISSING.
T  INDICATES TRACE AMOUNT.




$$
