000
CDUS44 KSJT 230900
CLISJT


CLIMATE REPORT
NATIONAL WEATHER SERVICE SAN ANGELO TX
300 AM CST THU NOV 23 2017


...................................

...THE SAN ANGELO CLIMATE SUMMARY FOR NOVEMBER 22 2017...

CLIMATE NORMAL PERIOD 1981 TO 2010
CLIMATE RECORD PERIOD 1907 TO 2017


WEATHER ITEM   OBSERVED TIME   RECORD YEAR NORMAL DEPARTURE LAST
                VALUE   (LST)  VALUE       VALUE  FROM      YEAR
                                                  NORMAL
..................................................................
TEMPERATURE (F)
 YESTERDAY
  MAXIMUM         63    416 PM  85    1955  66     -3       82
                                      1910
  MINIMUM         35   1145 PM  21    2015  40     -5       56
                                      1926
  AVERAGE         49                        53     -4       69

PRECIPITATION (IN)
  YESTERDAY        0.00          1.82 1912   0.03  -0.03     0.00
  MONTH TO DATE    0.98                      0.92   0.06     2.28
  SINCE SEP 1      5.25                      6.11  -0.86     9.01
  SINCE JAN 1     17.35                     20.18  -2.83    34.53

SNOWFALL (IN)
  YESTERDAY        0.0           1.3  1957   0.0    0.0      0.0
  MONTH TO DATE    0.0                       0.2   -0.2      0.0
  SINCE NOV 1      0.0                       0.2   -0.2      0.0
  SINCE JUL 1      0.0                       0.2   -0.2      0.0
  SNOW DEPTH       0

DEGREE DAYS
 HEATING
  YESTERDAY       16                        13      3        0
  MONTH TO DATE  134                       196    -62       80
  SINCE SEP 1    237                       287    -50       93
  SINCE JUL 1    237                       287    -50       93

 COOLING
  YESTERDAY        0                         0      0        4
  MONTH TO DATE   67                        15     52       41
  SINCE SEP 1    599                       463    136      669
  SINCE JAN 1   2873                      2499    374     2829
..................................................................


WIND (MPH)
  HIGHEST WIND SPEED    16   HIGHEST WIND DIRECTION    NE (30)
  HIGHEST GUST SPEED    20   HIGHEST GUST DIRECTION     N (20)
  AVERAGE WIND SPEED     5.8


SKY COVER
  POSSIBLE SUNSHINE  MM
  AVERAGE SKY COVER 0.0


WEATHER CONDITIONS
 THE FOLLOWING WEATHER WAS RECORDED YESTERDAY.
  NO SIGNIFICANT WEATHER WAS OBSERVED.


RELATIVE HUMIDITY (PERCENT)
 HIGHEST    64           600 AM
 LOWEST     19           200 PM
 AVERAGE    42

..........................................................


THE SAN ANGELO CLIMATE NORMALS FOR TODAY
                         NORMAL    RECORD    YEAR
 MAXIMUM TEMPERATURE (F)   65        85      1965
 MINIMUM TEMPERATURE (F)   39        22      1937


SUNRISE AND SUNSET
NOVEMBER 23 2017......SUNRISE   717 AM CST   SUNSET   540 PM CST
NOVEMBER 24 2017......SUNRISE   718 AM CST   SUNSET   540 PM CST


-  INDICATES NEGATIVE NUMBERS.
R  INDICATES RECORD WAS SET OR TIED.
MM INDICATES DATA IS MISSING.
T  INDICATES TRACE AMOUNT.




$$
