137
CDUS44 KSJT 261016
CLISJT


CLIMATE REPORT
NATIONAL WEATHER SERVICE SAN ANGELO TX
515 AM CDT WED JUL 26 2017


...................................

...THE SAN ANGELO CLIMATE SUMMARY FOR JULY 25 2017...

CLIMATE NORMAL PERIOD 1981 TO 2010
CLIMATE RECORD PERIOD 1907 TO 2017


WEATHER ITEM   OBSERVED TIME   RECORD YEAR NORMAL DEPARTURE LAST
                VALUE   (LST)  VALUE       VALUE  FROM      YEAR
                                                  NORMAL
..................................................................
TEMPERATURE (F)
 YESTERDAY
  MAXIMUM         99    439 PM 106    1912  96      3      101
  MINIMUM         70    552 AM  60    1989  72     -2       72
  AVERAGE         85                        84      1       87

PRECIPITATION (IN)
  YESTERDAY        0.00          1.87 1926   0.03  -0.03     0.00
  MONTH TO DATE    1.69                      0.97   0.72     0.00
  SINCE JUN 1      3.21                      3.56  -0.35     7.02
  SINCE JAN 1      9.69                     11.58  -1.89    22.65

DEGREE DAYS
 HEATING
  YESTERDAY        0                         0      0        0
  MONTH TO DATE    0                         0      0        0
  SINCE JUN 1      0                         0      0        0
  SINCE JUL 1      0                         0      0        0

 COOLING
  YESTERDAY       20                        19      1       22
  MONTH TO DATE  480                       450     30      575
  SINCE JUN 1   1042                       914    128     1021
  SINCE JAN 1   1618                      1374    244     1432
..................................................................


WIND (MPH)
  HIGHEST WIND SPEED    17   HIGHEST WIND DIRECTION    SE (150)
  HIGHEST GUST SPEED    23   HIGHEST GUST DIRECTION    SE (150)
  AVERAGE WIND SPEED     7.4


SKY COVER
  POSSIBLE SUNSHINE  MM
  AVERAGE SKY COVER 0.1


WEATHER CONDITIONS
 THE FOLLOWING WEATHER WAS RECORDED YESTERDAY.
  NO SIGNIFICANT WEATHER WAS OBSERVED.


RELATIVE HUMIDITY (PERCENT)
 HIGHEST    84           500 AM
 LOWEST     30           500 PM
 AVERAGE    57

..........................................................


THE SAN ANGELO CLIMATE NORMALS FOR TODAY
                         NORMAL    RECORD    YEAR
 MAXIMUM TEMPERATURE (F)   96       106      1944
 MINIMUM TEMPERATURE (F)   72        61      1987


SUNRISE AND SUNSET
JULY 26 2017..........SUNRISE   655 AM CDT   SUNSET   842 PM CDT
JULY 27 2017..........SUNRISE   656 AM CDT   SUNSET   841 PM CDT


-  INDICATES NEGATIVE NUMBERS.
R  INDICATES RECORD WAS SET OR TIED.
MM INDICATES DATA IS MISSING.
T  INDICATES TRACE AMOUNT.




$$
