000
CDUS44 KSJT 280651
CLISJT


CLIMATE REPORT
NATIONAL WEATHER SERVICE SAN ANGELO TX
151 AM CDT THU JUL 28 2016


...................................

...THE SAN ANGELO CLIMATE SUMMARY FOR JULY 27 2016...

CLIMATE NORMAL PERIOD 1981 TO 2010
CLIMATE RECORD PERIOD 1907 TO 2016


WEATHER ITEM   OBSERVED TIME   RECORD YEAR NORMAL DEPARTURE LAST
                VALUE   (LST)  VALUE       VALUE  FROM      YEAR
                                                  NORMAL
..................................................................
TEMPERATURE (F)
 YESTERDAY
  MAXIMUM         99    449 PM 111    1944  96      3      103
  MINIMUM         70    548 AM  60    1913  72     -2       76
  AVERAGE         85                        84      1       90

PRECIPITATION (IN)
  YESTERDAY        0.00          0.68 1992   0.04  -0.04     0.00
  MONTH TO DATE    0.00                      1.05  -1.05     0.55
  SINCE JUN 1      7.02                      3.64   3.38     4.10
  SINCE JAN 1     22.65                     11.66  10.99    18.96

DEGREE DAYS
 HEATING
  YESTERDAY        0                         0      0        0
  MONTH TO DATE    0                         0      0        0
  SINCE JUN 1      0                         0      0        0
  SINCE JUL 1      0                         0      0        0

 COOLING
  YESTERDAY       20                        19      1       25
  MONTH TO DATE  615                       488    127      538
  SINCE JUN 1   1061                       952    109      982
  SINCE JAN 1   1472                      1412     60     1449
..................................................................


WIND (MPH)
  HIGHEST WIND SPEED    24   HIGHEST WIND DIRECTION     S (170)
  HIGHEST GUST SPEED    33   HIGHEST GUST DIRECTION     S (170)
  AVERAGE WIND SPEED     6.5


SKY COVER
  POSSIBLE SUNSHINE  MM
  AVERAGE SKY COVER 0.1


WEATHER CONDITIONS
 THE FOLLOWING WEATHER WAS RECORDED YESTERDAY.
  NO SIGNIFICANT WEATHER WAS OBSERVED.


RELATIVE HUMIDITY (PERCENT)
 HIGHEST    84           300 AM
 LOWEST     29           500 PM
 AVERAGE    57

..........................................................


THE SAN ANGELO CLIMATE NORMALS FOR TODAY
                         NORMAL    RECORD    YEAR
 MAXIMUM TEMPERATURE (F)   96       110      1944
 MINIMUM TEMPERATURE (F)   72        62      1915


SUNRISE AND SUNSET
JULY 28 2016..........SUNRISE   656 AM CDT   SUNSET   840 PM CDT
JULY 29 2016..........SUNRISE   657 AM CDT   SUNSET   840 PM CDT


-  INDICATES NEGATIVE NUMBERS.
R  INDICATES RECORD WAS SET OR TIED.
MM INDICATES DATA IS MISSING.
T  INDICATES TRACE AMOUNT.




$$
