000
CDUS44 KSJT 190808
CLISJT


CLIMATE REPORT
NATIONAL WEATHER SERVICE SAN ANGELO TX
206 AM CST FRI DEC 19 2014


...................................

...THE SAN ANGELO CLIMATE SUMMARY FOR DECEMBER 18 2014...

CLIMATE NORMAL PERIOD 1981 TO 2010
CLIMATE RECORD PERIOD 1907 TO 2014


WEATHER ITEM   OBSERVED TIME   RECORD YEAR NORMAL DEPARTURE LAST
                VALUE   (LST)  VALUE       VALUE  FROM      YEAR
                                                  NORMAL
..................................................................
TEMPERATURE (F)
 YESTERDAY
  MAXIMUM         67    316 PM  83    2012  59      8       71
  MINIMUM         45    922 AM  14    1983  33     12       32
  AVERAGE         56                        46     10       52

PRECIPITATION (IN)
  YESTERDAY        0.00          0.52 1952   0.02  -0.02     0.00
  MONTH TO DATE    0.04                      0.46  -0.42     0.64
  SINCE DEC 1      0.04                      0.46  -0.42     0.64
  SINCE JAN 1     16.39                     20.86  -4.47    19.29

SNOWFALL (IN)
  YESTERDAY        0.0           T    1983   0.1   -0.1      0.0
  MONTH TO DATE    0.0                       0.2   -0.2      1.5
  SINCE NOV 1      T                         0.5   -0.5      1.5
  SINCE JUL 1      T                         0.5   -0.5      1.5
  SNOW DEPTH       0

DEGREE DAYS
 HEATING
  YESTERDAY        9                        19    -10       13
  MONTH TO DATE  154                       316   -162      364
  SINCE DEC 1    154                       316   -162      364
  SINCE JUL 1    524                       716   -192      840

 COOLING
  YESTERDAY        0                         0      0        0
  MONTH TO DATE    1                         0      1        3
  SINCE DEC 1      1                         0      1        3
  SINCE JAN 1   2877                      2502    375     2863
..................................................................


WIND (MPH)
  HIGHEST WIND SPEED    16   HIGHEST WIND DIRECTION    NE (50)
  HIGHEST GUST SPEED    22   HIGHEST GUST DIRECTION    NE (50)
  AVERAGE WIND SPEED     6.1


SKY COVER
  POSSIBLE SUNSHINE  MM
  AVERAGE SKY COVER 0.5


WEATHER CONDITIONS
 THE FOLLOWING WEATHER WAS RECORDED YESTERDAY.
  FOG
  FOG W/VISIBILITY <= 1/4 MILE


RELATIVE HUMIDITY (PERCENT)
 HIGHEST   100           600 AM
 LOWEST     34           200 PM
 AVERAGE    67

..........................................................


THE SAN ANGELO CLIMATE NORMALS FOR TODAY
                         NORMAL    RECORD    YEAR
 MAXIMUM TEMPERATURE (F)   59        80      1924
 MINIMUM TEMPERATURE (F)   33        11      1996
                                             1924


SUNRISE AND SUNSET
DECEMBER 19 2014......SUNRISE   736 AM CST   SUNSET   542 PM CST
DECEMBER 20 2014......SUNRISE   736 AM CST   SUNSET   543 PM CST


-  INDICATES NEGATIVE NUMBERS.
R  INDICATES RECORD WAS SET OR TIED.
MM INDICATES DATA IS MISSING.
T  INDICATES TRACE AMOUNT.




$$
