000
CDUS44 KSJT 260703
CLISJT


CLIMATE REPORT
NATIONAL WEATHER SERVICE SAN ANGELO TX
202 AM CDT TUE MAY 26 2015


...................................

...THE SAN ANGELO CLIMATE SUMMARY FOR MAY 25 2015...

CLIMATE NORMAL PERIOD 1981 TO 2010
CLIMATE RECORD PERIOD 1907 TO 2015


WEATHER ITEM   OBSERVED TIME   RECORD YEAR NORMAL DEPARTURE LAST
                VALUE   (LST)  VALUE       VALUE  FROM      YEAR
                                                  NORMAL
..................................................................
TEMPERATURE (F)
 YESTERDAY
  MAXIMUM         80    530 PM 107    1989  89     -9       72
  MINIMUM         60   1051 AM  51    1947  65     -5       61
  AVERAGE         70                        77     -7       67

PRECIPITATION (IN)
  YESTERDAY        0.04          2.36 2014   0.12  -0.08     2.36
  MONTH TO DATE    7.84                      2.16   5.68     5.88
  SINCE MAR 1     11.32                      5.08   6.24     6.34
  SINCE JAN 1     13.58                      7.36   6.22     6.40

DEGREE DAYS
 HEATING
  YESTERDAY        0                         0      0        0
  MONTH TO DATE    8                         8      0       28
  SINCE MAR 1    338                       353    -15      377
  SINCE JUL 1   2185                      2314   -129     2497

 COOLING
  YESTERDAY        5                        12     -7        2
  MONTH TO DATE  216                       229    -13      281
  SINCE MAR 1    410                       380     30      531
  SINCE JAN 1    412                       385     27      534
..................................................................


WIND (MPH)
  HIGHEST WIND SPEED    28   HIGHEST WIND DIRECTION     W (280)
  HIGHEST GUST SPEED    38   HIGHEST GUST DIRECTION     W (290)
  AVERAGE WIND SPEED     8.6


SKY COVER
  POSSIBLE SUNSHINE  MM
  AVERAGE SKY COVER 0.2


WEATHER CONDITIONS
 THE FOLLOWING WEATHER WAS RECORDED YESTERDAY.
  THUNDERSTORM
  LIGHT RAIN


RELATIVE HUMIDITY (PERCENT)
 HIGHEST    87          1000 PM
 LOWEST     54           400 PM
 AVERAGE    71

..........................................................


THE SAN ANGELO CLIMATE NORMALS FOR TODAY
                         NORMAL    RECORD    YEAR
 MAXIMUM TEMPERATURE (F)   89       102      1973
 MINIMUM TEMPERATURE (F)   65        52      1947


SUNRISE AND SUNSET
MAY 26 2015...........SUNRISE   640 AM CDT   SUNSET   838 PM CDT
MAY 27 2015...........SUNRISE   640 AM CDT   SUNSET   839 PM CDT


-  INDICATES NEGATIVE NUMBERS.
R  INDICATES RECORD WAS SET OR TIED.
MM INDICATES DATA IS MISSING.
T  INDICATES TRACE AMOUNT.




$$
