549
CDUS44 KSJT 110757
CLISJT


CLIMATE REPORT
NATIONAL WEATHER SERVICE SAN ANGELO TX
156 AM CST THU FEB 11 2016


...................................

...THE SAN ANGELO CLIMATE SUMMARY FOR FEBRUARY 10 2016...

CLIMATE NORMAL PERIOD 1981 TO 2010
CLIMATE RECORD PERIOD 1907 TO 2016


WEATHER ITEM   OBSERVED TIME   RECORD YEAR NORMAL DEPARTURE LAST
                VALUE   (LST)  VALUE       VALUE  FROM      YEAR
                                                  NORMAL
..................................................................
TEMPERATURE (F)
 YESTERDAY
  MAXIMUM         80    307 PM  87    1943  63     17       83
                                      1932
  MINIMUM         29    732 AM  12    2011  36     -7       44
                                      1929
  AVERAGE         55                        49      6       64

PRECIPITATION (IN)
  YESTERDAY        0.00          0.54 1911   0.05  -0.05     0.00
  MONTH TO DATE    0.00                      0.42  -0.42      T
  SINCE DEC 1      2.29                      2.20   0.09     2.39
  SINCE JAN 1      0.03                      1.35  -1.32     2.03

SNOWFALL (IN)
  YESTERDAY        0.0           0.0    MM   0.0    0.0      0.0
  MONTH TO DATE    0.0                       0.1   -0.1      0.0
  SINCE NOV 1      3.1                       1.9    1.2       T
  SINCE JUL 1      3.1                       1.9    1.2       T
  SNOW DEPTH       0

DEGREE DAYS
 HEATING
  YESTERDAY       10                        16     -6        1
  MONTH TO DATE  170                       166      4      128
  SINCE DEC 1   1145                      1310   -165     1149
  SINCE JUL 1   1431                      1710   -279     1519

 COOLING
  YESTERDAY        0                         0      0        0
  MONTH TO DATE    0                         0      0        0
  SINCE DEC 1      0                         2     -2        1
  SINCE JAN 1      0                         1     -1        0
..................................................................


WIND (MPH)
  HIGHEST WIND SPEED    20   HIGHEST WIND DIRECTION     W (250)
  HIGHEST GUST SPEED    24   HIGHEST GUST DIRECTION     W (250)
  AVERAGE WIND SPEED     8.0


SKY COVER
  POSSIBLE SUNSHINE  MM
  AVERAGE SKY COVER 0.0


WEATHER CONDITIONS
 THE FOLLOWING WEATHER WAS RECORDED YESTERDAY.
  NO SIGNIFICANT WEATHER WAS OBSERVED.


RELATIVE HUMIDITY (PERCENT)
 HIGHEST    72           800 AM
 LOWEST     11           400 PM
 AVERAGE    42

..........................................................


THE SAN ANGELO CLIMATE NORMALS FOR TODAY
                         NORMAL    RECORD    YEAR
 MAXIMUM TEMPERATURE (F)   63        86      1962
                                             1922
 MINIMUM TEMPERATURE (F)   36        10      1981


SUNRISE AND SUNSET
FEBRUARY 11 2016......SUNRISE   727 AM CST   SUNSET   625 PM CST
FEBRUARY 12 2016......SUNRISE   726 AM CST   SUNSET   626 PM CST


-  INDICATES NEGATIVE NUMBERS.
R  INDICATES RECORD WAS SET OR TIED.
MM INDICATES DATA IS MISSING.
T  INDICATES TRACE AMOUNT.




$$
