000
CDUS44 KSJT 280806
CLISJT


CLIMATE REPORT
NATIONAL WEATHER SERVICE SAN ANGELO TX
306 AM CDT SUN MAY 28 2017


...................................

...THE SAN ANGELO CLIMATE SUMMARY FOR MAY 27 2017...

CLIMATE NORMAL PERIOD 1981 TO 2010
CLIMATE RECORD PERIOD 1907 TO 2017


WEATHER ITEM   OBSERVED TIME   RECORD YEAR NORMAL DEPARTURE LAST
                VALUE   (LST)  VALUE       VALUE  FROM      YEAR
                                                  NORMAL
..................................................................
TEMPERATURE (F)
 YESTERDAY
  MAXIMUM        105    428 PM 108    2011  89     16       89
  MINIMUM         73    502 AM  53    1961  65      8       61
  AVERAGE         89                        77     12       75

PRECIPITATION (IN)
  YESTERDAY        0.00          1.24 2016   0.11  -0.11     1.24
  MONTH TO DATE    2.06                      2.38  -0.32     4.77
  SINCE MAR 1      3.77                      5.30  -1.53    13.20
  SINCE JAN 1      6.48                      7.58  -1.10    14.00

DEGREE DAYS
 HEATING
  YESTERDAY        0                         0      0        0
  MONTH TO DATE    9                         8      1       22
  SINCE MAR 1    183                       353   -170      232
  SINCE JUL 1   1507                      2314   -807     1825

 COOLING
  YESTERDAY       24                        12     12       10
  MONTH TO DATE  240                       253    -13      230
  SINCE MAR 1    514                       404    110      354
  SINCE JAN 1    541                       409    132      364
..................................................................


WIND (MPH)
  HIGHEST WIND SPEED    23   HIGHEST WIND DIRECTION    SW (210)
  HIGHEST GUST SPEED    28   HIGHEST GUST DIRECTION    SW (210)
  AVERAGE WIND SPEED    10.5


SKY COVER
  POSSIBLE SUNSHINE  MM
  AVERAGE SKY COVER 0.2


WEATHER CONDITIONS
 THE FOLLOWING WEATHER WAS RECORDED YESTERDAY.
  NO SIGNIFICANT WEATHER WAS OBSERVED.


RELATIVE HUMIDITY (PERCENT)
 HIGHEST    87           500 AM
 LOWEST     13           500 PM
 AVERAGE    50

..........................................................


THE SAN ANGELO CLIMATE NORMALS FOR TODAY
                         NORMAL    RECORD    YEAR
 MAXIMUM TEMPERATURE (F)   89       110      2011
 MINIMUM TEMPERATURE (F)   66        51      1968


SUNRISE AND SUNSET
MAY 28 2017...........SUNRISE   639 AM CDT   SUNSET   840 PM CDT
MAY 29 2017...........SUNRISE   639 AM CDT   SUNSET   840 PM CDT


-  INDICATES NEGATIVE NUMBERS.
R  INDICATES RECORD WAS SET OR TIED.
MM INDICATES DATA IS MISSING.
T  INDICATES TRACE AMOUNT.




$$
