000
CDUS44 KSJT 300702
CLISJT


CLIMATE REPORT
NATIONAL WEATHER SERVICE SAN ANGELO TX
201 AM CDT MON MAY 30 2016


...................................

...THE SAN ANGELO CLIMATE SUMMARY FOR MAY 29 2016...

CLIMATE NORMAL PERIOD 1981 TO 2010
CLIMATE RECORD PERIOD 1907 TO 2016


WEATHER ITEM   OBSERVED TIME   RECORD YEAR NORMAL DEPARTURE LAST
                VALUE   (LST)  VALUE       VALUE  FROM      YEAR
                                                  NORMAL
..................................................................
TEMPERATURE (F)
 YESTERDAY
  MAXIMUM         90    345 PM 107    1927  90      0       85
  MINIMUM         66    441 AM  48    1947  66      0       61
  AVERAGE         78                        78      0       73

PRECIPITATION (IN)
  YESTERDAY        0.15          2.40 1932   0.11   0.04     0.01
  MONTH TO DATE    4.92                      2.60   2.32     8.81
  SINCE MAR 1     13.35                      5.52   7.83    12.29
  SINCE JAN 1     14.15                      7.80   6.35    14.55

DEGREE DAYS
 HEATING
  YESTERDAY        0                         0      0        0
  MONTH TO DATE   22                         8     14        8
  SINCE MAR 1    232                       353   -121      338
  SINCE JUL 1   1825                      2314   -489     2185

 COOLING
  YESTERDAY       13                        13      0        8
  MONTH TO DATE  255                       279    -24      261
  SINCE MAR 1    379                       430    -51      455
  SINCE JAN 1    389                       435    -46      457
..................................................................


WIND (MPH)
  HIGHEST WIND SPEED    28   HIGHEST WIND DIRECTION     N (350)
  HIGHEST GUST SPEED    38   HIGHEST GUST DIRECTION     N (350)
  AVERAGE WIND SPEED    12.1


SKY COVER
  POSSIBLE SUNSHINE  MM
  AVERAGE SKY COVER 0.3


WEATHER CONDITIONS
 THE FOLLOWING WEATHER WAS RECORDED YESTERDAY.
  THUNDERSTORM
  RAIN
  FOG


RELATIVE HUMIDITY (PERCENT)
 HIGHEST    84           400 AM
 LOWEST     47           300 PM
 AVERAGE    66

..........................................................


THE SAN ANGELO CLIMATE NORMALS FOR TODAY
                         NORMAL    RECORD    YEAR
 MAXIMUM TEMPERATURE (F)   90       107      1927
 MINIMUM TEMPERATURE (F)   66        46      1947


SUNRISE AND SUNSET
MAY 30 2016...........SUNRISE   639 AM CDT   SUNSET   841 PM CDT
MAY 31 2016...........SUNRISE   638 AM CDT   SUNSET   841 PM CDT


-  INDICATES NEGATIVE NUMBERS.
R  INDICATES RECORD WAS SET OR TIED.
MM INDICATES DATA IS MISSING.
T  INDICATES TRACE AMOUNT.




$$
