000
CDCA42 TJSJ 160426
CLISJU


CLIMATE REPORT
NATIONAL WEATHER SERVICE SAN JUAN, PR
1225 AM AST TUE JAN 16 2018


...................................

...THE SAN JUAN AREA/PR CLIMATE SUMMARY FOR JANUARY 15 2018...

CLIMATE NORMAL PERIOD 1981 TO 2010
CLIMATE RECORD PERIOD 1898 TO 2018


WEATHER ITEM   OBSERVED TIME   RECORD YEAR NORMAL DEPARTURE LAST
                VALUE   (LST)  VALUE       VALUE  FROM      YEAR
                                                  NORMAL
..................................................................
TEMPERATURE (F)
 YESTERDAY
  MAXIMUM         83    135 PM  90    1981  83      0       83
  MINIMUM         73    736 AM  64    1956  72      1       73
  AVERAGE         78                        78      0       78

PRECIPITATION (IN)
  YESTERDAY        0.37          3.06 1902   0.12   0.25     0.15
  MONTH TO DATE    1.35                      2.05  -0.70     1.42
  SINCE DEC 1      4.68                      7.07  -2.39     5.72
  SINCE JAN 1      1.35                      2.05  -0.70     1.42

SNOWFALL (IN)
  YESTERDAY        0.0                       0.0    0.0      0.0
  MONTH TO DATE    0.0                       0.0    0.0      0.0
  SINCE DEC 1      0.0                       0.0    0.0      0.0
  SINCE JUL 1      0.0                       0.0    0.0      0.0

DEGREE DAYS
 HEATING
  YESTERDAY        0                         0      0        0
  MONTH TO DATE    0                         0      0        0
  SINCE DEC 1      0                         0      0        0
  SINCE JUL 1      0                         0      0        0

 COOLING
  YESTERDAY       13                        13      0       13
  MONTH TO DATE  223                       195     28      217
  SINCE DEC 1    695                       618     77      712
  SINCE JAN 1    223                       195     28      217
..................................................................


WIND (MPH)
  HIGHEST WIND SPEED    18   HIGHEST WIND DIRECTION     E (100)
  HIGHEST GUST SPEED    25   HIGHEST GUST DIRECTION     E (100)
  AVERAGE WIND SPEED     5.2


SKY COVER
  AVERAGE SKY COVER 0.5


WEATHER CONDITIONS
 THE FOLLOWING WEATHER WAS RECORDED YESTERDAY.
  RAIN
  LIGHT RAIN
  FOG


RELATIVE HUMIDITY (PERCENT)
 HIGHEST   100
 LOWEST     74
 AVERAGE    87

..........................................................


THE SAN JUAN AREA/PR CLIMATE NORMALS FOR TODAY
                         NORMAL    RECORD    YEAR
 MAXIMUM TEMPERATURE (F)   83        92      1983
 MINIMUM TEMPERATURE (F)   72        62      1958


SUNRISE AND SUNSET
JANUARY 16 2018.......SUNRISE   659 AM AST   SUNSET   609 PM AST
JANUARY 17 2018.......SUNRISE   659 AM AST   SUNSET   609 PM AST


-  INDICATES NEGATIVE NUMBERS.
R  INDICATES RECORD WAS SET OR TIED.
MM INDICATES DATA IS MISSING.
T  INDICATES TRACE AMOUNT.




$$
