000
CDCA42 TJSJ 290502
CLISJU


CLIMATE REPORT
NATIONAL WEATHER SERVICE SAN JUAN, PR
101 AM AST MON DEC 29 2014


...................................

...THE SAN JUAN/P.R. CLIMATE SUMMARY FOR DECEMBER 28 2014...

CLIMATE NORMAL PERIOD 1981 TO 2010
CLIMATE RECORD PERIOD 1898 TO 2014


WEATHER ITEM   OBSERVED TIME   RECORD YEAR NORMAL DEPARTURE LAST
                VALUE   (LST)  VALUE       VALUE  FROM      YEAR
                                                  NORMAL
..................................................................
TEMPERATURE (F)
 YESTERDAY
  MAXIMUM         84    100 PM  90    1980  83      1       86
  MINIMUM         74    747 AM  65    1952  73      1       77
  AVERAGE         79                        78      1       82

PRECIPITATION (IN)
  YESTERDAY        0.18          1.07 1908   0.15   0.03     0.02
  MONTH TO DATE    5.46                      4.58   0.88     7.45
  SINCE DEC 1      5.46                      4.58   0.88     7.45
  SINCE JAN 1     59.04                     55.91   3.13    84.95

SNOWFALL (IN)
  YESTERDAY        0.0
  MONTH TO DATE    0.0
  SINCE DEC 1      0.0
  SINCE JUL 1      0.0

DEGREE DAYS
 HEATING
  YESTERDAY        0                         0      0        0
  MONTH TO DATE    0                         0      0        0
  SINCE DEC 1      0                         0      0        0
  SINCE JUL 1      0                         0      0        0

 COOLING
  YESTERDAY       14                        13      1       17
  MONTH TO DATE  405                       382     23      431
  SINCE DEC 1    405                       382     23      431
  SINCE JAN 1   6267                      5808    459     5994
..................................................................


WIND (MPH)
  RESULTANT WIND SPEED   7   RESULTANT WIND DIRECTION   E (70)
  HIGHEST WIND SPEED    21   HIGHEST WIND DIRECTION    NE (50)
  HIGHEST GUST SPEED    25   HIGHEST GUST DIRECTION    NE (40)
  AVERAGE WIND SPEED     7.0


SKY COVER
  AVERAGE SKY COVER 0.5


WEATHER CONDITIONS
 THE FOLLOWING WEATHER WAS RECORDED YESTERDAY.
  FOG


RELATIVE HUMIDITY (PERCENT)
 HIGHEST    93
 LOWEST     63
 AVERAGE    78

..........................................................


THE SAN JUAN/P.R. CLIMATE NORMALS FOR TODAY
                         NORMAL    RECORD    YEAR
 MAXIMUM TEMPERATURE (F)   83        88      1980
 MINIMUM TEMPERATURE (F)   73        62      1917


SUNRISE AND SUNSET
DECEMBER 29 2014......SUNRISE   655 AM AST   SUNSET   557 PM AST
DECEMBER 30 2014......SUNRISE   655 AM AST   SUNSET   558 PM AST


-  INDICATES NEGATIVE NUMBERS.
R  INDICATES RECORD WAS SET OR TIED.
MM INDICATES DATA IS MISSING.
T  INDICATES TRACE AMOUNT.




$$
