000
CDCA42 TJSJ 290427
CLISJU


CLIMATE REPORT
NATIONAL WEATHER SERVICE SAN JUAN, PR
1226 AM AST SAT NOV 29 2014


...................................

...THE SAN JUAN/P.R. CLIMATE SUMMARY FOR NOVEMBER 28 2014...

CLIMATE NORMAL PERIOD 1981 TO 2010
CLIMATE RECORD PERIOD 1898 TO 2014


WEATHER ITEM   OBSERVED TIME   RECORD YEAR NORMAL DEPARTURE LAST
                VALUE   (LST)  VALUE       VALUE  FROM      YEAR
                                                  NORMAL
..................................................................
TEMPERATURE (F)
 YESTERDAY
  MAXIMUM         85    241 PM  88    2012  85      0       84
                                      1993
  MINIMUM         73    716 AM  68    1962  74     -1       74
  AVERAGE         79                        80     -1       79

PRECIPITATION (IN)
  YESTERDAY        0.00          2.21 1961   0.19  -0.19     0.03
  MONTH TO DATE   10.78                      5.98   4.80     5.48
  SINCE SEP 1     20.17                     17.34   2.83    16.33
  SINCE JAN 1     52.89                     50.96   1.93    73.96

SNOWFALL (IN)
  YESTERDAY        0.0
  MONTH TO DATE    0.0
  SINCE SEP 1      0.0
  SINCE JUL 1      0.0

DEGREE DAYS
 HEATING
  YESTERDAY        0                         0      0        0
  MONTH TO DATE    0                         0      0        0
  SINCE SEP 1      0                         0      0        0
  SINCE JUL 1      0                         0      0        0

 COOLING
  YESTERDAY       14                        15     -1       14
  MONTH TO DATE  459                       438     21      445
  SINCE SEP 1   1617                      1540     77     1623
  SINCE JAN 1   5832                      5397    435     5539
..................................................................


WIND (MPH)
  RESULTANT WIND SPEED   4   RESULTANT WIND DIRECTION  NE (60)
  HIGHEST WIND SPEED    15   HIGHEST WIND DIRECTION     E (70)
  HIGHEST GUST SPEED    20   HIGHEST GUST DIRECTION    NE (30)
  AVERAGE WIND SPEED     4.3


SKY COVER
  AVERAGE SKY COVER 0.1


WEATHER CONDITIONS
 THE FOLLOWING WEATHER WAS RECORDED YESTERDAY.
  NO SIGNIFICANT WEATHER WAS OBSERVED.


RELATIVE HUMIDITY (PERCENT)
 HIGHEST    93
 LOWEST     65
 AVERAGE    79

..........................................................


THE SAN JUAN/P.R. CLIMATE NORMALS FOR TODAY
                         NORMAL    RECORD    YEAR
 MAXIMUM TEMPERATURE (F)   85        90      1987
 MINIMUM TEMPERATURE (F)   74        67      1956


SUNRISE AND SUNSET
NOVEMBER 29 2014......SUNRISE   639 AM AST   SUNSET   546 PM AST
NOVEMBER 30 2014......SUNRISE   639 AM AST   SUNSET   546 PM AST


-  INDICATES NEGATIVE NUMBERS.
R  INDICATES RECORD WAS SET OR TIED.
MM INDICATES DATA IS MISSING.
T  INDICATES TRACE AMOUNT.




$$
