000
CDCA42 TJSJ 300842
CLISJU

CLIMATE REPORT
NATIONAL WEATHER SERVICE SAN JUAN, PR
1247 AM AST THU OCT 30 2014


...................................

...THE SAN JUAN/P.R. CLIMATE SUMMARY FOR OCTOBER 29 2014...

CLIMATE NORMAL PERIOD 1981 TO 2010
CLIMATE RECORD PERIOD 1898 TO 2014


WEATHER ITEM   OBSERVED TIME   RECORD YEAR NORMAL DEPARTURE LAST
                VALUE   (LST)  VALUE       VALUE  FROM      YEAR
                                                  NORMAL
..................................................................
TEMPERATURE (F)
 YESTERDAY
  MAXIMUM         90   1220 PM  92    1990  88      2       86
  MINIMUM         80    221 AM  70    1965  76      4       76
  AVERAGE         85                        82      3       81

PRECIPITATION (IN)
  YESTERDAY        0.14          1.82 2010   0.20  -0.06     1.03
  MONTH TO DATE    2.01                      5.17  -3.16     2.74
  SINCE SEP 1      8.29                     10.94  -2.65    10.35
  SINCE JAN 1     41.01                     44.56  -3.55    67.98

SNOWFALL (IN)
  YESTERDAY        0.0
  MONTH TO DATE    0.0
  SINCE SEP 1      0.0
  SINCE JUL 1      0.0

DEGREE DAYS
 HEATING
  YESTERDAY        0                         0      0        0
  MONTH TO DATE    0                         0      0        0
  SINCE SEP 1      0                         0      0        0
  SINCE JUL 1      0                         0      0        0

 COOLING
  YESTERDAY       20                        17      3       16
  MONTH TO DATE  568                       513     55      556
  SINCE SEP 1   1121                      1068     53     1145
  SINCE JAN 1   5336                      4925    411     5061
..................................................................


WIND (MPH)
  RESULTANT WIND SPEED   8   RESULTANT WIND DIRECTION  NE (30)
  HIGHEST WIND SPEED    17   HIGHEST WIND DIRECTION     N (20)
  HIGHEST GUST SPEED    21   HIGHEST GUST DIRECTION     N (20)
  AVERAGE WIND SPEED     8.8


SKY COVER
  AVERAGE SKY COVER 0.4


WEATHER CONDITIONS
 THE FOLLOWING WEATHER WAS RECORDED YESTERDAY.
  LIGHT RAIN
  FOG


RELATIVE HUMIDITY (PERCENT)
 HIGHEST    91
 LOWEST     64
 AVERAGE    78

..........................................................


THE SAN JUAN/P.R. CLIMATE NORMALS FOR TODAY
                         NORMAL    RECORD    YEAR
 MAXIMUM TEMPERATURE (F)   88        93      1915
 MINIMUM TEMPERATURE (F)   76        68      2001


SUNRISE AND SUNSET
OCTOBER 30 2014.......SUNRISE   623 AM AST   SUNSET   552 PM AST
OCTOBER 31 2014.......SUNRISE   623 AM AST   SUNSET   552 PM AST


-  INDICATES NEGATIVE NUMBERS.
R  INDICATES RECORD WAS SET OR TIED.
MM INDICATES DATA IS MISSING.
T  INDICATES TRACE AMOUNT.




$$
