243
CDCA42 TJSJ 260441
CLISJU


CLIMATE REPORT
NATIONAL WEATHER SERVICE SAN JUAN, PR
1241 AM AST SUN MAR 26 2017


...................................

...THE SAN JUAN AREA/PR CLIMATE SUMMARY FOR MARCH 25 2017...

CLIMATE NORMAL PERIOD 1981 TO 2010
CLIMATE RECORD PERIOD 1898 TO 2017


WEATHER ITEM   OBSERVED TIME   RECORD YEAR NORMAL DEPARTURE LAST
                VALUE   (LST)  VALUE       VALUE  FROM      YEAR
                                                  NORMAL
..................................................................
TEMPERATURE (F)
 YESTERDAY
  MAXIMUM         82    425 PM  92    2003  85     -3       86
  MINIMUM         73    729 AM  65    1957  73      0       72
  AVERAGE         78                        79     -1       79

PRECIPITATION (IN)
  YESTERDAY        0.01          3.09 2012   0.07  -0.06     0.01
  MONTH TO DATE    4.48                      1.52   2.96     1.68
  SINCE MAR 1      4.48                      1.52   2.96     1.68
  SINCE JAN 1      8.07                      7.67   0.40     7.16

SNOWFALL (IN)
  YESTERDAY        0.0                       0.0    0.0      0.0
  MONTH TO DATE    0.0                       0.0    0.0      0.0
  SINCE MAR 1      0.0                       0.0    0.0      0.0
  SINCE JUL 1      0.0                       0.0    0.0      0.0

DEGREE DAYS
 HEATING
  YESTERDAY        0                         0      0        0
  MONTH TO DATE    0                         0      0        0
  SINCE MAR 1      0                         0      0        0
  SINCE JUL 1      0                         0      0        0

 COOLING
  YESTERDAY       13                        14     -1       14
  MONTH TO DATE  325                       344    -19      355
  SINCE MAR 1    325                       344    -19      355
  SINCE JAN 1   1173                      1095     78     1198
..................................................................


WIND (MPH)
  HIGHEST WIND SPEED    17   HIGHEST WIND DIRECTION     S (160)
  HIGHEST GUST SPEED    25   HIGHEST GUST DIRECTION    SE (140)
  AVERAGE WIND SPEED     7.3


SKY COVER
  AVERAGE SKY COVER 0.7


WEATHER CONDITIONS
 THE FOLLOWING WEATHER WAS RECORDED YESTERDAY.
  LIGHT RAIN


RELATIVE HUMIDITY (PERCENT)
 HIGHEST   100
 LOWEST     69
 AVERAGE    85

..........................................................


THE SAN JUAN AREA/PR CLIMATE NORMALS FOR TODAY
                         NORMAL    RECORD    YEAR
 MAXIMUM TEMPERATURE (F)   85        92      2013
 MINIMUM TEMPERATURE (F)   73        66      1924


SUNRISE AND SUNSET
MARCH 26 2017.........SUNRISE   623 AM AST   SUNSET   636 PM AST
MARCH 27 2017.........SUNRISE   622 AM AST   SUNSET   637 PM AST


-  INDICATES NEGATIVE NUMBERS.
R  INDICATES RECORD WAS SET OR TIED.
MM INDICATES DATA IS MISSING.
T  INDICATES TRACE AMOUNT.




$$
