000
CDUS45 KSLC 260045
CLISLC


CLIMATE REPORT
NATIONAL WEATHER SERVICE SALT LAKE CITY UT
645 PM MDT THU AUG 25 2016


...................................

...THE SALT LAKE CITY UT CLIMATE SUMMARY FOR AUGUST 25 2016...
VALID TODAY AS OF 0500 PM LOCAL TIME.

CLIMATE NORMAL PERIOD 1981 TO 2010
CLIMATE RECORD PERIOD 1874 TO 2016


WEATHER ITEM   OBSERVED TIME   RECORD YEAR NORMAL DEPARTURE LAST
                VALUE   (LST)  VALUE       VALUE  FROM      YEAR
                                                  NORMAL
..................................................................
TEMPERATURE (F)
 TODAY
  MAXIMUM         84    359 PM 100    1985  88     -4       98
  MINIMUM         55    556 AM  44    1989  61     -6       71
                                      1960
                                      1928
  AVERAGE         70                        75     -5       85

PRECIPITATION (IN)
  TODAY            0.00          0.59 1874   0.02  -0.02     0.00
  MONTH TO DATE    0.15                      0.52  -0.37     0.88
  SINCE OCT 1     11.57                     14.72  -3.15    13.15
  SINCE JAN 1      8.32                     10.34  -2.02    11.14

SNOWFALL (IN)
  TODAY            0.0          MM      MM   0.0    0.0      0.0
  MONTH TO DATE    0.0                       0.0    0.0      0.0
  SINCE OCT 1     34.3                      56.2  -21.9     15.4
  SINCE JUL 1      0.0                       0.0    0.0      0.0
  SNOW DEPTH       0

DEGREE DAYS
 HEATING
  TODAY            0                         0      0        0
  MONTH TO DATE    0                         0      0        0
  SINCE JUN 1      1                        48    -47        0
  SINCE JUL 1      1                         2     -1        0

 COOLING
  TODAY            5                        10     -5       20
  MONTH TO DATE  391                       320     71      319
  SINCE JUN 1   1342                       932    410     1092
  SINCE JAN 1   1389                       982    407     1123
..................................................................


WIND (MPH)
  RESULTANT WIND SPEED   1   RESULTANT WIND DIRECTION   W (280)
  HIGHEST WIND SPEED    14   HIGHEST WIND DIRECTION    NW (320)
  HIGHEST GUST SPEED    16   HIGHEST GUST DIRECTION    NW (330)
  AVERAGE WIND SPEED     6.0


SKY COVER
  POSSIBLE SUNSHINE  MM
  AVERAGE SKY COVER 0.3


WEATHER CONDITIONS
 THE FOLLOWING WEATHER WAS RECORDED TODAY.
  NO SIGNIFICANT WEATHER WAS OBSERVED.


RELATIVE HUMIDITY (PERCENT)
 HIGHEST    47           600 AM
 LOWEST     13           300 PM
 AVERAGE    30

..........................................................


THE SALT LAKE CITY UT CLIMATE NORMALS FOR TOMORROW
                         NORMAL    RECORD    YEAR
 MAXIMUM TEMPERATURE (F)   88       101      1985
 MINIMUM TEMPERATURE (F)   61        42      1992


SUNRISE AND SUNSET
AUGUST 25 2016........SUNRISE   649 AM MDT   SUNSET   810 PM MDT
AUGUST 26 2016........SUNRISE   649 AM MDT   SUNSET   809 PM MDT


-  INDICATES NEGATIVE NUMBERS.
R  INDICATES RECORD WAS SET OR TIED.
MM INDICATES DATA IS MISSING.
T  INDICATES TRACE AMOUNT.




$$
