000
CDUS45 KSLC 171226
CLISLC


CLIMATE REPORT
NATIONAL WEATHER SERVICE SALT LAKE CITY UT
625 AM MDT THU AUG 17 2017


...................................

...THE SALT LAKE CITY UT CLIMATE SUMMARY FOR AUGUST 16 2017...

CLIMATE NORMAL PERIOD 1981 TO 2010
CLIMATE RECORD PERIOD 1874 TO 2017


WEATHER ITEM   OBSERVED TIME   RECORD YEAR NORMAL DEPARTURE LAST
                VALUE   (LST)  VALUE       VALUE  FROM      YEAR
                                                  NORMAL
..................................................................
TEMPERATURE (F)
 YESTERDAY
  MAXIMUM         90    229 PM 100    2007  91     -1       98
                                      1996
                                      1994
  MINIMUM         60    356 AM  48    1976  64     -4       67
                                      1938
  AVERAGE         75                        77     -2       83

PRECIPITATION (IN)
  YESTERDAY        0.00          0.38 1984   0.02  -0.02     0.00
  MONTH TO DATE    0.07                      0.32  -0.25     0.15
  SINCE OCT 1     16.47                     14.52   1.95    11.57
  SINCE JAN 1     11.83                     10.14   1.69     8.32

SNOWFALL (IN)
  YESTERDAY        0.0          MM      MM   0.0    0.0      0.0
  MONTH TO DATE    0.0                       0.0    0.0      0.0
  SINCE OCT 1     51.4                      56.2   -4.8     34.3
  SINCE JUL 1      0.0                       0.0    0.0      0.0
  SNOW DEPTH       0

DEGREE DAYS
 HEATING
  YESTERDAY        0                         0      0        0
  MONTH TO DATE    0                         0      0        0
  SINCE JUN 1      4                        48    -44        1
  SINCE JUL 1      0                         2     -2        1

 COOLING
  YESTERDAY       10                        12     -2       18
  MONTH TO DATE  261                       220     41      271
  SINCE JUN 1   1238                       832    406     1222
  SINCE JAN 1   1313                       882    431     1269
..................................................................


WIND (MPH)
  RESULTANT WIND SPEED   2   RESULTANT WIND DIRECTION  SE (120)
  HIGHEST WIND SPEED    13   HIGHEST WIND DIRECTION     N (340)
  HIGHEST GUST SPEED    17   HIGHEST GUST DIRECTION    NE (30)
  AVERAGE WIND SPEED     6.9


SKY COVER
  POSSIBLE SUNSHINE  MM
  AVERAGE SKY COVER 0.1


WEATHER CONDITIONS
 THE FOLLOWING WEATHER WAS RECORDED YESTERDAY.
  HAZE


RELATIVE HUMIDITY (PERCENT)
 HIGHEST    48           700 AM
 LOWEST     15           400 PM
 AVERAGE    32

..........................................................


THE SALT LAKE CITY UT CLIMATE NORMALS FOR TODAY
                         NORMAL    RECORD    YEAR
 MAXIMUM TEMPERATURE (F)   91       100      1967
                                             1966
                                             1934
 MINIMUM TEMPERATURE (F)   64        48      1968


SUNRISE AND SUNSET
AUGUST 17 2017........SUNRISE   640 AM MDT   SUNSET   823 PM MDT
AUGUST 18 2017........SUNRISE   641 AM MDT   SUNSET   821 PM MDT


-  INDICATES NEGATIVE NUMBERS.
R  INDICATES RECORD WAS SET OR TIED.
MM INDICATES DATA IS MISSING.
T  INDICATES TRACE AMOUNT.




$$
