000
CDUS45 KSLC 281248
CLISLC


CLIMATE REPORT
NATIONAL WEATHER SERVICE SALT LAKE CITY UT
547 AM MST TUE FEB 28 2017


...................................

...THE SALT LAKE CITY UT CLIMATE SUMMARY FOR FEBRUARY 27 2017...

CLIMATE NORMAL PERIOD 1981 TO 2010
CLIMATE RECORD PERIOD 1874 TO 2017


WEATHER ITEM   OBSERVED TIME   RECORD YEAR NORMAL DEPARTURE LAST
                VALUE   (LST)  VALUE       VALUE  FROM      YEAR
                                                  NORMAL
..................................................................
TEMPERATURE (F)
 YESTERDAY
  MAXIMUM         40    317 AM  68    1879  48     -8       65
  MINIMUM         25   1159 PM  -6    1890  29     -4       37
  AVERAGE         33                        38     -5       51

PRECIPITATION (IN)
  YESTERDAY        0.19          0.56 2014   0.05   0.14     0.00
  MONTH TO DATE    1.68                      1.20   0.48     0.52
  SINCE OCT 1      8.29                      6.83   1.46     5.71
  SINCE JAN 1      3.65                      2.45   1.20     2.46

SNOWFALL (IN)
  YESTERDAY        3.4           6.3  1947   0.4    3.0      0.0
  MONTH TO DATE    6.4                      10.4   -4.0      3.8
  SINCE OCT 1     46.4                      45.1    1.3     31.6
  SINCE JUL 1     46.4                      45.1    1.3     31.6
  SNOW DEPTH       T

DEGREE DAYS
 HEATING
  YESTERDAY       32                        27      5       14
  MONTH TO DATE  659                       836   -177      765
  SINCE DEC 1   2919                      3012    -93     2865
  SINCE JUL 1   3718                      4230   -512     3807

 COOLING
  YESTERDAY        0                         0      0        0
  MONTH TO DATE    0                         0      0        0
  SINCE DEC 1      0                         0      0        0
  SINCE JAN 1      0                         0      0        0
..................................................................


WIND (MPH)
  RESULTANT WIND SPEED   3   RESULTANT WIND DIRECTION   S (160)
  HIGHEST WIND SPEED    28   HIGHEST WIND DIRECTION     S (160)
  HIGHEST GUST SPEED    34   HIGHEST GUST DIRECTION     S (160)
  AVERAGE WIND SPEED    10.0


SKY COVER
  POSSIBLE SUNSHINE  MM
  AVERAGE SKY COVER 0.9


WEATHER CONDITIONS
 THE FOLLOWING WEATHER WAS RECORDED YESTERDAY.
  SNOW
  LIGHT SNOW
  FOG


RELATIVE HUMIDITY (PERCENT)
 HIGHEST   100          1000 AM
 LOWEST     48          1200 AM
 AVERAGE    74

..........................................................


THE SALT LAKE CITY UT CLIMATE NORMALS FOR TODAY
                         NORMAL    RECORD    YEAR
 MAXIMUM TEMPERATURE (F)   48        69      1972
 MINIMUM TEMPERATURE (F)   29        -5      1890


SUNRISE AND SUNSET
FEBRUARY 28 2017......SUNRISE   703 AM MST   SUNSET   618 PM MST
MARCH  1 2017.........SUNRISE   701 AM MST   SUNSET   619 PM MST


-  INDICATES NEGATIVE NUMBERS.
R  INDICATES RECORD WAS SET OR TIED.
MM INDICATES DATA IS MISSING.
T  INDICATES TRACE AMOUNT.




$$
