000
CDUS45 KSLC 221227
CLISLC


CLIMATE REPORT
NATIONAL WEATHER SERVICE SALT LAKE CITY UT
625 AM MDT THU JUN 22 2017


...................................

...THE SALT LAKE CITY UT CLIMATE SUMMARY FOR JUNE 21 2017...

CLIMATE NORMAL PERIOD 1981 TO 2010
CLIMATE RECORD PERIOD 1874 TO 2017


WEATHER ITEM   OBSERVED TIME   RECORD YEAR NORMAL DEPARTURE LAST
                VALUE   (LST)  VALUE       VALUE  FROM      YEAR
                                                  NORMAL
..................................................................
TEMPERATURE (F)
 YESTERDAY
  MAXIMUM         99    355 PM 104    1961  85     14       96
  MINIMUM         71    440 AM  38    1960  58     13       71
  AVERAGE         85                        72     13       84

PRECIPITATION (IN)
  YESTERDAY        0.00          1.75 1948   0.02  -0.02     0.00
  MONTH TO DATE    0.25                      0.81  -0.56     0.51
  SINCE OCT 1     15.89                     13.42   2.47    11.41
  SINCE JAN 1     11.25                      9.04   2.21     8.16

SNOWFALL (IN)
  YESTERDAY        0.0          MM      MM   0.0    0.0      0.0
  MONTH TO DATE    0.0                       0.0    0.0      0.0
  SINCE OCT 1     51.4                      56.2   -4.8     34.3
  SINCE JUL 1     51.4                      56.2   -4.8     34.3
  SNOW DEPTH       0

DEGREE DAYS
 HEATING
  YESTERDAY        0                         1     -1        0
  MONTH TO DATE    4                        41    -37        0
  SINCE JUN 1      4                        41    -37        0
  SINCE JUL 1   4785                      5602   -817     4822

 COOLING
  YESTERDAY       20                         7     13       19
  MONTH TO DATE  228                       106    122      233
  SINCE JUN 1    228                       106    122      233
  SINCE JAN 1    303                       156    147      280
..................................................................


WIND (MPH)
  RESULTANT WIND SPEED   2   RESULTANT WIND DIRECTION  NE (40)
  HIGHEST WIND SPEED    16   HIGHEST WIND DIRECTION     N (340)
  HIGHEST GUST SPEED    20   HIGHEST GUST DIRECTION     N (340)
  AVERAGE WIND SPEED     9.0


SKY COVER
  POSSIBLE SUNSHINE  MM
  AVERAGE SKY COVER 0.1


WEATHER CONDITIONS
 THE FOLLOWING WEATHER WAS RECORDED YESTERDAY.
  NO SIGNIFICANT WEATHER WAS OBSERVED.


RELATIVE HUMIDITY (PERCENT)
 HIGHEST    43          1000 PM
 LOWEST     15           300 PM
 AVERAGE    29

..........................................................


THE SALT LAKE CITY UT CLIMATE NORMALS FOR TODAY
                         NORMAL    RECORD    YEAR
 MAXIMUM TEMPERATURE (F)   86       101      1961
                                             1936
 MINIMUM TEMPERATURE (F)   58        40      1916


SUNRISE AND SUNSET
JUNE 22 2017..........SUNRISE   557 AM MDT   SUNSET   903 PM MDT
JUNE 23 2017..........SUNRISE   557 AM MDT   SUNSET   903 PM MDT


-  INDICATES NEGATIVE NUMBERS.
R  INDICATES RECORD WAS SET OR TIED.
MM INDICATES DATA IS MISSING.
T  INDICATES TRACE AMOUNT.




$$
