000
CDUS45 KSLC 241231
CLISLC


CLIMATE REPORT
NATIONAL WEATHER SERVICE SALT LAKE CITY UT
631 AM MDT MON APR 24 2017


...................................

...THE SALT LAKE CITY UT CLIMATE SUMMARY FOR APRIL 23 2017...

CLIMATE NORMAL PERIOD 1981 TO 2010
CLIMATE RECORD PERIOD 1874 TO 2017


WEATHER ITEM   OBSERVED TIME   RECORD YEAR NORMAL DEPARTURE LAST
                VALUE   (LST)  VALUE       VALUE  FROM      YEAR
                                                  NORMAL
..................................................................
TEMPERATURE (F)
 YESTERDAY
  MAXIMUM         67    246 PM  88    2012  64      3       72
  MINIMUM         48    543 AM  27    1968  41      7       45
  AVERAGE         58                        52      6       59

PRECIPITATION (IN)
  YESTERDAY        0.00          1.46 1958   0.06  -0.06     0.22
  MONTH TO DATE    2.24                      1.51   0.73     1.11
  SINCE OCT 1     14.05                     10.18   3.87     9.04
  SINCE JAN 1      9.41                      5.80   3.61     5.79

SNOWFALL (IN)
  YESTERDAY        0.0          10.1  1958   0.1   -0.1      0.0
  MONTH TO DATE    1.0                       3.5   -2.5       T
  SINCE OCT 1     51.3                      55.4   -4.1     34.3
  SINCE JUL 1     51.3                      55.4   -4.1     34.3
  SNOW DEPTH       0

DEGREE DAYS
 HEATING
  YESTERDAY        7                        13     -6        6
  MONTH TO DATE  306                       356    -50      211
  SINCE MAR 1    762                      1018   -256      757
  SINCE JUL 1   4515                      5274   -759     4602

 COOLING
  YESTERDAY        0                         0      0        0
  MONTH TO DATE    0                         0      0       10
  SINCE MAR 1      2                         0      2       10
  SINCE JAN 1      2                         0      2       10
..................................................................


WIND (MPH)
  RESULTANT WIND SPEED   2   RESULTANT WIND DIRECTION  NW (330)
  HIGHEST WIND SPEED    26   HIGHEST WIND DIRECTION    NW (320)
  HIGHEST GUST SPEED    31   HIGHEST GUST DIRECTION    NW (320)
  AVERAGE WIND SPEED    10.0


SKY COVER
  POSSIBLE SUNSHINE  MM
  AVERAGE SKY COVER 0.5


WEATHER CONDITIONS
 THE FOLLOWING WEATHER WAS RECORDED YESTERDAY.
  NO SIGNIFICANT WEATHER WAS OBSERVED.


RELATIVE HUMIDITY (PERCENT)
 HIGHEST    61          1200 AM
 LOWEST     28           500 PM
 AVERAGE    45

..........................................................


THE SALT LAKE CITY UT CLIMATE NORMALS FOR TODAY
                         NORMAL    RECORD    YEAR
 MAXIMUM TEMPERATURE (F)   64        86      2012
 MINIMUM TEMPERATURE (F)   41        27      1950


SUNRISE AND SUNSET
APRIL 24 2017.........SUNRISE   635 AM MDT   SUNSET   817 PM MDT
APRIL 25 2017.........SUNRISE   634 AM MDT   SUNSET   818 PM MDT


-  INDICATES NEGATIVE NUMBERS.
R  INDICATES RECORD WAS SET OR TIED.
MM INDICATES DATA IS MISSING.
T  INDICATES TRACE AMOUNT.




$$
