000
CDUS45 KSLC 251234
CLISLC


CLIMATE REPORT
NATIONAL WEATHER SERVICE SALT LAKE CITY UT
632 AM MDT FRI JUL 25 2014


...................................

...THE SALT LAKE CITY UT CLIMATE SUMMARY FOR JULY 24 2014...

CLIMATE NORMAL PERIOD 1981 TO 2010
CLIMATE RECORD PERIOD 1874 TO 2014


WEATHER ITEM   OBSERVED TIME   RECORD YEAR NORMAL DEPARTURE LAST
                VALUE   (LST)  VALUE       VALUE  FROM      YEAR
                                                  NORMAL
..................................................................
TEMPERATURE (F)
 YESTERDAY
  MAXIMUM         93    551 PM 105    1931  94     -1       97
  MINIMUM         71   1159 PM  50    1954  66      5       73
  AVERAGE         82                        80      2       85

PRECIPITATION (IN)
  YESTERDAY        0.00          0.75 1955   0.02  -0.02     0.00
  MONTH TO DATE    0.22                      0.46  -0.24     1.15
  SINCE OCT 1     10.90                     14.05  -3.15    11.84
  SINCE JAN 1      7.89                      9.67  -1.78     7.27

SNOWFALL (IN)
  YESTERDAY        0.0          MM      MM   0.0    0.0      0.0
  MONTH TO DATE    0.0                       0.0    0.0      0.0
  SINCE OCT 1     35.5                      56.2  -20.7     69.9
  SINCE JUL 1      0.0                       0.0    0.0      0.0
  SNOW DEPTH       0

DEGREE DAYS
 HEATING
  YESTERDAY        0                         0      0        0
  MONTH TO DATE    0                         0      0        0
  SINCE JUN 1     39                        46     -7        4
  SINCE JUL 1      0                         0      0        0

 COOLING
  YESTERDAY       17                        15      2       20
  MONTH TO DATE  431                       321    110      472
  SINCE JUN 1    611                       508    103      795
  SINCE JAN 1    673                       558    115      865
..................................................................


WIND (MPH)
  RESULTANT WIND SPEED   4   RESULTANT WIND DIRECTION  NW (300)
  HIGHEST WIND SPEED    20   HIGHEST WIND DIRECTION     S (180)
  HIGHEST GUST SPEED    29   HIGHEST GUST DIRECTION     S (180)
  AVERAGE WIND SPEED    11.0


SKY COVER
  POSSIBLE SUNSHINE  MM
  AVERAGE SKY COVER 0.2


WEATHER CONDITIONS
 THE FOLLOWING WEATHER WAS RECORDED YESTERDAY.
  NO SIGNIFICANT WEATHER WAS OBSERVED.


RELATIVE HUMIDITY (PERCENT)
 HIGHEST    54          1000 PM
 LOWEST     10           600 PM
 AVERAGE    32

..........................................................


THE SALT LAKE CITY UT CLIMATE NORMALS FOR TODAY
                         NORMAL    RECORD    YEAR
 MAXIMUM TEMPERATURE (F)   94       103      1933
 MINIMUM TEMPERATURE (F)   66        51      1964


SUNRISE AND SUNSET
JULY 25 2014..........SUNRISE   618 AM MDT   SUNSET   850 PM MDT
JULY 26 2014..........SUNRISE   619 AM MDT   SUNSET   849 PM MDT


-  INDICATES NEGATIVE NUMBERS.
R  INDICATES RECORD WAS SET OR TIED.
MM INDICATES DATA IS MISSING.
T  INDICATES TRACE AMOUNT.




$$
