000
CDUS45 KSLC 010017
CLISLC


CLIMATE REPORT
NATIONAL WEATHER SERVICE SALT LAKE CITY UT
517 PM MST SAT FEB 28 2015


...................................

...THE SALT LAKE CITY UT CLIMATE SUMMARY FOR FEBRUARY 28 2015...
VALID TODAY AS OF 0500 PM LOCAL TIME.

CLIMATE NORMAL PERIOD 1981 TO 2010
CLIMATE RECORD PERIOD 1874 TO 2015


WEATHER ITEM   OBSERVED TIME   RECORD YEAR NORMAL DEPARTURE LAST
                VALUE   (LST)  VALUE       VALUE  FROM      YEAR
                                                  NORMAL
..................................................................
TEMPERATURE (F)
 TODAY
  MAXIMUM         45    202 PM  69    1972  48     -3       57
  MINIMUM         27    710 AM  -5    1890  29     -2       41
  AVERAGE         36                        39     -3       49

PRECIPITATION (IN)
  TODAY            T             0.95 2004   0.05  -0.05     0.10
  MONTH TO DATE    0.30                      1.25  -0.95     1.57
  SINCE OCT 1      3.17                      6.88  -3.71     5.78
  SINCE JAN 1      1.16                      2.50  -1.34     2.77

SNOWFALL (IN)
  TODAY            0.0           5.2  2004   0.3   -0.3      0.0
  MONTH TO DATE    T                        10.7  -10.7      2.2
  SINCE OCT 1      6.8                      45.4  -38.6     35.0
  SINCE JUL 1      6.8                      45.4  -38.6     35.0
  SNOW DEPTH       0

DEGREE DAYS
 HEATING
  TODAY           29                        26      3       16
  MONTH TO DATE  583                       862   -279      633
  SINCE DEC 1   2377                      3038   -661     2940
  SINCE JUL 1   3347                      4256   -909     3987

 COOLING
  TODAY            0                         0      0        0
  MONTH TO DATE    0                         0      0        0
  SINCE DEC 1      0                         0      0        0
  SINCE JAN 1      0                         0      0        0
..................................................................


WIND (MPH)
  RESULTANT WIND SPEED   5   RESULTANT WIND DIRECTION  SE (150)
  HIGHEST WIND SPEED    17   HIGHEST WIND DIRECTION    SE (120)
  HIGHEST GUST SPEED    20   HIGHEST GUST DIRECTION     E (100)
  AVERAGE WIND SPEED     6.1


SKY COVER
  POSSIBLE SUNSHINE  MM
  AVERAGE SKY COVER 0.3


WEATHER CONDITIONS
 THE FOLLOWING WEATHER WAS RECORDED TODAY.
  LIGHT RAIN


RELATIVE HUMIDITY (PERCENT)
 HIGHEST    85           600 AM
 LOWEST     37           100 PM
 AVERAGE    61

..........................................................


THE SALT LAKE CITY UT CLIMATE NORMALS FOR TOMORROW
                         NORMAL    RECORD    YEAR
 MAXIMUM TEMPERATURE (F)   49        67      1967
 MINIMUM TEMPERATURE (F)   30         0      1890


SUNRISE AND SUNSET
FEBRUARY 28 2015......SUNRISE   704 AM MST   SUNSET   618 PM MST
MARCH  1 2015.........SUNRISE   702 AM MST   SUNSET   619 PM MST


-  INDICATES NEGATIVE NUMBERS.
R  INDICATES RECORD WAS SET OR TIED.
MM INDICATES DATA IS MISSING.
T  INDICATES TRACE AMOUNT.




$$
