000
CDUS46 KPQR 221149
CLISLE


CLIMATE REPORT
NATIONAL WEATHER SERVICE PORTLAND OREGON
348 AM PST WED FEB 22 2017


...................................

...THE SALEM OR CLIMATE SUMMARY FOR FEBRUARY 21 2017...

CLIMATE NORMAL PERIOD 1981 TO 2010
CLIMATE RECORD PERIOD 1892 TO 2017


WEATHER ITEM   OBSERVED TIME   RECORD YEAR NORMAL DEPARTURE LAST
                VALUE   (LST)  VALUE       VALUE  FROM      YEAR
                                                  NORMAL
..................................................................
TEMPERATURE (F)
 YESTERDAY
  MAXIMUM         46    416 PM  66    1973  53     -7       54
  MINIMUM         36   1123 PM  21    1894  35      1       33
  AVERAGE         41                        44     -3       44

PRECIPITATION (IN)
  YESTERDAY        0.78          1.21 1998   0.16   0.62     0.12
  MONTH TO DATE   12.80                      3.48   9.32     2.31
  SINCE OCT 1     41.50                     25.83  15.67    33.68
  SINCE JAN 1     18.20                      9.44   8.76    10.13

DEGREE DAYS
 HEATING
  YESTERDAY       24                        21      3       21
  MONTH TO DATE  431                       468    -37      344
  SINCE DEC 1   2177                      1978    199     1646
  SINCE JUL 1   2981                      3095   -114     2526

 COOLING
  YESTERDAY        0                         0      0        0
  MONTH TO DATE    0                         0      0        0
  SINCE DEC 1      0                         0      0        0
  SINCE JAN 1      0                         0      0        0
..................................................................


WIND (MPH)
  HIGHEST WIND SPEED    18   HIGHEST WIND DIRECTION     S (190)
  HIGHEST GUST SPEED    22   HIGHEST GUST DIRECTION     S (180)
  AVERAGE WIND SPEED     6.7


SKY COVER
  POSSIBLE SUNSHINE  MM
  AVERAGE SKY COVER 0.9


WEATHER CONDITIONS
 THE FOLLOWING WEATHER WAS RECORDED YESTERDAY.
  RAIN
  LIGHT RAIN
  FOG


RELATIVE HUMIDITY (PERCENT)
 HIGHEST    93          1200 AM
 LOWEST     82           300 PM
 AVERAGE    88

..........................................................


THE SALEM OR CLIMATE NORMALS FOR TODAY
                         NORMAL    RECORD    YEAR
 MAXIMUM TEMPERATURE (F)   53        65      2002
 MINIMUM TEMPERATURE (F)   35        23      1894


SUNRISE AND SUNSET
FEBRUARY 22 2017......SUNRISE   701 AM PST   SUNSET   550 PM PST
FEBRUARY 23 2017......SUNRISE   659 AM PST   SUNSET   552 PM PST


-  INDICATES NEGATIVE NUMBERS.
R  INDICATES RECORD WAS SET OR TIED.
MM INDICATES DATA IS MISSING.
T  INDICATES TRACE AMOUNT.




$$
