000
CDUS46 KPQR 201144
CLISLE


CLIMATE REPORT
NATIONAL WEATHER SERVICE PORTLAND OREGON
343 AM PST FRI JAN 20 2017


...................................

...THE SALEM OR CLIMATE SUMMARY FOR JANUARY 19 2017...

CLIMATE NORMAL PERIOD 1981 TO 2010
CLIMATE RECORD PERIOD 1892 TO 2017


WEATHER ITEM   OBSERVED TIME   RECORD YEAR NORMAL DEPARTURE LAST
                VALUE   (LST)  VALUE       VALUE  FROM      YEAR
                                                  NORMAL
..................................................................
TEMPERATURE (F)
 YESTERDAY
  MAXIMUM         52    222 PM  63    2005  48      4       48
  MINIMUM         38   1131 PM  15    1922  35      3       44
  AVERAGE         45                        42      3       46

PRECIPITATION (IN)
  YESTERDAY        0.03          2.20 1919   0.19  -0.16     0.92
  MONTH TO DATE    4.92                      3.83   1.09     5.20
  SINCE OCT 1     28.22                     20.22   8.00    28.75
  SINCE JAN 1      4.92                      3.83   1.09     5.20

DEGREE DAYS
 HEATING
  YESTERDAY       20                        23     -3       19
  MONTH TO DATE  600                       462    138      468
  SINCE DEC 1   1466                      1234    232     1106
  SINCE JUL 1   2270                      2351    -81     1986

 COOLING
  YESTERDAY        0                         0      0        0
  MONTH TO DATE    0                         0      0        0
  SINCE DEC 1      0                         0      0        0
  SINCE JAN 1      0                         0      0        0
..................................................................


WIND (MPH)
  HIGHEST WIND SPEED    22   HIGHEST WIND DIRECTION     S (180)
  HIGHEST GUST SPEED    30   HIGHEST GUST DIRECTION     S (190)
  AVERAGE WIND SPEED    11.0


SKY COVER
  POSSIBLE SUNSHINE  MM
  AVERAGE SKY COVER 0.9


WEATHER CONDITIONS
 THE FOLLOWING WEATHER WAS RECORDED YESTERDAY.
  LIGHT RAIN


RELATIVE HUMIDITY (PERCENT)
 HIGHEST    92          1000 PM
 LOWEST     63           200 PM
 AVERAGE    78

..........................................................


THE SALEM OR CLIMATE NORMALS FOR TODAY
                         NORMAL    RECORD    YEAR
 MAXIMUM TEMPERATURE (F)   48        62      1968
 MINIMUM TEMPERATURE (F)   35        -2      1930


SUNRISE AND SUNSET
JANUARY 20 2017.......SUNRISE   743 AM PST   SUNSET   504 PM PST
JANUARY 21 2017.......SUNRISE   742 AM PST   SUNSET   505 PM PST


-  INDICATES NEGATIVE NUMBERS.
R  INDICATES RECORD WAS SET OR TIED.
MM INDICATES DATA IS MISSING.
T  INDICATES TRACE AMOUNT.




$$
