000
CDUS46 KPQR 201142
CLISLE


CLIMATE REPORT
NATIONAL WEATHER SERVICE PORTLAND OREGON
341 AM PST SAT JAN 20 2018


...................................

...THE SALEM OR CLIMATE SUMMARY FOR JANUARY 19 2018...

CLIMATE NORMAL PERIOD 1981 TO 2010
CLIMATE RECORD PERIOD 1892 TO 2018


WEATHER ITEM   OBSERVED TIME   RECORD YEAR NORMAL DEPARTURE LAST
                VALUE   (LST)  VALUE       VALUE  FROM      YEAR
                                                  NORMAL
..................................................................
TEMPERATURE (F)
 YESTERDAY
  MAXIMUM         48    328 PM  63    2005  48      0       52
  MINIMUM         41    436 AM  15    1922  35      6       38
  AVERAGE         45                        42      3       45

PRECIPITATION (IN)
  YESTERDAY        0.18          2.20 1919   0.19  -0.01     0.03
  MONTH TO DATE    3.93                      3.83   0.10     4.92
  SINCE OCT 1     19.03                     20.22  -1.19    28.22
  SINCE JAN 1      3.93                      3.83   0.10     4.92

DEGREE DAYS
 HEATING
  YESTERDAY       20                        23     -3       20
  MONTH TO DATE  366                       462    -96      600
  SINCE DEC 1   1145                      1234    -89     1466
  SINCE JUL 1   2077                      2351   -274     2270

 COOLING
  YESTERDAY        0                         0      0        0
  MONTH TO DATE    0                         0      0        0
  SINCE DEC 1      0                         0      0        0
  SINCE JAN 1      0                         0      0        0
..................................................................


WIND (MPH)
  HIGHEST WIND SPEED    22   HIGHEST WIND DIRECTION     S (190)
  HIGHEST GUST SPEED    27   HIGHEST GUST DIRECTION     S (190)
  AVERAGE WIND SPEED    13.8


SKY COVER
  POSSIBLE SUNSHINE  MM
  AVERAGE SKY COVER 0.8


WEATHER CONDITIONS
 THE FOLLOWING WEATHER WAS RECORDED YESTERDAY.
  LIGHT RAIN
  FOG


RELATIVE HUMIDITY (PERCENT)
 HIGHEST    86           400 AM
 LOWEST     71           200 PM
 AVERAGE    79

..........................................................


THE SALEM OR CLIMATE NORMALS FOR TODAY
                         NORMAL    RECORD    YEAR
 MAXIMUM TEMPERATURE (F)   48        62      1968
 MINIMUM TEMPERATURE (F)   35        -2      1930


SUNRISE AND SUNSET
JANUARY 20 2018.......SUNRISE   743 AM PST   SUNSET   504 PM PST
JANUARY 21 2018.......SUNRISE   742 AM PST   SUNSET   505 PM PST


-  INDICATES NEGATIVE NUMBERS.
R  INDICATES RECORD WAS SET OR TIED.
MM INDICATES DATA IS MISSING.
T  INDICATES TRACE AMOUNT.




$$
