000
CDUS46 KPQR 301143
CLISLE


CLIMATE REPORT
NATIONAL WEATHER SERVICE PORTLAND OREGON
442 AM PDT SAT MAY 30 2015


...................................

...THE SALEM OR CLIMATE SUMMARY FOR MAY 29 2015...

CLIMATE NORMAL PERIOD 1981 TO 2010
CLIMATE RECORD PERIOD 1892 TO 2015


WEATHER ITEM   OBSERVED TIME   RECORD YEAR NORMAL DEPARTURE LAST
                VALUE   (LST)  VALUE       VALUE  FROM      YEAR
                                                  NORMAL
..................................................................
TEMPERATURE (F)
 YESTERDAY
  MAXIMUM         82    256 PM  90    1995  70     12       68
  MINIMUM         53    413 AM  34    1979  47      6       48
  AVERAGE         68                        59      9       58

PRECIPITATION (IN)
  YESTERDAY        0.00          0.59 1998   0.07  -0.07     0.01
  MONTH TO DATE    0.72                      2.07  -1.35     2.07
  SINCE OCT 1     32.14                     35.78  -3.64    25.95
  SINCE JAN 1     14.60                     19.39  -4.79    21.37

DEGREE DAYS
 HEATING
  YESTERDAY        0                         7     -7        7
  MONTH TO DATE  159                       266   -107      161
  SINCE MAR 1    986                      1269   -283     1002
  SINCE JUL 1   3456                      4509  -1053     4288

 COOLING
  YESTERDAY        3                         0      3        0
  MONTH TO DATE    7                         0      7       15
  SINCE MAR 1      7                         0      7       16
  SINCE JAN 1      7                         0      7       16
..................................................................


WIND (MPH)
  HIGHEST WIND SPEED    12   HIGHEST WIND DIRECTION     W (270)
  HIGHEST GUST SPEED    18   HIGHEST GUST DIRECTION    NW (320)
  AVERAGE WIND SPEED     4.7


SKY COVER
  POSSIBLE SUNSHINE  MM
  AVERAGE SKY COVER 0.0


WEATHER CONDITIONS
 THE FOLLOWING WEATHER WAS RECORDED YESTERDAY.
  NO SIGNIFICANT WEATHER WAS OBSERVED.


RELATIVE HUMIDITY (PERCENT)
 HIGHEST    89           400 AM
 LOWEST     43           300 PM
 AVERAGE    66

..........................................................


THE SALEM OR CLIMATE NORMALS FOR TODAY
                         NORMAL    RECORD    YEAR
 MAXIMUM TEMPERATURE (F)   71        91      1986
                                             1922
 MINIMUM TEMPERATURE (F)   47        31      1920


SUNRISE AND SUNSET
MAY 30 2015...........SUNRISE   530 AM PDT   SUNSET   849 PM PDT
MAY 31 2015...........SUNRISE   530 AM PDT   SUNSET   850 PM PDT


-  INDICATES NEGATIVE NUMBERS.
R  INDICATES RECORD WAS SET OR TIED.
MM INDICATES DATA IS MISSING.
T  INDICATES TRACE AMOUNT.




$$
