000
CDUS46 KPQR 281145
CLISLE


CLIMATE REPORT
NATIONAL WEATHER SERVICE PORTLAND OREGON
444 AM PDT TUE JUL 28 2015


...................................

...THE SALEM OR CLIMATE SUMMARY FOR JULY 27 2015...

CLIMATE NORMAL PERIOD 1981 TO 2010
CLIMATE RECORD PERIOD 1892 TO 2015


WEATHER ITEM   OBSERVED TIME   RECORD YEAR NORMAL DEPARTURE LAST
                VALUE   (LST)  VALUE       VALUE  FROM      YEAR
                                                  NORMAL
..................................................................
TEMPERATURE (F)
 YESTERDAY
  MAXIMUM         79    452 PM 104    1958  84     -5       88
  MINIMUM         50    515 AM  40    1931  54     -4       58
                                      1930
  AVERAGE         65                        69     -4       73

PRECIPITATION (IN)
  YESTERDAY        0.00          0.67 1947   0.01  -0.01     0.00
  MONTH TO DATE    0.01                      0.42  -0.41     0.46
  SINCE OCT 1     32.82                     37.90  -5.08    27.05
  SINCE JAN 1     15.28                     21.51  -6.23    22.47

DEGREE DAYS
 HEATING
  YESTERDAY        0                         0      0        0
  MONTH TO DATE    2                        30    -28        3
  SINCE JUN 1     24                       160   -136       69
  SINCE JUL 1      2                        30    -28        3

 COOLING
  YESTERDAY        0                         4     -4        8
  MONTH TO DATE  204                        89    115      196
  SINCE JUN 1    364                       117    247      215
  SINCE JAN 1    377                       126    251      231
..................................................................


WIND (MPH)
  HIGHEST WIND SPEED    16   HIGHEST WIND DIRECTION    NE (40)
  HIGHEST GUST SPEED    20   HIGHEST GUST DIRECTION    NE (30)
  AVERAGE WIND SPEED     4.8


SKY COVER
  POSSIBLE SUNSHINE  MM
  AVERAGE SKY COVER 0.3


WEATHER CONDITIONS
 THE FOLLOWING WEATHER WAS RECORDED YESTERDAY.
  NO SIGNIFICANT WEATHER WAS OBSERVED.


RELATIVE HUMIDITY (PERCENT)
 HIGHEST    89           500 AM
 LOWEST     32           400 PM
 AVERAGE    61

..........................................................


THE SALEM OR CLIMATE NORMALS FOR TODAY
                         NORMAL    RECORD    YEAR
 MAXIMUM TEMPERATURE (F)   84       107      2009
 MINIMUM TEMPERATURE (F)   54        42      1959
                                             1933
                                             1929


SUNRISE AND SUNSET
JULY 28 2015..........SUNRISE   553 AM PDT   SUNSET   843 PM PDT
JULY 29 2015..........SUNRISE   554 AM PDT   SUNSET   842 PM PDT


-  INDICATES NEGATIVE NUMBERS.
R  INDICATES RECORD WAS SET OR TIED.
MM INDICATES DATA IS MISSING.
T  INDICATES TRACE AMOUNT.




$$
