000
CDUS46 KPQR 301145
CLISLE


CLIMATE REPORT
NATIONAL WEATHER SERVICE PORTLAND OREGON
443 AM PDT MON MAY 30 2016


...................................

...THE SALEM OR CLIMATE SUMMARY FOR MAY 29 2016...

CLIMATE NORMAL PERIOD 1981 TO 2010
CLIMATE RECORD PERIOD 1892 TO 2016


WEATHER ITEM   OBSERVED TIME   RECORD YEAR NORMAL DEPARTURE LAST
                VALUE   (LST)  VALUE       VALUE  FROM      YEAR
                                                  NORMAL
..................................................................
TEMPERATURE (F)
 YESTERDAY
  MAXIMUM         72    400 PM  90    1995  70      2       82
  MINIMUM         51    151 AM  34    1979  47      4       53
  AVERAGE         62                        59      3       68

PRECIPITATION (IN)
  YESTERDAY        0.00          0.59 1998   0.07  -0.07     0.00
  MONTH TO DATE    1.17                      2.07  -0.90     0.72
  SINCE OCT 1     43.85                     35.78   8.07    32.14
  SINCE JAN 1     20.30                     19.39   0.91    14.60

DEGREE DAYS
 HEATING
  YESTERDAY        3                         7     -4        0
  MONTH TO DATE  142                       266   -124      159
  SINCE MAR 1    868                      1269   -401      986
  SINCE JUL 1   3524                      4509   -985     3456

 COOLING
  YESTERDAY        0                         0      0        3
  MONTH TO DATE   10                         0     10        7
  SINCE MAR 1     17                         0     17        7
  SINCE JAN 1     17                         0     17        7
..................................................................


WIND (MPH)
  HIGHEST WIND SPEED    15   HIGHEST WIND DIRECTION    NW (310)
  HIGHEST GUST SPEED    18   HIGHEST GUST DIRECTION    NW (320)
  AVERAGE WIND SPEED     5.6


SKY COVER
  POSSIBLE SUNSHINE  MM
  AVERAGE SKY COVER 0.6


WEATHER CONDITIONS
 THE FOLLOWING WEATHER WAS RECORDED YESTERDAY.
  NO SIGNIFICANT WEATHER WAS OBSERVED.


RELATIVE HUMIDITY (PERCENT)
 HIGHEST    89           200 AM
 LOWEST     38           400 PM
 AVERAGE    64

..........................................................


THE SALEM OR CLIMATE NORMALS FOR TODAY
                         NORMAL    RECORD    YEAR
 MAXIMUM TEMPERATURE (F)   71        91      1986
                                             1922
 MINIMUM TEMPERATURE (F)   47        31      1920


SUNRISE AND SUNSET
MAY 30 2016...........SUNRISE   530 AM PDT   SUNSET   850 PM PDT
MAY 31 2016...........SUNRISE   529 AM PDT   SUNSET   851 PM PDT


-  INDICATES NEGATIVE NUMBERS.
R  INDICATES RECORD WAS SET OR TIED.
MM INDICATES DATA IS MISSING.
T  INDICATES TRACE AMOUNT.




$$
