000
CDUS46 KPQR 221251
CLISLE


CLIMATE REPORT
NATIONAL WEATHER SERVICE PORTLAND OREGON
450 AM PST SAT NOV 22 2014


...................................

...THE SALEM OR CLIMATE SUMMARY FOR NOVEMBER 21 2014...

CLIMATE NORMAL PERIOD 1981 TO 2010
CLIMATE RECORD PERIOD 1892 TO 2014


WEATHER ITEM   OBSERVED TIME   RECORD YEAR NORMAL DEPARTURE LAST
                VALUE   (LST)  VALUE       VALUE  FROM      YEAR
                                                  NORMAL
..................................................................
TEMPERATURE (F)
 YESTERDAY
  MAXIMUM         56    753 PM  61    1933  51      5       48
  MINIMUM         45   1253 AM  20    1900  38      7       27
  AVERAGE         51                        44      7       38

PRECIPITATION (IN)
  YESTERDAY        0.68          2.28 1921   0.23   0.45     0.00
  MONTH TO DATE    2.76                      4.31  -1.55     2.68
  SINCE OCT 1      8.56                      7.34   1.22     3.31
  SINCE JAN 1     32.58                     30.62   1.96    22.31

DEGREE DAYS
 HEATING
  YESTERDAY       14                        21     -7       27
  MONTH TO DATE  418                       387     31      344
  SINCE SEP 1    623                       863   -240      809
  SINCE JUL 1    627                       919   -292      814

 COOLING
  YESTERDAY        0                         0      0        0
  MONTH TO DATE    0                         0      0        0
  SINCE SEP 1     87                        38     49       75
  SINCE JAN 1    605                       290    315      502
..................................................................


WIND (MPH)
  HIGHEST WIND SPEED    33   HIGHEST WIND DIRECTION     S (180)
  HIGHEST GUST SPEED    44   HIGHEST GUST DIRECTION     S (190)
  AVERAGE WIND SPEED    12.9


SKY COVER
  POSSIBLE SUNSHINE  MM
  AVERAGE SKY COVER 1.0


WEATHER CONDITIONS
 THE FOLLOWING WEATHER WAS RECORDED YESTERDAY.
  HEAVY RAIN
  RAIN
  LIGHT RAIN
  FOG
  FOG W/VISIBILITY <= 1/4 MILE


RELATIVE HUMIDITY (PERCENT)
 HIGHEST   100          1200 AM
 LOWEST     77          1000 AM
 AVERAGE    89

..........................................................


THE SALEM OR CLIMATE NORMALS FOR TODAY
                         NORMAL    RECORD    YEAR
 MAXIMUM TEMPERATURE (F)   51        65      1933
 MINIMUM TEMPERATURE (F)   37        20      1985
                                             1902


SUNRISE AND SUNSET
NOVEMBER 22 2014......SUNRISE   719 AM PST   SUNSET   437 PM PST
NOVEMBER 23 2014......SUNRISE   720 AM PST   SUNSET   436 PM PST


-  INDICATES NEGATIVE NUMBERS.
R  INDICATES RECORD WAS SET OR TIED.
MM INDICATES DATA IS MISSING.
T  INDICATES TRACE AMOUNT.




$$
