000
CDUS46 KPQR 301141
CLISLE


CLIMATE REPORT
NATIONAL WEATHER SERVICE PORTLAND OREGON
440 AM PDT SAT AUG 30 2014


...................................

...THE SALEM OR CLIMATE SUMMARY FOR AUGUST 29 2014...

CLIMATE NORMAL PERIOD 1981 TO 2010
CLIMATE RECORD PERIOD 1892 TO 2014


WEATHER ITEM   OBSERVED TIME   RECORD YEAR NORMAL DEPARTURE LAST
                VALUE   (LST)  VALUE       VALUE  FROM      YEAR
                                                  NORMAL
..................................................................
TEMPERATURE (F)
 YESTERDAY
  MAXIMUM         81    226 PM 101    1931  81      0       80
  MINIMUM         57    535 AM  38    1969  52      5       65
                                      1965
  AVERAGE         69                        66      3       73

PRECIPITATION (IN)
  YESTERDAY        0.00          0.98 1983   0.02  -0.02     0.17
  MONTH TO DATE    0.28                      0.40  -0.12     0.35
  SINCE OCT 1     27.33                     38.34 -11.01    34.22
  SINCE JAN 1     22.75                     21.95   0.80    11.96

DEGREE DAYS
 HEATING
  YESTERDAY        0                         1     -1        0
  MONTH TO DATE    0                        26    -26        3
  SINCE JUN 1     69                       186   -117       84
  SINCE JUL 1      3                        56    -53        5

 COOLING
  YESTERDAY        4                         2      2        8
  MONTH TO DATE  239                       101    138      172
  SINCE JUN 1    500                       238    262      401
  SINCE JAN 1    516                       247    269      411
..................................................................


WIND (MPH)
  HIGHEST WIND SPEED    17   HIGHEST WIND DIRECTION    NW (310)
  HIGHEST GUST SPEED    21   HIGHEST GUST DIRECTION    NW (310)
  AVERAGE WIND SPEED     3.9


SKY COVER
  POSSIBLE SUNSHINE  MM
  AVERAGE SKY COVER 0.3


WEATHER CONDITIONS
 THE FOLLOWING WEATHER WAS RECORDED YESTERDAY.
  NO SIGNIFICANT WEATHER WAS OBSERVED.


RELATIVE HUMIDITY (PERCENT)
 HIGHEST    87           400 AM
 LOWEST     40           300 PM
 AVERAGE    64

..........................................................


THE SALEM OR CLIMATE NORMALS FOR TODAY
                         NORMAL    RECORD    YEAR
 MAXIMUM TEMPERATURE (F)   81        97      1987
 MINIMUM TEMPERATURE (F)   51        30      1920


SUNRISE AND SUNSET
AUGUST 30 2014........SUNRISE   632 AM PDT   SUNSET   752 PM PDT
AUGUST 31 2014........SUNRISE   633 AM PDT   SUNSET   751 PM PDT


-  INDICATES NEGATIVE NUMBERS.
R  INDICATES RECORD WAS SET OR TIED.
MM INDICATES DATA IS MISSING.
T  INDICATES TRACE AMOUNT.




$$
