000
CDUS41 KBTV 010538
CLISLK


CLIMATE REPORT
NATIONAL WEATHER SERVICE BURLINGTON VT
137 AM EDT TUE SEP 1 2015


...................................

...THE SARANAC LAKE NY CLIMATE SUMMARY FOR AUGUST 31 2015...

CLIMATE NORMAL PERIOD 1981 TO 2010
CLIMATE RECORD PERIOD 9999 TO 9999


WEATHER ITEM   OBSERVED TIME   NORMAL DEPARTURE LAST
                VALUE   (LST)  VALUE  FROM      YEAR
                                      NORMAL
......................................................
TEMPERATURE (F)
 YESTERDAY
  MAXIMUM         77   1218 PM  72      5       72
  MINIMUM         48    236 AM  46      2       65
  AVERAGE         63            59      4       69

PRECIPITATION (IN)
  YESTERDAY        0.00          0.13  -0.13     0.12
  MONTH TO DATE    3.40          4.15  -0.75     2.96
  SINCE JUN 1     16.26         12.19   4.07    13.80
  SINCE JAN 1     24.05         24.54  -0.49    25.96

DEGREE DAYS
 HEATING
  YESTERDAY        2             7     -5        0
  MONTH TO DATE   98           147    -49      144
  SINCE JUN 1    389           424    -35      446
  SINCE JUL 1    193           240    -47      279

 COOLING
  YESTERDAY        0             1     -1        4
  MONTH TO DATE   31            32     -1        8
  SINCE JUN 1     87           104    -17       67
  SINCE JAN 1    103           107     -4       68
......................................................


WIND (MPH)
  HIGHEST WIND SPEED    17   HIGHEST WIND DIRECTION    SW (240)
  HIGHEST GUST SPEED    23   HIGHEST GUST DIRECTION    SW (230)
  AVERAGE WIND SPEED     5.4


SKY COVER
  AVERAGE SKY COVER 0.5


WEATHER CONDITIONS
 THE FOLLOWING WEATHER WAS RECORDED YESTERDAY.
  FOG
  FOG W/VISIBILITY <= 1/4 MILE


RELATIVE HUMIDITY (PERCENT)
 HIGHEST   100           200 AM
 LOWEST     58          1200 PM
 AVERAGE    79

..........................................................


THE SARANAC LAKE NY CLIMATE NORMALS FOR TODAY
                         NORMAL    RECORD    YEAR
 MAXIMUM TEMPERATURE (F)   72        87      2010
 MINIMUM TEMPERATURE (F)   46        35      2009


SUNRISE AND SUNSET
SEPTEMBER  1 2015.....SUNRISE   619 AM EDT   SUNSET   734 PM EDT
SEPTEMBER  2 2015.....SUNRISE   620 AM EDT   SUNSET   732 PM EDT


-  INDICATES NEGATIVE NUMBERS.
R  INDICATES RECORD WAS SET OR TIED.
MM INDICATES DATA IS MISSING.
T  INDICATES TRACE AMOUNT.




$$
