170
CDUS41 KBTV 240539
CLISLK


CLIMATE REPORT
NATIONAL WEATHER SERVICE BURLINGTON VT
137 AM EDT TUE OCT 24 2017


...................................

...THE SARANAC LAKE NY CLIMATE SUMMARY FOR OCTOBER 23 2017...

CLIMATE NORMAL PERIOD 1981 TO 2010
CLIMATE RECORD PERIOD 9999 TO 9999


WEATHER ITEM   OBSERVED TIME   NORMAL DEPARTURE LAST
                VALUE   (LST)  VALUE  FROM      YEAR
                                      NORMAL
......................................................
TEMPERATURE (F)
 YESTERDAY
  MAXIMUM         69    120 PM  51     18       42
  MINIMUM         33    518 AM  29      4       31
  AVERAGE         51            40     11       37

PRECIPITATION (IN)
  YESTERDAY        0.00          0.14  -0.14     0.04
  MONTH TO DATE    3.63          2.98   0.65     3.90
  SINCE SEP 1      5.71          6.27  -0.56     6.20
  SINCE JAN 1     37.37         30.81   6.56    28.12

DEGREE DAYS
 HEATING
  YESTERDAY       14            25    -11       28
  MONTH TO DATE  323           497   -174      359
  SINCE SEP 1    574           842   -268      626
  SINCE JUL 1    846          1082   -236      747

 COOLING
  YESTERDAY        0             0      0        0
  MONTH TO DATE    0             0      0        0
  SINCE SEP 1     16             7      9       15
  SINCE JAN 1     69           114    -45      166
......................................................


WIND (MPH)
  HIGHEST WIND SPEED    21   HIGHEST WIND DIRECTION     S (170)
  HIGHEST GUST SPEED    28   HIGHEST GUST DIRECTION     S (180)
  AVERAGE WIND SPEED     8.6


SKY COVER
  AVERAGE SKY COVER 0.1


WEATHER CONDITIONS
 THE FOLLOWING WEATHER WAS RECORDED YESTERDAY.
  NO SIGNIFICANT WEATHER WAS OBSERVED.


RELATIVE HUMIDITY (PERCENT)
 HIGHEST   100          1200 AM
 LOWEST     43           900 AM
 AVERAGE    72

..........................................................


THE SARANAC LAKE NY CLIMATE NORMALS FOR TODAY
                         NORMAL    RECORD    YEAR
 MAXIMUM TEMPERATURE (F)   51        64      2001
 MINIMUM TEMPERATURE (F)   29        18      2015
                                             2008


SUNRISE AND SUNSET
OCTOBER 24 2017.......SUNRISE   724 AM EDT   SUNSET   558 PM EDT
OCTOBER 25 2017.......SUNRISE   725 AM EDT   SUNSET   556 PM EDT


-  INDICATES NEGATIVE NUMBERS.
R  INDICATES RECORD WAS SET OR TIED.
MM INDICATES DATA IS MISSING.
T  INDICATES TRACE AMOUNT.




$$
