000
CDUS41 KBTV 270545
CLISLK


CLIMATE REPORT
NATIONAL WEATHER SERVICE BURLINGTON VT
135 AM EDT FRI MAY 27 2016


...................................

...THE SARANAC LAKE NY CLIMATE SUMMARY FOR MAY 26 2016...

CLIMATE NORMAL PERIOD 1981 TO 2010
CLIMATE RECORD PERIOD 9999 TO 9999


WEATHER ITEM   OBSERVED TIME   NORMAL DEPARTURE LAST
                VALUE   (LST)  VALUE  FROM      YEAR
                                      NORMAL
......................................................
TEMPERATURE (F)
 YESTERDAY
  MAXIMUM         82    206 PM  67     15       82
  MINIMUM         45    356 AM  41      4       59
  AVERAGE         64            54     10       71

PRECIPITATION (IN)
  YESTERDAY        0.00          0.14  -0.14     0.08
  MONTH TO DATE    1.81          2.83  -1.02     1.72
  SINCE MAR 1      7.51          8.00  -0.49     5.05
  SINCE JAN 1     11.39         11.74  -0.35     5.92

DEGREE DAYS
 HEATING
  YESTERDAY        1            11    -10        0
  MONTH TO DATE  418           409      9      283
  SINCE MAR 1   2350          2475   -125     2504
  SINCE JUL 1   7945          9180  -1235     9287

 COOLING
  YESTERDAY        0             0      0        6
  MONTH TO DATE    0             0      0       11
  SINCE MAR 1      0             0      0       11
  SINCE JAN 1      0             0      0       11
......................................................


WIND (MPH)
  HIGHEST WIND SPEED    14   HIGHEST WIND DIRECTION     S (190)
  HIGHEST GUST SPEED    19   HIGHEST GUST DIRECTION     S (200)
  AVERAGE WIND SPEED     4.0


SKY COVER
  AVERAGE SKY COVER 0.3


WEATHER CONDITIONS
 THE FOLLOWING WEATHER WAS RECORDED YESTERDAY.
  FOG


RELATIVE HUMIDITY (PERCENT)
 HIGHEST    93          1200 AM
 LOWEST     33           200 PM
 AVERAGE    63

..........................................................


THE SARANAC LAKE NY CLIMATE NORMALS FOR TODAY
                         NORMAL    RECORD    YEAR
 MAXIMUM TEMPERATURE (F)   67        81      2015
 MINIMUM TEMPERATURE (F)   41        28      2013


SUNRISE AND SUNSET
MAY 27 2016...........SUNRISE   518 AM EDT   SUNSET   830 PM EDT
MAY 28 2016...........SUNRISE   518 AM EDT   SUNSET   831 PM EDT


-  INDICATES NEGATIVE NUMBERS.
R  INDICATES RECORD WAS SET OR TIED.
MM INDICATES DATA IS MISSING.
T  INDICATES TRACE AMOUNT.




$$
