000
CDUS41 KBTV 250620
CLISLK


CLIMATE REPORT
NATIONAL WEATHER SERVICE BURLINGTON VT
120 AM EST THU DEC 25 2014


...................................

...THE SARANAC LAKE NY CLIMATE SUMMARY FOR DECEMBER 24 2014...

CLIMATE NORMAL PERIOD 1981 TO 2010
CLIMATE RECORD PERIOD 9999 TO 9999


WEATHER ITEM   OBSERVED TIME   NORMAL DEPARTURE LAST
                VALUE   (LST)  VALUE  FROM      YEAR
                                      NORMAL
......................................................
TEMPERATURE (F)
 YESTERDAY
  MAXIMUM         50   1026 PM  26     24       17
  MINIMUM         33    403 AM   6     27       -3
  AVERAGE         42            16     26        7

PRECIPITATION (IN)
  YESTERDAY        0.56          0.07   0.49      T
  MONTH TO DATE    1.66          1.87  -0.21     2.30
  SINCE DEC 1      1.66          1.87  -0.21     2.30
  SINCE JAN 1     34.88         37.10  -2.22    41.15

DEGREE DAYS
 HEATING
  YESTERDAY       23            49    -26       58
  MONTH TO DATE  984          1075    -91     1112
  SINCE DEC 1    984          1075    -91     1112
  SINCE JUL 1   3148          3350   -202     3498

 COOLING
  YESTERDAY        0             0      0        0
  MONTH TO DATE    0             0      0        0
  SINCE DEC 1      0             0      0        0
  SINCE JAN 1     83           114    -31      187
......................................................


WIND (MPH)
  HIGHEST WIND SPEED    18   HIGHEST WIND DIRECTION    SW (220)
  HIGHEST GUST SPEED    24   HIGHEST GUST DIRECTION    SW (230)
  AVERAGE WIND SPEED     3.9


SKY COVER
  AVERAGE SKY COVER 1.0


WEATHER CONDITIONS
 THE FOLLOWING WEATHER WAS RECORDED YESTERDAY.
  RAIN
  LIGHT RAIN
  FOG


RELATIVE HUMIDITY (PERCENT)
 HIGHEST   100           100 AM
 LOWEST     92          1200 AM
 AVERAGE    96

..........................................................


THE SARANAC LAKE NY CLIMATE NORMALS FOR TODAY
                         NORMAL    RECORD    YEAR
 MAXIMUM TEMPERATURE (F)   26        MM        MM
 MINIMUM TEMPERATURE (F)    5        MM        MM


SUNRISE AND SUNSET
DECEMBER 25 2014......SUNRISE   731 AM EST   SUNSET   422 PM EST
DECEMBER 26 2014......SUNRISE   732 AM EST   SUNSET   423 PM EST


-  INDICATES NEGATIVE NUMBERS.
R  INDICATES RECORD WAS SET OR TIED.
MM INDICATES DATA IS MISSING.
T  INDICATES TRACE AMOUNT.




$$
