000
CDUS41 KBTV 200553
CLISLK


CLIMATE REPORT
NATIONAL WEATHER SERVICE BURLINGTON VT
1246 AM EST MON FEB 20 2017


...................................

...THE SARANAC LAKE NY CLIMATE SUMMARY FOR FEBRUARY 19 2017...

CLIMATE NORMAL PERIOD 1981 TO 2010
CLIMATE RECORD PERIOD 9999 TO 9999


WEATHER ITEM   OBSERVED TIME   NORMAL DEPARTURE LAST
                VALUE   (LST)  VALUE  FROM      YEAR
                                      NORMAL
......................................................
TEMPERATURE (F)
 YESTERDAY
  MAXIMUM         46    225 PM  29     17       37
  MINIMUM         32   1159 PM   2     30       -6
  AVERAGE         39            16     23       16

PRECIPITATION (IN)
  YESTERDAY        0.00          0.06  -0.06      T
  MONTH TO DATE    1.03          1.13  -0.10     1.22
  SINCE DEC 1      5.63          5.55   0.08     5.86
  SINCE JAN 1      3.20          3.26  -0.06     1.91

DEGREE DAYS
 HEATING
  YESTERDAY       26            50    -24       49
  MONTH TO DATE  867           970   -103      904
  SINCE DEC 1   3578          3997   -419     3252
  SINCE JUL 1   5420          6272   -852     5202

 COOLING
  YESTERDAY        0             0      0        0
  MONTH TO DATE    0             0      0        0
  SINCE DEC 1      0             0      0        0
  SINCE JAN 1      0             0      0        0
......................................................


WIND (MPH)
  HIGHEST WIND SPEED    16   HIGHEST WIND DIRECTION    SW (220)
  HIGHEST GUST SPEED    28   HIGHEST GUST DIRECTION    NW (300)
  AVERAGE WIND SPEED     8.1


SKY COVER
  AVERAGE SKY COVER 0.8


WEATHER CONDITIONS
 THE FOLLOWING WEATHER WAS RECORDED YESTERDAY.
  NO SIGNIFICANT WEATHER WAS OBSERVED.


RELATIVE HUMIDITY (PERCENT)
 HIGHEST   100           700 AM
 LOWEST     53           300 PM
 AVERAGE    77

..........................................................


THE SARANAC LAKE NY CLIMATE NORMALS FOR TODAY
                         NORMAL    RECORD    YEAR
 MAXIMUM TEMPERATURE (F)   29        48      2002
 MINIMUM TEMPERATURE (F)    2       -18      2005


SUNRISE AND SUNSET
FEBRUARY 20 2017......SUNRISE   649 AM EST   SUNSET   533 PM EST
FEBRUARY 21 2017......SUNRISE   647 AM EST   SUNSET   534 PM EST


-  INDICATES NEGATIVE NUMBERS.
R  INDICATES RECORD WAS SET OR TIED.
MM INDICATES DATA IS MISSING.
T  INDICATES TRACE AMOUNT.




$$
