000
CDUS43 KICT 160630
CLISLN

CLIMATE REPORT
NATIONAL WEATHER SERVICE WICHITA KS
1229 AM CST SAT DEC 16 2017

...................................

...THE SALINA KS CLIMATE SUMMARY FOR DECEMBER 15 2017...

CLIMATE NORMAL PERIOD 1981 TO 2010
CLIMATE RECORD PERIOD 1894 TO 2017


WEATHER ITEM   OBSERVED TIME   RECORD YEAR NORMAL DEPARTURE LAST
                VALUE   (LST)  VALUE       VALUE  FROM      YEAR
                                                  NORMAL
..................................................................
TEMPERATURE (F)
 YESTERDAY
  MAXIMUM         56    404 PM  69    1939  42     14       32
  MINIMUM         23    753 AM -15    1989  22      1       21
  AVERAGE         40                        32      8       27

PRECIPITATION (IN)
  YESTERDAY        0.00          1.61 1984   0.03  -0.03     0.00
  MONTH TO DATE    T                         0.52  -0.52     0.53
  SINCE DEC 1      T                         0.52  -0.52     0.53
  SINCE JAN 1     25.38                     31.08  -5.70    27.05

DEGREE DAYS
 HEATING
  YESTERDAY       25                        33     -8       38
  MONTH TO DATE  343                       468   -125      520
  SINCE DEC 1    343                       468   -125      520
  SINCE JUL 1   1099                      1420   -321     1063

 COOLING
  YESTERDAY        0                         0      0        0
  MONTH TO DATE    0                         0      0        0
  SINCE DEC 1      0                         0      0        0
  SINCE JAN 1   1965                      1647    318     2009
..................................................................


WIND (MPH)
  HIGHEST WIND SPEED    23   HIGHEST WIND DIRECTION    SW (220)
  HIGHEST GUST SPEED    27   HIGHEST GUST DIRECTION    SW (210)
  AVERAGE WIND SPEED    12.3


SKY COVER
  AVERAGE SKY COVER 0.1


WEATHER CONDITIONS
 THE FOLLOWING WEATHER WAS RECORDED YESTERDAY.
  NO SIGNIFICANT WEATHER WAS OBSERVED.


RELATIVE HUMIDITY (PERCENT)
 HIGHEST    96           800 AM
 LOWEST     26           400 PM
 AVERAGE    61

..........................................................


THE SALINA KS CLIMATE NORMALS FOR TODAY
                         NORMAL    RECORD    YEAR
 MAXIMUM TEMPERATURE (F)   42        70      1962
 MINIMUM TEMPERATURE (F)   22       -16      1989


SUNRISE AND SUNSET
DECEMBER 16 2017......SUNRISE   743 AM CST   SUNSET   510 PM CST
DECEMBER 17 2017......SUNRISE   743 AM CST   SUNSET   511 PM CST


-  INDICATES NEGATIVE NUMBERS.
R  INDICATES RECORD WAS SET OR TIED.
MM INDICATES DATA IS MISSING.
T  INDICATES TRACE AMOUNT.

$$
