000
CDUS43 KICT 160627
CLISLN


CLIMATE REPORT
NATIONAL WEATHER SERVICE WICHITA KS
127 AM CDT WED AUG 16 2017


...................................

...THE SALINA KS CLIMATE SUMMARY FOR AUGUST 15 2017...

CLIMATE NORMAL PERIOD 1981 TO 2010
CLIMATE RECORD PERIOD 1894 TO 2017


WEATHER ITEM   OBSERVED TIME   RECORD YEAR NORMAL DEPARTURE LAST
                VALUE   (LST)  VALUE       VALUE  FROM      YEAR
                                                  NORMAL
..................................................................
TEMPERATURE (F)
 YESTERDAY
  MAXIMUM         97    259 PM 112    1936  92      5       90
  MINIMUM         73    635 AM  48    1920  69      4       70
  AVERAGE         85                        80      5       80

PRECIPITATION (IN)
  YESTERDAY        0.00          3.20 1938   0.13  -0.13     0.00
  MONTH TO DATE    0.13                      1.99  -1.86     1.01
  SINCE JUN 1      3.51                     10.39  -6.88     3.79
  SINCE JAN 1     16.75                     22.38  -5.63    15.61

DEGREE DAYS
 HEATING
  YESTERDAY        0                         0      0        0
  MONTH TO DATE    0                         0      0        0
  SINCE JUN 1      0                         7     -7        0
  SINCE JUL 1      0                         0      0        0

 COOLING
  YESTERDAY       20                        15      5       15
  MONTH TO DATE  159                       236    -77      261
  SINCE JUN 1   1214                      1062    152     1341
  SINCE JAN 1   1374                      1190    184     1466
..................................................................


WIND (MPH)
  HIGHEST WIND SPEED    23   HIGHEST WIND DIRECTION    SE (150)
  HIGHEST GUST SPEED    28   HIGHEST GUST DIRECTION     S (160)
  AVERAGE WIND SPEED    12.0


SKY COVER
  POSSIBLE SUNSHINE  MM
  AVERAGE SKY COVER 0.1


WEATHER CONDITIONS
 THE FOLLOWING WEATHER WAS RECORDED YESTERDAY.
  NO SIGNIFICANT WEATHER WAS OBSERVED.


RELATIVE HUMIDITY (PERCENT)
 HIGHEST    93           300 AM
 LOWEST     34           300 PM
 AVERAGE    64

..........................................................


THE SALINA KS CLIMATE NORMALS FOR TODAY
                         NORMAL    RECORD    YEAR
 MAXIMUM TEMPERATURE (F)   91       111      1936
 MINIMUM TEMPERATURE (F)   69        52      1919


SUNRISE AND SUNSET
AUGUST 16 2017........SUNRISE   646 AM CDT   SUNSET   823 PM CDT
AUGUST 17 2017........SUNRISE   646 AM CDT   SUNSET   822 PM CDT


-  INDICATES NEGATIVE NUMBERS.
R  INDICATES RECORD WAS SET OR TIED.
MM INDICATES DATA IS MISSING.
T  INDICATES TRACE AMOUNT.




$$
