000
CDUS43 KICT 310633
CLISLN


CLIMATE REPORT
NATIONAL WEATHER SERVICE WICHITA KS
133 AM CDT THU JUL 31 2014


...................................

...THE SALINA KS CLIMATE SUMMARY FOR JULY 30 2014...

CLIMATE NORMAL PERIOD 1981 TO 2010
CLIMATE RECORD PERIOD 1894 TO 2014


WEATHER ITEM   OBSERVED TIME   RECORD YEAR NORMAL DEPARTURE LAST
                VALUE   (LST)  VALUE       VALUE  FROM      YEAR
                                                  NORMAL
..................................................................
TEMPERATURE (F)
 YESTERDAY
  MAXIMUM         78    503 PM 108    1917  93    -15       80
  MINIMUM         60   1134 PM  53    1918  70    -10       69
  AVERAGE         69                        81    -12       75

PRECIPITATION (IN)
  YESTERDAY        0.02          1.46 2007   0.12  -0.10      T
  MONTH TO DATE    0.73                      4.16  -3.43     5.76
  SINCE JUN 1      8.92                      8.27   0.65     8.00
  SINCE JAN 1     16.31                     20.26  -3.95    21.24

DEGREE DAYS
 HEATING
  YESTERDAY        0                         0      0        0
  MONTH TO DATE    0                         0      0        3
  SINCE JUN 1      1                         7     -6       10
  SINCE JUL 1      0                         0      0        3

 COOLING
  YESTERDAY        4                        16    -12       10
  MONTH TO DATE  436                       479    -43      432
  SINCE JUN 1    793                       804    -11      819
  SINCE JAN 1   1025                       932     93      960
..................................................................


WIND (MPH)
  HIGHEST WIND SPEED    17   HIGHEST WIND DIRECTION    NE (50)
  HIGHEST GUST SPEED    23   HIGHEST GUST DIRECTION    NE (60)
  AVERAGE WIND SPEED     7.1


SKY COVER
  POSSIBLE SUNSHINE  MM
  AVERAGE SKY COVER 0.5


WEATHER CONDITIONS
 THE FOLLOWING WEATHER WAS RECORDED YESTERDAY.
  LIGHT RAIN
  FOG


RELATIVE HUMIDITY (PERCENT)
 HIGHEST    87          1200 PM
 LOWEST     47           500 PM
 AVERAGE    67

..........................................................


THE SALINA KS CLIMATE NORMALS FOR TODAY
                         NORMAL    RECORD    YEAR
 MAXIMUM TEMPERATURE (F)   93       112      1934
 MINIMUM TEMPERATURE (F)   70        49      1960


SUNRISE AND SUNSET
JULY 31 2014..........SUNRISE   631 AM CDT   SUNSET   842 PM CDT
AUGUST  1 2014........SUNRISE   632 AM CDT   SUNSET   841 PM CDT


-  INDICATES NEGATIVE NUMBERS.
R  INDICATES RECORD WAS SET OR TIED.
MM INDICATES DATA IS MISSING.
T  INDICATES TRACE AMOUNT.




$$
