000
CDUS46 KLOX 230923
CLISMX


CLIMATE REPORT
NATIONAL WEATHER SERVICE LOS ANGELES/OXNARD CA
223 AM PDT SAT AUG 23 2014


...................................

...THE SANTA MARIA AIRPORT CA CLIMATE SUMMARY FOR AUGUST 22 2014...

CLIMATE NORMAL PERIOD 1981 TO 2010
CLIMATE RECORD PERIOD 1906 TO 2014


WEATHER ITEM   OBSERVED TIME   RECORD YEAR NORMAL DEPARTURE LAST
                VALUE   (LST)  VALUE       VALUE  FROM      YEAR
                                                  NORMAL
..................................................................
TEMPERATURE (F)
 YESTERDAY
  MAXIMUM         77   1249 PM  88    1959  73      4       76
  MINIMUM         62   1159 PM  44    1920  54      8       54
  AVERAGE         70                        64      6       65

PRECIPITATION (IN)
  YESTERDAY        0.00          0.01 1950   0.00   0.00     0.00
                                      1950
                                      2009
  MONTH TO DATE    T                         0.01  -0.01      T
  SINCE JUL 1      T                         0.04  -0.04     0.01
  SINCE JAN 1      4.01                      9.75  -5.74     2.50

SNOWFALL (IN)
  YESTERDAY        0.0
  MONTH TO DATE    0.0
  SINCE JUN 1      0.0
  SINCE JUL 1      0.0

DEGREE DAYS
 HEATING
  YESTERDAY        0                         2     -2
  MONTH TO DATE    0                        44    -44
  SINCE JUN 1     60                       260   -200
  SINCE JUL 1      0                       119   -119

 COOLING
  YESTERDAY        5                         1      4
  MONTH TO DATE   77                        22     55
  SINCE JUN 1    201                        47    154
  SINCE JAN 1    307                        57    250
..................................................................


WIND (MPH)
  HIGHEST WIND SPEED    15   HIGHEST WIND DIRECTION    NW (320)
  HIGHEST GUST SPEED    MM   HIGHEST GUST DIRECTION    MM
  AVERAGE WIND SPEED     4.7


SKY COVER
  POSSIBLE SUNSHINE  MM
  AVERAGE SKY COVER 0.5


WEATHER CONDITIONS
 THE FOLLOWING WEATHER WAS RECORDED YESTERDAY.
  FOG
  HAZE


RELATIVE HUMIDITY (PERCENT)
 HIGHEST    84          1200 AM
 LOWEST     54           100 PM
 AVERAGE    69

..........................................................


THE SANTA MARIA AIRPORT CA CLIMATE NORMALS FOR TODAY
                         NORMAL    RECORD    YEAR
 MAXIMUM TEMPERATURE (F)   73        94      2010
 MINIMUM TEMPERATURE (F)   54        42      1922


SUNRISE AND SUNSET
AUGUST 23 2014........SUNRISE   628 AM PDT   SUNSET   740 PM PDT
AUGUST 24 2014........SUNRISE   629 AM PDT   SUNSET   739 PM PDT


-  INDICATES NEGATIVE NUMBERS.
R  INDICATES RECORD WAS SET OR TIED.
MM INDICATES DATA IS MISSING.
T  INDICATES TRACE AMOUNT.




$$
