000
CDUS46 KLOX 310900
CLISMX


CLIMATE REPORT
NATIONAL WEATHER SERVICE LOS ANGELES/OXNARD CA
200 AM PDT FRI OCT 31 2014


...................................

...THE SANTA MARIA AIRPORT CA CLIMATE SUMMARY FOR OCTOBER 30 2014...

CLIMATE NORMAL PERIOD 1981 TO 2010
CLIMATE RECORD PERIOD 1906 TO 2014


WEATHER ITEM   OBSERVED TIME   RECORD YEAR NORMAL DEPARTURE LAST
                VALUE   (LST)  VALUE       VALUE  FROM      YEAR
                                                  NORMAL
..................................................................
TEMPERATURE (F)
 YESTERDAY
  MAXIMUM         77    954 AM  96    1966  72      5       71
  MINIMUM         55    633 AM  27    1971  46      9       44
  AVERAGE         66                        59      7       58

PRECIPITATION (IN)
  YESTERDAY        0.00          1.63 1927   0.03  -0.03     0.00
  MONTH TO DATE    T                         0.56  -0.56     0.18
  SINCE JUL 1      T                         0.75  -0.75     0.19
  SINCE JAN 1      4.01                     10.46  -6.45     2.68

SNOWFALL (IN)
  YESTERDAY        0.0
  MONTH TO DATE    0.0
  SINCE SEP 1      0.0
  SINCE JUL 1      0.0

DEGREE DAYS
 HEATING
  YESTERDAY        0                         6     -6
  MONTH TO DATE    3                       141   -138
  SINCE SEP 1      4                       222   -218
  SINCE JUL 1      4                       358   -354

 COOLING
  YESTERDAY        1                         0      1
  MONTH TO DATE  122                        21    101
  SINCE SEP 1    214                        48    166
  SINCE JAN 1    559                       103    456
..................................................................


WIND (MPH)
  HIGHEST WIND SPEED    18   HIGHEST WIND DIRECTION     W (260)
  HIGHEST GUST SPEED    25   HIGHEST GUST DIRECTION     W (260)
  AVERAGE WIND SPEED     4.9


SKY COVER
  POSSIBLE SUNSHINE  MM
  AVERAGE SKY COVER 0.3


WEATHER CONDITIONS
 THE FOLLOWING WEATHER WAS RECORDED YESTERDAY.
  FOG
  HAZE


RELATIVE HUMIDITY (PERCENT)
 HIGHEST    86          1000 PM
 LOWEST     28          1000 AM
 AVERAGE    57

..........................................................


THE SANTA MARIA AIRPORT CA CLIMATE NORMALS FOR TODAY
                         NORMAL    RECORD    YEAR
 MAXIMUM TEMPERATURE (F)   72        93      1966
 MINIMUM TEMPERATURE (F)   46        28      1935


SUNRISE AND SUNSET
OCTOBER 31 2014.......SUNRISE   722 AM PDT   SUNSET   609 PM PDT
NOVEMBER  1 2014......SUNRISE   723 AM PDT   SUNSET   608 PM PDT


-  INDICATES NEGATIVE NUMBERS.
R  INDICATES RECORD WAS SET OR TIED.
MM INDICATES DATA IS MISSING.
T  INDICATES TRACE AMOUNT.




$$
