000
CDUS46 KLOX 260121
CLISMX


CLIMATE REPORT
NATIONAL WEATHER SERVICE LOS ANGELES/OXNARD CA
621 PM PDT TUE JUL 25 2017


...................................

...THE SANTA MARIA AIRPORT CA CLIMATE SUMMARY FOR JULY 25 2017...
VALID TODAY AS OF 0600 PM LOCAL TIME.

CLIMATE NORMAL PERIOD 1981 TO 2010
CLIMATE RECORD PERIOD 1906 TO 2017


WEATHER ITEM   OBSERVED TIME   RECORD YEAR NORMAL DEPARTURE LAST
                VALUE   (LST)  VALUE       VALUE  FROM      YEAR
                                                  NORMAL
..................................................................
TEMPERATURE (F)
 TODAY
  MAXIMUM         74    235 PM  87    2006  73      1       71
                                      1973
  MINIMUM         58    650 AM  43    1922  54      4       51
  AVERAGE         66                        64      2       61

PRECIPITATION (IN)
  TODAY            0.00          0.03 1941   0.01  -0.01     0.00
  MONTH TO DATE    0.00                      0.03  -0.03      T
  SINCE OCT 1     18.44                     13.79   4.65     9.00
  SINCE JAN 1     13.64                      9.74   3.90     7.12

SNOWFALL (IN)
  TODAY            0.0
  MONTH TO DATE    0.0
  SINCE JUN 1      0.0
  SINCE JUL 1      0.0

DEGREE DAYS
 HEATING
  TODAY            0                         2     -2
  MONTH TO DATE   29                        61    -32
  SINCE JUN 1    136                       202    -66
  SINCE JUL 1     29                        61    -32

 COOLING
  TODAY            1                         1      0
  MONTH TO DATE   26                        20      6
  SINCE JUN 1     34                        26      8
  SINCE JAN 1     48                        36     12
..................................................................


WIND (MPH)
  HIGHEST WIND SPEED    16   HIGHEST WIND DIRECTION    SW (240)
  HIGHEST GUST SPEED    30   HIGHEST GUST DIRECTION    NW (320)
  AVERAGE WIND SPEED     8.0


SKY COVER
  POSSIBLE SUNSHINE  MM
  AVERAGE SKY COVER 0.7


WEATHER CONDITIONS
 THE FOLLOWING WEATHER WAS RECORDED TODAY.
  FOG


RELATIVE HUMIDITY (PERCENT)
 HIGHEST   100           200 AM
 LOWEST     61           200 PM
 AVERAGE    81

..........................................................


THE SANTA MARIA AIRPORT CA CLIMATE NORMALS FOR TOMORROW
                         NORMAL    RECORD    YEAR
 MAXIMUM TEMPERATURE (F)   73        89      1977
 MINIMUM TEMPERATURE (F)   54        46      1953
                                             1934


SUNRISE AND SUNSET
JULY 25 2017..........SUNRISE   607 AM PDT   SUNSET   810 PM PDT
JULY 26 2017..........SUNRISE   607 AM PDT   SUNSET   809 PM PDT


-  INDICATES NEGATIVE NUMBERS.
R  INDICATES RECORD WAS SET OR TIED.
MM INDICATES DATA IS MISSING.
T  INDICATES TRACE AMOUNT.




$$
