000
CDUS46 KLOX 200858
CLISMX


CLIMATE REPORT
NATIONAL WEATHER SERVICE LOS ANGELES/OXNARD CA
158 AM PDT WED SEP 20 2017


...................................

...THE SANTA MARIA AIRPORT CA CLIMATE SUMMARY FOR SEPTEMBER 19 2017...

CLIMATE NORMAL PERIOD 1981 TO 2010
CLIMATE RECORD PERIOD 1906 TO 2017


WEATHER ITEM   OBSERVED TIME   RECORD YEAR NORMAL DEPARTURE LAST
                VALUE   (LST)  VALUE       VALUE  FROM      YEAR
                                                  NORMAL
..................................................................
TEMPERATURE (F)
 YESTERDAY
  MAXIMUM         74   1203 PM  97    2015  74      0       82
  MINIMUM         54   1159 PM  41    1920  53      1       56
  AVERAGE         64                        63      1       69

PRECIPITATION (IN)
  YESTERDAY        0.00          0.16 1959   0.01  -0.01     0.00
  MONTH TO DATE    0.47                      0.07   0.40     0.00
  SINCE OCT 1     18.91                     13.88   5.03     9.00
  SINCE JAN 1     14.11                      9.83   4.28     7.12

SNOWFALL (IN)
  YESTERDAY        0.0
  MONTH TO DATE    0.0
  SINCE SEP 1      0.0
  SINCE JUL 1      0.0

DEGREE DAYS
 HEATING
  YESTERDAY        1                         3     -2
  MONTH TO DATE    3                        47    -44
  SINCE SEP 1      3                        47    -44
  SINCE JUL 1     44                       183   -139

 COOLING
  YESTERDAY        0                         1     -1
  MONTH TO DATE  113                        19     94
  SINCE SEP 1    113                        19     94
  SINCE JAN 1    213                        74    139
..................................................................


WIND (MPH)
  HIGHEST WIND SPEED    28   HIGHEST WIND DIRECTION    NW (300)
  HIGHEST GUST SPEED    32   HIGHEST GUST DIRECTION    NW (300)
  AVERAGE WIND SPEED    10.5


SKY COVER
  POSSIBLE SUNSHINE  MM
  AVERAGE SKY COVER 0.2


WEATHER CONDITIONS
 THE FOLLOWING WEATHER WAS RECORDED YESTERDAY.
  FOG
  HAZE


RELATIVE HUMIDITY (PERCENT)
 HIGHEST   100           100 AM
 LOWEST     46          1200 PM
 AVERAGE    73

..........................................................


THE SANTA MARIA AIRPORT CA CLIMATE NORMALS FOR TODAY
                         NORMAL    RECORD    YEAR
 MAXIMUM TEMPERATURE (F)   74       102      1943
 MINIMUM TEMPERATURE (F)   52        36      1918


SUNRISE AND SUNSET
SEPTEMBER 20 2017.....SUNRISE   649 AM PDT   SUNSET   701 PM PDT
SEPTEMBER 21 2017.....SUNRISE   649 AM PDT   SUNSET   659 PM PDT


-  INDICATES NEGATIVE NUMBERS.
R  INDICATES RECORD WAS SET OR TIED.
MM INDICATES DATA IS MISSING.
T  INDICATES TRACE AMOUNT.




$$
