895
CDUS46 KSGX 191520
CLISNA


CLIMATE REPORT
NATIONAL WEATHER SERVICE SAN DIEGO, CA
719 AM PST THU JAN 19 2017


...................................

...THE JOHN WAYNE AIRPORT CA CLIMATE SUMMARY FOR JANUARY 18 2017...

CLIMATE NORMAL PERIOD 1981 TO 2010
CLIMATE RECORD PERIOD 1999 TO 2017


WEATHER ITEM   OBSERVED TIME   RECORD YEAR NORMAL DEPARTURE LAST
                VALUE   (LST)  VALUE       VALUE  FROM      YEAR
                                                  NORMAL
..................................................................
TEMPERATURE (F)
 YESTERDAY
  MAXIMUM         60    307 PM  85    2009  67     -7       63
  MINIMUM         47    419 AM  37    2007  47      0       54
                                      2001
  AVERAGE         54                        57     -3       59

PRECIPITATION (IN)
  YESTERDAY        0.02          1.92 2010   0.10  -0.08     0.00
  MONTH TO DATE    1.39                      2.06  -0.67     1.94
  SINCE OCT 1      7.58                      6.14   1.44     3.16
  SINCE JAN 1      1.39                      2.06  -0.67     1.94

DEGREE DAYS
 HEATING
  YESTERDAY       11                         8      3        6
  MONTH TO DATE  145                       155    -10      180
  SINCE DEC 1    373                       434    -61      470
  SINCE JUL 1    451                       587   -136      600

 COOLING
  YESTERDAY        0                         0      0        0
  MONTH TO DATE    0                         0      0        0
  SINCE DEC 1      0                         1     -1        0
  SINCE JAN 1      0                         0      0        0
..................................................................


WIND (MPH)
  RESULTANT WIND SPEED   0   RESULTANT WIND DIRECTION   E (90)
  HIGHEST WIND SPEED    10   HIGHEST WIND DIRECTION     W (250)
  HIGHEST GUST SPEED    14   HIGHEST GUST DIRECTION    SE (130)
  AVERAGE WIND SPEED     3.2


SKY COVER
  POSSIBLE SUNSHINE  MM
  AVERAGE SKY COVER 0.6


WEATHER CONDITIONS
 THE FOLLOWING WEATHER WAS RECORDED YESTERDAY.
  LIGHT RAIN


RELATIVE HUMIDITY (PERCENT)
 HIGHEST    89          1200 AM
 LOWEST     64           100 PM
 AVERAGE    77

..........................................................


THE JOHN WAYNE AIRPORT CA CLIMATE NORMALS FOR TODAY
                         NORMAL    RECORD    YEAR
 MAXIMUM TEMPERATURE (F)   67        85      2005
 MINIMUM TEMPERATURE (F)   47        39      2008


SUNRISE AND SUNSET
JANUARY 19 2017.......SUNRISE   655 AM PST   SUNSET   510 PM PST
JANUARY 20 2017.......SUNRISE   654 AM PST   SUNSET   511 PM PST


-  INDICATES NEGATIVE NUMBERS.
R  INDICATES RECORD WAS SET OR TIED.
MM INDICATES DATA IS MISSING.
T  INDICATES TRACE AMOUNT.




$$
