000
CDUS46 KSGX 250117
CLISNA


CLIMATE REPORT
NATIONAL WEATHER SERVICE SAN DIEGO, CA
517 PM PST FRI NOV 24 2017


...................................

...THE JOHN WAYNE AIRPORT CA CLIMATE SUMMARY FOR NOVEMBER 24 2017...
VALID TODAY AS OF 0500 PM LOCAL TIME.

CLIMATE NORMAL PERIOD 1981 TO 2010
CLIMATE RECORD PERIOD 1999 TO 2017


WEATHER ITEM   OBSERVED TIME   RECORD YEAR NORMAL DEPARTURE LAST
                VALUE   (LST)  VALUE       VALUE  FROM      YEAR
                                                  NORMAL
..................................................................
TEMPERATURE (F)
 TODAY
  MAXIMUM         81    103 PM  85    2014  69     12       80
  MINIMUM         57    615 AM  43    2003  50      7       49
                                      1999
  AVERAGE         69                        60      9       65

PRECIPITATION (IN)
  TODAY            0.00          0.44 2001   0.04  -0.04     0.00
  MONTH TO DATE    T                         1.06  -1.06     0.59
  SINCE OCT 1      T                         1.81  -1.81     1.57
  SINCE JAN 1      9.69                     11.06  -1.37     5.33

DEGREE DAYS
 HEATING
  TODAY            0                         6     -6        0
  MONTH TO DATE   15                        87    -72       28
  SINCE SEP 1     15                       114    -99       29
  SINCE JUL 1     15                       114    -99       29

 COOLING
  TODAY            4                         0      4        0
  MONTH TO DATE   46                        22     24       73
  SINCE SEP 1    498                       305    193      448
  SINCE JAN 1   1284                       876    408     1226
..................................................................


WIND (MPH)
  RESULTANT WIND SPEED   2   RESULTANT WIND DIRECTION  SW (220)
  HIGHEST WIND SPEED    13   HIGHEST WIND DIRECTION    SW (210)
  HIGHEST GUST SPEED    15   HIGHEST GUST DIRECTION    SW (210)
  AVERAGE WIND SPEED     2.3


SKY COVER
  POSSIBLE SUNSHINE  MM
  AVERAGE SKY COVER 0.2


WEATHER CONDITIONS
 THE FOLLOWING WEATHER WAS RECORDED TODAY.
  NO SIGNIFICANT WEATHER WAS OBSERVED.


RELATIVE HUMIDITY (PERCENT)
 HIGHEST    72           500 AM
 LOWEST     26          1200 PM
 AVERAGE    49

..........................................................


THE JOHN WAYNE AIRPORT CA CLIMATE NORMALS FOR TOMORROW
                         NORMAL    RECORD    YEAR
 MAXIMUM TEMPERATURE (F)   69        84      2009
 MINIMUM TEMPERATURE (F)   50        45      2016
                                             2010


SUNRISE AND SUNSET
NOVEMBER 24 2017......SUNRISE   632 AM PST   SUNSET   444 PM PST
NOVEMBER 25 2017......SUNRISE   633 AM PST   SUNSET   444 PM PST


-  INDICATES NEGATIVE NUMBERS.
R  INDICATES RECORD WAS SET OR TIED.
MM INDICATES DATA IS MISSING.
T  INDICATES TRACE AMOUNT.




$$
