000
CDUS46 KSGX 200120
CLISNA


CLIMATE REPORT
NATIONAL WEATHER SERVICE SAN DIEGO, CA
520 PM PST SUN FEB 19 2017


...................................

...THE JOHN WAYNE AIRPORT CA CLIMATE SUMMARY FOR FEBRUARY 19 2017...
VALID TODAY AS OF 0500 PM LOCAL TIME.

CLIMATE NORMAL PERIOD 1981 TO 2010
CLIMATE RECORD PERIOD 1999 TO 2017


WEATHER ITEM   OBSERVED TIME   RECORD YEAR NORMAL DEPARTURE LAST
                VALUE   (LST)  VALUE       VALUE  FROM      YEAR
                                                  NORMAL
..................................................................
TEMPERATURE (F)
 TODAY
  MAXIMUM         62   1215 PM  78    2000  66     -4       67
  MINIMUM         55    838 AM  44    2009  49      6       50
  AVERAGE         59                        58      1       59

PRECIPITATION (IN)
  TODAY            T             0.71 2005   0.12  -0.12     0.00
  MONTH TO DATE    3.48                      1.84   1.64     0.32
  SINCE OCT 1     15.41                      8.83   6.58     3.58
  SINCE JAN 1      9.22                      4.75   4.47     2.36

DEGREE DAYS
 HEATING
  TODAY            6                         8     -2        6
  MONTH TO DATE  104                       152    -48       70
  SINCE DEC 1    582                       691   -109      619
  SINCE JUL 1    660                       844   -184      749

 COOLING
  TODAY            0                         0      0        0
  MONTH TO DATE    0                         0      0       37
  SINCE DEC 1      0                         6     -6       37
  SINCE JAN 1      0                         5     -5       37
..................................................................


WIND (MPH)
  RESULTANT WIND SPEED   6   RESULTANT WIND DIRECTION   S (170)
  HIGHEST WIND SPEED    14   HIGHEST WIND DIRECTION     S (170)
  HIGHEST GUST SPEED    19   HIGHEST GUST DIRECTION    SE (140)
  AVERAGE WIND SPEED     6.5


SKY COVER
  POSSIBLE SUNSHINE  MM
  AVERAGE SKY COVER 0.9


WEATHER CONDITIONS
 THE FOLLOWING WEATHER WAS RECORDED TODAY.
  LIGHT RAIN
  FOG


RELATIVE HUMIDITY (PERCENT)
 HIGHEST    86          1200 AM
 LOWEST     64           300 PM
 AVERAGE    75

..........................................................


THE JOHN WAYNE AIRPORT CA CLIMATE NORMALS FOR TOMORROW
                         NORMAL    RECORD    YEAR
 MAXIMUM TEMPERATURE (F)   66        80      2014
 MINIMUM TEMPERATURE (F)   49        41      2006


SUNRISE AND SUNSET
FEBRUARY 19 2017......SUNRISE   631 AM PST   SUNSET   540 PM PST
FEBRUARY 20 2017......SUNRISE   630 AM PST   SUNSET   541 PM PST


-  INDICATES NEGATIVE NUMBERS.
R  INDICATES RECORD WAS SET OR TIED.
MM INDICATES DATA IS MISSING.
T  INDICATES TRACE AMOUNT.




$$
