000
CDUS46 KSGX 301421
CLISNA


CLIMATE REPORT
NATIONAL WEATHER SERVICE SAN DIEGO, CA
721 AM PDT THU JUL 30 2015


...................................

...THE JOHN WAYNE AIRPORT CA CLIMATE SUMMARY FOR JULY 29 2015...

CLIMATE NORMAL PERIOD 1981 TO 2010
CLIMATE RECORD PERIOD 1999 TO 2015


WEATHER ITEM   OBSERVED TIME   RECORD YEAR NORMAL DEPARTURE LAST
                VALUE   (LST)  VALUE       VALUE  FROM      YEAR
                                                  NORMAL
..................................................................
TEMPERATURE (F)
 YESTERDAY
  MAXIMUM         79   1231 PM  86    2014  79      0       86
  MINIMUM         69   1036 PM  62    1999  65      4       71
  AVERAGE         74                        72      2       79

PRECIPITATION (IN)
  YESTERDAY        0.00          0.01 2003   0.01  -0.01     0.00
  MONTH TO DATE    0.44                      0.04   0.40      T
  SINCE OCT 1      7.29                     13.08  -5.79     3.52
  SINCE JAN 1      3.49                      9.00  -5.51     2.59

DEGREE DAYS
 HEATING
  YESTERDAY        0                         0      0        0
  MONTH TO DATE    0                         0      0        0
  SINCE JUN 1      0                         7     -7        0
  SINCE JUL 1      0                         0      0        0

 COOLING
  YESTERDAY        9                         7      2       14
  MONTH TO DATE  215                       177     38      323
  SINCE JUN 1    364                       253    111      513
  SINCE JAN 1    605                       320    285      850
..................................................................


WIND (MPH)
  RESULTANT WIND SPEED   4   RESULTANT WIND DIRECTION  SW (220)
  HIGHEST WIND SPEED    12   HIGHEST WIND DIRECTION     S (200)
  HIGHEST GUST SPEED    18   HIGHEST GUST DIRECTION     S (200)
  AVERAGE WIND SPEED     4.7


SKY COVER
  POSSIBLE SUNSHINE  MM
  AVERAGE SKY COVER 0.7


WEATHER CONDITIONS
 THE FOLLOWING WEATHER WAS RECORDED YESTERDAY.
  HAZE


RELATIVE HUMIDITY (PERCENT)
 HIGHEST    84          1200 AM
 LOWEST     62          1200 PM
 AVERAGE    73

..........................................................


THE JOHN WAYNE AIRPORT CA CLIMATE NORMALS FOR TODAY
                         NORMAL    RECORD    YEAR
 MAXIMUM TEMPERATURE (F)   79        99      2003
 MINIMUM TEMPERATURE (F)   65        62      1999


SUNRISE AND SUNSET
JULY 30 2015..........SUNRISE   602 AM PDT   SUNSET   753 PM PDT
JULY 31 2015..........SUNRISE   603 AM PDT   SUNSET   753 PM PDT


-  INDICATES NEGATIVE NUMBERS.
R  INDICATES RECORD WAS SET OR TIED.
MM INDICATES DATA IS MISSING.
T  INDICATES TRACE AMOUNT.




$$
