000
CDUS46 KSGX 010019
CLISNA


CLIMATE REPORT
NATIONAL WEATHER SERVICE SAN DIEGO, CA
419 PM PST SAT JAN 31 2015


...................................

...THE JOHN WAYNE AIRPORT CA CLIMATE SUMMARY FOR JANUARY 31 2015...
VALID TODAY AS OF 0400 PM LOCAL TIME.

CLIMATE NORMAL PERIOD 1981 TO 2010
CLIMATE RECORD PERIOD 1999 TO 2015


WEATHER ITEM   OBSERVED TIME   RECORD YEAR NORMAL DEPARTURE LAST
                VALUE   (LST)  VALUE       VALUE  FROM      YEAR
                                                  NORMAL
..................................................................
TEMPERATURE (F)
 TODAY
  MAXIMUM         70   1251 PM  90    2003  66      4       63
  MINIMUM         58    627 AM  37    2002  48     10       54
  AVERAGE         64                        57      7       59

PRECIPITATION (IN)
  TODAY            0.00          0.03 2000   0.08  -0.08      T
  MONTH TO DATE    0.82                      2.91  -2.09     0.02
  SINCE OCT 1      4.62                      6.99  -2.37     0.95
  SINCE JAN 1      0.82                      2.91  -2.09     0.02

SNOWFALL (IN)
  TODAY            0.0
  MONTH TO DATE    0.0
  SINCE JAN 1      0.0
  SINCE JUL 1      0.0
  SNOW DEPTH       0

DEGREE DAYS
 HEATING
  TODAY            1                         8     -7        6
  MONTH TO DATE   91                       259   -168      113
  SINCE DEC 1    201                       539   -338      309
  SINCE JUL 1    205                       692   -487      382

 COOLING
  TODAY            0                         0      0        0
  MONTH TO DATE   30                         5     25       27
  SINCE DEC 1     48                         6     42       31
  SINCE JAN 1     30                         5     25       27
..................................................................


WIND (MPH)
  RESULTANT WIND SPEED   1   RESULTANT WIND DIRECTION   S (160)
  HIGHEST WIND SPEED    15   HIGHEST WIND DIRECTION     S (170)
  HIGHEST GUST SPEED    18   HIGHEST GUST DIRECTION     S (190)
  AVERAGE WIND SPEED     3.0


SKY COVER
  POSSIBLE SUNSHINE  MM
  AVERAGE SKY COVER 0.5


WEATHER CONDITIONS
 THE FOLLOWING WEATHER WAS RECORDED TODAY.
  NO SIGNIFICANT WEATHER WAS OBSERVED.


RELATIVE HUMIDITY (PERCENT)
 HIGHEST    80           600 AM
 LOWEST     55           200 PM
 AVERAGE    68

..........................................................


THE JOHN WAYNE AIRPORT CA CLIMATE NORMALS FOR TOMORROW
                         NORMAL    RECORD    YEAR
 MAXIMUM TEMPERATURE (F)   66        76      2005
 MINIMUM TEMPERATURE (F)   48        37      2002


SUNRISE AND SUNSET
JANUARY 31 2015.......SUNRISE   649 AM PST   SUNSET   522 PM PST
FEBRUARY  1 2015......SUNRISE   648 AM PST   SUNSET   523 PM PST


-  INDICATES NEGATIVE NUMBERS.
R  INDICATES RECORD WAS SET OR TIED.
MM INDICATES DATA IS MISSING.
T  INDICATES TRACE AMOUNT.




$$
