000
CDUS46 KSGX 080022
CLISNA


CLIMATE REPORT
NATIONAL WEATHER SERVICE SAN DIEGO, CA
422 PM PST SUN FEB 7 2016


...................................

...THE JOHN WAYNE AIRPORT CA CLIMATE SUMMARY FOR FEBRUARY 7 2016...
VALID TODAY AS OF 0400 PM LOCAL TIME.

CLIMATE NORMAL PERIOD 1981 TO 2010
CLIMATE RECORD PERIOD 1999 TO 2016


WEATHER ITEM   OBSERVED TIME   RECORD YEAR NORMAL DEPARTURE LAST
                VALUE   (LST)  VALUE       VALUE  FROM      YEAR
                                                  NORMAL
..................................................................
TEMPERATURE (F)
 TODAY
  MAXIMUM         86R   254 PM  84    2006  66     20       73
  MINIMUM         47    652 AM  42    2008  48     -1       55
                                      2003
  AVERAGE         67                        57     10       64

PRECIPITATION (IN)
  TODAY            0.00          0.28 2009   0.08  -0.08      T
  MONTH TO DATE    0.00                      0.44  -0.44      T
  SINCE OCT 1      3.26                      7.43  -4.17     4.62
  SINCE JAN 1      2.04                      3.35  -1.31     0.82

DEGREE DAYS
 HEATING
  TODAY            0                         8     -8        1
  MONTH TO DATE   55                        56     -1        2
  SINCE DEC 1    604                       595      9      203
  SINCE JUL 1    734                       748    -14      207

 COOLING
  TODAY            2                         0      2        0
  MONTH TO DATE    2                         0      2        2
  SINCE DEC 1      2                         6     -4       50
  SINCE JAN 1      2                         5     -3       32
..................................................................


WIND (MPH)
  RESULTANT WIND SPEED   1   RESULTANT WIND DIRECTION   S (190)
  HIGHEST WIND SPEED    16   HIGHEST WIND DIRECTION     E (70)
  HIGHEST GUST SPEED    21   HIGHEST GUST DIRECTION     E (80)
  AVERAGE WIND SPEED     2.8


SKY COVER
  POSSIBLE SUNSHINE  MM
  AVERAGE SKY COVER 0.0


WEATHER CONDITIONS
 THE FOLLOWING WEATHER WAS RECORDED TODAY.
  NO SIGNIFICANT WEATHER WAS OBSERVED.


RELATIVE HUMIDITY (PERCENT)
 HIGHEST    56           600 AM
 LOWEST     10           300 PM
 AVERAGE    33

..........................................................


THE JOHN WAYNE AIRPORT CA CLIMATE NORMALS FOR TOMORROW
                         NORMAL    RECORD    YEAR
 MAXIMUM TEMPERATURE (F)   66        90      2006
 MINIMUM TEMPERATURE (F)   48        39      2001


SUNRISE AND SUNSET
FEBRUARY  7 2016......SUNRISE   644 AM PST   SUNSET   528 PM PST
FEBRUARY  8 2016......SUNRISE   643 AM PST   SUNSET   529 PM PST


-  INDICATES NEGATIVE NUMBERS.
R  INDICATES RECORD WAS SET OR TIED.
MM INDICATES DATA IS MISSING.
T  INDICATES TRACE AMOUNT.




$$
