000
CDUS46 KSGX 240023
CLISNA


CLIMATE REPORT
NATIONAL WEATHER SERVICE SAN DIEGO, CA
523 PM PDT THU OCT 23 2014


...................................

...THE JOHN WAYNE AIRPORT CA CLIMATE SUMMARY FOR OCTOBER 23 2014...
VALID TODAY AS OF 0500 PM LOCAL TIME.

CLIMATE NORMAL PERIOD 1981 TO 2010
CLIMATE RECORD PERIOD 1999 TO 2014


WEATHER ITEM   OBSERVED TIME   RECORD YEAR NORMAL DEPARTURE LAST
                VALUE   (LST)  VALUE       VALUE  FROM      YEAR
                                                  NORMAL
..................................................................
TEMPERATURE (F)
 TODAY
  MAXIMUM         85    156 PM  99    2007  75     10       69
  MINIMUM         62    517 AM  54    2004  57      5       62
  AVERAGE         74                        66      8       66

PRECIPITATION (IN)
  TODAY            0.00          0.13 2001   0.03  -0.03     0.00
  MONTH TO DATE    0.00                      0.48  -0.48     0.20
  SINCE JUL 1      0.03                      0.77  -0.74     0.32
  SINCE JAN 1      2.62                      9.73  -7.11     2.29

SNOWFALL (IN)
  TODAY            0.0
  MONTH TO DATE    0.0
  SINCE JAN 1      0.0
  SINCE JUL 1      0.0
  SNOW DEPTH       0

DEGREE DAYS
 HEATING
  TODAY            0                         1     -1        0
  MONTH TO DATE    0                        10    -10        9
  SINCE SEP 1      0                        11    -11        9
  SINCE JUL 1      0                        11    -11        9

 COOLING
  TODAY            9                         2      7        1
  MONTH TO DATE  233                        70    163       91
  SINCE SEP 1    649                       267    382      422
  SINCE JAN 1   1893                       838   1055     1126
..................................................................


WIND (MPH)
  RESULTANT WIND SPEED   1   RESULTANT WIND DIRECTION  SW (240)
  HIGHEST WIND SPEED     8   HIGHEST WIND DIRECTION    SW (210)
  HIGHEST GUST SPEED    10   HIGHEST GUST DIRECTION     W (270)
  AVERAGE WIND SPEED     1.9


SKY COVER
  POSSIBLE SUNSHINE  MM
  AVERAGE SKY COVER 0.1


WEATHER CONDITIONS
 THE FOLLOWING WEATHER WAS RECORDED TODAY.
  HAZE


RELATIVE HUMIDITY (PERCENT)
 HIGHEST    78           100 AM
 LOWEST     32           200 PM
 AVERAGE    55

..........................................................


THE JOHN WAYNE AIRPORT CA CLIMATE NORMALS FOR TOMORROW
                         NORMAL    RECORD    YEAR
 MAXIMUM TEMPERATURE (F)   74        92      2007
 MINIMUM TEMPERATURE (F)   57        55      2004


SUNRISE AND SUNSET
OCTOBER 23 2014.......SUNRISE   703 AM PDT   SUNSET   608 PM PDT
OCTOBER 24 2014.......SUNRISE   704 AM PDT   SUNSET   607 PM PDT


-  INDICATES NEGATIVE NUMBERS.
R  INDICATES RECORD WAS SET OR TIED.
MM INDICATES DATA IS MISSING.
T  INDICATES TRACE AMOUNT.




$$
