000
CDAK48 PASN 051156
CLISNP

CLIMATE REPORT
NATIONAL WEATHER SERVICE ST PAUL, AK
256 AM AKST THU MAR 5 2015

...................................
...THE ST PAUL AIRPORT CLIMATE SUMMARY FOR MARCH 4 2015...

CLIMATE NORMAL PERIOD  1981 TO  2010
CLIMATE RECORD PERIOD  1892 TO  2015

WEATHER ITEM   OBSERVED TIME    RECORD YEAR NORMAL DEPARTURE LAST
               VALUE    (LST)   VALUE       VALUE  FROM      YEAR
                                                   NORMAL
...................................................................
TEMPERATURE
YESTERDAY
 MAXIMUM            41R 0326 PM    40  1980     29      12     28
 MINIMUM            32  1131 PM    -5  2010     20      12     21
 AVERAGE            37                          25      12     25

PRECIPITATION
(INCHES)
 YESTERDAY        0.04           0.47  2012   0.03    0.01      T
 MONTH TO DATE    0.21                        0.14    0.07      T
 SINCE MAR 1      0.21                        0.14    0.07   0.00
 SINCE JAN 1      2.53                        3.02   -0.49   4.33

SNOWFALL
(INCHES)
 YESTERDAY           T            1.6  2013    0.3    -0.3      T
 MONTH TO DATE     0.2                         1.1    -0.9      T
 SINCE MAR 1       0.2                         1.1    -0.9    0.0
 SINCE JUL 1      29.9                        46.1   -16.2   34.3
 SNOW DEPTH (IN)     0                                          5

DEGREE DAYS
 HEATING
  YESTERDAY         28                          40     -12     40
  MONTH TO DATE    117                         160     -43    140
  SINCE MAR 1      117                         160     -43    140
  SINCE JUL 1     6074                        7079   -1005   6586

 COOLING
  YESTERDAY          0                           0       0      0
  MONTH TO DATE      0                           0       0      0
  SINCE MAR 1        0                           0       0      0
  SINCE JAN 1        0                           0       0      0
...................................................................

WIND (MPH)
 HIGHEST WIND SPEED    25     HIGHEST WIND DIRECTION    180
 HIGHEST GUST SPEED    31     HIGHEST GUST DIRECTION    180
 AVERAGE WIND SPEED  14.7

SKY COVER
  POSSIBLE SUNSHINE    MM          AVERAGE SKY COVER     MM

WEATHER CONDITIONS
 THE FOLLOWING WEATHER WAS RECORDED YESTERDAY.
FOG
DRIZZLE
RAIN
SNOW


RELATIVE HUMIDITY
 HIGHEST RH     MM PERCENT       MM
 LOWEST  RH     MM PERCENT       MM
 AVERAGE RH     MM PERCENT       MM
...................................................................

THE ST PAUL CLIMATE NORMALS FOR TODAY
                           NORMAL    RECORD   YEAR
 MAXIMUM TEMPERATURE (F)     29        40     1980
 MINIMUM TEMPERATURE (F)     20        -9     2010

SUNRISE AND SUNSET
 MAR 5 2015..........SUNRISE  9:04 AM      SUNSET  8:03 PM
 MAR 6 2015..........SUNRISE  9:01 AM      SUNSET  8:05 PM

-  INDICATES NEGATIVE NUMBERS.
R  INDICATES RECORD HAS BEEN SET OR TIED.
MM INDICATES DATA IS MISSING.
T  INDICATES TRACE OF PRECIPITATION.

&&
-------------------------------------------------------------------

AMOUNT OF DAYLIGHT TODAY  (HOUR:MIN)........10 HOURS 59 MINUTES
GAIN/LOSS SINCE YESTERDAY (HOUR:MIN:SEC)....+0:04:52

$$
WIW MAR 15
