000
CDAK48 PASN 012332
CLISNP

CLIMATE REPORT
NATIONAL WEATHER SERVICE ST PAUL, AK
332 PM AKDT TUE SEP 1 2015

...................................
...THE ST PAUL AIRPORT CLIMATE SUMMARY FOR SEPTEMBER 1 2015...
VALID TODAY AS OF 2:00 PM LOCAL TIME

CLIMATE NORMAL PERIOD  1981 TO  2010
CLIMATE RECORD PERIOD  1892 TO  2015

WEATHER ITEM   OBSERVED TIME    RECORD YEAR NORMAL DEPARTURE LAST
               VALUE    (LST)   VALUE       VALUE  FROM      YEAR
                                                   NORMAL
...................................................................
TEMPERATURE
TODAY
 MAXIMUM            52  0159 PM    56  2014     52       0     56
 MINIMUM            50  0341 AM    32  1963     45       5     51
 AVERAGE            51                          48       3     54

PRECIPITATION
(INCHES)
 TODAY            0.33           0.85  1984   0.11    0.22      T
 MONTH TO DATE    0.33                        0.11    0.22      T
 SINCE SEP 1      0.33                        0.11    0.22   0.00
 SINCE JAN 1     11.80                       12.54   -0.74  13.35

SNOWFALL
(INCHES)
 TODAY             0.0            0.0  2015    0.0     0.0    0.0
 MONTH TO DATE     0.0                         0.0     0.0    0.0
 SINCE SEP 1       0.0                         0.0     0.0    0.0
 SINCE JUL 1       0.0                         0.0     0.0    0.0
 SNOW DEPTH (IN)     0                                          0

DEGREE DAYS
 HEATING
  TODAY             14                          17      -3     11
  MONTH TO DATE     14                          17      -3     11
  SINCE SEP 1       14                          17      -3     11
  SINCE JUL 1      924                        1069    -145    829

 COOLING
  TODAY              0                           0       0      0
  MONTH TO DATE      0                           0       0      0
  SINCE SEP 1        0                           0       0      0
  SINCE JAN 1        0                           0       0      0
...................................................................

WIND (MPH)
 HIGHEST WIND SPEED    26     HIGHEST WIND DIRECTION    110
 HIGHEST GUST SPEED    34     HIGHEST GUST DIRECTION    120
 AVERAGE WIND SPEED    MM

SKY COVER
  POSSIBLE SUNSHINE  MM            AVERAGE SKY COVER MM

WEATHER CONDITIONS
 THE FOLLOWING WEATHER WAS RECORDED TODAY.
  FOG
  RAIN


RELATIVE HUMIDITY
 HIGHEST RH     MM PERCENT       MM
 LOWEST  RH     MM PERCENT       MM
 AVERAGE RH     MM PERCENT       MM
...................................................................

THE ST PAUL CLIMATE NORMALS FOR TOMORROW
                        NORMAL    RECORD   YEAR
 MAXIMUM TEMPERATURE      52        59     1977
 MINIMUM TEMPERATURE      45        30     1963

SUNRISE AND SUNSET
 SEP 1 2015..........SUNRISE  8:23 AM      SUNSET 10:18 PM
 SEP 2 2015..........SUNRISE  8:25 AM      SUNSET 10:15 PM

-  INDICATES NEGATIVE NUMBERS.
R  INDICATES RECORD HAS BEEN SET OR TIED.
MM INDICATES DATA IS MISSING.
T  INDICATES TRACE OF PRECIPITATION.

&&
-------------------------------------------------------------------

AMOUNT OF DAYLIGHT TODAY  (HOUR:MIN)........13 HOURS 55 MINUTES
GAIN/LOSS SINCE YESTERDAY (HOUR:MIN:SEC)....-0:04:45

$$
HCH SEP 15
