000
CDAK48 PASN 221142
CLISNP

CLIMATE REPORT
NATIONAL WEATHER SERVICE ST PAUL, AK
342 AM AKDT FRI AUG 22 2014

...................................
...THE ST PAUL AIRPORT CLIMATE SUMMARY FOR AUGUST 21 2014...

CLIMATE NORMAL PERIOD  1981 TO  2010
CLIMATE RECORD PERIOD  1892 TO  2014

WEATHER ITEM   OBSERVED TIME    RECORD YEAR NORMAL DEPARTURE LAST
               VALUE    (LST)   VALUE       VALUE  FROM      YEAR
                                                   NORMAL
...................................................................
TEMPERATURE
YESTERDAY
 MAXIMUM            59R 0527 PM    58  2004     52       7     50
 MINIMUM            52  1102 PM    34  1980     46       6     47
 AVERAGE            56                          49       7     49

PRECIPITATION
(INCHES)
 YESTERDAY        0.06           0.96  2005   0.11   -0.05   0.23
 MONTH TO DATE    1.87                        2.01   -0.14   1.99
 SINCE JUN 1      3.96                        5.21   -1.25   5.16
 SINCE JAN 1     11.10                       11.37   -0.27  12.34

SNOWFALL
(INCHES)
 YESTERDAY         0.0            0.0  2014    0.0     0.0    0.0
 MONTH TO DATE     0.0                         0.0     0.0    0.0
 SINCE JUN 1       0.0                         0.0     0.0    0.0
 SINCE JUL 1       0.0                         0.0     0.0    0.0
 SNOW DEPTH (IN)     0                                          0

DEGREE DAYS
 HEATING
  YESTERDAY          9                          16      -7     16
  MONTH TO DATE    228                         337    -109    330
  SINCE JUN 1     1302                        1569    -267   1591
  SINCE JUL 1      674                         890    -216    881

 COOLING
  YESTERDAY          0                           0       0      0
  MONTH TO DATE      0                           0       0      0
  SINCE JUN 1        0                           0       0      0
  SINCE JAN 1        0                           0       0      0
...................................................................

WIND (MPH)
 HIGHEST WIND SPEED    14     HIGHEST WIND DIRECTION    100
 HIGHEST GUST SPEED    17     HIGHEST GUST DIRECTION     90
 AVERAGE WIND SPEED   9.2

SKY COVER
  POSSIBLE SUNSHINE    MM          AVERAGE SKY COVER     MM

WEATHER CONDITIONS
 THE FOLLOWING WEATHER WAS RECORDED YESTERDAY.
FOG
RAIN


RELATIVE HUMIDITY
 HIGHEST RH     MM PERCENT       MM
 LOWEST  RH     MM PERCENT       MM
 AVERAGE RH     MM PERCENT       MM
...................................................................

THE ST PAUL CLIMATE NORMALS FOR TODAY
                           NORMAL    RECORD   YEAR
 MAXIMUM TEMPERATURE (F)     52        59     1969
 MINIMUM TEMPERATURE (F)     46        35     1968

SUNRISE AND SUNSET
 AUG 22 2014..........SUNRISE  8:03 AM      SUNSET 10:44 PM
 AUG 23 2014..........SUNRISE  8:05 AM      SUNSET 10:41 PM

-  INDICATES NEGATIVE NUMBERS.
R  INDICATES RECORD HAS BEEN SET OR TIED.
MM INDICATES DATA IS MISSING.
T  INDICATES TRACE OF PRECIPITATION.

&&
-------------------------------------------------------------------

AMOUNT OF DAYLIGHT TODAY  (HOUR:MIN)........14 HOURS 41 MINUTES
GAIN/LOSS SINCE YESTERDAY (HOUR:MIN:SEC)....-0:04:39

$$
WIW AUG 14
