000
CDAK48 PASN 260049
CLISNP


CLIMATE REPORT
NATIONAL WEATHER SERVICE ANCHORAGE, AK
449 PM AKDT SUN JUN 25 2017


...................................

...THE SAINT PAUL ISLAND CLIMATE SUMMARY FOR JUNE 25 2017...
VALID TODAY AS OF 0400 PM LOCAL TIME.

CLIMATE NORMAL PERIOD 1981 TO 2010
CLIMATE RECORD PERIOD 1892 TO 2017


WEATHER ITEM   OBSERVED TIME   RECORD YEAR NORMAL DEPARTURE LAST
                VALUE   (LST)  VALUE       VALUE  FROM      YEAR
                                                  NORMAL
..................................................................
TEMPERATURE (F)
 TODAY
  MAXIMUM         47        MM  62    2000  49     -2       58
  MINIMUM         45        MM  30    1977  40      5       43
  AVERAGE         46                        44      2       51

PRECIPITATION (IN)
  TODAY            0.36          0.56 1992   0.05   0.31      T
  MONTH TO DATE    0.82                      1.10  -0.28     1.47
  SINCE JUN 1      0.82                      1.10  -0.28     1.47
  SINCE JAN 1      6.63                      7.26  -0.63     7.16

SNOWFALL (IN)
  TODAY            0.0          MM      MM   0.0    0.0     MM
  MONTH TO DATE    0.0                       0.0    0.0      0.0
  SINCE JUN 1      0.0                       0.0    0.0      0.0
  SINCE JUL 1     48.8                      59.8  -11.0     23.7
  SNOW DEPTH       0

DEGREE DAYS
 HEATING
  TODAY           19                        21     -2       14
  MONTH TO DATE  461                       579   -118      390
  SINCE JUN 1    461                       579   -118      390
  SINCE JUL 1   9329                     10708  -1379     7910

 COOLING
  TODAY            0                         0      0        0
  MONTH TO DATE    0                         0      0        0
  SINCE JUN 1      0                         0      0        0
  SINCE JAN 1      0                         0      0        0
..................................................................


WIND (MPH)
  RESULTANT WIND SPEED  19   RESULTANT WIND DIRECTION  SE (130)
  HIGHEST WIND SPEED    22   HIGHEST WIND DIRECTION    SE (130)
  HIGHEST GUST SPEED    29   HIGHEST GUST DIRECTION    SE (140)
  AVERAGE WIND SPEED    18.8



WEATHER CONDITIONS
 THE FOLLOWING WEATHER WAS RECORDED TODAY.
  RAIN
  LIGHT RAIN
  FOG


..........................................................


THE SAINT PAUL ISLAND CLIMATE NORMALS FOR TOMORROW
                         NORMAL    RECORD    YEAR
 MAXIMUM TEMPERATURE (F)   49        60      2016
 MINIMUM TEMPERATURE (F)   41        29      1988


SUNRISE AND SUNSET
JUNE 25 2017..........SUNRISE   626 AM AKDT  SUNSET  1221 AM AKDT
JUNE 26 2017..........SUNRISE   627 AM AKDT  SUNSET  1221 AM AKDT


-  INDICATES NEGATIVE NUMBERS.
R  INDICATES RECORD WAS SET OR TIED.
MM INDICATES DATA IS MISSING.
T  INDICATES TRACE AMOUNT.




$$
