000
CDAK48 PASN 281309
CLISNP


CLIMATE REPORT
NATIONAL WEATHER SERVICE ANCHORAGE, AK
509 AM AKDT FRI APR 28 2017


...................................

...THE SAINT PAUL ISLAND CLIMATE SUMMARY FOR APRIL 27 2017...

CLIMATE NORMAL PERIOD 1981 TO 2010
CLIMATE RECORD PERIOD 1892 TO 2017


WEATHER ITEM   OBSERVED TIME   RECORD YEAR NORMAL DEPARTURE LAST
                VALUE   (LST)  VALUE       VALUE  FROM      YEAR
                                                  NORMAL
..................................................................
TEMPERATURE (F)
 YESTERDAY
  MAXIMUM         41    536 PM  43    2004  36      5       46
                                      2003
  MINIMUM         31    714 AM  -2    1976  28      3       38
  AVERAGE         36                        32      4       42

PRECIPITATION (IN)
  YESTERDAY        0.03          0.26 1983   0.03   0.00     0.03
  MONTH TO DATE    0.99                      0.97   0.02     1.13
  SINCE MAR 1      1.09                      2.04  -0.95     2.15
  SINCE JAN 1      4.18                      4.92  -0.74     4.91

SNOWFALL (IN)
  YESTERDAY        T            MM      MM   0.2   -0.2     MM
  MONTH TO DATE    0.2                       5.4   -5.2      0.0
  SINCE MAR 1      0.6                      13.4  -12.8      0.0
  SINCE JUL 1     48.8                      58.4   -9.6     23.7
  SNOW DEPTH       0

DEGREE DAYS
 HEATING
  YESTERDAY       29                        33     -4       23
  MONTH TO DATE  893                       974    -81      642
  SINCE MAR 1   2102                      2219   -117     1594
  SINCE JUL 1   7977                      9136  -1159     6779

 COOLING
  YESTERDAY        0                         0      0        0
  MONTH TO DATE    0                         0      0        0
  SINCE MAR 1      0                         0      0        0
  SINCE JAN 1      0                         0      0        0
..................................................................


WIND (MPH)
  RESULTANT WIND SPEED   8   RESULTANT WIND DIRECTION   N (20)
  HIGHEST WIND SPEED    15   HIGHEST WIND DIRECTION     N (20)
  HIGHEST GUST SPEED    19   HIGHEST GUST DIRECTION     N (10)
  AVERAGE WIND SPEED     8.0



WEATHER CONDITIONS
 THE FOLLOWING WEATHER WAS RECORDED YESTERDAY.
  LIGHT RAIN
  LIGHT SNOW
  FOG


..........................................................


THE SAINT PAUL ISLAND CLIMATE NORMALS FOR TODAY
                         NORMAL    RECORD    YEAR
 MAXIMUM TEMPERATURE (F)   36        49      1993
 MINIMUM TEMPERATURE (F)   29        14      1982


SUNRISE AND SUNSET
APRIL 28 2017.........SUNRISE   738 AM AKDT  SUNSET  1100 PM AKDT
APRIL 29 2017.........SUNRISE   736 AM AKDT  SUNSET  1102 PM AKDT


-  INDICATES NEGATIVE NUMBERS.
R  INDICATES RECORD WAS SET OR TIED.
MM INDICATES DATA IS MISSING.
T  INDICATES TRACE AMOUNT.




$$
