000
CDAK48 PASN 191148
CLISNP

CLIMATE REPORT
NATIONAL WEATHER SERVICE ST PAUL, AK
348 AM AKDT FRI SEP 19 2014

...................................
...THE ST PAUL AIRPORT CLIMATE SUMMARY FOR SEPTEMBER 18 2014...

CLIMATE NORMAL PERIOD  1981 TO  2010
CLIMATE RECORD PERIOD  1892 TO  2014

WEATHER ITEM   OBSERVED TIME    RECORD YEAR NORMAL DEPARTURE LAST
               VALUE    (LST)   VALUE       VALUE  FROM      YEAR
                                                   NORMAL
...................................................................
TEMPERATURE
YESTERDAY
 MAXIMUM            53  0445 PM    54  1978     49       4     51
 MINIMUM            41  0532 AM    30  1981     41       0     42
 AVERAGE            47                          45       2     47

PRECIPITATION
(INCHES)
 YESTERDAY        0.18           1.50  1949   0.10    0.08   0.03
 MONTH TO DATE    2.92                        1.82    1.10   0.80
 SINCE SEP 1      2.92                        1.82    1.10   0.80
 SINCE JAN 1     16.15                       14.25    1.90  14.83

SNOWFALL
(INCHES)
 YESTERDAY         0.0            0.4  1975    0.0     0.0    0.0
 MONTH TO DATE     0.0                         0.0     0.0    0.0
 SINCE SEP 1       0.0                         0.0     0.0    0.0
 SINCE JUL 1       0.0                         0.0     0.0    0.0
 SNOW DEPTH (IN)     0                                          0

DEGREE DAYS
 HEATING
  YESTERDAY         18                          20      -2     18
  MONTH TO DATE    245                         330     -85    342
  SINCE SEP 1      245                         330     -85    342
  SINCE JUL 1     1062                        1382    -320   1385

 COOLING
  YESTERDAY          0                           0       0      0
  MONTH TO DATE      0                           0       0      0
  SINCE SEP 1        0                           0       0      0
  SINCE JAN 1        0                           0       0      0
...................................................................

WIND (MPH)
 HIGHEST WIND SPEED    28     HIGHEST WIND DIRECTION    340
 HIGHEST GUST SPEED    35     HIGHEST GUST DIRECTION    340
 AVERAGE WIND SPEED  16.7

SKY COVER
  POSSIBLE SUNSHINE    MM          AVERAGE SKY COVER     MM

WEATHER CONDITIONS
 THE FOLLOWING WEATHER WAS RECORDED YESTERDAY.
FOG
RAIN


RELATIVE HUMIDITY
 HIGHEST RH     MM PERCENT       MM
 LOWEST  RH     MM PERCENT       MM
 AVERAGE RH     MM PERCENT       MM
...................................................................

THE ST PAUL CLIMATE NORMALS FOR TODAY
                           NORMAL    RECORD   YEAR
 MAXIMUM TEMPERATURE (F)     49        54     2004
 MINIMUM TEMPERATURE (F)     40        26     1984

SUNRISE AND SUNSET
 SEP 19 2014..........SUNRISE  9:01 AM      SUNSET  9:28 PM
 SEP 20 2014..........SUNRISE  9:03 AM      SUNSET  9:25 PM

-  INDICATES NEGATIVE NUMBERS.
R  INDICATES RECORD HAS BEEN SET OR TIED.
MM INDICATES DATA IS MISSING.
T  INDICATES TRACE OF PRECIPITATION.

&&
-------------------------------------------------------------------

AMOUNT OF DAYLIGHT TODAY  (HOUR:MIN)........12 HOURS 27 MINUTES
GAIN/LOSS SINCE YESTERDAY (HOUR:MIN:SEC)....-0:04:49

$$
WIW SEP 14
