189
CDAK48 PASN 020904
CLISNP

CLIMATE REPORT
NATIONAL WEATHER SERVICE ST PAUL, AK
104 AM AKDT MON MAY 2 2016

...................................
...THE ST PAUL AIRPORT CLIMATE SUMMARY FOR MAY 1 2016...

CLIMATE NORMAL PERIOD  1981 TO  2010
CLIMATE RECORD PERIOD  1892 TO  2016

WEATHER ITEM   OBSERVED TIME    RECORD YEAR NORMAL DEPARTURE LAST
               VALUE    (LST)   VALUE       VALUE  FROM      YEAR
                                                   NORMAL
...................................................................
TEMPERATURE
YESTERDAY
 MAXIMUM            37  0515 PM    44  2015     37       0     44
 MINIMUM            31  0638 AM    14  2010     29       2     30
 AVERAGE            34                          33       1     37

PRECIPITATION
(INCHES)
 YESTERDAY        0.09           0.41  1951   0.03    0.06   0.01
 MONTH TO DATE    0.09                        0.03    0.06   0.01
 SINCE MAR 1      2.40                        2.18    0.22   1.94
 SINCE JAN 1      5.21                        5.06    0.15   4.26

SNOWFALL
(INCHES)
 YESTERDAY           T            2.0  1968    0.1    -0.1      T
 MONTH TO DATE       T                         0.1    -0.1      T
 SINCE MAR 1      11.8                        13.8    -2.0   18.6
 SINCE JUL 1      52.6                        58.8    -6.2   48.3
 SNOW DEPTH (IN)     0                                          0

DEGREE DAYS
 HEATING
  YESTERDAY         31                          32      -1     28
  MONTH TO DATE     31                          32      -1     28
  SINCE MAR 1     2015                        2340    -325   2257
  SINCE JUL 1     8040                        9259   -1219   8214

 COOLING
  YESTERDAY          0                           0       0      0
  MONTH TO DATE      0                           0       0      0
  SINCE MAR 1        0                           0       0      0
  SINCE JAN 1        0                           0       0      0
...................................................................

WIND (MPH)
 HIGHEST WIND SPEED    16     HIGHEST WIND DIRECTION    330
 HIGHEST GUST SPEED    19     HIGHEST GUST DIRECTION    320
 AVERAGE WIND SPEED   6.7

SKY COVER
  POSSIBLE SUNSHINE    MM          AVERAGE SKY COVER     MM

WEATHER CONDITIONS
 THE FOLLOWING WEATHER WAS RECORDED YESTERDAY.
  FOG
RAIN
SNOW


RELATIVE HUMIDITY
 HIGHEST RH     MM PERCENT       MM
 LOWEST  RH     MM PERCENT       MM
 AVERAGE RH     MM PERCENT       MM
...................................................................

THE ST PAUL CLIMATE NORMALS FOR TODAY
                           NORMAL    RECORD   YEAR
 MAXIMUM TEMPERATURE (F)     37        47     2009
 MINIMUM TEMPERATURE (F)     29        16     1973

SUNRISE AND SUNSET
 MAY 2 2016..........SUNRISE  7:28 AM      SUNSET 11:10 PM
 MAY 3 2016..........SUNRISE  7:26 AM      SUNSET 11:12 PM

-  INDICATES NEGATIVE NUMBERS.
R  INDICATES RECORD HAS BEEN SET OR TIED.
MM INDICATES DATA IS MISSING.
T  INDICATES TRACE OF PRECIPITATION.

&&
-------------------------------------------------------------------

AMOUNT OF DAYLIGHT TODAY  (HOUR:MIN)........15 HOURS 42 MINUTES
GAIN/LOSS SINCE YESTERDAY (HOUR:MIN:SEC)....+0:04:28

$$
*** MAY 16
