000
CDAK48 PASN 191134
CLISNP

CLIMATE REPORT
NATIONAL WEATHER SERVICE ST PAUL, AK
235 AM AKST FRI DEC 19 2014

...................................
...THE ST PAUL AIRPORT CLIMATE SUMMARY FOR DECEMBER 18 2014...

CLIMATE NORMAL PERIOD  1981 TO  2010
CLIMATE RECORD PERIOD  1892 TO  2014

WEATHER ITEM   OBSERVED TIME    RECORD YEAR NORMAL DEPARTURE LAST
               VALUE    (LST)   VALUE       VALUE  FROM      YEAR
                                                   NORMAL
...................................................................
TEMPERATURE
YESTERDAY
 MAXIMUM            36  1151 PM    42  1951     33       3     36
 MINIMUM            25  1143 AM     4  1981     25       0     31
 AVERAGE            31                          29       2     34

PRECIPITATION
(INCHES)
 YESTERDAY        0.03           0.48  2002   0.07   -0.04   0.28
 MONTH TO DATE    1.74                        1.37    0.37   2.50
 SINCE DEC 1      1.74                        1.37    0.37   2.50
 SINCE JAN 1     22.52                       22.79   -0.27  26.79

SNOWFALL
(INCHES)
 YESTERDAY         0.3            3.0  2003    0.4    -0.1    1.4
 MONTH TO DATE     2.3                         6.9    -4.6    2.5
 SINCE DEC 1       2.3                         6.9    -4.6    2.5
 SINCE JUL 1       3.0                        17.2   -14.2    5.2
 SNOW DEPTH (IN)     1                                          1

DEGREE DAYS
 HEATING
  YESTERDAY         34                          36      -2     31
  MONTH TO DATE    567                         636     -69    557
  SINCE DEC 1      567                         636     -69    557
  SINCE JUL 1     3472                        4056    -584   3839

 COOLING
  YESTERDAY          0                           0       0      0
  MONTH TO DATE      0                           0       0      0
  SINCE DEC 1        0                           0       0      0
  SINCE JAN 1        0                           0       0      0
...................................................................

WIND (MPH)
 HIGHEST WIND SPEED    22     HIGHEST WIND DIRECTION     60
 HIGHEST GUST SPEED    27     HIGHEST GUST DIRECTION     50
 AVERAGE WIND SPEED  10.1

SKY COVER
  POSSIBLE SUNSHINE    MM          AVERAGE SKY COVER     MM

WEATHER CONDITIONS
 THE FOLLOWING WEATHER WAS RECORDED YESTERDAY.
FOG
RAIN
SNOW


RELATIVE HUMIDITY
 HIGHEST RH     MM PERCENT       MM
 LOWEST  RH     MM PERCENT       MM
 AVERAGE RH     MM PERCENT       MM
...................................................................

THE ST PAUL CLIMATE NORMALS FOR TODAY
                           NORMAL    RECORD   YEAR
 MAXIMUM TEMPERATURE (F)     33        44     1970
 MINIMUM TEMPERATURE (F)     24         7     1999

SUNRISE AND SUNSET
 DEC 19 2014..........SUNRISE 10:58 AM      SUNSET  5:39 PM
 DEC 20 2014..........SUNRISE 10:59 AM      SUNSET  5:39 PM

-  INDICATES NEGATIVE NUMBERS.
R  INDICATES RECORD HAS BEEN SET OR TIED.
MM INDICATES DATA IS MISSING.
T  INDICATES TRACE OF PRECIPITATION.

&&
-------------------------------------------------------------------

AMOUNT OF DAYLIGHT TODAY  (HOUR:MIN)........6 HOURS 41 MINUTES
GAIN/LOSS SINCE YESTERDAY (HOUR:MIN:SEC)....-0:00:22

$$
WIW DEC 14
