000
CDUS46 KMTR 270829
CLISNS


CLIMATE REPORT
NATIONAL WEATHER SERVICE SAN FRANCISCO BAY AREA
129 AM PDT THU APR 27 2017


...................................

...THE SALINAS AIRPORT CLIMATE SUMMARY FOR APRIL 26 2017...

CLIMATE NORMAL PERIOD 1981 TO 2010
CLIMATE RECORD PERIOD 1930 TO 2017


WEATHER ITEM   OBSERVED TIME   RECORD YEAR NORMAL DEPARTURE LAST
                VALUE   (LST)  VALUE       VALUE  FROM      YEAR
                                                  NORMAL
..................................................................
TEMPERATURE (F)
 YESTERDAY
  MAXIMUM         68    243 PM 100    2004  68      0       62
  MINIMUM         54    433 AM  33    1943  48      6       43
  AVERAGE         61                        58      3       53

PRECIPITATION (IN)
  YESTERDAY        0.00          0.39 1931   0.02  -0.02     0.00
  MONTH TO DATE    0.84                      0.85  -0.01     0.45
  SINCE OCT 1     16.36                     12.11   4.25    13.29
  SINCE JAN 1     12.36                      8.20   4.16     8.39

DEGREE DAYS
 HEATING
  YESTERDAY        4                         8     -4       12
  MONTH TO DATE  171                       226    -55      140
  SINCE MAR 1    410                       546   -136      376
  SINCE JUL 1   2172                      2360   -188     1767

 COOLING
  YESTERDAY        0                         0      0        0
  MONTH TO DATE    3                         0      3       18
  SINCE MAR 1      4                         1      3       18
  SINCE JAN 1      4                         1      3       21
..................................................................


WIND (MPH)
  RESULTANT WIND SPEED   6   RESULTANT WIND DIRECTION   W (270)
  HIGHEST WIND SPEED    18   HIGHEST WIND DIRECTION     W (260)
  HIGHEST GUST SPEED    24   HIGHEST GUST DIRECTION     W (280)
  AVERAGE WIND SPEED     8.2


SKY COVER
  POSSIBLE SUNSHINE  MM
  AVERAGE SKY COVER 0.9


WEATHER CONDITIONS
 THE FOLLOWING WEATHER WAS RECORDED YESTERDAY.
  FOG


RELATIVE HUMIDITY (PERCENT)
 HIGHEST    93           900 PM
 LOWEST     68          1200 PM
 AVERAGE    81

..........................................................


THE SALINAS AIRPORT CLIMATE NORMALS FOR TODAY
                         NORMAL    RECORD    YEAR
 MAXIMUM TEMPERATURE (F)   68        94      2004
 MINIMUM TEMPERATURE (F)   48        34      1955


SUNRISE AND SUNSET
APRIL 27 2017.........SUNRISE   617 AM PDT   SUNSET   752 PM PDT
APRIL 28 2017.........SUNRISE   616 AM PDT   SUNSET   753 PM PDT


-  INDICATES NEGATIVE NUMBERS.
R  INDICATES RECORD WAS SET OR TIED.
MM INDICATES DATA IS MISSING.
T  INDICATES TRACE AMOUNT.




$$
