000
CDUS46 KMTR 300827
CLISNS


CLIMATE REPORT
NATIONAL WEATHER SERVICE SAN FRANCISCO BAY AREA
127 AM PDT TUE SEP 30 2014


...................................

...THE SALINAS AIRPORT CLIMATE SUMMARY FOR SEPTEMBER 29 2014...

CLIMATE NORMAL PERIOD 1981 TO 2010
CLIMATE RECORD PERIOD 1930 TO 2014


WEATHER ITEM   OBSERVED TIME   RECORD YEAR NORMAL DEPARTURE LAST
                VALUE   (LST)  VALUE       VALUE  FROM      YEAR
                                                  NORMAL
..................................................................
TEMPERATURE (F)
 YESTERDAY
  MAXIMUM         71   1137 AM 101    1934  74     -3       76
  MINIMUM         52    414 AM  43    1971  53     -1       49
  AVERAGE         62                        63     -1       63

PRECIPITATION (IN)
  YESTERDAY        0.00          0.42 1976   0.01  -0.01     0.00
  MONTH TO DATE    0.10                      0.16  -0.06     0.09
  SINCE JUL 1      0.11                      0.19  -0.08     0.11
  SINCE JAN 1      5.08                      8.91  -3.83     2.44

DEGREE DAYS
 HEATING
  YESTERDAY        3                         3      0        2
  MONTH TO DATE   10                        61    -51       18
  SINCE SEP 1     10                        61    -51       18
  SINCE JUL 1     51                       196   -145      123

 COOLING
  YESTERDAY        0                         1     -1        0
  MONTH TO DATE   47                        29     18       54
  SINCE SEP 1     47                        29     18       54
  SINCE JAN 1    180                        98     82      138
..................................................................


WIND (MPH)
  RESULTANT WIND SPEED   4   RESULTANT WIND DIRECTION   W (280)
  HIGHEST WIND SPEED    15   HIGHEST WIND DIRECTION     W (260)
  HIGHEST GUST SPEED    20   HIGHEST GUST DIRECTION     W (270)
  AVERAGE WIND SPEED     5.9


SKY COVER
  POSSIBLE SUNSHINE  MM
  AVERAGE SKY COVER 0.2


WEATHER CONDITIONS
 THE FOLLOWING WEATHER WAS RECORDED YESTERDAY.
  FOG
  HAZE


RELATIVE HUMIDITY (PERCENT)
 HIGHEST   100           600 AM
 LOWEST     61           300 PM
 AVERAGE    81

..........................................................


THE SALINAS AIRPORT CLIMATE NORMALS FOR TODAY
                         NORMAL    RECORD    YEAR
 MAXIMUM TEMPERATURE (F)   74        99      2001
 MINIMUM TEMPERATURE (F)   52        36      1950


SUNRISE AND SUNSET
SEPTEMBER 30 2014.....SUNRISE   601 AM PST   SUNSET   551 PM PST
OCTOBER  1 2014.......SUNRISE   602 AM PST   SUNSET   550 PM PST


-  INDICATES NEGATIVE NUMBERS.
R  INDICATES RECORD WAS SET OR TIED.
MM INDICATES DATA IS MISSING.
T  INDICATES TRACE AMOUNT.




$$
