000
CDUS46 KMTR 100838
CLISNS


CLIMATE REPORT
NATIONAL WEATHER SERVICE SAN FRANCISCO BAY AREA
1235 AM PST WED FEB 10 2016


...................................

...THE SALINAS AIRPORT CLIMATE SUMMARY FOR FEBRUARY 9 2016...

CLIMATE NORMAL PERIOD 1981 TO 2010
CLIMATE RECORD PERIOD 1930 TO 2016


WEATHER ITEM   OBSERVED TIME   RECORD YEAR NORMAL DEPARTURE LAST
                VALUE   (LST)  VALUE       VALUE  FROM      YEAR
                                                  NORMAL
..................................................................
TEMPERATURE (F)
 YESTERDAY
  MAXIMUM         81R   255 PM  81    2006  63     18       68
  MINIMUM         50   1113 PM  28    2001  43      7       54
  AVERAGE         66                        53     13       61

PRECIPITATION (IN)
  YESTERDAY        0.00          1.87 1941   0.09  -0.09     0.01
  MONTH TO DATE    0.01                      0.82  -0.81     0.55
  SINCE OCT 1      8.95                      7.33   1.62     8.55
  SINCE JAN 1      4.05                      3.42   0.63     0.56

DEGREE DAYS
 HEATING
  YESTERDAY        0                        12    -12        4
  MONTH TO DATE   82                       114    -32       35
  SINCE DEC 1    922                       974    -52      521
  SINCE JUL 1   1282                      1592   -310      735

 COOLING
  YESTERDAY        1                         0      1        0
  MONTH TO DATE    1                         0      1        1
  SINCE DEC 1      1                         0      1        3
  SINCE JAN 1      1                         0      1        2
..................................................................


WIND (MPH)
  RESULTANT WIND SPEED  10   RESULTANT WIND DIRECTION   E (100)
  HIGHEST WIND SPEED    23   HIGHEST WIND DIRECTION     E (100)
  HIGHEST GUST SPEED    27   HIGHEST GUST DIRECTION     W (270)
  AVERAGE WIND SPEED    12.7


SKY COVER
  POSSIBLE SUNSHINE  MM
  AVERAGE SKY COVER 0.0


WEATHER CONDITIONS
 THE FOLLOWING WEATHER WAS RECORDED YESTERDAY.
  NO SIGNIFICANT WEATHER WAS OBSERVED.


RELATIVE HUMIDITY (PERCENT)
 HIGHEST    77          1000 PM
 LOWEST     21           400 PM
 AVERAGE    49

..........................................................


THE SALINAS AIRPORT CLIMATE NORMALS FOR TODAY
                         NORMAL    RECORD    YEAR
 MAXIMUM TEMPERATURE (F)   63        76      2002
 MINIMUM TEMPERATURE (F)   43        29      1946


SUNRISE AND SUNSET
FEBRUARY 10 2016......SUNRISE   700 AM PST   SUNSET   541 PM PST
FEBRUARY 11 2016......SUNRISE   659 AM PST   SUNSET   542 PM PST


-  INDICATES NEGATIVE NUMBERS.
R  INDICATES RECORD WAS SET OR TIED.
MM INDICATES DATA IS MISSING.
T  INDICATES TRACE AMOUNT.




$$
