000
CDUS46 KMTR 240830
CLISNS


CLIMATE REPORT
NATIONAL WEATHER SERVICE SAN FRANCISCO BAY AREA
130 AM PDT SAT JUN 24 2017


...................................

...THE SALINAS AIRPORT CLIMATE SUMMARY FOR JUNE 23 2017...

CLIMATE NORMAL PERIOD 1981 TO 2010
CLIMATE RECORD PERIOD 1930 TO 2017


WEATHER ITEM   OBSERVED TIME   RECORD YEAR NORMAL DEPARTURE LAST
                VALUE   (LST)  VALUE       VALUE  FROM      YEAR
                                                  NORMAL
..................................................................
TEMPERATURE (F)
 YESTERDAY
  MAXIMUM         70   1243 PM  90    1976  71     -1       77
  MINIMUM         56    541 AM  44    1943  54      2       52
  AVERAGE         63                        62      1       65

PRECIPITATION (IN)
  YESTERDAY        0.00          0.02 1982   0.00   0.00     0.00
  MONTH TO DATE    0.07                      0.08  -0.01     0.03
  SINCE OCT 1     16.45                     12.62   3.83    13.47
  SINCE JAN 1     12.45                      8.71   3.74     8.57

DEGREE DAYS
 HEATING
  YESTERDAY        2                         3     -1        0
  MONTH TO DATE   53                        92    -39       49
  SINCE JUN 1     53                        92    -39       49
  SINCE JUL 1   2387                      2665   -278     1998

 COOLING
  YESTERDAY        0                         0      0        0
  MONTH TO DATE    9                         0      9        8
  SINCE JUN 1      9                         0      9        8
  SINCE JAN 1     27                        16     11       31
..................................................................


WIND (MPH)
  RESULTANT WIND SPEED   9   RESULTANT WIND DIRECTION   W (290)
  HIGHEST WIND SPEED    21   HIGHEST WIND DIRECTION     W (280)
  HIGHEST GUST SPEED    25   HIGHEST GUST DIRECTION     W (280)
  AVERAGE WIND SPEED     8.8


SKY COVER
  POSSIBLE SUNSHINE  MM
  AVERAGE SKY COVER 0.7


WEATHER CONDITIONS
 THE FOLLOWING WEATHER WAS RECORDED YESTERDAY.
  FOG


RELATIVE HUMIDITY (PERCENT)
 HIGHEST   100          1200 AM
 LOWEST     63          1100 AM
 AVERAGE    82

..........................................................


THE SALINAS AIRPORT CLIMATE NORMALS FOR TODAY
                         NORMAL    RECORD    YEAR
 MAXIMUM TEMPERATURE (F)   71       100      1976
 MINIMUM TEMPERATURE (F)   54        44      1931


SUNRISE AND SUNSET
JUNE 24 2017..........SUNRISE   549 AM PDT   SUNSET   829 PM PDT
JUNE 25 2017..........SUNRISE   549 AM PDT   SUNSET   829 PM PDT


-  INDICATES NEGATIVE NUMBERS.
R  INDICATES RECORD WAS SET OR TIED.
MM INDICATES DATA IS MISSING.
T  INDICATES TRACE AMOUNT.




$$
