000
CDUS46 KMTR 270826
CLISNS


CLIMATE REPORT
NATIONAL WEATHER SERVICE SAN FRANCISCO BAY AREA
125 AM PDT SAT AUG 27 2016


...................................

...THE SALINAS AIRPORT CLIMATE SUMMARY FOR AUGUST 26 2016...

CLIMATE NORMAL PERIOD 1981 TO 2010
CLIMATE RECORD PERIOD 1930 TO 2016


WEATHER ITEM   OBSERVED TIME   RECORD YEAR NORMAL DEPARTURE LAST
                VALUE   (LST)  VALUE       VALUE  FROM      YEAR
                                                  NORMAL
..................................................................
TEMPERATURE (F)
 YESTERDAY
  MAXIMUM         72    111 PM  88    1944  73     -1       81
  MINIMUM         58    630 AM  46    1944  56      2       58
  AVERAGE         65                        64      1       70

PRECIPITATION (IN)
  YESTERDAY        T             0.88 1935   0.00   0.00     0.00
  MONTH TO DATE    T                         0.03  -0.03     0.06
  SINCE OCT 1     13.47                     12.66   0.81     9.88
  SINCE JAN 1      8.57                      8.75  -0.18     1.89

DEGREE DAYS
 HEATING
  YESTERDAY        0                         2     -2        0
  MONTH TO DATE   55                        52      3        1
  SINCE JUN 1    223                       243    -20       84
  SINCE JUL 1    147                       130     17        3

 COOLING
  YESTERDAY        0                         1     -1        5
  MONTH TO DATE    0                        23    -23       82
  SINCE JUN 1      8                        53    -45      148
  SINCE JAN 1     31                        69    -38      179
..................................................................


WIND (MPH)
  RESULTANT WIND SPEED   5   RESULTANT WIND DIRECTION   W (290)
  HIGHEST WIND SPEED    18   HIGHEST WIND DIRECTION    NW (310)
  HIGHEST GUST SPEED    23   HIGHEST GUST DIRECTION     W (290)
  AVERAGE WIND SPEED     7.4


SKY COVER
  POSSIBLE SUNSHINE  MM
  AVERAGE SKY COVER 0.9


WEATHER CONDITIONS
 THE FOLLOWING WEATHER WAS RECORDED YESTERDAY.
  FOG


RELATIVE HUMIDITY (PERCENT)
 HIGHEST    93           500 AM
 LOWEST     57           100 PM
 AVERAGE    75

..........................................................


THE SALINAS AIRPORT CLIMATE NORMALS FOR TODAY
                         NORMAL    RECORD    YEAR
 MAXIMUM TEMPERATURE (F)   73        95      1962
 MINIMUM TEMPERATURE (F)   56        43      1938


SUNRISE AND SUNSET
AUGUST 27 2016........SUNRISE   634 AM PDT   SUNSET   741 PM PDT
AUGUST 28 2016........SUNRISE   635 AM PDT   SUNSET   739 PM PDT


-  INDICATES NEGATIVE NUMBERS.
R  INDICATES RECORD WAS SET OR TIED.
MM INDICATES DATA IS MISSING.
T  INDICATES TRACE AMOUNT.




$$
