000
CDUS46 KMTR 180829
CLISNS


CLIMATE REPORT
NATIONAL WEATHER SERVICE SAN FRANCISCO BAY AREA
129 AM PDT THU SEP 18 2014


...................................

...THE SALINAS AIRPORT CLIMATE SUMMARY FOR SEPTEMBER 17 2014...

CLIMATE NORMAL PERIOD 1981 TO 2010
CLIMATE RECORD PERIOD 1930 TO 2014


WEATHER ITEM   OBSERVED TIME   RECORD YEAR NORMAL DEPARTURE LAST
                VALUE   (LST)  VALUE       VALUE  FROM      YEAR
                                                  NORMAL
..................................................................
TEMPERATURE (F)
 YESTERDAY
  MAXIMUM         74    342 PM  97    1935  74      0       73
  MINIMUM         55    739 AM  43    1961  54      1       58
  AVERAGE         65                        64      1       66

PRECIPITATION (IN)
  YESTERDAY        0.00          0.17 1940   0.01  -0.01     0.00
  MONTH TO DATE    0.00                      0.06  -0.06     0.02
  SINCE JUL 1      0.01                      0.09  -0.08     0.04
  SINCE JAN 1      4.98                      8.81  -3.83     2.37

DEGREE DAYS
 HEATING
  YESTERDAY        0                         2     -2        0
  MONTH TO DATE    5                        34    -29        1
  SINCE SEP 1      5                        34    -29        1
  SINCE JUL 1     46                       169   -123      106

 COOLING
  YESTERDAY        0                         1     -1        1
  MONTH TO DATE   22                        17      5       46
  SINCE SEP 1     22                        17      5       46
  SINCE JAN 1    155                        86     69      130
..................................................................


WIND (MPH)
  RESULTANT WIND SPEED   6   RESULTANT WIND DIRECTION  NW (310)
  HIGHEST WIND SPEED    18   HIGHEST WIND DIRECTION    NW (310)
  HIGHEST GUST SPEED    24   HIGHEST GUST DIRECTION    NW (310)
  AVERAGE WIND SPEED     6.4


SKY COVER
  POSSIBLE SUNSHINE  MM
  AVERAGE SKY COVER 0.2


WEATHER CONDITIONS
 THE FOLLOWING WEATHER WAS RECORDED YESTERDAY.
  FOG
  FOG W/VISIBILITY <= 1/4 MILE
  HAZE


RELATIVE HUMIDITY (PERCENT)
 HIGHEST   100           600 AM
 LOWEST     53           100 PM
 AVERAGE    77

..........................................................


THE SALINAS AIRPORT CLIMATE NORMALS FOR TODAY
                         NORMAL    RECORD    YEAR
 MAXIMUM TEMPERATURE (F)   74        95      1946
 MINIMUM TEMPERATURE (F)   54        43      1936


SUNRISE AND SUNSET
SEPTEMBER 18 2014.....SUNRISE   551 AM PST   SUNSET   609 PM PST
SEPTEMBER 19 2014.....SUNRISE   552 AM PST   SUNSET   608 PM PST


-  INDICATES NEGATIVE NUMBERS.
R  INDICATES RECORD WAS SET OR TIED.
MM INDICATES DATA IS MISSING.
T  INDICATES TRACE AMOUNT.




$$
