000
CDUS46 KMTR 300826
CLISNS


CLIMATE REPORT
NATIONAL WEATHER SERVICE SAN FRANCISCO BAY AREA
126 AM PDT THU OCT 30 2014


...................................

...THE SALINAS AIRPORT CLIMATE SUMMARY FOR OCTOBER 29 2014...

CLIMATE NORMAL PERIOD 1981 TO 2010
CLIMATE RECORD PERIOD 1930 TO 2014


WEATHER ITEM   OBSERVED TIME   RECORD YEAR NORMAL DEPARTURE LAST
                VALUE   (LST)  VALUE       VALUE  FROM      YEAR
                                                  NORMAL
..................................................................
TEMPERATURE (F)
 YESTERDAY
  MAXIMUM         90    319 PM  94    1939  71     19       64
  MINIMUM         49    630 AM  32    1971  48      1       50
  AVERAGE         70                        59     11       57

PRECIPITATION (IN)
  YESTERDAY        0.00          0.28 1982   0.03  -0.03     0.01
  MONTH TO DATE    0.19                      0.52  -0.33     0.15
  SINCE JUL 1      0.30                      0.72  -0.42     0.26
  SINCE JAN 1      5.27                      9.44  -4.17     2.59

DEGREE DAYS
 HEATING
  YESTERDAY        0                         6     -6        8
  MONTH TO DATE   33                       125    -92      147
  SINCE SEP 1     44                       185   -141      165
  SINCE JUL 1     85                       320   -235      270

 COOLING
  YESTERDAY        5                         0      5        0
  MONTH TO DATE   79                        23     56       17
  SINCE SEP 1    126                        59     67       71
  SINCE JAN 1    259                       128    131      155
..................................................................


WIND (MPH)
  RESULTANT WIND SPEED   2   RESULTANT WIND DIRECTION   E (100)
  HIGHEST WIND SPEED    16   HIGHEST WIND DIRECTION     W (250)
  HIGHEST GUST SPEED    20   HIGHEST GUST DIRECTION     W (260)
  AVERAGE WIND SPEED     5.8


SKY COVER
  POSSIBLE SUNSHINE  MM
  AVERAGE SKY COVER 0.0


WEATHER CONDITIONS
 THE FOLLOWING WEATHER WAS RECORDED YESTERDAY.
  NO SIGNIFICANT WEATHER WAS OBSERVED.


RELATIVE HUMIDITY (PERCENT)
 HIGHEST    83           100 AM
 LOWEST     17           200 PM
 AVERAGE    50

..........................................................


THE SALINAS AIRPORT CLIMATE NORMALS FOR TODAY
                         NORMAL    RECORD    YEAR
 MAXIMUM TEMPERATURE (F)   71        94      1939
 MINIMUM TEMPERATURE (F)   47        30      1935


SUNRISE AND SUNSET
OCTOBER 30 2014.......SUNRISE   628 AM PST   SUNSET   512 PM PST
OCTOBER 31 2014.......SUNRISE   629 AM PST   SUNSET   510 PM PST


-  INDICATES NEGATIVE NUMBERS.
R  INDICATES RECORD WAS SET OR TIED.
MM INDICATES DATA IS MISSING.
T  INDICATES TRACE AMOUNT.




$$
