000
CDUS46 KMTR 010840
CLISNS


CLIMATE REPORT
NATIONAL WEATHER SERVICE SAN FRANCISCO BAY AREA
139 AM PDT TUE SEP 1 2015


...................................

...THE SALINAS AIRPORT CLIMATE SUMMARY FOR AUGUST 31 2015...

CLIMATE NORMAL PERIOD 1981 TO 2010
CLIMATE RECORD PERIOD 1930 TO 2015


WEATHER ITEM   OBSERVED TIME   RECORD YEAR NORMAL DEPARTURE LAST
                VALUE   (LST)  VALUE       VALUE  FROM      YEAR
                                                  NORMAL
..................................................................
TEMPERATURE (F)
 YESTERDAY
  MAXIMUM         75   1120 AM  92    1947  74      1       73
  MINIMUM         59    522 AM  44    1932  56      3       62
  AVERAGE         67                        65      2       68

PRECIPITATION (IN)
  YESTERDAY        0.00          0.19 1964   0.00   0.00     0.00
  MONTH TO DATE    0.06                      0.03   0.03      T
  SINCE OCT 1      9.88                     12.66  -2.78     5.81
  SINCE JAN 1      1.89                      8.75  -6.86     4.98

DEGREE DAYS
 HEATING
  YESTERDAY        0                         2     -2        0
  MONTH TO DATE    1                        62    -61        3
  SINCE JUN 1     84                       248   -164      155
  SINCE JUL 1      3                       135   -132       41

 COOLING
  YESTERDAY        2                         1      1        3
  MONTH TO DATE  114                        23     91       40
  SINCE JUN 1    180                        53    127       83
  SINCE JAN 1    211                        69    142      133
..................................................................


WIND (MPH)
  RESULTANT WIND SPEED   6   RESULTANT WIND DIRECTION   W (290)
  HIGHEST WIND SPEED    17   HIGHEST WIND DIRECTION     W (270)
  HIGHEST GUST SPEED    24   HIGHEST GUST DIRECTION     W (270)
  AVERAGE WIND SPEED     7.5


SKY COVER
  POSSIBLE SUNSHINE  MM
  AVERAGE SKY COVER 0.2


WEATHER CONDITIONS
 THE FOLLOWING WEATHER WAS RECORDED YESTERDAY.
  FOG
  HAZE


RELATIVE HUMIDITY (PERCENT)
 HIGHEST    90           700 AM
 LOWEST     53          1100 AM
 AVERAGE    72

..........................................................


THE SALINAS AIRPORT CLIMATE NORMALS FOR TODAY
                         NORMAL    RECORD    YEAR
 MAXIMUM TEMPERATURE (F)   74        96      1952
 MINIMUM TEMPERATURE (F)   56        45      2008


SUNRISE AND SUNSET
SEPTEMBER  1 2015.....SUNRISE   537 AM PST   SUNSET   635 PM PST
SEPTEMBER  2 2015.....SUNRISE   538 AM PST   SUNSET   633 PM PST


-  INDICATES NEGATIVE NUMBERS.
R  INDICATES RECORD WAS SET OR TIED.
MM INDICATES DATA IS MISSING.
T  INDICATES TRACE AMOUNT.




$$
