000
CDUS45 KPIH 250731
CLISNT


CLIMATE REPORT
NATIONAL WEATHER SERVICE POCATELLO ID
130 AM MDT TUE JUL 25 2017


...................................

...THE STANLEY ID CLIMATE SUMMARY FOR JULY 24 2017...

CLIMATE NORMAL PERIOD 1981 TO 2010
CLIMATE RECORD PERIOD 1916 TO 2017


WEATHER ITEM   OBSERVED TIME   RECORD YEAR NORMAL DEPARTURE LAST
                VALUE   (LST)  VALUE       VALUE  FROM      YEAR
                                                  NORMAL
..................................................................
TEMPERATURE (F)
 YESTERDAY
  MAXIMUM         85    259 PM  90    1976  80      5       85
  MINIMUM         43    458 AM  22    1968  38      5       32
  AVERAGE         64                        59      5       59

PRECIPITATION (IN)
  YESTERDAY        0.00          0.41 1977   0.02  -0.02     0.00
  MONTH TO DATE    0.19                      0.56  -0.37     0.10
  SINCE OCT 1     28.32                     15.33  12.99    17.13
  SINCE JAN 1     16.99                     10.48   6.51     9.56

SNOWFALL (IN)
  YESTERDAY       MM
  MONTH TO DATE   MM
  SINCE JUN 1     MM
  SINCE JUL 1     MM
  SNOW DEPTH      MM

DEGREE DAYS
 HEATING
  YESTERDAY        1                         6     -5        6
  MONTH TO DATE   62                       197   -135      214
  SINCE JUN 1    406                       651   -245      518
  SINCE JUL 1     62                       197   -135      214

 COOLING
  YESTERDAY        0                         0      0        0
  MONTH TO DATE   15                         0     15        0
  SINCE JUN 1     17                         0     17        3
  SINCE JAN 1     17                         0     17        3
..................................................................


WIND (MPH)
  HIGHEST WIND SPEED    15   HIGHEST WIND DIRECTION    NW (310)
  HIGHEST GUST SPEED    23   HIGHEST GUST DIRECTION    NW (320)
  AVERAGE WIND SPEED     3.5


SKY COVER
  POSSIBLE SUNSHINE  MM
  AVERAGE SKY COVER 0.0


WEATHER CONDITIONS
 THE FOLLOWING WEATHER WAS RECORDED YESTERDAY.
  NO SIGNIFICANT WEATHER WAS OBSERVED.


RELATIVE HUMIDITY (PERCENT)
 HIGHEST    67           300 AM
 LOWEST     17           300 PM
 AVERAGE    42

..........................................................


THE STANLEY ID CLIMATE NORMALS FOR TODAY
                         NORMAL    RECORD    YEAR
 MAXIMUM TEMPERATURE (F)   80        88      1968
 MINIMUM TEMPERATURE (F)   38        25      2014


SUNRISE AND SUNSET
JULY 25 2017..........SUNRISE   620 AM MDT   SUNSET   912 PM MDT
JULY 26 2017..........SUNRISE   621 AM MDT   SUNSET   911 PM MDT


-  INDICATES NEGATIVE NUMBERS.
R  INDICATES RECORD WAS SET OR TIED.
MM INDICATES DATA IS MISSING.
T  INDICATES TRACE AMOUNT.




$$
