000
CDUS45 KPIH 250733
CLISNT


CLIMATE REPORT
NATIONAL WEATHER SERVICE POCATELLO ID
1232 AM MST SAT NOV 25 2017


...................................

...THE STANLEY ID CLIMATE SUMMARY FOR NOVEMBER 24 2017...

CLIMATE NORMAL PERIOD 1981 TO 2010
CLIMATE RECORD PERIOD 1916 TO 2017


WEATHER ITEM   OBSERVED TIME   RECORD YEAR NORMAL DEPARTURE LAST
                VALUE   (LST)  VALUE       VALUE  FROM      YEAR
                                                  NORMAL
..................................................................
TEMPERATURE (F)
 YESTERDAY
  MAXIMUM         44   1211 AM  54    1922  30     14       33
  MINIMUM         19   1157 PM -26    1982   9     10       13
  AVERAGE         32                        20     12       23

PRECIPITATION (IN)
  YESTERDAY        0.26          0.87 1970   0.04   0.22     0.00
  MONTH TO DATE    4.87                      1.82   3.05     0.88
  SINCE OCT 1      6.26                      3.29   2.97     5.19
  SINCE JAN 1     26.31                     15.50  10.81    16.18

SNOWFALL (IN)
  YESTERDAY       MM
  MONTH TO DATE   MM
  SINCE SEP 1     MM
  SINCE JUL 1     MM
  SNOW DEPTH      MM

DEGREE DAYS
 HEATING
  YESTERDAY       33                        46    -13       42
  MONTH TO DATE  907                       953    -46      700
  SINCE SEP 1   2187                      2297   -110     1899
  SINCE JUL 1   2402                      2817   -415     2377

 COOLING
  YESTERDAY        0                         0      0        0
  MONTH TO DATE    0                         0      0        0
  SINCE SEP 1      0                         0      0        0
  SINCE JAN 1     25                         3     22        4
..................................................................


WIND (MPH)
  HIGHEST WIND SPEED    13   HIGHEST WIND DIRECTION     N (10)
  HIGHEST GUST SPEED    19   HIGHEST GUST DIRECTION    NW (320)
  AVERAGE WIND SPEED     3.1


SKY COVER
  POSSIBLE SUNSHINE  MM
  AVERAGE SKY COVER 0.0


WEATHER CONDITIONS
 THE FOLLOWING WEATHER WAS RECORDED YESTERDAY.
  NO SIGNIFICANT WEATHER WAS OBSERVED.


RELATIVE HUMIDITY (PERCENT)
 HIGHEST   100           200 AM
 LOWEST     34           300 PM
 AVERAGE    67

..........................................................


THE STANLEY ID CLIMATE NORMALS FOR TODAY
                         NORMAL    RECORD    YEAR
 MAXIMUM TEMPERATURE (F)   30        59      1922
 MINIMUM TEMPERATURE (F)    9       -24      1993


SUNRISE AND SUNSET
NOVEMBER 25 2017......SUNRISE   748 AM MST   SUNSET   505 PM MST
NOVEMBER 26 2017......SUNRISE   749 AM MST   SUNSET   504 PM MST


-  INDICATES NEGATIVE NUMBERS.
R  INDICATES RECORD WAS SET OR TIED.
MM INDICATES DATA IS MISSING.
T  INDICATES TRACE AMOUNT.




$$
