000
CDUS45 KPIH 170731
CLISNT


CLIMATE REPORT
NATIONAL WEATHER SERVICE POCATELLO ID
1229 AM MST TUE JAN 17 2017


...................................

...THE STANLEY ID CLIMATE SUMMARY FOR JANUARY 16 2017...

CLIMATE NORMAL PERIOD 1981 TO 2010
CLIMATE RECORD PERIOD 1916 TO 2017


WEATHER ITEM   OBSERVED TIME   RECORD YEAR NORMAL DEPARTURE LAST
                VALUE   (LST)  VALUE       VALUE  FROM      YEAR
                                                  NORMAL
..................................................................
TEMPERATURE (F)
 YESTERDAY
  MAXIMUM          9    427 PM  42    1973  27    -18       30
  MINIMUM        -26    902 AM -44    1917   2    -28        5
  AVERAGE         -8                        14    -22       18

PRECIPITATION (IN)
  YESTERDAY        0.00          0.54 2000   0.05  -0.05     0.20
  MONTH TO DATE    0.05                      0.85  -0.80     0.94
  SINCE OCT 1     11.38                      5.70   5.68     8.51
  SINCE JAN 1      0.05                      0.85  -0.80     0.94

SNOWFALL (IN)
  YESTERDAY       MM
  MONTH TO DATE   MM
  SINCE DEC 1     MM
  SINCE JUL 1     MM
  SNOW DEPTH      MM

DEGREE DAYS
 HEATING
  YESTERDAY       73                        51     22       47
  MONTH TO DATE 1013                       816    197      796
  SINCE DEC 1   2758                      2381    377     2299
  SINCE JUL 1   5375                      5478   -103     5071

 COOLING
  YESTERDAY        0                         0      0        0
  MONTH TO DATE    0                         0      0        0
  SINCE DEC 1      0                         0      0        0
  SINCE JAN 1      0                         0      0        0
..................................................................


WIND (MPH)
  HIGHEST WIND SPEED     7   HIGHEST WIND DIRECTION     E (80)
  HIGHEST GUST SPEED     9   HIGHEST GUST DIRECTION    SE (150)
  AVERAGE WIND SPEED     0.9


SKY COVER
  POSSIBLE SUNSHINE  MM
  AVERAGE SKY COVER 0.0


WEATHER CONDITIONS
 THE FOLLOWING WEATHER WAS RECORDED YESTERDAY.
  NO SIGNIFICANT WEATHER WAS OBSERVED.


RELATIVE HUMIDITY (PERCENT)
 HIGHEST    91          1000 AM
 LOWEST     69           300 AM
 AVERAGE    80

..........................................................


THE STANLEY ID CLIMATE NORMALS FOR TODAY
                         NORMAL    RECORD    YEAR
 MAXIMUM TEMPERATURE (F)   27        45      1920
 MINIMUM TEMPERATURE (F)    2       -39      1917


SUNRISE AND SUNSET
JANUARY 17 2017.......SUNRISE   810 AM MST   SUNSET   530 PM MST
JANUARY 18 2017.......SUNRISE   810 AM MST   SUNSET   531 PM MST


-  INDICATES NEGATIVE NUMBERS.
R  INDICATES RECORD WAS SET OR TIED.
MM INDICATES DATA IS MISSING.
T  INDICATES TRACE AMOUNT.




$$
