000
CDUS45 KPIH 170732
CLISNT


CLIMATE REPORT
NATIONAL WEATHER SERVICE POCATELLO ID
1230 AM MST WED DEC 17 2014


...................................

...THE STANLEY ID CLIMATE SUMMARY FOR DECEMBER 16 2014...

CLIMATE NORMAL PERIOD 1981 TO 2010
CLIMATE RECORD PERIOD 1916 TO 2014


WEATHER ITEM   OBSERVED TIME   RECORD YEAR NORMAL DEPARTURE LAST
                VALUE   (LST)  VALUE       VALUE  FROM      YEAR
                                                  NORMAL
..................................................................
TEMPERATURE (F)
 YESTERDAY
  MAXIMUM         27    400 PM  43    1989  25      2       34
  MINIMUM         16    716 AM -28    1978   4     12        1
  AVERAGE         22                        14      8       18

PRECIPITATION (IN)
  YESTERDAY        0.03          0.22 1968   0.04  -0.01     0.00
  MONTH TO DATE    1.16                      0.61   0.55     1.18
  SINCE OCT 1      5.35                      4.19   1.16     3.27
  SINCE JAN 1     21.26                     16.40   4.86    13.77

SNOWFALL (IN)
  YESTERDAY       MM
  MONTH TO DATE   MM
  SINCE DEC 1     MM
  SINCE JUL 1     MM
  SNOW DEPTH      MM

DEGREE DAYS
 HEATING
  YESTERDAY       43                        51     -8       47
  MONTH TO DATE  615                       798   -183      905
  SINCE DEC 1    615                       798   -183      905
  SINCE JUL 1   3208                      3895   -687     3694

 COOLING
  YESTERDAY        0                         0      0        0
  MONTH TO DATE    0                         0      0        0
  SINCE DEC 1      0                         0      0        0
  SINCE JAN 1     16                         3     13       19
..................................................................


WIND (MPH)
  HIGHEST WIND SPEED     7   HIGHEST WIND DIRECTION    NW (320)
  HIGHEST GUST SPEED     8   HIGHEST GUST DIRECTION    NW (320)
  AVERAGE WIND SPEED     1.0


SKY COVER
  POSSIBLE SUNSHINE  MM
  AVERAGE SKY COVER 0.0


WEATHER CONDITIONS
 THE FOLLOWING WEATHER WAS RECORDED YESTERDAY.
  NO SIGNIFICANT WEATHER WAS OBSERVED.


RELATIVE HUMIDITY (PERCENT)
 HIGHEST    88           900 PM
 LOWEST     73           700 AM
 AVERAGE    81

..........................................................


THE STANLEY ID CLIMATE NORMALS FOR TODAY
                         NORMAL    RECORD    YEAR
 MAXIMUM TEMPERATURE (F)   24        44      1974
 MINIMUM TEMPERATURE (F)    3       -43      1964


SUNRISE AND SUNSET
DECEMBER 17 2014......SUNRISE   809 AM MST   SUNSET   502 PM MST
DECEMBER 18 2014......SUNRISE   810 AM MST   SUNSET   503 PM MST


-  INDICATES NEGATIVE NUMBERS.
R  INDICATES RECORD WAS SET OR TIED.
MM INDICATES DATA IS MISSING.
T  INDICATES TRACE AMOUNT.




$$
