000
CDUS45 KPIH 110732
CLISNT


CLIMATE REPORT
NATIONAL WEATHER SERVICE POCATELLO ID
1231 AM MST SUN DEC 11 2016


...................................

...THE STANLEY ID CLIMATE SUMMARY FOR DECEMBER 10 2016...

CLIMATE NORMAL PERIOD 1981 TO 2010
CLIMATE RECORD PERIOD 1916 TO 2016


WEATHER ITEM   OBSERVED TIME   RECORD YEAR NORMAL DEPARTURE LAST
                VALUE   (LST)  VALUE       VALUE  FROM      YEAR
                                                  NORMAL
..................................................................
TEMPERATURE (F)
 YESTERDAY
  MAXIMUM         35   1249 PM  45    2014  25     10       36
  MINIMUM          6   1159 PM -38    1972   4      2       18
  AVERAGE         21                        15      6       27

PRECIPITATION (IN)
  YESTERDAY        0.34          0.85 2015   0.04   0.30     0.85
  MONTH TO DATE    1.89                      0.37   1.52     2.72
  SINCE OCT 1      7.35                      3.95   3.40     5.33
  SINCE JAN 1     18.34                     16.16   2.18    17.94

SNOWFALL (IN)
  YESTERDAY       MM
  MONTH TO DATE   MM
  SINCE DEC 1     MM
  SINCE JUL 1     MM
  SNOW DEPTH      MM

DEGREE DAYS
 HEATING
  YESTERDAY       44                        50     -6       38
  MONTH TO DATE  532                       493     39      394
  SINCE DEC 1    532                       493     39      394
  SINCE JUL 1   3149                      3590   -441     3166

 COOLING
  YESTERDAY        0                         0      0        0
  MONTH TO DATE    0                         0      0        0
  SINCE DEC 1      0                         0      0        0
  SINCE JAN 1      4                         3      1       25
..................................................................


WIND (MPH)
  HIGHEST WIND SPEED    14   HIGHEST WIND DIRECTION     S (190)
  HIGHEST GUST SPEED    21   HIGHEST GUST DIRECTION    SW (240)
  AVERAGE WIND SPEED     3.8


SKY COVER
  POSSIBLE SUNSHINE  MM
  AVERAGE SKY COVER 0.0


WEATHER CONDITIONS
 THE FOLLOWING WEATHER WAS RECORDED YESTERDAY.
  NO SIGNIFICANT WEATHER WAS OBSERVED.


RELATIVE HUMIDITY (PERCENT)
 HIGHEST    96           200 AM
 LOWEST     64          1200 PM
 AVERAGE    80

..........................................................


THE STANLEY ID CLIMATE NORMALS FOR TODAY
                         NORMAL    RECORD    YEAR
 MAXIMUM TEMPERATURE (F)   25        49      2014
                                             2004
 MINIMUM TEMPERATURE (F)    4       -43      1985


SUNRISE AND SUNSET
DECEMBER 11 2016......SUNRISE   805 AM MST   SUNSET   501 PM MST
DECEMBER 12 2016......SUNRISE   806 AM MST   SUNSET   501 PM MST


-  INDICATES NEGATIVE NUMBERS.
R  INDICATES RECORD WAS SET OR TIED.
MM INDICATES DATA IS MISSING.
T  INDICATES TRACE AMOUNT.




$$
