000
CDUS45 KPIH 280731
CLISNT


CLIMATE REPORT
NATIONAL WEATHER SERVICE POCATELLO ID
131 AM MDT TUE MAR 28 2017


...................................

...THE STANLEY ID CLIMATE SUMMARY FOR MARCH 27 2017...

CLIMATE NORMAL PERIOD 1981 TO 2010
CLIMATE RECORD PERIOD 1916 TO 2017


WEATHER ITEM   OBSERVED TIME   RECORD YEAR NORMAL DEPARTURE LAST
                VALUE   (LST)  VALUE       VALUE  FROM      YEAR
                                                  NORMAL
..................................................................
TEMPERATURE (F)
 YESTERDAY
  MAXIMUM         41    231 PM  65    2015  43     -2       38
  MINIMUM         25   1141 PM -23    1975  15     10       13
  AVERAGE         33                        29      4       26

PRECIPITATION (IN)
  YESTERDAY        0.12          0.45 1928   0.06   0.06     0.02
  MONTH TO DATE    3.97                      1.55   2.42     3.02
  SINCE OCT 1     22.40                      9.71  12.69    14.20
  SINCE JAN 1     11.07                      4.86   6.21     6.63

SNOWFALL (IN)
  YESTERDAY       MM
  MONTH TO DATE   MM
  SINCE MAR 1     MM
  SINCE JUL 1     MM
  SNOW DEPTH      MM

DEGREE DAYS
 HEATING
  YESTERDAY       32                        36     -4       39
  MONTH TO DATE  871                      1042   -171      943
  SINCE MAR 1    871                      1042   -171      943
  SINCE JUL 1   8128                      8576   -448     7893

 COOLING
  YESTERDAY        0                         0      0        0
  MONTH TO DATE    0                         0      0        0
  SINCE MAR 1      0                         0      0        0
  SINCE JAN 1      0                         0      0        0
..................................................................


WIND (MPH)
  HIGHEST WIND SPEED    15   HIGHEST WIND DIRECTION     N (340)
  HIGHEST GUST SPEED    20   HIGHEST GUST DIRECTION     N (350)
  AVERAGE WIND SPEED     3.3


SKY COVER
  POSSIBLE SUNSHINE  MM
  AVERAGE SKY COVER 0.0


WEATHER CONDITIONS
 THE FOLLOWING WEATHER WAS RECORDED YESTERDAY.
  NO SIGNIFICANT WEATHER WAS OBSERVED.


RELATIVE HUMIDITY (PERCENT)
 HIGHEST   100           300 AM
 LOWEST     44           200 PM
 AVERAGE    72

..........................................................


THE STANLEY ID CLIMATE NORMALS FOR TODAY
                         NORMAL    RECORD    YEAR
 MAXIMUM TEMPERATURE (F)   43        62      1978
 MINIMUM TEMPERATURE (F)   16       -28      1975


SUNRISE AND SUNSET
MARCH 28 2017.........SUNRISE   728 AM MDT   SUNSET   802 PM MDT
MARCH 29 2017.........SUNRISE   726 AM MDT   SUNSET   804 PM MDT


-  INDICATES NEGATIVE NUMBERS.
R  INDICATES RECORD WAS SET OR TIED.
MM INDICATES DATA IS MISSING.
T  INDICATES TRACE AMOUNT.




$$
