000
CDUS45 KPIH 232323
CLISNT


CLIMATE REPORT
NATIONAL WEATHER SERVICE POCATELLO ID
423 PM MST FRI FEB 23 2018


...................................

...THE STANLEY ID CLIMATE SUMMARY FOR FEBRUARY 23 2018...
VALID TODAY AS OF 0400 PM LOCAL TIME.

CLIMATE NORMAL PERIOD 1981 TO 2010
CLIMATE RECORD PERIOD 1916 TO 2018


WEATHER ITEM   OBSERVED TIME   RECORD YEAR NORMAL DEPARTURE LAST
                VALUE   (LST)  VALUE       VALUE  FROM      YEAR
                                                  NORMAL
..................................................................
TEMPERATURE (F)
 TODAY
  MAXIMUM         22    359 PM  52    1921  36    -14       27
  MINIMUM        -18    805 AM -29    1975   6    -24       17
  AVERAGE          2                        21    -19       22

PRECIPITATION (IN)
  TODAY            0.00          0.35 2000   0.06  -0.06     0.15
  MONTH TO DATE    0.91                      1.46  -0.55     6.69
  SINCE OCT 1     11.38                      7.83   3.55    18.28
  SINCE JAN 1      3.14                      2.98   0.16     6.95

SNOWFALL (IN)
  TODAY           MM
  MONTH TO DATE   MM
  SINCE DEC 1     MM
  SINCE JUL 1     MM
  SNOW DEPTH      MM

DEGREE DAYS
 HEATING
  TODAY           63                        44     19       43
  MONTH TO DATE 1011                      1089    -78      867
  SINCE DEC 1   3752                      4221   -469     4393
  SINCE JUL 1   6393                      7318   -925     7010

 COOLING
  TODAY            0                         0      0        0
  MONTH TO DATE    0                         0      0        0
  SINCE DEC 1      0                         0      0        0
  SINCE JAN 1      0                         0      0        0
..................................................................


WIND (MPH)
  HIGHEST WIND SPEED     6   HIGHEST WIND DIRECTION     N (350)
  HIGHEST GUST SPEED     8   HIGHEST GUST DIRECTION    SE (120)
  AVERAGE WIND SPEED     2.2


SKY COVER
  POSSIBLE SUNSHINE  MM
  AVERAGE SKY COVER 0.0


WEATHER CONDITIONS
 THE FOLLOWING WEATHER WAS RECORDED TODAY.
  NO SIGNIFICANT WEATHER WAS OBSERVED.


RELATIVE HUMIDITY (PERCENT)
 HIGHEST   100          1000 AM
 LOWEST     39           300 PM
 AVERAGE    70

..........................................................


THE STANLEY ID CLIMATE NORMALS FOR TOMORROW
                         NORMAL    RECORD    YEAR
 MAXIMUM TEMPERATURE (F)   36        48      2015
                                             1981
 MINIMUM TEMPERATURE (F)    6       -35      1982


SUNRISE AND SUNSET
FEBRUARY 23 2018......SUNRISE   727 AM MST   SUNSET   620 PM MST
FEBRUARY 24 2018......SUNRISE   725 AM MST   SUNSET   621 PM MST


-  INDICATES NEGATIVE NUMBERS.
R  INDICATES RECORD WAS SET OR TIED.
MM INDICATES DATA IS MISSING.
T  INDICATES TRACE AMOUNT.




$$
