000
CDUS45 KCYS 310328
CLISNY


CLIMATE REPORT
NATIONAL WEATHER SERVICE CHEYENNE WY
927 PM MDT TUE AUG 30 2016


...................................

...THE SIDNEY NE AIRPORT CLIMATE SUMMARY FOR AUGUST 30 2016...
VALID TODAY AS OF 0900 PM LOCAL TIME.

CLIMATE NORMAL PERIOD 1981 TO 2010
CLIMATE RECORD PERIOD 1948 TO 2016


WEATHER ITEM   OBSERVED TIME   RECORD YEAR NORMAL DEPARTURE LAST
                VALUE   (LST)  VALUE       VALUE  FROM      YEAR
                                                  NORMAL
..................................................................
TEMPERATURE (F)
 TODAY
  MAXIMUM         82   1235 PM  99    2015  86     -4       99
                                      2013
                                      1985
  MINIMUM         56    553 AM  37    1964  55      1       58
  AVERAGE         69                        70     -1       79

PRECIPITATION (IN)
  TODAY            0.09          0.53 1962   0.07   0.02     0.00
  MONTH TO DATE    2.31                      2.19   0.12     0.54
  SINCE JAN 1     11.51                     15.09  -3.58    19.27

DEGREE DAYS
 HEATING
  TODAY            0                         1     -1        0
  MONTH TO DATE   26                         3     23       31
  SINCE JUN 1     36                        65    -29       38
  SINCE JUL 1     26                         6     20       38

 COOLING
  TODAY            4                         6     -2       14
  MONTH TO DATE  175                       258    -83      211
  SINCE JUN 1    696                       714    -18      560
  SINCE JAN 1    700                       736    -36      560
..................................................................


WIND (MPH)
  HIGHEST WIND SPEED    20   HIGHEST WIND DIRECTION    SE (130)
  HIGHEST GUST SPEED    24   HIGHEST GUST DIRECTION    SE (130)
  AVERAGE WIND SPEED     5.6


SKY COVER
  AVERAGE SKY COVER 0.2


WEATHER CONDITIONS
 THE FOLLOWING WEATHER WAS RECORDED TODAY.
  THUNDERSTORM
  RAIN
  LIGHT RAIN
  FOG


RELATIVE HUMIDITY (PERCENT)
 HIGHEST   100           200 AM
 LOWEST     45          1200 PM
 AVERAGE    73

..........................................................


THE SIDNEY NE AIRPORT CLIMATE NORMALS FOR TOMORROW
                         NORMAL    RECORD    YEAR
 MAXIMUM TEMPERATURE (F)   86        99      2013
                                             1985
 MINIMUM TEMPERATURE (F)   55        38      1993


SUNRISE AND SUNSET
AUGUST 30 2016........SUNRISE   617 AM MDT   SUNSET   727 PM MDT
AUGUST 31 2016........SUNRISE   618 AM MDT   SUNSET   725 PM MDT


-  INDICATES NEGATIVE NUMBERS.
R  INDICATES RECORD WAS SET OR TIED.
MM INDICATES DATA IS MISSING.
T  INDICATES TRACE AMOUNT.




$$
