000
CDUS45 KCYS 260739
CLISNY


CLIMATE REPORT
NATIONAL WEATHER SERVICE CHEYENNE WY
139 AM MDT MON SEP 26 2016


...................................

...THE SIDNEY NE AIRPORT CLIMATE SUMMARY FOR SEPTEMBER 25 2016...

CLIMATE NORMAL PERIOD 1981 TO 2010
CLIMATE RECORD PERIOD 1948 TO 2016


WEATHER ITEM   OBSERVED TIME   RECORD YEAR NORMAL DEPARTURE LAST
                VALUE   (LST)  VALUE       VALUE  FROM      YEAR
                                                  NORMAL
..................................................................
TEMPERATURE (F)
 YESTERDAY
  MAXIMUM         66    330 PM  91    1998  74     -8       77
  MINIMUM         36   1100 PM  24    1984  44     -8       43
  AVERAGE         51                        59     -8       60

PRECIPITATION (IN)
  YESTERDAY        0.00          0.60 1955   0.03  -0.03     0.00
  MONTH TO DATE    0.60                      1.08  -0.48     0.25
  SINCE JAN 1     12.11                     16.24  -4.13    19.52

DEGREE DAYS
 HEATING
  YESTERDAY       14                         7      7        5
  MONTH TO DATE   82                        87     -5       41
  SINCE SEP 1     82                        87     -5       41
  SINCE JUL 1    108                        98     10       79

 COOLING
  YESTERDAY        0                         1     -1        0
  MONTH TO DATE   61                        80    -19       90
  SINCE SEP 1     61                        80    -19       90
  SINCE JAN 1    764                       822    -58      658
..................................................................


WIND (MPH)
  HIGHEST WIND SPEED    32   HIGHEST WIND DIRECTION    NW (320)
  HIGHEST GUST SPEED    38   HIGHEST GUST DIRECTION    NW (330)
  AVERAGE WIND SPEED    13.8


SKY COVER
  AVERAGE SKY COVER 0.1


WEATHER CONDITIONS
 THE FOLLOWING WEATHER WAS RECORDED YESTERDAY.
  LIGHT RAIN


RELATIVE HUMIDITY (PERCENT)
 HIGHEST    85          1000 PM
 LOWEST     29           200 PM
 AVERAGE    57

..........................................................


THE SIDNEY NE AIRPORT CLIMATE NORMALS FOR TODAY
                         NORMAL    RECORD    YEAR
 MAXIMUM TEMPERATURE (F)   74        91      2008
 MINIMUM TEMPERATURE (F)   43        23      1972


SUNRISE AND SUNSET
SEPTEMBER 26 2016.....SUNRISE   644 AM MDT   SUNSET   641 PM MDT
SEPTEMBER 27 2016.....SUNRISE   645 AM MDT   SUNSET   640 PM MDT


-  INDICATES NEGATIVE NUMBERS.
R  INDICATES RECORD WAS SET OR TIED.
MM INDICATES DATA IS MISSING.
T  INDICATES TRACE AMOUNT.




$$
