000
CDUS45 KCYS 272129
CLISNY


CLIMATE REPORT
NATIONAL WEATHER SERVICE CHEYENNE WY
329 PM MDT FRI MAY 27 2016


...................................

...THE SIDNEY NE AIRPORT CLIMATE SUMMARY FOR MAY 27 2016...
VALID AS OF 0300 PM LOCAL TIME.

CLIMATE NORMAL PERIOD 1981 TO 2010
CLIMATE RECORD PERIOD 1948 TO 2016


WEATHER ITEM   OBSERVED TIME   RECORD YEAR NORMAL DEPARTURE LAST
                VALUE   (LST)  VALUE       VALUE  FROM      YEAR
                                                  NORMAL
..................................................................
TEMPERATURE (F)
 TODAY
  MAXIMUM         57    159 PM  95    2006  75    -18       73
  MINIMUM         49    446 AM  30    1950  47      2       50
  AVERAGE         53                        61     -8       62

PRECIPITATION (IN)
  TODAY            0.67          0.82 1977   0.11   0.56     0.08
  MONTH TO DATE    1.87                      2.65  -0.78     7.75
  SINCE JAN 1      6.32                      6.32   0.00    14.28

DEGREE DAYS
 HEATING
  TODAY           12                         5      7        3
  MONTH TO DATE  314                       231     83      369
  SINCE MAR 1   1618                      1561     57     1545
  SINCE JUL 1   6184                      6143     41     6277

 COOLING
  TODAY            0                         1     -1        0
  MONTH TO DATE    3                        18    -15        0
  SINCE MAR 1      3                        19    -16        0
  SINCE JAN 1      3                        19    -16        0
..................................................................


WIND (MPH)
  HIGHEST WIND SPEED    25   HIGHEST WIND DIRECTION     N (10)
  HIGHEST GUST SPEED    33   HIGHEST GUST DIRECTION     N (10)
  AVERAGE WIND SPEED    12.9


SKY COVER
  AVERAGE SKY COVER 0.8


WEATHER CONDITIONS
 THE FOLLOWING WEATHER WAS RECORDED TODAY.
  RAIN
  LIGHT RAIN
  FOG


RELATIVE HUMIDITY (PERCENT)
 HIGHEST    96           800 AM
 LOWEST     66          1200 PM
 AVERAGE    81

..........................................................


THE SIDNEY NE AIRPORT CLIMATE NORMALS FOR TOMORROW
                         NORMAL    RECORD    YEAR
 MAXIMUM TEMPERATURE (F)   75        95      2000
 MINIMUM TEMPERATURE (F)   47        30      2005


SUNRISE AND SUNSET
MAY 27 2016...........SUNRISE   524 AM MDT   SUNSET   815 PM MDT
MAY 28 2016...........SUNRISE   524 AM MDT   SUNSET   815 PM MDT


-  INDICATES NEGATIVE NUMBERS.
R  INDICATES RECORD WAS SET OR TIED.
MM INDICATES DATA IS MISSING.
T  INDICATES TRACE AMOUNT.




$$
