000
CDUS45 KPUB 161046
CLISPD


CLIMATE REPORT
NATIONAL WEATHER SERVICE PUEBLO
445 AM MDT WED APR 16 2014


...................................

...THE SPRINGFIELD CO CLIMATE SUMMARY FOR APRIL 15 2014...

CLIMATE NORMAL PERIOD 1981 TO 2010
CLIMATE RECORD PERIOD 9999 TO 9999


WEATHER ITEM   OBSERVED TIME   NORMAL DEPARTURE LAST
                VALUE   (LST)  VALUE  FROM      YEAR
                                      NORMAL
......................................................
TEMPERATURE (F)
 YESTERDAY
  MAXIMUM         53   1000 AM  67    -14       69
  MINIMUM         20    100 AM  36    -16       25
  AVERAGE         37                            47

PRECIPITATION (IN)
  YESTERDAY        0.00          0.04  -0.04     0.00
  MONTH TO DATE    0.50          0.61  -0.11     0.04
  SINCE MAR 1      0.87          1.74  -0.87     0.21
  SINCE JAN 1      1.20          2.55  -1.35     0.34

DEGREE DAYS
 HEATING
  YESTERDAY       28            14     14       18
  MONTH TO DATE  267           236     31      286
  SINCE MAR 1    979           923     56      967
  SINCE JUL 1   4976          4929     47     4744

 COOLING
  YESTERDAY        0             0      0        0
  MONTH TO DATE    3             0      3        0
  SINCE MAR 1      3             0      3        0
  SINCE JAN 1      3             0      3        0
......................................................


WIND (MPH)
  HIGHEST WIND SPEED    12   HIGHEST WIND DIRECTION     S (200)
  HIGHEST GUST SPEED    MM   HIGHEST GUST DIRECTION    MM
  AVERAGE WIND SPEED     9.3


SKY COVER
  POSSIBLE SUNSHINE  MM



RELATIVE HUMIDITY (PERCENT)
 HIGHEST    84          1200 AM
 LOWEST     35          1000 AM
 AVERAGE    60

..........................................................


THE SPRINGFIELD CO CLIMATE NORMALS FOR TODAY
                         NORMAL    RECORD    YEAR
 MAXIMUM TEMPERATURE (F)   67        MM        MM
 MINIMUM TEMPERATURE (F)   36        MM        MM


SUNRISE AND SUNSET
APRIL 16 2014.........SUNRISE   615 AM MDT   SUNSET   727 PM MDT
APRIL 17 2014.........SUNRISE   613 AM MDT   SUNSET   727 PM MDT


-  INDICATES NEGATIVE NUMBERS.
R  INDICATES RECORD WAS SET OR TIED.
MM INDICATES DATA IS MISSING.
T  INDICATES TRACE AMOUNT.




$$
