000
CDUS45 KPUB 201036
CLISPD


CLIMATE REPORT
NATIONAL WEATHER SERVICE PUEBLO
436 AM MDT MON OCT 20 2014


...................................

...THE SPRINGFIELD CO CLIMATE SUMMARY FOR OCTOBER 19 2014...

CLIMATE NORMAL PERIOD 1981 TO 2010
CLIMATE RECORD PERIOD 9999 TO 9999


WEATHER ITEM   OBSERVED TIME   NORMAL DEPARTURE LAST
                VALUE   (LST)  VALUE  FROM      YEAR
                                      NORMAL
......................................................
TEMPERATURE (F)
 YESTERDAY
  MAXIMUM         78    214 PM  68     10       65
  MINIMUM         45   1159 PM  37      8       23
  AVERAGE         62                            44

PRECIPITATION (IN)
  YESTERDAY        0.00          0.04  -0.04     0.00
  MONTH TO DATE    1.06          0.89   0.17     0.13
  SINCE SEP 1      2.31          2.22   0.09     3.63
  SINCE JAN 1     12.95         15.96  -3.01    13.37

DEGREE DAYS
 HEATING
  YESTERDAY        3            12     -9       21
  MONTH TO DATE  172           177     -5      217
  SINCE SEP 1    235           260    -25      244
  SINCE JUL 1    241           267    -26      245

 COOLING
  YESTERDAY        0             0      0        0
  MONTH TO DATE    0             9     -9        2
  SINCE SEP 1    125           125      0      194
  SINCE JAN 1   1040          1026     14     1358
......................................................


WIND (MPH)
  HIGHEST WIND SPEED    20   HIGHEST WIND DIRECTION     S (190)
  HIGHEST GUST SPEED    24   HIGHEST GUST DIRECTION     S (200)
  AVERAGE WIND SPEED     8.6


SKY COVER
  POSSIBLE SUNSHINE  MM



RELATIVE HUMIDITY (PERCENT)
 HIGHEST    93           200 AM
 LOWEST     26           300 PM
 AVERAGE    60

..........................................................


THE SPRINGFIELD CO CLIMATE NORMALS FOR TODAY
                         NORMAL    RECORD    YEAR
 MAXIMUM TEMPERATURE (F)   68        MM        MM
 MINIMUM TEMPERATURE (F)   37        MM        MM


SUNRISE AND SUNSET
OCTOBER 20 2014.......SUNRISE   703 AM MDT   SUNSET   607 PM MDT
OCTOBER 21 2014.......SUNRISE   704 AM MDT   SUNSET   605 PM MDT


-  INDICATES NEGATIVE NUMBERS.
R  INDICATES RECORD WAS SET OR TIED.
MM INDICATES DATA IS MISSING.
T  INDICATES TRACE AMOUNT.




$$
