000
CDUS45 KPUB 201023
CLISPD


CLIMATE REPORT
NATIONAL WEATHER SERVICE PUEBLO
423 AM MDT SAT SEP 20 2014


...................................

...THE SPRINGFIELD CO CLIMATE SUMMARY FOR SEPTEMBER 19 2014...

CLIMATE NORMAL PERIOD 1981 TO 2010
CLIMATE RECORD PERIOD 9999 TO 9999


WEATHER ITEM   OBSERVED TIME   NORMAL DEPARTURE LAST
                VALUE   (LST)  VALUE  FROM      YEAR
                                      NORMAL
......................................................
TEMPERATURE (F)
 YESTERDAY
  MAXIMUM         84    213 PM  80      4       81
  MINIMUM         59    251 AM  50      9       59
  AVERAGE         72                            70

PRECIPITATION (IN)
  YESTERDAY        0.00          0.04  -0.04     0.15
  MONTH TO DATE    1.21          0.91   0.30     3.28
  SINCE SEP 1      1.21          0.91   0.30     3.28
  SINCE JAN 1     11.85         14.65  -2.80    13.02

DEGREE DAYS
 HEATING
  YESTERDAY        0             3     -3        0
  MONTH TO DATE   56            31     25        1
  SINCE SEP 1     56            31     25        1
  SINCE JUL 1     62            38     24        2

 COOLING
  YESTERDAY        7             3      4        5
  MONTH TO DATE   86            93     -7      176
  SINCE SEP 1     86            93     -7      176
  SINCE JAN 1   1001           994      7     1340
......................................................


WIND (MPH)
  HIGHEST WIND SPEED    25   HIGHEST WIND DIRECTION     S (180)
  HIGHEST GUST SPEED    35   HIGHEST GUST DIRECTION     S (190)
  AVERAGE WIND SPEED    17.1


SKY COVER
  POSSIBLE SUNSHINE  MM



RELATIVE HUMIDITY (PERCENT)
 HIGHEST   100          1200 AM
 LOWEST     43           100 PM
 AVERAGE    72

..........................................................


THE SPRINGFIELD CO CLIMATE NORMALS FOR TODAY
                         NORMAL    RECORD    YEAR
 MAXIMUM TEMPERATURE (F)   79        MM        MM
 MINIMUM TEMPERATURE (F)   50        MM        MM


SUNRISE AND SUNSET
SEPTEMBER 20 2014.....SUNRISE   637 AM MDT   SUNSET   650 PM MDT
SEPTEMBER 21 2014.....SUNRISE   637 AM MDT   SUNSET   649 PM MDT


-  INDICATES NEGATIVE NUMBERS.
R  INDICATES RECORD WAS SET OR TIED.
MM INDICATES DATA IS MISSING.
T  INDICATES TRACE AMOUNT.




$$
