000
CDUS45 KPUB 301032
CLISPD


CLIMATE REPORT
NATIONAL WEATHER SERVICE PUEBLO
432 AM MDT SAT MAY 30 2015


...................................

...THE SPRINGFIELD CO CLIMATE SUMMARY FOR MAY 29 2015...

CLIMATE NORMAL PERIOD 1981 TO 2010
CLIMATE RECORD PERIOD 9999 TO 9999


WEATHER ITEM   OBSERVED TIME   NORMAL DEPARTURE LAST
                VALUE   (LST)  VALUE  FROM      YEAR
                                      NORMAL
......................................................
TEMPERATURE (F)
 YESTERDAY
  MAXIMUM         73    400 PM  80     -7       89
  MINIMUM         48    447 AM  51     -3       51
  AVERAGE         61                            70

PRECIPITATION (IN)
  YESTERDAY        0.03          0.11  -0.08     0.00
  MONTH TO DATE    4.50          2.18   2.32     0.68
  SINCE MAR 1      5.73          4.58   1.15     2.05
  SINCE JAN 1      7.57          5.39   2.18     2.38

DEGREE DAYS
 HEATING
  YESTERDAY        4             2      2        0
  MONTH TO DATE  228           158     70      165
  SINCE MAR 1   1218          1251    -33     1301
  SINCE JUL 1   5122          5257   -135     5298

 COOLING
  YESTERDAY        0             3     -3        5
  MONTH TO DATE    0            44    -44       41
  SINCE MAR 1      0            48    -48       47
  SINCE JAN 1      0            48    -48       47
......................................................


WIND (MPH)
  HIGHEST WIND SPEED    22   HIGHEST WIND DIRECTION     N (20)
  HIGHEST GUST SPEED    26   HIGHEST GUST DIRECTION     N (20)
  AVERAGE WIND SPEED    12.0


SKY COVER
  POSSIBLE SUNSHINE  MM



RELATIVE HUMIDITY (PERCENT)
 HIGHEST    96          1200 AM
 LOWEST     41           400 PM
 AVERAGE    69

..........................................................


THE SPRINGFIELD CO CLIMATE NORMALS FOR TODAY
                         NORMAL    RECORD    YEAR
 MAXIMUM TEMPERATURE (F)   81        MM        MM
 MINIMUM TEMPERATURE (F)   52        MM        MM


SUNRISE AND SUNSET
MAY 30 2015...........SUNRISE   532 AM MDT   SUNSET   804 PM MDT
MAY 31 2015...........SUNRISE   532 AM MDT   SUNSET   805 PM MDT


-  INDICATES NEGATIVE NUMBERS.
R  INDICATES RECORD WAS SET OR TIED.
MM INDICATES DATA IS MISSING.
T  INDICATES TRACE AMOUNT.




$$
