000
CDUS43 KILX 270648
CLISPI


CLIMATE REPORT
NATIONAL WEATHER SERVICE LINCOLN IL
1241 AM CST FRI FEB 27 2015


...................................

...THE SPRINGFIELD IL CLIMATE SUMMARY FOR FEBRUARY 26 2015...

CLIMATE NORMAL PERIOD 1981 TO 2010
CLIMATE RECORD PERIOD 1879 TO 2015


WEATHER ITEM   OBSERVED TIME   RECORD YEAR NORMAL DEPARTURE LAST
                VALUE   (LST)  VALUE       VALUE  FROM      YEAR
                                                  NORMAL
..................................................................
TEMPERATURE (F)
 YESTERDAY
  MAXIMUM         28   1224 AM  74    1996  44    -16       23
  MINIMUM          3   1153 PM -22    1963  26    -23        3
  AVERAGE         16                        35    -19       13

PRECIPITATION (IN)
  YESTERDAY        0.11          1.31 2013   0.08   0.03      T
  MONTH TO DATE    1.52                      1.66  -0.14     3.19
  SINCE DEC 1      4.87                      6.00  -1.13     7.03
  SINCE JAN 1      2.92                      3.48  -0.56     5.43

SNOWFALL (IN)
  YESTERDAY        1.3           4.6  1977   0.2    1.1       T
  MONTH TO DATE   18.2                       5.2   13.0     16.0
  SINCE DEC 1     22.1                      17.2    4.9     41.6
  SINCE JUL 1     25.8                      17.8    8.0     42.3
  SNOW DEPTH       5

DEGREE DAYS
 HEATING
  YESTERDAY       49                        30     19       52
  MONTH TO DATE 1125                       887    238     1165
  SINCE DEC 1   3218                      3145     73     3679
  SINCE JUL 1   4454                      4213    241     4861

 COOLING
  YESTERDAY        0                         0      0        0
  MONTH TO DATE    0                         0      0        0
  SINCE DEC 1      0                         0      0        0
  SINCE JAN 1      0                         0      0        0
..................................................................


WIND (MPH)
  HIGHEST WIND SPEED    20   HIGHEST WIND DIRECTION     N (360)
  HIGHEST GUST SPEED    24   HIGHEST GUST DIRECTION     N (360)
  AVERAGE WIND SPEED    13.8


SKY COVER
  POSSIBLE SUNSHINE  MM
  AVERAGE SKY COVER 0.9


WEATHER CONDITIONS
 THE FOLLOWING WEATHER WAS RECORDED YESTERDAY.
  LIGHT SNOW
  FOG


RELATIVE HUMIDITY (PERCENT)
 HIGHEST    88           200 AM
 LOWEST     66           900 PM
 AVERAGE    77

..........................................................


THE SPRINGFIELD IL CLIMATE NORMALS FOR TODAY
                         NORMAL    RECORD    YEAR
 MAXIMUM TEMPERATURE (F)   45        72      1976
 MINIMUM TEMPERATURE (F)   26        -3      1934
                                             1888


SUNRISE AND SUNSET
FEBRUARY 27 2015......SUNRISE   635 AM CST   SUNSET   548 PM CST
FEBRUARY 28 2015......SUNRISE   634 AM CST   SUNSET   549 PM CST


-  INDICATES NEGATIVE NUMBERS.
R  INDICATES RECORD WAS SET OR TIED.
MM INDICATES DATA IS MISSING.
T  INDICATES TRACE AMOUNT.




$$
