000
CDUS43 KILX 280632
CLISPI


CLIMATE REPORT
NATIONAL WEATHER SERVICE LINCOLN IL
1232 AM CST FRI NOV 28 2014


...................................

...THE SPRINGFIELD IL CLIMATE SUMMARY FOR NOVEMBER 27 2014...

CLIMATE NORMAL PERIOD 1981 TO 2010
CLIMATE RECORD PERIOD 1879 TO 2014


WEATHER ITEM   OBSERVED TIME   RECORD YEAR NORMAL DEPARTURE LAST
                VALUE   (LST)  VALUE       VALUE  FROM      YEAR
                                                  NORMAL
..................................................................
TEMPERATURE (F)
 YESTERDAY
  MAXIMUM         28   1050 AM  73    1989  46    -18       28
  MINIMUM          9    953 PM   6    1898  29    -20       14
  AVERAGE         19                        37    -18       21

PRECIPITATION (IN)
  YESTERDAY        T             1.48 1990   0.11  -0.11     0.00
  MONTH TO DATE    1.86                      2.89  -1.03     1.23
  SINCE SEP 1     11.16                      8.94   2.22     6.08
  SINCE JAN 1     43.49                     34.59   8.90    36.75

SNOWFALL (IN)
  YESTERDAY        T             5.4  1977   0.1   -0.1      0.0
  MONTH TO DATE    2.6                       0.5    2.1      0.7
  SINCE SEP 1      2.6                       0.5    2.1      0.7
  SINCE JUL 1      2.6                       0.5    2.1      0.7
  SNOW DEPTH       3

DEGREE DAYS
 HEATING
  YESTERDAY       46                        28     18       44
  MONTH TO DATE  782                       574    208      679
  SINCE SEP 1   1160                       979    181     1075
  SINCE JUL 1   1163                       984    179     1086

 COOLING
  YESTERDAY        0                         0      0        0
  MONTH TO DATE    0                         0      0        0
  SINCE SEP 1    129                       151    -22      205
  SINCE JAN 1   1162                      1121     41     1145
..................................................................


WIND (MPH)
  HIGHEST WIND SPEED    20   HIGHEST WIND DIRECTION    NW (310)
  HIGHEST GUST SPEED    24   HIGHEST GUST DIRECTION    NW (300)
  AVERAGE WIND SPEED     8.5


SKY COVER
  POSSIBLE SUNSHINE  MM
  AVERAGE SKY COVER 0.6


WEATHER CONDITIONS
 THE FOLLOWING WEATHER WAS RECORDED YESTERDAY.
  LIGHT SNOW
  HAZE


RELATIVE HUMIDITY (PERCENT)
 HIGHEST    92           100 AM
 LOWEST     67           600 PM
 AVERAGE    80

..........................................................


THE SPRINGFIELD IL CLIMATE NORMALS FOR TODAY
                         NORMAL    RECORD    YEAR
 MAXIMUM TEMPERATURE (F)   45        76      1905
 MINIMUM TEMPERATURE (F)   28         1      1977


SUNRISE AND SUNSET
NOVEMBER 28 2014......SUNRISE   658 AM CST   SUNSET   435 PM CST
NOVEMBER 29 2014......SUNRISE   659 AM CST   SUNSET   435 PM CST


-  INDICATES NEGATIVE NUMBERS.
R  INDICATES RECORD WAS SET OR TIED.
MM INDICATES DATA IS MISSING.
T  INDICATES TRACE AMOUNT.




$$
