000
CDUS43 KILX 102211
CLISPI


CLIMATE REPORT
NATIONAL WEATHER SERVICE LINCOLN IL
500 PM CDT THU JUL 10 2014


...................................

...THE SPRINGFIELD IL CLIMATE SUMMARY FOR JULY 10 2014...
VALID TODAY AS OF 0400 PM LOCAL TIME.

CLIMATE NORMAL PERIOD 1981 TO 2010
CLIMATE RECORD PERIOD 1879 TO 2014


WEATHER ITEM   OBSERVED TIME   RECORD YEAR NORMAL DEPARTURE LAST
                VALUE   (LST)  VALUE       VALUE  FROM      YEAR
                                                  NORMAL
..................................................................
TEMPERATURE (F)
 TODAY
  MAXIMUM         82    254 PM 105    1966  87     -5       88
                                      1936
  MINIMUM         57    513 AM  49    1996  66     -9       67
  AVERAGE         70                        76     -6       78

PRECIPITATION (IN)
  TODAY            0.00          2.62 1971   0.13  -0.13     0.95
  MONTH TO DATE    0.46                      1.30  -0.84     0.97
  SINCE JUN 1      9.33                      5.76   3.57     3.02
  SINCE JAN 1     23.62                     19.77   3.85    28.04

SNOWFALL (IN)
  TODAY            0.0           0.0    MM   0.0    0.0      0.0
  MONTH TO DATE    0.0                       0.0    0.0      0.0
  SINCE JUN 1      0.0                       0.0    0.0      0.0
  SINCE JUL 1      0.0                       0.0    0.0      0.0
  SNOW DEPTH       0

DEGREE DAYS
 HEATING
  TODAY            0                         0      0        0
  MONTH TO DATE    0                         0      0        0
  SINCE JUN 1      0                        15    -15       12
  SINCE JUL 1      0                         0      0        0

 COOLING
  TODAY            5                        11     -6       13
  MONTH TO DATE   74                       110    -36      106
  SINCE JUN 1    380                       350     30      364
  SINCE JAN 1    556                       454    102      490
..................................................................


WIND (MPH)
  HIGHEST WIND SPEED    13   HIGHEST WIND DIRECTION     E (110)
  HIGHEST GUST SPEED    17   HIGHEST GUST DIRECTION    SE (120)
  AVERAGE WIND SPEED     4.2


SKY COVER
  POSSIBLE SUNSHINE  MM
  AVERAGE SKY COVER 0.0


WEATHER CONDITIONS
 THE FOLLOWING WEATHER WAS RECORDED TODAY.
  NO SIGNIFICANT WEATHER WAS OBSERVED.


RELATIVE HUMIDITY (PERCENT)
 HIGHEST    93           100 AM
 LOWEST     42          1200 PM
 AVERAGE    68

..........................................................


THE SPRINGFIELD IL CLIMATE NORMALS FOR TOMORROW
                         NORMAL    RECORD    YEAR
 MAXIMUM TEMPERATURE (F)   87       105      1936
 MINIMUM TEMPERATURE (F)   66        50      1999


SUNRISE AND SUNSET
JULY 10 2014..........SUNRISE   539 AM CDT   SUNSET   829 PM CDT
JULY 11 2014..........SUNRISE   540 AM CDT   SUNSET   828 PM CDT


-  INDICATES NEGATIVE NUMBERS.
R  INDICATES RECORD WAS SET OR TIED.
MM INDICATES DATA IS MISSING.
T  INDICATES TRACE AMOUNT.




$$
