000
CDUS43 KILX 290640
CLISPI


CLIMATE REPORT
NATIONAL WEATHER SERVICE LINCOLN IL
140 AM CDT THU SEP 29 2016


...................................

...THE SPRINGFIELD IL CLIMATE SUMMARY FOR SEPTEMBER 28 2016...

CLIMATE NORMAL PERIOD 1981 TO 2010
CLIMATE RECORD PERIOD 1879 TO 2016


WEATHER ITEM   OBSERVED TIME   RECORD YEAR NORMAL DEPARTURE LAST
                VALUE   (LST)  VALUE       VALUE  FROM      YEAR
                                                  NORMAL
..................................................................
TEMPERATURE (F)
 YESTERDAY
  MAXIMUM         63    109 PM  94    1953  74    -11       83
  MINIMUM         55   1153 PM  33    1942  49      6       64
  AVERAGE         59                        62     -3       74

PRECIPITATION (IN)
  YESTERDAY        T             2.26 1911   0.09  -0.09     0.00
  MONTH TO DATE    1.55                      2.71  -1.16     4.29
  SINCE SEP 1      1.55                      2.71  -1.16     4.29
  SINCE JAN 1     37.40                     28.36   9.04    32.07

SNOWFALL (IN)
  YESTERDAY        0.0           0.0    MM   0.0    0.0      0.0
  MONTH TO DATE    0.0                       0.0    0.0      0.0
  SINCE SEP 1      0.0                       0.0    0.0      0.0
  SINCE JUL 1      0.0                       0.0    0.0      0.0
  SNOW DEPTH       0

DEGREE DAYS
 HEATING
  YESTERDAY        6                         6      0        0
  MONTH TO DATE    6                        65    -59       18
  SINCE SEP 1      6                        65    -59       18
  SINCE JUL 1      7                        70    -63       24

 COOLING
  YESTERDAY        0                         2     -2        9
  MONTH TO DATE  258                       124    134      258
  SINCE SEP 1    258                       124    134      258
  SINCE JAN 1   1534                      1094    440     1353
..................................................................


WIND (MPH)
  HIGHEST WIND SPEED    21   HIGHEST WIND DIRECTION     N (360)
  HIGHEST GUST SPEED    28   HIGHEST GUST DIRECTION     N (340)
  AVERAGE WIND SPEED    10.4


SKY COVER
  POSSIBLE SUNSHINE  MM
  AVERAGE SKY COVER 0.6


WEATHER CONDITIONS
 THE FOLLOWING WEATHER WAS RECORDED YESTERDAY.
  LIGHT RAIN


RELATIVE HUMIDITY (PERCENT)
 HIGHEST    83          1100 PM
 LOWEST     52           100 PM
 AVERAGE    68

..........................................................


THE SPRINGFIELD IL CLIMATE NORMALS FOR TODAY
                         NORMAL    RECORD    YEAR
 MAXIMUM TEMPERATURE (F)   74       100      1953
 MINIMUM TEMPERATURE (F)   49        31      1899


SUNRISE AND SUNSET
SEPTEMBER 29 2016.....SUNRISE   653 AM CDT   SUNSET   644 PM CDT
SEPTEMBER 30 2016.....SUNRISE   654 AM CDT   SUNSET   642 PM CDT


-  INDICATES NEGATIVE NUMBERS.
R  INDICATES RECORD WAS SET OR TIED.
MM INDICATES DATA IS MISSING.
T  INDICATES TRACE AMOUNT.




$$
