000
CDUS43 KILX 220632
CLISPI


CLIMATE REPORT
NATIONAL WEATHER SERVICE LINCOLN IL
131 AM CDT FRI SEP 22 2017


...................................

...THE SPRINGFIELD IL CLIMATE SUMMARY FOR SEPTEMBER 21 2017...

CLIMATE NORMAL PERIOD 1981 TO 2010
CLIMATE RECORD PERIOD 1879 TO 2017


WEATHER ITEM   OBSERVED TIME   RECORD YEAR NORMAL DEPARTURE LAST
                VALUE   (LST)  VALUE       VALUE  FROM      YEAR
                                                  NORMAL
..................................................................
TEMPERATURE (F)
 YESTERDAY
  MAXIMUM         95    100 PM  96    1931  77     18       91
  MINIMUM         72    613 AM  36    1991  52     20       66
  AVERAGE         84                        65     19       79

PRECIPITATION (IN)
  YESTERDAY        0.00          1.85 1947   0.09  -0.09     0.00
  MONTH TO DATE    0.01                      2.04  -2.03     1.45
  SINCE SEP 1      0.01                      2.04  -2.03     1.45
  SINCE JAN 1     25.05                     27.69  -2.64    37.30

SNOWFALL (IN)
  YESTERDAY        0.0           0.0    MM   0.0    0.0      0.0
  MONTH TO DATE    0.0                       0.0    0.0      0.0
  SINCE SEP 1      0.0                       0.0    0.0      0.0
  SINCE JUL 1      0.0                       0.0    0.0      0.0
  SNOW DEPTH       0

DEGREE DAYS
 HEATING
  YESTERDAY        0                         3     -3        0
  MONTH TO DATE   26                        32     -6        0
  SINCE SEP 1     26                        32     -6        0
  SINCE JUL 1     26                        37    -11        1

 COOLING
  YESTERDAY       19                         3     16       14
  MONTH TO DATE  127                       107     20      204
  SINCE SEP 1    127                       107     20      204
  SINCE JAN 1   1239                      1077    162     1480
..................................................................


WIND (MPH)
  HIGHEST WIND SPEED    14   HIGHEST WIND DIRECTION     S (160)
  HIGHEST GUST SPEED    19   HIGHEST GUST DIRECTION     S (170)
  AVERAGE WIND SPEED     6.1


SKY COVER
  POSSIBLE SUNSHINE  MM
  AVERAGE SKY COVER 0.0


WEATHER CONDITIONS
 THE FOLLOWING WEATHER WAS RECORDED YESTERDAY.
  FOG


RELATIVE HUMIDITY (PERCENT)
 HIGHEST   100           600 AM
 LOWEST     46           200 PM
 AVERAGE    73

..........................................................


THE SPRINGFIELD IL CLIMATE NORMALS FOR TODAY
                         NORMAL    RECORD    YEAR
 MAXIMUM TEMPERATURE (F)   77        95      2005
 MINIMUM TEMPERATURE (F)   52        33      1983


SUNRISE AND SUNSET
SEPTEMBER 22 2017.....SUNRISE   647 AM CDT   SUNSET   655 PM CDT
SEPTEMBER 23 2017.....SUNRISE   647 AM CDT   SUNSET   654 PM CDT


-  INDICATES NEGATIVE NUMBERS.
R  INDICATES RECORD WAS SET OR TIED.
MM INDICATES DATA IS MISSING.
T  INDICATES TRACE AMOUNT.




$$
