000
CDUS43 KILX 080631
CLISPI


CLIMATE REPORT
NATIONAL WEATHER SERVICE LINCOLN IL
1230 AM CST THU DEC 8 2016


...................................

...THE SPRINGFIELD IL CLIMATE SUMMARY FOR DECEMBER 7 2016...

CLIMATE NORMAL PERIOD 1981 TO 2010
CLIMATE RECORD PERIOD 1879 TO 2016


WEATHER ITEM   OBSERVED TIME   RECORD YEAR NORMAL DEPARTURE LAST
                VALUE   (LST)  VALUE       VALUE  FROM      YEAR
                                                  NORMAL
..................................................................
TEMPERATURE (F)
 YESTERDAY
  MAXIMUM         35   1221 PM  67    1916  41     -6       44
  MINIMUM         25   1159 PM  -7    1882  25      0       32
  AVERAGE         30                        33     -3       38

PRECIPITATION (IN)
  YESTERDAY        0.00          1.00 1987   0.10  -0.10     0.00
  MONTH TO DATE    0.43                      0.66  -0.23     0.11
  SINCE DEC 1      0.43                      0.66  -0.23     0.11
  SINCE JAN 1     42.29                     35.57   6.72    37.66

SNOWFALL (IN)
  YESTERDAY        0.0           3.7  1909   0.2   -0.2      0.0
  MONTH TO DATE    2.3                       0.9    1.4      0.1
  SINCE DEC 1      2.3                       0.9    1.4      0.1
  SINCE JUL 1      2.3                       1.5    0.8      0.6
  SNOW DEPTH       0

DEGREE DAYS
 HEATING
  YESTERDAY       35                        32      3       27
  MONTH TO DATE  200                       216    -16      192
  SINCE DEC 1    200                       216    -16      192
  SINCE JUL 1    851                      1284   -433      962

 COOLING
  YESTERDAY        0                         0      0        0
  MONTH TO DATE    0                         0      0        0
  SINCE DEC 1      0                         0      0        0
  SINCE JAN 1   1626                      1122    504     1375
..................................................................


WIND (MPH)
  HIGHEST WIND SPEED    20   HIGHEST WIND DIRECTION     W (290)
  HIGHEST GUST SPEED    25   HIGHEST GUST DIRECTION     W (290)
  AVERAGE WIND SPEED     9.1


SKY COVER
  POSSIBLE SUNSHINE  MM
  AVERAGE SKY COVER 0.4


WEATHER CONDITIONS
 THE FOLLOWING WEATHER WAS RECORDED YESTERDAY.
  NO SIGNIFICANT WEATHER WAS OBSERVED.


RELATIVE HUMIDITY (PERCENT)
 HIGHEST    69           300 AM
 LOWEST     55          1100 PM
 AVERAGE    62

..........................................................


THE SPRINGFIELD IL CLIMATE NORMALS FOR TODAY
                         NORMAL    RECORD    YEAR
 MAXIMUM TEMPERATURE (F)   41        68      1991
 MINIMUM TEMPERATURE (F)   24        -6      1882


SUNRISE AND SUNSET
DECEMBER  8 2016......SUNRISE   708 AM CST   SUNSET   434 PM CST
DECEMBER  9 2016......SUNRISE   709 AM CST   SUNSET   434 PM CST


-  INDICATES NEGATIVE NUMBERS.
R  INDICATES RECORD WAS SET OR TIED.
MM INDICATES DATA IS MISSING.
T  INDICATES TRACE AMOUNT.




$$
