000
CDUS43 KILX 250635
CLISPI


CLIMATE REPORT
NATIONAL WEATHER SERVICE LINCOLN IL
134 AM CDT WED MAY 25 2016


...................................

...THE SPRINGFIELD IL CLIMATE SUMMARY FOR MAY 24 2016...

CLIMATE NORMAL PERIOD 1981 TO 2010
CLIMATE RECORD PERIOD 1879 TO 2016


WEATHER ITEM   OBSERVED TIME   RECORD YEAR NORMAL DEPARTURE LAST
                VALUE   (LST)  VALUE       VALUE  FROM      YEAR
                                                  NORMAL
..................................................................
TEMPERATURE (F)
 YESTERDAY
  MAXIMUM         85    246 PM  94    1939  77      8       88
  MINIMUM         60    325 AM  37    1925  55      5       65
  AVERAGE         73                        66      7       77

PRECIPITATION (IN)
  YESTERDAY        0.00          2.07 1994   0.14  -0.14     0.21
  MONTH TO DATE    1.92                      3.24  -1.32     3.49
  SINCE MAR 1     10.28                      9.38   0.90     7.17
  SINCE JAN 1     12.61                     13.01  -0.40    10.45

SNOWFALL (IN)
  YESTERDAY        0.0           0.0    MM   0.0    0.0      0.0
  MONTH TO DATE    0.0                       0.0    0.0      0.0
  SINCE MAR 1      0.1                       2.8   -2.7      3.7
  SINCE JUL 1     15.7                      20.9   -5.2     33.9
  SNOW DEPTH       0

DEGREE DAYS
 HEATING
  YESTERDAY        0                         3     -3        0
  MONTH TO DATE  119                       112      7       70
  SINCE MAR 1    891                      1186   -295     1085
  SINCE JUL 1   4317                      5457  -1140     5654

 COOLING
  YESTERDAY        8                         4      4       12
  MONTH TO DATE   33                        54    -21      112
  SINCE MAR 1     53                        74    -21      122
  SINCE JAN 1     53                        74    -21      122
..................................................................


WIND (MPH)
  HIGHEST WIND SPEED    20   HIGHEST WIND DIRECTION     S (180)
  HIGHEST GUST SPEED    26   HIGHEST GUST DIRECTION     S (190)
  AVERAGE WIND SPEED     9.2


SKY COVER
  POSSIBLE SUNSHINE  MM
  AVERAGE SKY COVER 0.1


WEATHER CONDITIONS
 THE FOLLOWING WEATHER WAS RECORDED YESTERDAY.
  NO SIGNIFICANT WEATHER WAS OBSERVED.


RELATIVE HUMIDITY (PERCENT)
 HIGHEST    78           300 AM
 LOWEST     44           200 PM
 AVERAGE    61

..........................................................


THE SPRINGFIELD IL CLIMATE NORMALS FOR TODAY
                         NORMAL    RECORD    YEAR
 MAXIMUM TEMPERATURE (F)   77        95      1967
 MINIMUM TEMPERATURE (F)   56        35      1925


SUNRISE AND SUNSET
MAY 25 2016...........SUNRISE   536 AM CDT   SUNSET   816 PM CDT
MAY 26 2016...........SUNRISE   535 AM CDT   SUNSET   817 PM CDT


-  INDICATES NEGATIVE NUMBERS.
R  INDICATES RECORD WAS SET OR TIED.
MM INDICATES DATA IS MISSING.
T  INDICATES TRACE AMOUNT.




$$
