000
CDUS43 KILX 242230
CLISPI


CLIMATE REPORT
NATIONAL WEATHER SERVICE LINCOLN IL
430 PM CST SAT JAN 24 2015


...................................

...THE SPRINGFIELD IL CLIMATE SUMMARY FOR JANUARY 24 2015...
VALID TODAY AS OF 0400 PM LOCAL TIME.

CLIMATE NORMAL PERIOD 1981 TO 2010
CLIMATE RECORD PERIOD 1879 TO 2015


WEATHER ITEM   OBSERVED TIME   RECORD YEAR NORMAL DEPARTURE LAST
                VALUE   (LST)  VALUE       VALUE  FROM      YEAR
                                                  NORMAL
..................................................................
TEMPERATURE (F)
 TODAY
  MAXIMUM         50    341 PM  71    1950  35     15       35
  MINIMUM         28    631 AM -13    1894  19      9       -3
  AVERAGE         39                        27     12       16

PRECIPITATION (IN)
  TODAY            0.00          0.74 1928   0.05  -0.05      T
  MONTH TO DATE    0.99                      1.44  -0.45     2.11
  SINCE DEC 1      2.94                      3.96  -1.02     3.71
  SINCE JAN 1      0.99                      1.44  -0.45     2.11

SNOWFALL (IN)
  TODAY            0.0           5.5  1894   0.2   -0.2       T
  MONTH TO DATE    3.1                       4.9   -1.8     15.9
  SINCE DEC 1      3.6                      10.5   -6.9     24.1
  SINCE JUL 1      7.3                      11.1   -3.8     24.8
  SNOW DEPTH       0

DEGREE DAYS
 HEATING
  TODAY           26                        38    -12       49
  MONTH TO DATE  933                       919     14     1044
  SINCE DEC 1   1869                      1991   -122     2208
  SINCE JUL 1   3105                      3059     46     3390

 COOLING
  TODAY            0                         0      0        0
  MONTH TO DATE    0                         0      0        0
  SINCE DEC 1      0                         0      0        0
  SINCE JAN 1      0                         0      0        0
..................................................................


WIND (MPH)
  HIGHEST WIND SPEED    18   HIGHEST WIND DIRECTION     W (260)
  HIGHEST GUST SPEED    21   HIGHEST GUST DIRECTION     W (250)
  AVERAGE WIND SPEED    10.8


SKY COVER
  POSSIBLE SUNSHINE  MM
  AVERAGE SKY COVER 0.1


WEATHER CONDITIONS
 THE FOLLOWING WEATHER WAS RECORDED TODAY.
  NO SIGNIFICANT WEATHER WAS OBSERVED.


RELATIVE HUMIDITY (PERCENT)
 HIGHEST    85           600 AM
 LOWEST     65          1200 PM
 AVERAGE    75

..........................................................


THE SPRINGFIELD IL CLIMATE NORMALS FOR TOMORROW
                         NORMAL    RECORD    YEAR
 MAXIMUM TEMPERATURE (F)   35        70      1950
 MINIMUM TEMPERATURE (F)   19       -17      1894


SUNRISE AND SUNSET
JANUARY 24 2015.......SUNRISE   714 AM CST   SUNSET   508 PM CST
JANUARY 25 2015.......SUNRISE   713 AM CST   SUNSET   510 PM CST


-  INDICATES NEGATIVE NUMBERS.
R  INDICATES RECORD WAS SET OR TIED.
MM INDICATES DATA IS MISSING.
T  INDICATES TRACE AMOUNT.




$$
