983
CDUS43 KILX 100632
CLISPI


CLIMATE REPORT
NATIONAL WEATHER SERVICE LINCOLN IL
1231 AM CST WED FEB 10 2016


...................................

...THE SPRINGFIELD IL CLIMATE SUMMARY FOR FEBRUARY 9 2016...

CLIMATE NORMAL PERIOD 1981 TO 2010
CLIMATE RECORD PERIOD 1879 TO 2016


WEATHER ITEM   OBSERVED TIME   RECORD YEAR NORMAL DEPARTURE LAST
                VALUE   (LST)  VALUE       VALUE  FROM      YEAR
                                                  NORMAL
..................................................................
TEMPERATURE (F)
 YESTERDAY
  MAXIMUM         20    356 PM  66    2009  38    -18       33
                                      1943
  MINIMUM         14   1159 PM -21    1899  21     -7       27
  AVERAGE         17                        29    -12       30

PRECIPITATION (IN)
  YESTERDAY        0.01          1.34 1966   0.06  -0.05     0.00
  MONTH TO DATE    0.55                      0.51   0.04     0.47
  SINCE DEC 1      8.20                      4.85   3.35     3.82
  SINCE JAN 1      1.64                      2.33  -0.69     1.87

SNOWFALL (IN)
  YESTERDAY        0.2           3.6  1942   0.2    0.0      0.0
  MONTH TO DATE    1.5                       1.9   -0.4      3.0
  SINCE DEC 1      8.3                      13.9   -5.6      6.9
  SINCE JUL 1      8.8                      14.5   -5.7     10.6
  SNOW DEPTH       2

DEGREE DAYS
 HEATING
  YESTERDAY       48                        36     12       35
  MONTH TO DATE  276                       329    -53      330
  SINCE DEC 1   2081                      2587   -506     2423
  SINCE JUL 1   2851                      3655   -804     3659

 COOLING
  YESTERDAY        0                         0      0        0
  MONTH TO DATE    0                         0      0        0
  SINCE DEC 1      0                         0      0        0
  SINCE JAN 1      0                         0      0        0
..................................................................


WIND (MPH)
  HIGHEST WIND SPEED    25   HIGHEST WIND DIRECTION    NW (310)
  HIGHEST GUST SPEED    33   HIGHEST GUST DIRECTION     N (350)
  AVERAGE WIND SPEED    16.1


SKY COVER
  POSSIBLE SUNSHINE  MM
  AVERAGE SKY COVER 1.0


WEATHER CONDITIONS
 THE FOLLOWING WEATHER WAS RECORDED YESTERDAY.
  LIGHT SNOW
  FOG


RELATIVE HUMIDITY (PERCENT)
 HIGHEST    80           400 AM
 LOWEST     61           900 PM
 AVERAGE    71

..........................................................


THE SPRINGFIELD IL CLIMATE NORMALS FOR TODAY
                         NORMAL    RECORD    YEAR
 MAXIMUM TEMPERATURE (F)   38        75      1932
 MINIMUM TEMPERATURE (F)   21       -13      1982


SUNRISE AND SUNSET
FEBRUARY 10 2016......SUNRISE   658 AM CST   SUNSET   528 PM CST
FEBRUARY 11 2016......SUNRISE   657 AM CST   SUNSET   530 PM CST


-  INDICATES NEGATIVE NUMBERS.
R  INDICATES RECORD WAS SET OR TIED.
MM INDICATES DATA IS MISSING.
T  INDICATES TRACE AMOUNT.




$$
