926
CDUS43 KILX 200649
CLISPI


CLIMATE REPORT
NATIONAL WEATHER SERVICE LINCOLN IL
1243 AM CST TUE FEB 20 2018


...................................

...THE SPRINGFIELD IL CLIMATE SUMMARY FOR FEBRUARY 19 2018...

CLIMATE NORMAL PERIOD 1981 TO 2010
CLIMATE RECORD PERIOD 1879 TO 2018


WEATHER ITEM   OBSERVED TIME   RECORD YEAR NORMAL DEPARTURE LAST
                VALUE   (LST)  VALUE       VALUE  FROM      YEAR
                                                  NORMAL
..................................................................
TEMPERATURE (F)
 YESTERDAY
  MAXIMUM         65   1155 PM  71    2017  41     24       71
  MINIMUM         48    420 AM  -9    1979  24     24       41
  AVERAGE         57                        32     25       56

PRECIPITATION (IN)
  YESTERDAY        0.55          2.69 1882   0.06   0.49     0.00
  MONTH TO DATE    0.95                      1.15  -0.20     0.17
  SINCE DEC 1      1.85                      5.49  -3.64     2.10
  SINCE JAN 1      1.48                      2.97  -1.49     1.19

SNOWFALL (IN)
  YESTERDAY        0.0           3.3  1908   0.2   -0.2      0.0
  MONTH TO DATE    1.3                       4.0   -2.7      2.1
  SINCE DEC 1      7.0                      16.0   -9.0      5.7
  SINCE JUL 1      7.0                      16.6   -9.6      5.7
  SNOW DEPTH       0

DEGREE DAYS
 HEATING
  YESTERDAY        8                        33    -25        9
  MONTH TO DATE  679                       670      9      478
  SINCE DEC 1   2930                      2928      2     2473
  SINCE JUL 1   3795                      3996   -201     3124

 COOLING
  YESTERDAY        0                         0      0        0
  MONTH TO DATE    0                         0      0        0
  SINCE DEC 1      0                         0      0        0
  SINCE JAN 1      0                         0      0        0
..................................................................


WIND (MPH)
  HIGHEST WIND SPEED    30   HIGHEST WIND DIRECTION     S (180)
  HIGHEST GUST SPEED    40   HIGHEST GUST DIRECTION     S (180)
  AVERAGE WIND SPEED    19.1


SKY COVER
  POSSIBLE SUNSHINE  MM
  AVERAGE SKY COVER 0.9


WEATHER CONDITIONS
 THE FOLLOWING WEATHER WAS RECORDED YESTERDAY.
  THUNDERSTORM
  HEAVY RAIN
  RAIN
  LIGHT RAIN
  FOG


RELATIVE HUMIDITY (PERCENT)
 HIGHEST   100           600 AM
 LOWEST     80           200 AM
 AVERAGE    90

..........................................................


THE SPRINGFIELD IL CLIMATE NORMALS FOR TODAY
                         NORMAL    RECORD    YEAR
 MAXIMUM TEMPERATURE (F)   42        76      2017
 MINIMUM TEMPERATURE (F)   24        -9      1885


SUNRISE AND SUNSET
FEBRUARY 20 2018......SUNRISE   645 AM CST   SUNSET   541 PM CST
FEBRUARY 21 2018......SUNRISE   643 AM CST   SUNSET   542 PM CST


-  INDICATES NEGATIVE NUMBERS.
R  INDICATES RECORD WAS SET OR TIED.
MM INDICATES DATA IS MISSING.
T  INDICATES TRACE AMOUNT.




$$
