000
CDUS43 KILX 300636
CLISPI


CLIMATE REPORT
NATIONAL WEATHER SERVICE LINCOLN IL
135 AM CDT SAT MAY 30 2015


...................................

...THE SPRINGFIELD IL CLIMATE SUMMARY FOR MAY 29 2015...

CLIMATE NORMAL PERIOD 1981 TO 2010
CLIMATE RECORD PERIOD 1879 TO 2015


WEATHER ITEM   OBSERVED TIME   RECORD YEAR NORMAL DEPARTURE LAST
                VALUE   (LST)  VALUE       VALUE  FROM      YEAR
                                                  NORMAL
..................................................................
TEMPERATURE (F)
 YESTERDAY
  MAXIMUM         86    206 PM  95    1934  79      7       87
  MINIMUM         68    421 AM  39    1965  57     11       63
  AVERAGE         77                        68      9       75

PRECIPITATION (IN)
  YESTERDAY        0.44          3.26 1889   0.14   0.30     0.01
  MONTH TO DATE    4.59                      3.95   0.64     2.76
  SINCE MAR 1      8.27                     10.09  -1.82     8.86
  SINCE JAN 1     11.55                     13.72  -2.17    14.29

SNOWFALL (IN)
  YESTERDAY        0.0           0.0    MM   0.0    0.0      0.0
  MONTH TO DATE    0.0                       0.0    0.0      0.0
  SINCE MAR 1      3.7                       2.8    0.9      3.4
  SINCE JUL 1     33.9                      20.9   13.0     45.7
  SNOW DEPTH       0

DEGREE DAYS
 HEATING
  YESTERDAY        0                         2     -2        0
  MONTH TO DATE   70                       122    -52      115
  SINCE MAR 1   1085                      1196   -111     1259
  SINCE JUL 1   5654                      5467    187     6206

 COOLING
  YESTERDAY       12                         4      8       10
  MONTH TO DATE  156                        74     82      142
  SINCE MAR 1    166                        94     72      152
  SINCE JAN 1    166                        94     72      152
..................................................................


WIND (MPH)
  HIGHEST WIND SPEED    28   HIGHEST WIND DIRECTION     W (260)
  HIGHEST GUST SPEED    34   HIGHEST GUST DIRECTION     W (250)
  AVERAGE WIND SPEED     9.8


SKY COVER
  POSSIBLE SUNSHINE  MM
  AVERAGE SKY COVER 0.5


WEATHER CONDITIONS
 THE FOLLOWING WEATHER WAS RECORDED YESTERDAY.
  THUNDERSTORM
  HEAVY RAIN
  RAIN
  LIGHT RAIN
  FOG


RELATIVE HUMIDITY (PERCENT)
 HIGHEST    93           900 PM
 LOWEST     55          1200 PM
 AVERAGE    74

..........................................................


THE SPRINGFIELD IL CLIMATE NORMALS FOR TODAY
                         NORMAL    RECORD    YEAR
 MAXIMUM TEMPERATURE (F)   79        96      1934
 MINIMUM TEMPERATURE (F)   57        40      1966
                                             1930
                                             1889


SUNRISE AND SUNSET
MAY 30 2015...........SUNRISE   533 AM CDT   SUNSET   819 PM CDT
MAY 31 2015...........SUNRISE   533 AM CDT   SUNSET   820 PM CDT


-  INDICATES NEGATIVE NUMBERS.
R  INDICATES RECORD WAS SET OR TIED.
MM INDICATES DATA IS MISSING.
T  INDICATES TRACE AMOUNT.




$$
