000
CDUS43 KILX 290630
CLISPI


CLIMATE REPORT
NATIONAL WEATHER SERVICE LINCOLN IL
130 AM CDT FRI APR 29 2016


...................................

...THE SPRINGFIELD IL CLIMATE SUMMARY FOR APRIL 28 2016...

CLIMATE NORMAL PERIOD 1981 TO 2010
CLIMATE RECORD PERIOD 1879 TO 2016


WEATHER ITEM   OBSERVED TIME   RECORD YEAR NORMAL DEPARTURE LAST
                VALUE   (LST)  VALUE       VALUE  FROM      YEAR
                                                  NORMAL
..................................................................
TEMPERATURE (F)
 YESTERDAY
  MAXIMUM         68   1256 PM  87    1951  69     -1       71
  MINIMUM         51    540 AM  31    1992  47      4       36
  AVERAGE         60                        58      2       54

PRECIPITATION (IN)
  YESTERDAY        0.01          1.51 1956   0.13  -0.12     0.00
  MONTH TO DATE    2.16                      3.25  -1.09     2.12
  SINCE MAR 1      7.75                      5.88   1.87     3.68
  SINCE JAN 1     10.08                      9.51   0.57     6.96

SNOWFALL (IN)
  YESTERDAY        0.0           T    2008   0.0    0.0      0.0
                                      1950
  MONTH TO DATE    0.0                       0.3   -0.3      0.0
  SINCE MAR 1      0.1                       2.8   -2.7      3.7
  SINCE JUL 1     15.7                      20.9   -5.2     33.9
  SNOW DEPTH       0

DEGREE DAYS
 HEATING
  YESTERDAY        5                         8     -3       11
  MONTH TO DATE  293                       350    -57      245
  SINCE MAR 1    757                      1061   -304      997
  SINCE JUL 1   4183                      5332  -1149     5566

 COOLING
  YESTERDAY        0                         1     -1        0
  MONTH TO DATE   20                        17      3       10
  SINCE MAR 1     20                        19      1       10
  SINCE JAN 1     20                        19      1       10
..................................................................


WIND (MPH)
  HIGHEST WIND SPEED    23   HIGHEST WIND DIRECTION     W (260)
  HIGHEST GUST SPEED    28   HIGHEST GUST DIRECTION     W (250)
  AVERAGE WIND SPEED     8.7


SKY COVER
  POSSIBLE SUNSHINE  MM
  AVERAGE SKY COVER 0.5


WEATHER CONDITIONS
 THE FOLLOWING WEATHER WAS RECORDED YESTERDAY.
  LIGHT RAIN
  FOG


RELATIVE HUMIDITY (PERCENT)
 HIGHEST   100           600 AM
 LOWEST     58           900 AM
 AVERAGE    79

..........................................................


THE SPRINGFIELD IL CLIMATE NORMALS FOR TODAY
                         NORMAL    RECORD    YEAR
 MAXIMUM TEMPERATURE (F)   70        89      1910
 MINIMUM TEMPERATURE (F)   47        32      1958
                                             1883


SUNRISE AND SUNSET
APRIL 29 2016.........SUNRISE   601 AM CDT   SUNSET   752 PM CDT
APRIL 30 2016.........SUNRISE   600 AM CDT   SUNSET   753 PM CDT


-  INDICATES NEGATIVE NUMBERS.
R  INDICATES RECORD WAS SET OR TIED.
MM INDICATES DATA IS MISSING.
T  INDICATES TRACE AMOUNT.




$$
