000
CDUS43 KILX 230650
CLISPI


CLIMATE REPORT
NATIONAL WEATHER SERVICE LINCOLN IL
1250 AM CST THU NOV 23 2017


...................................

...THE SPRINGFIELD IL CLIMATE SUMMARY FOR NOVEMBER 22 2017...

CLIMATE NORMAL PERIOD 1981 TO 2010
CLIMATE RECORD PERIOD 1879 TO 2017


WEATHER ITEM   OBSERVED TIME   RECORD YEAR NORMAL DEPARTURE LAST
                VALUE   (LST)  VALUE       VALUE  FROM      YEAR
                                                  NORMAL
..................................................................
TEMPERATURE (F)
 YESTERDAY
  MAXIMUM         39    255 PM  74    2010  49    -10       50
  MINIMUM         21    715 AM   6    1880  31    -10       36
  AVERAGE         30                        40    -10       43

PRECIPITATION (IN)
  YESTERDAY        0.00          2.31 1942   0.11  -0.11     0.64
  MONTH TO DATE    0.71                      2.34  -1.63     1.33
  SINCE SEP 1      5.96                      8.39  -2.43     5.20
  SINCE JAN 1     31.00                     34.04  -3.04    41.05

SNOWFALL (IN)
  YESTERDAY        0.0           0.6  1950   0.0    0.0      0.0
  MONTH TO DATE    T                         0.3   -0.3      0.0
  SINCE SEP 1      T                         0.3   -0.3      0.0
  SINCE JUL 1      T                         0.3   -0.3      0.0
  SNOW DEPTH       0

DEGREE DAYS
 HEATING
  YESTERDAY       35                        25     10       22
  MONTH TO DATE  468                       440     28      311
  SINCE SEP 1    729                       845   -116      484
  SINCE JUL 1    729                       850   -121      485

 COOLING
  YESTERDAY        0                         0      0        0
  MONTH TO DATE    0                         0      0       18
  SINCE SEP 1    289                       151    138      350
  SINCE JAN 1   1401                      1121    280     1626
..................................................................


WIND (MPH)
  HIGHEST WIND SPEED    12   HIGHEST WIND DIRECTION    NW (320)
  HIGHEST GUST SPEED    14   HIGHEST GUST DIRECTION    NW (310)
  AVERAGE WIND SPEED     5.1


SKY COVER
  POSSIBLE SUNSHINE  MM
  AVERAGE SKY COVER 0.0


WEATHER CONDITIONS
 THE FOLLOWING WEATHER WAS RECORDED YESTERDAY.
  NO SIGNIFICANT WEATHER WAS OBSERVED.


RELATIVE HUMIDITY (PERCENT)
 HIGHEST    88           800 AM
 LOWEST     40           200 PM
 AVERAGE    64

..........................................................


THE SPRINGFIELD IL CLIMATE NORMALS FOR TODAY
                         NORMAL    RECORD    YEAR
 MAXIMUM TEMPERATURE (F)   48        72      1931
 MINIMUM TEMPERATURE (F)   31         0      1950


SUNRISE AND SUNSET
NOVEMBER 23 2017......SUNRISE   653 AM CST   SUNSET   437 PM CST
NOVEMBER 24 2017......SUNRISE   654 AM CST   SUNSET   437 PM CST


-  INDICATES NEGATIVE NUMBERS.
R  INDICATES RECORD WAS SET OR TIED.
MM INDICATES DATA IS MISSING.
T  INDICATES TRACE AMOUNT.




$$
