000
CDUS43 KILX 300653
CLISPI


CLIMATE REPORT
NATIONAL WEATHER SERVICE LINCOLN IL
150 AM CDT TUE MAY 30 2017


...................................

...THE SPRINGFIELD IL CLIMATE SUMMARY FOR MAY 29 2017...

CLIMATE NORMAL PERIOD 1981 TO 2010
CLIMATE RECORD PERIOD 1879 TO 2017


WEATHER ITEM   OBSERVED TIME   RECORD YEAR NORMAL DEPARTURE LAST
                VALUE   (LST)  VALUE       VALUE  FROM      YEAR
                                                  NORMAL
..................................................................
TEMPERATURE (F)
 YESTERDAY
  MAXIMUM         84    240 PM  95    1934  79      5       87
  MINIMUM         59   1159 PM  39    1965  57      2       65
  AVERAGE         72                        68      4       76

PRECIPITATION (IN)
  YESTERDAY        0.00          3.26 1889   0.14  -0.14     0.00
  MONTH TO DATE    4.06                      3.95   0.11     2.40
  SINCE MAR 1     15.24                     10.09   5.15    10.76
  SINCE JAN 1     16.71                     13.72   2.99    13.09

SNOWFALL (IN)
  YESTERDAY        0.0           0.0    MM   0.0    0.0      0.0
  MONTH TO DATE    0.0                       0.0    0.0      0.0
  SINCE MAR 1      4.6                       2.8    1.8      0.1
  SINCE JUL 1     10.3                      20.9  -10.6     15.7
  SNOW DEPTH       0

DEGREE DAYS
 HEATING
  YESTERDAY        0                         2     -2        0
  MONTH TO DATE  110                       122    -12      119
  SINCE MAR 1    909                      1196   -287      891
  SINCE JUL 1   4164                      5467  -1303     4317

 COOLING
  YESTERDAY        7                         4      3       11
  MONTH TO DATE   99                        74     25       85
  SINCE MAR 1    136                        94     42      105
  SINCE JAN 1    136                        94     42      105
..................................................................


WIND (MPH)
  HIGHEST WIND SPEED    24   HIGHEST WIND DIRECTION     W (280)
  HIGHEST GUST SPEED    31   HIGHEST GUST DIRECTION     W (290)
  AVERAGE WIND SPEED     9.4


SKY COVER
  POSSIBLE SUNSHINE  MM
  AVERAGE SKY COVER 0.1


WEATHER CONDITIONS
 THE FOLLOWING WEATHER WAS RECORDED YESTERDAY.
  NO SIGNIFICANT WEATHER WAS OBSERVED.


RELATIVE HUMIDITY (PERCENT)
 HIGHEST    87           500 AM
 LOWEST     26           100 PM
 AVERAGE    57

..........................................................


THE SPRINGFIELD IL CLIMATE NORMALS FOR TODAY
                         NORMAL    RECORD    YEAR
 MAXIMUM TEMPERATURE (F)   79        96      1934
 MINIMUM TEMPERATURE (F)   57        40      1966
                                             1930
                                             1889


SUNRISE AND SUNSET
MAY 30 2017...........SUNRISE   533 AM CDT   SUNSET   820 PM CDT
MAY 31 2017...........SUNRISE   533 AM CDT   SUNSET   821 PM CDT


-  INDICATES NEGATIVE NUMBERS.
R  INDICATES RECORD WAS SET OR TIED.
MM INDICATES DATA IS MISSING.
T  INDICATES TRACE AMOUNT.




$$
