000
CDUS44 KOUN 060634
CLISPS

CLIMATE REPORT
NATIONAL WEATHER SERVICE NORMAN OK
131 AM CDT MON JUL 6 2015


...................................

...THE WICHITA FALLS CLIMATE SUMMARY FOR JULY 5 2015...

CLIMATE NORMAL PERIOD 1981 TO 2010
CLIMATE RECORD PERIOD 1897 TO 2015


WEATHER ITEM   OBSERVED TIME   RECORD YEAR NORMAL DEPARTURE LAST
                VALUE   (LST)  VALUE       VALUE  FROM      YEAR
                                                  NORMAL
..................................................................
TEMPERATURE (F)
 YESTERDAY
  MAXIMUM         95    336 PM 108    1996  96     -1       93
  MINIMUM         76    349 AM  54    1924  71      5       72
  AVERAGE         86                        83      3       83

PRECIPITATION (IN)
  YESTERDAY        0.00          1.46 1998   0.06  -0.06     0.00
  MONTH TO DATE    0.03                      0.30  -0.27     2.13
  SINCE JAN 1     29.33                     15.94  13.39    10.37

DEGREE DAYS
 COOLING
  YESTERDAY       21                        18      3       18
  MONTH TO DATE   98                        90      8       74
  SINCE JAN 1    790                       845    -55      964
..................................................................


WIND (MPH)
  HIGHEST WIND SPEED    22   HIGHEST WIND DIRECTION     S (160)
  HIGHEST GUST SPEED    30   HIGHEST GUST DIRECTION    SW (240)
  AVERAGE WIND SPEED    14.0


SKY COVER
  AVERAGE SKY COVER 0.1


WEATHER CONDITIONS
 THE FOLLOWING WEATHER WAS RECORDED YESTERDAY.
  NO SIGNIFICANT WEATHER WAS OBSERVED.


RELATIVE HUMIDITY (PERCENT)
 HIGHEST    87           300 AM
 LOWEST     39           200 PM
 AVERAGE    63

..........................................................


THE WICHITA FALLS CLIMATE NORMALS FOR TODAY
                         NORMAL    RECORD    YEAR
 MAXIMUM TEMPERATURE (F)   96       109      1996
 MINIMUM TEMPERATURE (F)   71        59      1972


SUNRISE AND SUNSET
JULY  6 2015..........SUNRISE   629 AM CDT   SUNSET   848 PM CDT
JULY  7 2015..........SUNRISE   629 AM CDT   SUNSET   848 PM CDT


-  INDICATES NEGATIVE NUMBERS.
R  INDICATES RECORD WAS SET OR TIED.
MM INDICATES DATA IS MISSING.
T  INDICATES TRACE AMOUNT.




$$
