000
CDUS44 KOUN 262318
CLISPS

CLIMATE REPORT
NATIONAL WEATHER SERVICE NORMAN OK
516 PM CST THU FEB 26 2015


...................................

...THE WICHITA FALLS CLIMATE SUMMARY FOR FEBRUARY 26 2015...
VALID TODAY AS OF 0500 PM LOCAL TIME.

CLIMATE NORMAL PERIOD 1981 TO 2010
CLIMATE RECORD PERIOD 1897 TO 2015


WEATHER ITEM   OBSERVED TIME   RECORD YEAR NORMAL DEPARTURE LAST
                VALUE   (LST)  VALUE       VALUE  FROM      YEAR
                                                  NORMAL
..................................................................
TEMPERATURE (F)
 TODAY
  MAXIMUM         45   1220 AM  91    2009  61    -16       39
  MINIMUM         26    843 AM  16    1934  36    -10       20
  AVERAGE         36                        49    -13       30

PRECIPITATION (IN)
  TODAY            0.00          2.16 1903   0.08  -0.08     0.00
  MONTH TO DATE    0.30                      1.59  -1.29     0.35
  SINCE JAN 1      2.47                      2.73  -0.26     0.35

SNOWFALL (IN)
  TODAY            0.0                       0.1   -0.1      0.0
  MONTH TO DATE    0.6                       0.7   -0.1      4.3
  SINCE JUL 1      2.9                       3.4   -0.5      5.0
  SNOW DEPTH       0

DEGREE DAYS
 HEATING
  TODAY           29                        16     13       35
  MONTH TO DATE  541                       505     36      641
  SINCE JUL 1   2357                      2415    -58     2738
..................................................................


WIND (MPH)
  HIGHEST WIND SPEED    38   HIGHEST WIND DIRECTION     N (20)
  HIGHEST GUST SPEED    45   HIGHEST GUST DIRECTION     N (20)
  AVERAGE WIND SPEED    23.6


SKY COVER
  AVERAGE SKY COVER 0.7


WEATHER CONDITIONS
 THE FOLLOWING WEATHER WAS RECORDED TODAY.
  NO SIGNIFICANT WEATHER WAS OBSERVED.


RELATIVE HUMIDITY (PERCENT)
 HIGHEST    75           300 AM
 LOWEST     35           500 PM
 AVERAGE    55

..........................................................


THE WICHITA FALLS CLIMATE NORMALS FOR TOMORROW
                         NORMAL    RECORD    YEAR
 MAXIMUM TEMPERATURE (F)   61        91      2011
 MINIMUM TEMPERATURE (F)   37        15      2002


SUNRISE AND SUNSET
FEBRUARY 26 2015......SUNRISE   706 AM CST   SUNSET   628 PM CST
FEBRUARY 27 2015......SUNRISE   705 AM CST   SUNSET   628 PM CST


-  INDICATES NEGATIVE NUMBERS.
R  INDICATES RECORD WAS SET OR TIED.
MM INDICATES DATA IS MISSING.
T  INDICATES TRACE AMOUNT.




$$
