000
CDUS44 KOUN 010629
CLISPS

CLIMATE REPORT
NATIONAL WEATHER SERVICE NORMAN OK
127 AM CDT WED OCT 1 2014


...................................

...THE WICHITA FALLS CLIMATE SUMMARY FOR SEPTEMBER 30 2014...

CLIMATE NORMAL PERIOD 1981 TO 2010
CLIMATE RECORD PERIOD 1897 TO 2014


WEATHER ITEM   OBSERVED TIME   RECORD YEAR NORMAL DEPARTURE LAST
                VALUE   (LST)  VALUE       VALUE  FROM      YEAR
                                                  NORMAL
..................................................................
TEMPERATURE (F)
 YESTERDAY
  MAXIMUM         92    401 PM 108    1977  83      9       88
  MINIMUM         63    638 AM  38    1984  58      5       53
  AVERAGE         78                        70      8       71

PRECIPITATION (IN)
  YESTERDAY        0.00          0.82 1966   0.07  -0.07     0.00
  MONTH TO DATE    1.47                      2.81  -1.34     1.97
  SINCE JAN 1     17.28                     22.54  -5.26    17.45

DEGREE DAYS
 HEATING
  YESTERDAY        0                         1     -1        0
  MONTH TO DATE    8                        12     -4        0
  SINCE JUL 1      8                        13     -5        0

 COOLING
  YESTERDAY       13                         6      7        6
  MONTH TO DATE  392                       334     58      446
  SINCE JAN 1   2386                      2279    107     2505
..................................................................


WIND (MPH)
  HIGHEST WIND SPEED    22   HIGHEST WIND DIRECTION     S (170)
  HIGHEST GUST SPEED    27   HIGHEST GUST DIRECTION     S (160)
  AVERAGE WIND SPEED    11.5


SKY COVER
  AVERAGE SKY COVER 0.1


WEATHER CONDITIONS
 THE FOLLOWING WEATHER WAS RECORDED YESTERDAY.
  NO SIGNIFICANT WEATHER WAS OBSERVED.


RELATIVE HUMIDITY (PERCENT)
 HIGHEST    93           600 AM
 LOWEST     30           300 PM
 AVERAGE    62

..........................................................


THE WICHITA FALLS CLIMATE NORMALS FOR TODAY
                         NORMAL    RECORD    YEAR
 MAXIMUM TEMPERATURE (F)   82       102      1938
 MINIMUM TEMPERATURE (F)   57        40      1985


SUNRISE AND SUNSET
OCTOBER  1 2014.......SUNRISE   728 AM CDT   SUNSET   718 PM CDT
OCTOBER  2 2014.......SUNRISE   729 AM CDT   SUNSET   717 PM CDT


-  INDICATES NEGATIVE NUMBERS.
R  INDICATES RECORD WAS SET OR TIED.
MM INDICATES DATA IS MISSING.
T  INDICATES TRACE AMOUNT.




$$
