524
CDUS44 KOUN 302205 RRA
CLISPS

CLIMATE REPORT
NATIONAL WEATHER SERVICE NORMAN OK
504 PM CDT FRI SEP 30 2016


...................................

...THE WICHITA FALLS CLIMATE SUMMARY FOR SEPTEMBER 30 2016...
VALID TODAY AS OF 0500 PM LOCAL TIME.

CLIMATE NORMAL PERIOD 1981 TO 2010
CLIMATE RECORD PERIOD 1897 TO 2016


WEATHER ITEM   OBSERVED TIME   RECORD YEAR NORMAL DEPARTURE LAST
                VALUE   (LST)  VALUE       VALUE  FROM      YEAR
                                                  NORMAL
..................................................................
TEMPERATURE (F)
 TODAY
  MAXIMUM         77    353 PM 108    1977  83     -6       90
  MINIMUM         51    657 AM  38    1984  58     -7       61
  AVERAGE         64                        70     -6       76

PRECIPITATION (IN)
  TODAY            0.00          0.82 1966   0.07  -0.07     0.00
  MONTH TO DATE    9.82                      2.81   7.01     1.60
  SINCE JAN 1     32.20                     22.54   9.66    35.18

DEGREE DAYS
 HEATING
  TODAY            1                         1      0        0
  MONTH TO DATE    2                        12    -10        0
  SINCE JUL 1      2                        13    -11        0

 COOLING
  TODAY            0                         6     -6       11
  MONTH TO DATE  400                       334     66      462
  SINCE JAN 1   2336                      2279     57     2347
..................................................................


WIND (MPH)
  HIGHEST WIND SPEED     8   HIGHEST WIND DIRECTION     N (360)
  HIGHEST GUST SPEED    10   HIGHEST GUST DIRECTION     S (160)
  AVERAGE WIND SPEED     4.6


SKY COVER
  AVERAGE SKY COVER 0.0


WEATHER CONDITIONS
 THE FOLLOWING WEATHER WAS RECORDED TODAY.
  NO SIGNIFICANT WEATHER WAS OBSERVED.


RELATIVE HUMIDITY (PERCENT)
 HIGHEST    89           400 AM
 LOWEST     39           300 PM
 AVERAGE    64

..........................................................


THE WICHITA FALLS CLIMATE NORMALS FOR TOMORROW
                         NORMAL    RECORD    YEAR
 MAXIMUM TEMPERATURE (F)   82       102      1938
 MINIMUM TEMPERATURE (F)   57        40      1985


SUNRISE AND SUNSET
SEPTEMBER 30 2016.....SUNRISE   728 AM CDT   SUNSET   719 PM CDT
OCTOBER  1 2016.......SUNRISE   729 AM CDT   SUNSET   717 PM CDT


-  INDICATES NEGATIVE NUMBERS.
R  INDICATES RECORD WAS SET OR TIED.
MM INDICATES DATA IS MISSING.
T  INDICATES TRACE AMOUNT.




$$
