811
CDUS44 KOUN 110642
CLISPS

CLIMATE REPORT
NATIONAL WEATHER SERVICE NORMAN OK
1239 AM CST THU FEB 11 2016


...................................

...THE WICHITA FALLS CLIMATE SUMMARY FOR FEBRUARY 10 2016...

CLIMATE NORMAL PERIOD 1981 TO 2010
CLIMATE RECORD PERIOD 1897 TO 2016


WEATHER ITEM   OBSERVED TIME   RECORD YEAR NORMAL DEPARTURE LAST
                VALUE   (LST)  VALUE       VALUE  FROM      YEAR
                                                  NORMAL
..................................................................
TEMPERATURE (F)
 YESTERDAY
  MAXIMUM         78    429 PM  87    1976  57     21       82
  MINIMUM         30    742 AM   3    2011  32     -2       41
  AVERAGE         54                        45      9       62

PRECIPITATION (IN)
  YESTERDAY        0.00          0.75 1903   0.06  -0.06     0.00
  MONTH TO DATE    0.01                      0.50  -0.49      T
  SINCE JAN 1      0.44                      1.64  -1.20     2.17

SNOWFALL (IN)
  YESTERDAY        0.0                       0.1   -0.1      0.0
  MONTH TO DATE    0.0                       0.3   -0.3      0.0
  SINCE JUL 1      2.6                       3.0   -0.4      2.3
  SNOW DEPTH       0

DEGREE DAYS
 HEATING
  YESTERDAY       11                        20     -9        3
  MONTH TO DATE  197                       211    -14      180
  SINCE JUL 1   1766                      2121   -355     1996
..................................................................


WIND (MPH)
  HIGHEST WIND SPEED    25   HIGHEST WIND DIRECTION    SW (240)
  HIGHEST GUST SPEED    36   HIGHEST GUST DIRECTION    SW (240)
  AVERAGE WIND SPEED    11.3


SKY COVER
  AVERAGE SKY COVER 0.0


WEATHER CONDITIONS
 THE FOLLOWING WEATHER WAS RECORDED YESTERDAY.
  NO SIGNIFICANT WEATHER WAS OBSERVED.


RELATIVE HUMIDITY (PERCENT)
 HIGHEST    78           800 AM
 LOWEST     15           300 PM
 AVERAGE    47

..........................................................


THE WICHITA FALLS CLIMATE NORMALS FOR TODAY
                         NORMAL    RECORD    YEAR
 MAXIMUM TEMPERATURE (F)   57        88      1962
 MINIMUM TEMPERATURE (F)   33         7      1988


SUNRISE AND SUNSET
FEBRUARY 11 2016......SUNRISE   723 AM CST   SUNSET   614 PM CST
FEBRUARY 12 2016......SUNRISE   722 AM CST   SUNSET   615 PM CST


-  INDICATES NEGATIVE NUMBERS.
R  INDICATES RECORD WAS SET OR TIED.
MM INDICATES DATA IS MISSING.
T  INDICATES TRACE AMOUNT.




$$
