000
CDUS44 KOUN 250732 RRA
CLISPS

CLIMATE REPORT
NATIONAL WEATHER SERVICE NORMAN OK
1235 AM CST SAT FEB 25 2017


...................................

...THE WICHITA FALLS CLIMATE SUMMARY FOR FEBRUARY 24 2017...

CLIMATE NORMAL PERIOD 1981 TO 2010
CLIMATE RECORD PERIOD 1897 TO 2017


WEATHER ITEM   OBSERVED TIME   RECORD YEAR NORMAL DEPARTURE LAST
                VALUE   (LST)  VALUE       VALUE  FROM      YEAR
                                                  NORMAL
..................................................................
TEMPERATURE (F)
 YESTERDAY
  MAXIMUM         70   1214 AM  87    1956  61      9       62
  MINIMUM         37   1159 PM  15    1965  36      1       34
  AVERAGE         54                        48      6       48

PRECIPITATION (IN)
  YESTERDAY        0.00          0.70 2007   0.07  -0.07     0.00
  MONTH TO DATE    2.10                      1.44   0.66     1.27
  SINCE JAN 1      3.97                      2.58   1.39     1.70

SNOWFALL (IN)
  YESTERDAY        0.0                       0.0    0.0      0.0
  MONTH TO DATE    0.0                       0.6   -0.6      0.0
  SINCE JUL 1      T                         3.3   -3.3      2.6
  SNOW DEPTH       0

DEGREE DAYS
 HEATING
  YESTERDAY       11                        17     -6       17
  MONTH TO DATE  268                       472   -204      337
  SINCE JUL 1   1796                      2382   -586     1906
..................................................................


WIND (MPH)
  HIGHEST WIND SPEED    31   HIGHEST WIND DIRECTION     N (360)
  HIGHEST GUST SPEED    37   HIGHEST GUST DIRECTION     N (360)
  AVERAGE WIND SPEED    15.9


SKY COVER
  AVERAGE SKY COVER 0.0


WEATHER CONDITIONS
 THE FOLLOWING WEATHER WAS RECORDED YESTERDAY.
  NO SIGNIFICANT WEATHER WAS OBSERVED.


RELATIVE HUMIDITY (PERCENT)
 HIGHEST    85           600 AM
 LOWEST     20          1200 AM
 AVERAGE    53

..........................................................


THE WICHITA FALLS CLIMATE NORMALS FOR TODAY
                         NORMAL    RECORD    YEAR
 MAXIMUM TEMPERATURE (F)   61        87      2008
 MINIMUM TEMPERATURE (F)   36         7      1960


SUNRISE AND SUNSET
FEBRUARY 25 2017......SUNRISE   707 AM CST   SUNSET   627 PM CST
FEBRUARY 26 2017......SUNRISE   706 AM CST   SUNSET   628 PM CST


-  INDICATES NEGATIVE NUMBERS.
R  INDICATES RECORD WAS SET OR TIED.
MM INDICATES DATA IS MISSING.
T  INDICATES TRACE AMOUNT.




$$
