000
CDUS44 KOUN 200628 RRA
CLISPS

CLIMATE REPORT
NATIONAL WEATHER SERVICE NORMAN OK
128 AM CDT WED SEP 20 2017


...................................

...THE WICHITA FALLS CLIMATE SUMMARY FOR SEPTEMBER 19 2017...

CLIMATE NORMAL PERIOD 1981 TO 2010
CLIMATE RECORD PERIOD 1897 TO 2017


WEATHER ITEM   OBSERVED TIME   RECORD YEAR NORMAL DEPARTURE LAST
                VALUE   (LST)  VALUE       VALUE  FROM      YEAR
                                                  NORMAL
..................................................................
TEMPERATURE (F)
 YESTERDAY
  MAXIMUM        100R   152 PM 100    1980  87     13       96
                                      1960
  MINIMUM         71    507 PM  48    1981  62      9       73
  AVERAGE         86                        74     12       85

PRECIPITATION (IN)
  YESTERDAY        0.49          3.60 1904   0.09   0.40     0.00
  MONTH TO DATE    0.61                      1.86  -1.25     4.21
  SINCE SEP 1      0.61                      1.86  -1.25     4.21
  SINCE JAN 1     20.69                     21.59  -0.90    26.59

SNOWFALL (IN)
  YESTERDAY        0.0

DEGREE DAYS
 HEATING
  YESTERDAY        0                         1     -1        0
  MONTH TO DATE    0                         1     -1        0
  SINCE SEP 1      0                         1     -1        0
  SINCE JUL 1      0                         1     -1        0

 COOLING
  YESTERDAY       21                        10     11       20
  MONTH TO DATE  223                       247    -24      304
  SINCE SEP 1    223                       247    -24      304
  SINCE JAN 1   2065                      2192   -127     2240
..................................................................


WIND (MPH)
  HIGHEST WIND SPEED    36   HIGHEST WIND DIRECTION    SW (240)
  HIGHEST GUST SPEED    41   HIGHEST GUST DIRECTION    SW (240)
  AVERAGE WIND SPEED    15.9


SKY COVER
  AVERAGE SKY COVER 0.2


WEATHER CONDITIONS
 THE FOLLOWING WEATHER WAS RECORDED YESTERDAY.
  THUNDERSTORM
  HEAVY RAIN
  RAIN
  LIGHT RAIN


RELATIVE HUMIDITY (PERCENT)
 HIGHEST    87           400 AM
 LOWEST     33           200 PM
 AVERAGE    60

..........................................................


THE WICHITA FALLS CLIMATE NORMALS FOR TODAY
                         NORMAL    RECORD    YEAR
 MAXIMUM TEMPERATURE (F)   86       103      1954
                                             1953
 MINIMUM TEMPERATURE (F)   62        45      1971


SUNRISE AND SUNSET
SEPTEMBER 20 2017.....SUNRISE   721 AM CDT   SUNSET   733 PM CDT
SEPTEMBER 21 2017.....SUNRISE   721 AM CDT   SUNSET   732 PM CDT


-  INDICATES NEGATIVE NUMBERS.
R  INDICATES RECORD WAS SET OR TIED.
MM INDICATES DATA IS MISSING.
T  INDICATES TRACE AMOUNT.




$$
