000
CDUS44 KOUN 200631
CLISPS

CLIMATE REPORT
NATIONAL WEATHER SERVICE NORMAN OK
131 AM CDT WED AUG 20 2014


...................................

...THE WICHITA FALLS CLIMATE SUMMARY FOR AUGUST 19 2014...

CLIMATE NORMAL PERIOD 1981 TO 2010
CLIMATE RECORD PERIOD 1897 TO 2014


WEATHER ITEM   OBSERVED TIME   RECORD YEAR NORMAL DEPARTURE LAST
                VALUE   (LST)  VALUE       VALUE  FROM      YEAR
                                                  NORMAL
..................................................................
TEMPERATURE (F)
 YESTERDAY
  MAXIMUM         96    321 PM 108    2011  97     -1       93
  MINIMUM         73    548 AM  59    1950  71      2       66
  AVERAGE         85                        84      1       80

PRECIPITATION (IN)
  YESTERDAY        0.00          3.27 2008   0.08  -0.08     0.00
  MONTH TO DATE    1.12                      1.45  -0.33     1.49
  SINCE JAN 1     14.89                     18.68  -3.79    15.48

DEGREE DAYS
 COOLING
  YESTERDAY       20                        19      1       15
  MONTH TO DATE  344                       376    -32      373
  SINCE JAN 1   1734                      1732      2     1819
..................................................................


WIND (MPH)
  HIGHEST WIND SPEED    25   HIGHEST WIND DIRECTION    SE (150)
  HIGHEST GUST SPEED    35   HIGHEST GUST DIRECTION     S (180)
  AVERAGE WIND SPEED    12.3


SKY COVER
  AVERAGE SKY COVER 0.4


WEATHER CONDITIONS
 THE FOLLOWING WEATHER WAS RECORDED YESTERDAY.
  NO SIGNIFICANT WEATHER WAS OBSERVED.


RELATIVE HUMIDITY (PERCENT)
 HIGHEST    79           600 AM
 LOWEST     36           400 PM
 AVERAGE    58

..........................................................


THE WICHITA FALLS CLIMATE NORMALS FOR TODAY
                         NORMAL    RECORD    YEAR
 MAXIMUM TEMPERATURE (F)   96       107      2011
 MINIMUM TEMPERATURE (F)   71        57      1940


SUNRISE AND SUNSET
AUGUST 20 2014........SUNRISE   659 AM CDT   SUNSET   815 PM CDT
AUGUST 21 2014........SUNRISE   700 AM CDT   SUNSET   814 PM CDT


-  INDICATES NEGATIVE NUMBERS.
R  INDICATES RECORD WAS SET OR TIED.
MM INDICATES DATA IS MISSING.
T  INDICATES TRACE AMOUNT.




$$
