000
CDUS44 KOUN 232208 RRA
CLISPS

CLIMATE REPORT
NATIONAL WEATHER SERVICE NORMAN OK
508 PM CDT SUN APR 23 2017


...................................

...THE WICHITA FALLS CLIMATE SUMMARY FOR APRIL 23 2017...
VALID TODAY AS OF 0500 PM LOCAL TIME.

CLIMATE NORMAL PERIOD 1981 TO 2010
CLIMATE RECORD PERIOD 1897 TO 2017


WEATHER ITEM   OBSERVED TIME   RECORD YEAR NORMAL DEPARTURE LAST
                VALUE   (LST)  VALUE       VALUE  FROM      YEAR
                                                  NORMAL
..................................................................
TEMPERATURE (F)
 TODAY
  MAXIMUM         73    348 PM  94    2009  78     -5       81
  MINIMUM         43    547 AM  36    2013  52     -9       52
  AVERAGE         58                        65     -7       67

PRECIPITATION (IN)
  TODAY            0.00          1.70 1913   0.11  -0.11     0.00
  MONTH TO DATE    0.90                      1.81  -0.91     6.89
  SINCE JAN 1      5.62                      6.90  -1.28     9.94

SNOWFALL (IN)
  TODAY            0.0                       0.0    0.0      0.0
  MONTH TO DATE    0.0                       0.0    0.0       T
  SINCE JUL 1      T                         3.9   -3.9      2.6
  SNOW DEPTH       0

DEGREE DAYS
 HEATING
  TODAY            7                         3      4        0
  MONTH TO DATE   67                       125    -58       78
  SINCE JUL 1   2115                      2928   -813     2268

 COOLING
  TODAY            0                         3     -3        2
  MONTH TO DATE   55                        46      9       18
  SINCE JAN 1    130                        68     62       39
..................................................................


WIND (MPH)
  HIGHEST WIND SPEED    14   HIGHEST WIND DIRECTION     N (10)
  HIGHEST GUST SPEED    19   HIGHEST GUST DIRECTION    NE (40)
  AVERAGE WIND SPEED    10.2


SKY COVER
  AVERAGE SKY COVER 0.0


WEATHER CONDITIONS
 THE FOLLOWING WEATHER WAS RECORDED TODAY.
  NO SIGNIFICANT WEATHER WAS OBSERVED.


RELATIVE HUMIDITY (PERCENT)
 HIGHEST    76          1200 AM
 LOWEST     27           200 PM
 AVERAGE    52

..........................................................


THE WICHITA FALLS CLIMATE NORMALS FOR TOMORROW
                         NORMAL    RECORD    YEAR
 MAXIMUM TEMPERATURE (F)   78        96      1984
 MINIMUM TEMPERATURE (F)   52        29      2013


SUNRISE AND SUNSET
APRIL 23 2017.........SUNRISE   653 AM CDT   SUNSET   812 PM CDT
APRIL 24 2017.........SUNRISE   652 AM CDT   SUNSET   812 PM CDT


-  INDICATES NEGATIVE NUMBERS.
R  INDICATES RECORD WAS SET OR TIED.
MM INDICATES DATA IS MISSING.
T  INDICATES TRACE AMOUNT.

$$
